46.250.172.119 - - [15/Apr/2026:13:37:03 +0000] "GET /2025/03/06/michael-jackson-rip-6-25-09/nggallery/2/2/4/page/4 HTTP/1.1" 200 80360 "-" "Mozilla/5.0 (Windows NT 10.0; Win64; x64) AppleWebKit/537.36 (KHTML, like Gecko) Chrome/141.0.0.0 Safari/537.36"
46.250.172.119 - - [15/Apr/2026:13:37:03 +0000] "GET /wp-content/plugins/nextgen-gallery/static/Lightbox/nextgen_video.css?ver=4.1.1 HTTP/1.1" 200 3604 "https://www.drivenbyboredom.com/2025/03/06/michael-jackson-rip-6-25-09/nggallery/2/2/4/page/4" "Mozilla/5.0 (Windows NT 10.0; Win64; x64) AppleWebKit/537.36 (KHTML, like Gecko) Chrome/141.0.0.0 Safari/537.36"
46.250.172.119 - - [15/Apr/2026:13:37:04 +0000] "GET /wp-content/plugins/nextgen-gallery/static/GalleryDisplay/trigger_buttons.css?ver=4.1.1 HTTP/1.1" 200 896 "https://www.drivenbyboredom.com/2025/03/06/michael-jackson-rip-6-25-09/nggallery/2/2/4/page/4" "Mozilla/5.0 (Windows NT 10.0; Win64; x64) AppleWebKit/537.36 (KHTML, like Gecko) Chrome/141.0.0.0 Safari/537.36"
46.250.172.119 - - [15/Apr/2026:13:37:04 +0000] "GET /wp-content/plugins/nextgen-gallery/static/Thumbnails/nextgen_basic_thumbnails.css?ver=4.1.1 HTTP/1.1" 200 8072 "https://www.drivenbyboredom.com/2025/03/06/michael-jackson-rip-6-25-09/nggallery/2/2/4/page/4" "Mozilla/5.0 (Windows NT 10.0; Win64; x64) AppleWebKit/537.36 (KHTML, like Gecko) Chrome/141.0.0.0 Safari/537.36"
46.250.172.119 - - [15/Apr/2026:13:37:04 +0000] "GET /wp-content/plugins/nextgen-gallery/static/Lightbox/nextgen_tiktok.css?ver=4.1.1 HTTP/1.1" 200 8400 "https://www.drivenbyboredom.com/2025/03/06/michael-jackson-rip-6-25-09/nggallery/2/2/4/page/4" "Mozilla/5.0 (Windows NT 10.0; Win64; x64) AppleWebKit/537.36 (KHTML, like Gecko) Chrome/141.0.0.0 Safari/537.36"
46.250.172.119 - - [15/Apr/2026:13:37:04 +0000] "GET /wp-content/plugins/nextgen-gallery/static/GalleryDisplay/pagination_style.css?ver=4.1.1 HTTP/1.1" 200 1668 "https://www.drivenbyboredom.com/2025/03/06/michael-jackson-rip-6-25-09/nggallery/2/2/4/page/4" "Mozilla/5.0 (Windows NT 10.0; Win64; x64) AppleWebKit/537.36 (KHTML, like Gecko) Chrome/141.0.0.0 Safari/537.36"
46.250.172.119 - - [15/Apr/2026:13:37:04 +0000] "GET /wp-content/plugins/nextgen-gallery/static/FontAwesome/css/v4-shims.min.css?ver=4.1.1 HTTP/1.1" 200 27593 "https://www.drivenbyboredom.com/2025/03/06/michael-jackson-rip-6-25-09/nggallery/2/2/4/page/4" "Mozilla/5.0 (Windows NT 10.0; Win64; x64) AppleWebKit/537.36 (KHTML, like Gecko) Chrome/141.0.0.0 Safari/537.36"
46.250.172.119 - - [15/Apr/2026:13:37:04 +0000] "GET /wp-content/plugins/nextgen-gallery/static/Lightbox/simplelightbox/simple-lightbox.css?ver=4.1.1 HTTP/1.1" 200 5491 "https://www.drivenbyboredom.com/2025/03/06/michael-jackson-rip-6-25-09/nggallery/2/2/4/page/4" "Mozilla/5.0 (Windows NT 10.0; Win64; x64) AppleWebKit/537.36 (KHTML, like Gecko) Chrome/141.0.0.0 Safari/537.36"
46.250.172.119 - - [15/Apr/2026:13:37:04 +0000] "GET /wp-content/plugins/nextgen-gallery/static/FontAwesome/css/all.min.css?ver=4.1.1 HTTP/1.1" 200 102641 "https://www.drivenbyboredom.com/2025/03/06/michael-jackson-rip-6-25-09/nggallery/2/2/4/page/4" "Mozilla/5.0 (Windows NT 10.0; Win64; x64) AppleWebKit/537.36 (KHTML, like Gecko) Chrome/141.0.0.0 Safari/537.36"
46.250.172.119 - - [15/Apr/2026:13:37:05 +0000] "GET /wp-content/themes/driven-by-boredom/style.css?ver=1.0.0 HTTP/1.1" 200 16260 "https://www.drivenbyboredom.com/2025/03/06/michael-jackson-rip-6-25-09/nggallery/2/2/4/page/4" "Mozilla/5.0 (Windows NT 10.0; Win64; x64) AppleWebKit/537.36 (KHTML, like Gecko) Chrome/141.0.0.0 Safari/537.36"
46.250.172.119 - - [15/Apr/2026:13:37:05 +0000] "GET /wp-content/plugins/nextgen-gallery/static/GalleryDisplay/video_play_overlay.css?ver=4.1.1 HTTP/1.1" 200 2392 "https://www.drivenbyboredom.com/2025/03/06/michael-jackson-rip-6-25-09/nggallery/2/2/4/page/4" "Mozilla/5.0 (Windows NT 10.0; Win64; x64) AppleWebKit/537.36 (KHTML, like Gecko) Chrome/141.0.0.0 Safari/537.36"
46.250.172.119 - - [15/Apr/2026:13:37:05 +0000] "GET /wp-content/themes/driven-by-boredom/elevate.css?ver=1.0.0 HTTP/1.1" 200 11660 "https://www.drivenbyboredom.com/2025/03/06/michael-jackson-rip-6-25-09/nggallery/2/2/4/page/4" "Mozilla/5.0 (Windows NT 10.0; Win64; x64) AppleWebKit/537.36 (KHTML, like Gecko) Chrome/141.0.0.0 Safari/537.36"
46.250.172.119 - - [15/Apr/2026:13:37:05 +0000] "GET /wp-content/themes/driven-by-boredom/dbb.css?ver=1.0.0 HTTP/1.1" 200 5314 "https://www.drivenbyboredom.com/2025/03/06/michael-jackson-rip-6-25-09/nggallery/2/2/4/page/4" "Mozilla/5.0 (Windows NT 10.0; Win64; x64) AppleWebKit/537.36 (KHTML, like Gecko) Chrome/141.0.0.0 Safari/537.36"
46.250.172.119 - - [15/Apr/2026:13:37:05 +0000] "GET /wp-content/plugins/nextgen-gallery/static/Thumbnails/nextgen_basic_thumbnails.js?ver=4.1.1 HTTP/1.1" 200 2277 "https://www.drivenbyboredom.com/2025/03/06/michael-jackson-rip-6-25-09/nggallery/2/2/4/page/4" "Mozilla/5.0 (Windows NT 10.0; Win64; x64) AppleWebKit/537.36 (KHTML, like Gecko) Chrome/141.0.0.0 Safari/537.36"
46.250.172.119 - - [15/Apr/2026:13:37:05 +0000] "GET /wp-includes/js/jquery/jquery-migrate.min.js?ver=3.4.1 HTTP/1.1" 200 13577 "https://www.drivenbyboredom.com/2025/03/06/michael-jackson-rip-6-25-09/nggallery/2/2/4/page/4" "Mozilla/5.0 (Windows NT 10.0; Win64; x64) AppleWebKit/537.36 (KHTML, like Gecko) Chrome/141.0.0.0 Safari/537.36"
46.250.172.119 - - [15/Apr/2026:13:37:06 +0000] "GET /wp-content/plugins/nextgen-gallery/static/Thumbnails/ajax_pagination.js?ver=4.1.1 HTTP/1.1" 200 2299 "https://www.drivenbyboredom.com/2025/03/06/michael-jackson-rip-6-25-09/nggallery/2/2/4/page/4" "Mozilla/5.0 (Windows NT 10.0; Win64; x64) AppleWebKit/537.36 (KHTML, like Gecko) Chrome/141.0.0.0 Safari/537.36"
46.250.172.119 - - [15/Apr/2026:13:37:06 +0000] "GET /wp-content/plugins/nextgen-gallery/static/Legacy/ajax.min.js?ver=4.1.1 HTTP/1.1" 200 2782 "https://www.drivenbyboredom.com/2025/03/06/michael-jackson-rip-6-25-09/nggallery/2/2/4/page/4" "Mozilla/5.0 (Windows NT 10.0; Win64; x64) AppleWebKit/537.36 (KHTML, like Gecko) Chrome/141.0.0.0 Safari/537.36"
46.250.172.119 - - [15/Apr/2026:13:37:06 +0000] "GET /wp-content/plugins/nextgen-gallery/static/GalleryDisplay/common.js?ver=4.1.1 HTTP/1.1" 200 8713 "https://www.drivenbyboredom.com/2025/03/06/michael-jackson-rip-6-25-09/nggallery/2/2/4/page/4" "Mozilla/5.0 (Windows NT 10.0; Win64; x64) AppleWebKit/537.36 (KHTML, like Gecko) Chrome/141.0.0.0 Safari/537.36"
46.250.172.119 - - [15/Apr/2026:13:37:06 +0000] "GET /wp-content/plugins/nextgen-gallery/static/Lightbox/nextgen_video_helper.js?ver=4.1.1 HTTP/1.1" 200 26474 "https://www.drivenbyboredom.com/2025/03/06/michael-jackson-rip-6-25-09/nggallery/2/2/4/page/4" "Mozilla/5.0 (Windows NT 10.0; Win64; x64) AppleWebKit/537.36 (KHTML, like Gecko) Chrome/141.0.0.0 Safari/537.36"
46.250.172.119 - - [15/Apr/2026:13:37:06 +0000] "GET /wp-content/plugins/nextgen-gallery/static/FontAwesome/js/v4-shims.min.js?ver=5.3.1 HTTP/1.1" 200 27657 "https://www.drivenbyboredom.com/2025/03/06/michael-jackson-rip-6-25-09/nggallery/2/2/4/page/4" "Mozilla/5.0 (Windows NT 10.0; Win64; x64) AppleWebKit/537.36 (KHTML, like Gecko) Chrome/141.0.0.0 Safari/537.36"
46.250.172.119 - - [15/Apr/2026:13:37:06 +0000] "GET /wp-includes/js/jquery/jquery.min.js?ver=3.7.1 HTTP/1.1" 200 87553 "https://www.drivenbyboredom.com/2025/03/06/michael-jackson-rip-6-25-09/nggallery/2/2/4/page/4" "Mozilla/5.0 (Windows NT 10.0; Win64; x64) AppleWebKit/537.36 (KHTML, like Gecko) Chrome/141.0.0.0 Safari/537.36"
46.250.172.119 - - [15/Apr/2026:13:37:07 +0000] "GET /wp-content/themes/driven-by-boredom/dbb.css HTTP/1.1" 200 5314 "https://www.drivenbyboredom.com/wp-content/themes/driven-by-boredom/style.css?ver=1.0.0" "Mozilla/5.0 (Windows NT 10.0; Win64; x64) AppleWebKit/537.36 (KHTML, like Gecko) Chrome/141.0.0.0 Safari/537.36"
46.250.172.119 - - [15/Apr/2026:13:37:07 +0000] "GET /wp-content/themes/driven-by-boredom/elevate.css HTTP/1.1" 200 11660 "https://www.drivenbyboredom.com/wp-content/themes/driven-by-boredom/style.css?ver=1.0.0" "Mozilla/5.0 (Windows NT 10.0; Win64; x64) AppleWebKit/537.36 (KHTML, like Gecko) Chrome/141.0.0.0 Safari/537.36"
46.250.172.119 - - [15/Apr/2026:13:37:08 +0000] "GET /wp-content/plugins/nextgen-gallery/static/Lightbox/ngg-tiktok-video.js?ver=4.1.1 HTTP/1.1" 200 17586 "https://www.drivenbyboredom.com/2025/03/06/michael-jackson-rip-6-25-09/nggallery/2/2/4/page/4" "Mozilla/5.0 (Windows NT 10.0; Win64; x64) AppleWebKit/537.36 (KHTML, like Gecko) Chrome/141.0.0.0 Safari/537.36"
46.250.172.119 - - [15/Apr/2026:13:37:08 +0000] "GET /wp-content/themes/driven-by-boredom/js/navigation.js?ver=1.0.0 HTTP/1.1" 200 2980 "https://www.drivenbyboredom.com/2025/03/06/michael-jackson-rip-6-25-09/nggallery/2/2/4/page/4" "Mozilla/5.0 (Windows NT 10.0; Win64; x64) AppleWebKit/537.36 (KHTML, like Gecko) Chrome/141.0.0.0 Safari/537.36"
46.250.172.119 - - [15/Apr/2026:13:37:08 +0000] "GET /wp-content/plugins/nextgen-gallery/static/Lightbox/simplelightbox/nextgen_simple_lightbox_init.js?ver=4.1.1 HTTP/1.1" 200 10296 "https://www.drivenbyboredom.com/2025/03/06/michael-jackson-rip-6-25-09/nggallery/2/2/4/page/4" "Mozilla/5.0 (Windows NT 10.0; Win64; x64) AppleWebKit/537.36 (KHTML, like Gecko) Chrome/141.0.0.0 Safari/537.36"
46.250.172.119 - - [15/Apr/2026:13:37:08 +0000] "GET /wp-content/plugins/nextgen-gallery/static/Lightbox/lightbox_context.js?ver=4.1.1 HTTP/1.1" 200 971 "https://www.drivenbyboredom.com/2025/03/06/michael-jackson-rip-6-25-09/nggallery/2/2/4/page/4" "Mozilla/5.0 (Windows NT 10.0; Win64; x64) AppleWebKit/537.36 (KHTML, like Gecko) Chrome/141.0.0.0 Safari/537.36"
46.250.172.119 - - [15/Apr/2026:13:37:08 +0000] "GET /wp-content/plugins/nextgen-gallery/static/Lightbox/nextgen_tiktok_helper.js?ver=4.1.1 HTTP/1.1" 200 12486 "https://www.drivenbyboredom.com/2025/03/06/michael-jackson-rip-6-25-09/nggallery/2/2/4/page/4" "Mozilla/5.0 (Windows NT 10.0; Win64; x64) AppleWebKit/537.36 (KHTML, like Gecko) Chrome/141.0.0.0 Safari/537.36"
46.250.172.119 - - [15/Apr/2026:13:37:08 +0000] "GET /wp-content/plugins/nextgen-gallery/static/Lightbox/simplelightbox/simple-lightbox.js?ver=4.1.1 HTTP/1.1" 200 64334 "https://www.drivenbyboredom.com/2025/03/06/michael-jackson-rip-6-25-09/nggallery/2/2/4/page/4" "Mozilla/5.0 (Windows NT 10.0; Win64; x64) AppleWebKit/537.36 (KHTML, like Gecko) Chrome/141.0.0.0 Safari/537.36"
46.250.172.119 - - [15/Apr/2026:13:37:10 +0000] "GET /wp-content/plugins/nextgen-gallery/static/FontAwesome/js/all.min.js?ver=5.3.1 HTTP/1.1" 200 1485776 "https://www.drivenbyboredom.com/2025/03/06/michael-jackson-rip-6-25-09/nggallery/2/2/4/page/4" "Mozilla/5.0 (Windows NT 10.0; Win64; x64) AppleWebKit/537.36 (KHTML, like Gecko) Chrome/141.0.0.0 Safari/537.36"
47.128.56.38 - - [15/Apr/2026:13:37:14 +0000] "GET /dbb-gallery/Girls/Arden%20Leigh/slides/arden-leigh-153.html HTTP/1.1" 301 0 "-" "Mozilla/5.0 (Linux; Android 5.0) AppleWebKit/537.36 (KHTML, like Gecko) Mobile Safari/537.36 (compatible; Bytespider; spider-feedback@bytedance.com)"
187.188.45.23 - - [15/Apr/2026:13:37:15 +0000] "GET /pwp/lindsay/lindsay.html HTTP/1.1" 404 28949 "-" "Mozilla/5.0 (Macintosh; Intel Mac OS X 10_12_6) AppleWebKit/537.36 (KHTML, like Gecko) Chrome/86.0.4240.183 Safari/537.36"
47.128.56.38 - - [15/Apr/2026:13:37:20 +0000] "GET /dbb-gallery/Girls/Arden%20Leigh/slides/arden-leigh-153.html HTTP/1.1" 404 28949 "-" "Mozilla/5.0 (Linux; Android 5.0) AppleWebKit/537.36 (KHTML, like Gecko) Mobile Safari/537.36 (compatible; Bytespider; spider-feedback@bytedance.com)"
40.77.167.51 - - [15/Apr/2026:13:37:29 +0000] "GET /?s=Lav+F%C4%B1rt%C4%B1nas%C4%B1+(2008) HTTP/1.1" 200 38955 "-" "Mozilla/5.0 AppleWebKit/537.36 (KHTML, like Gecko; compatible; bingbot/2.0; +http://www.bing.com/bingbot.htm) Chrome/116.0.1938.76 Safari/537.36"
15.235.27.255 - - [15/Apr/2026:13:37:32 +0000] "GET /wp-content/gallery/35mm-photo-dump/09750033.JPG_backup HTTP/1.1" 200 9998538 "-" "Mozilla/5.0 (compatible; AhrefsBot/7.0; +http://ahrefs.com/robot/)"
204.69.217.228 - - [15/Apr/2026:13:37:33 +0000] "GET /dbb-gallery/Weekly%20Parties/Six%20Six%20Sick%20@%20Happy%20Endings/5.19.09/thumbs/wont-stop-97.JPG HTTP/1.1" 404 28949 "-" "Mozilla/5.0 (compatible; crawler)"
31.44.106.242 - - [15/Apr/2026:13:37:43 +0000] "GET /dbb-gallery/Special%20Events%20and%20Monthly%20Parties/Out%20Of%20Town%20Parties/Pitchfork%20Music%20Festival%20@%20Union%20Park%20-%20Chicago,%20IL%20-%20July%202012/thumbs/pitchfork-fest-54.JPG HTTP/1.1" 301 0 "-" "Mozilla/5.0 (compatible; crawler)"
104.253.255.189 - - [15/Apr/2026:13:37:43 +0000] "GET /dbb-gallery/Special%20Events%20and%20Monthly%20Parties/Out%20Of%20Town%20Parties/Hold%20Fast%20Pop%20Up%20Sailor%20Jerry%20Tattoo%20Shop%20@%20The%20Winter%20X%20Games%20-%20Aspen,%20CO%20-%20January%202012/thumbs/sj-tattoos-120.JPG HTTP/1.1" 301 0 "-" "Mozilla/5.0 (compatible; crawler)"
107.174.117.28 - - [15/Apr/2026:13:37:45 +0000] "GET /dbb-gallery/Special%20Events%20and%20Monthly%20Parties/Out%20Of%20Town%20Parties/Pitchfork%20Music%20Festival%20@%20Union%20Park%20-%20Chicago,%20IL%20-%20July%202012/thumbs/pitchfork-fest-54.JPG HTTP/1.1" 404 28949 "-" "Mozilla/5.0 (compatible; crawler)"
152.163.160.101 - - [15/Apr/2026:13:37:45 +0000] "GET /dbb-gallery/Special%20Events%20and%20Monthly%20Parties/Out%20Of%20Town%20Parties/Hold%20Fast%20Pop%20Up%20Sailor%20Jerry%20Tattoo%20Shop%20@%20The%20Winter%20X%20Games%20-%20Aspen,%20CO%20-%20January%202012/thumbs/sj-tattoos-120.JPG HTTP/1.1" 404 28949 "-" "Mozilla/5.0 (compatible; crawler)"
101.126.150.186 - - [15/Apr/2026:13:37:47 +0000] "GET /wp-content/uploads/2016/09/lily-labeau-3.jpg HTTP/1.1" 404 28949 "-" "Mozilla/5.0 (X11; Linux x86_64) AppleWebKit/537.36 (KHTML, like Gecko) Chrome/123.0 Safari/537.36"
101.126.150.186 - - [15/Apr/2026:13:37:50 +0000] "GET /wp-content/uploads/2016/09/lily-labeau-3.jpg HTTP/1.1" 404 28949 "-" "Mozilla/5.0 (X11; Linux x86_64) AppleWebKit/537.36 (KHTML, like Gecko) Chrome/123.0 Safari/537.36"
181.214.118.254 - - [15/Apr/2026:13:37:52 +0000] "GET /dbb-gallery/Weekly%20Parties/Trash%20@%20Rififi/8.28.09%20(NSFW)/thumbs/moon-walking-ninjas-417.JPG HTTP/1.1" 404 28949 "-" "Mozilla/5.0 (compatible; crawler)"
101.126.150.186 - - [15/Apr/2026:13:37:53 +0000] "GET /wp-content/uploads/2016/09/lily-labeau-3.jpg HTTP/1.1" 404 28949 "-" "Mozilla/5.0 (X11; Linux x86_64) AppleWebKit/537.36 (KHTML, like Gecko) Chrome/123.0 Safari/537.36"
52.22.0.11 - - [15/Apr/2026:13:37:58 +0000] "HEAD /dbb-gallery/Special%20Events%20and%20Monthly%20Parties/Suffolk%20Showdown%20@%20The%20Suffolk%20-%206.11.11/slides/rocky-ninjas-41.html HTTP/1.1" 404 0 "-" "Mozilla/5.0 (compatible; ImageSearchQualityDeadlinkChecker/1.0; +https://amazon.com)"
101.126.150.186 - - [15/Apr/2026:13:37:58 +0000] "GET /wp-content/uploads/2016/09/lily-labeau-3.jpg HTTP/1.1" 404 28949 "-" "Mozilla/5.0 (X11; Linux x86_64) AppleWebKit/537.36 (KHTML, like Gecko) Chrome/123.0 Safari/537.36"
195.250.26.131 - - [15/Apr/2026:13:37:58 +0000] "POST /wp-cron.php?doing_wp_cron=1776260278.4542379379272460937500 HTTP/1.1" 200 0 "-" "WordPress/6.9.4; https://www.drivenbyboredom.com"
46.203.64.3 - - [15/Apr/2026:13:38:06 +0000] "GET /dbb-gallery/Special%20Events%20and%20Monthly%20Parties/Invite%20Them%20Up%20Finale%20@%20Rififi%20-%20Day%203%20-%202.27.08/thumbs/invite-them-up-III-273.JPG HTTP/1.1" 404 28949 "-" "Mozilla/5.0 (compatible; crawler)"
82.153.67.71 - - [15/Apr/2026:13:38:06 +0000] "GET /dbb-gallery/Special%20Events%20and%20Monthly%20Parties/Out%20Of%20Town%20Parties/Lollapalooza%202011%20-%20Chicago,%20IL/Lollapalooza%20Crowd%20Shots/thumbs/lollapalooza-2011-123.JPG HTTP/1.1" 404 28949 "-" "Mozilla/5.0 (compatible; crawler)"
66.249.68.8 - - [15/Apr/2026:13:38:08 +0000] "GET /2025/08/17/2025-gathering-of-the-juggalos-day-1/ HTTP/1.1" 200 83422 "-" "Mozilla/5.0 (Linux; Android 6.0.1; Nexus 5X Build/MMB29P) AppleWebKit/537.36 (KHTML, like Gecko) Chrome/146.0.7680.177 Mobile Safari/537.36 (compatible; Googlebot/2.1; +http://www.google.com/bot.html)"
152.163.33.232 - - [15/Apr/2026:13:38:26 +0000] "GET /dbb-gallery/Special%20Events%20and%20Monthly%20Parties/Brooklyn%20Zombie%20Crawl%20After%20Party%20@%20Public%20Assembly%20-%205.27.12%20(NSFW)/thumbs/another-brooklyn-zombie-crawl-229.JPG HTTP/1.1" 404 28949 "-" "Mozilla/5.0 (compatible; crawler)"
198.20.152.21 - - [15/Apr/2026:13:38:26 +0000] "GET /dbb-gallery/Weekly%20Parties/Trash%20@%20Rififi/10.30.09%20(NSFW)/thumbs/almost-halloween-webster-hall-319.JPG HTTP/1.1" 301 0 "-" "Mozilla/5.0 (compatible; crawler)"
46.203.64.129 - - [15/Apr/2026:13:38:28 +0000] "GET /dbb-gallery/Weekly%20Parties/Trash%20@%20Rififi/10.30.09%20(NSFW)/thumbs/almost-halloween-webster-hall-319.JPG HTTP/1.1" 404 28949 "-" "Mozilla/5.0 (compatible; crawler)"
146.190.164.249 - - [15/Apr/2026:13:38:32 +0000] "GET /?feed=rss2 HTTP/1.1" 400 150 "-" "-"
46.202.6.162 - - [15/Apr/2026:13:38:37 +0000] "GET /wp-content/uploads/2016/11/little-people-halloween-13.jpg HTTP/1.1" 404 28949 "-" "Mozilla/5.0 (compatible; crawler)"
40.77.167.14 - - [15/Apr/2026:13:38:39 +0000] "GET /?s=%ED%9D%91%EC%9D%B8+%EB%8B%A8%EC%96%B4%EB%A1%9C+%EC%99%B8%EA%B5%AD%EC%96%B4+%EB%A7%9E%EC%B6%94%EB%8A%94+%EC%98%81%EC%83%81 HTTP/1.1" 200 39389 "-" "Mozilla/5.0 AppleWebKit/537.36 (KHTML, like Gecko; compatible; bingbot/2.0; +http://www.bing.com/bingbot.htm) Chrome/116.0.1938.76 Safari/537.36"
204.69.217.73 - - [15/Apr/2026:13:38:44 +0000] "GET /wp-content/gallery/creation-museum/thumbs/thumbs_creation-museum-49.JPG HTTP/1.1" 404 28949 "-" "Mozilla/5.0 (compatible; crawler)"
154.196.251.43 - - [15/Apr/2026:13:38:50 +0000] "GET /dbb-gallery/Girls/Revay/slides/revay-16.JPG HTTP/1.1" 301 0 "-" "Mozilla/5.0 (compatible; crawler)"
154.196.248.215 - - [15/Apr/2026:13:38:51 +0000] "GET /dbb-gallery/Girls/Revay/slides/revay-16.JPG HTTP/1.1" 404 28949 "-" "Mozilla/5.0 (compatible; crawler)"
20.191.45.212 - - [15/Apr/2026:13:39:03 +0000] "GET / HTTP/1.1" 200 37961 "http://www.drivenbyboredom.com" "DuckDuckBot/1.1; (+http://duckduckgo.com/duckduckbot.html)"
20.191.45.212 - - [15/Apr/2026:13:39:04 +0000] "GET /wp-content/themes/driven-by-boredom/favicon/favicon-32x32.png HTTP/1.1" 200 1382 "-" "DuckDuckBot/1.1; (+http://duckduckgo.com/duckduckbot.html)"
31.58.126.204 - - [15/Apr/2026:13:39:09 +0000] "GET /dbb-gallery/Special%20Events%20and%20Monthly%20Parties/Out%20Of%20Town%20Parties/Winter%20Music%20Conference%202010%20-%20Miami,%20FL/Random%20Adventures%20At%20WMC%202010/thumbs/wmc-2010-948.JPG HTTP/1.1" 404 28949 "-" "Mozilla/5.0 (compatible; crawler)"
135.181.166.38 - - [15/Apr/2026:13:39:14 +0000] "GET /2025/08/18/2025-gathering-of-the-juggalos-day-2/ HTTP/1.1" 200 84780 "-" "Mozilla/5.0 (compatible; SERankingBacklinksBot/1.0; +https://seranking.com/backlinks-crawler)"
40.77.167.116 - - [15/Apr/2026:13:39:15 +0000] "GET /?s=LBJ%E9%A0%AD%E5%A5%97 HTTP/1.1" 200 38767 "-" "Mozilla/5.0 AppleWebKit/537.36 (KHTML, like Gecko; compatible; bingbot/2.0; +http://www.bing.com/bingbot.htm) Chrome/116.0.1938.76 Safari/537.36"
52.22.0.11 - - [15/Apr/2026:13:39:18 +0000] "HEAD /dbb-gallery/Special%20Events%20and%20Monthly%20Parties/Out%20Of%20Town%20Parties/South%20By%20Southwest%20%20-%20Austin,%20TX%20-%20March,%202012/SXSW%20Film%20Festival/slides/sxsw-film-62.html HTTP/1.1" 404 0 "-" "Mozilla/5.0 (compatible; ImageSearchQualityDeadlinkChecker/1.0; +https://amazon.com)"
152.163.132.138 - - [15/Apr/2026:13:39:19 +0000] "GET /dbb-gallery/Weekly%20Parties/Six%20Six%20Sick%20@%20Happy%20Endings/8.7.07%20(NSFW)/thumbs/party-party-party130.JPG HTTP/1.1" 404 28949 "-" "Mozilla/5.0 (compatible; crawler)"
40.77.167.51 - - [15/Apr/2026:13:39:20 +0000] "GET /?s=8%3A30+costarica+en+guatmala HTTP/1.1" 200 38953 "-" "Mozilla/5.0 AppleWebKit/537.36 (KHTML, like Gecko; compatible; bingbot/2.0; +http://www.bing.com/bingbot.htm) Chrome/116.0.1938.76 Safari/537.36"
135.181.166.38 - - [15/Apr/2026:13:39:21 +0000] "GET /2025/08/18/2025-gathering-of-the-juggalos-day-2/ HTTP/1.1" 200 84780 "-" "Mozilla/5.0 (compatible; SERankingBacklinksBot/1.0; +https://seranking.com/backlinks-crawler)"
154.81.155.151 - - [15/Apr/2026:13:39:24 +0000] "GET /dbb-gallery/Special%20Events%20and%20Monthly%20Parties/CMJ%20Music%20Festival%20-%20October%202011/Bruise%20Cruise%20CMJ%20Party%20@%20Public%20Assembly%20-%2010.22.11/thumbs/bruise-cruise-cmj-154.JPG HTTP/1.1" 404 28949 "-" "Mozilla/5.0 (compatible; crawler)"
135.181.166.38 - - [15/Apr/2026:13:39:25 +0000] "GET /2025/08/18/2025-gathering-of-the-juggalos-day-2/ HTTP/1.1" 200 84780 "-" "Mozilla/5.0 (compatible; SERankingBacklinksBot/1.0; +https://seranking.com/backlinks-crawler)"
135.181.166.38 - - [15/Apr/2026:13:39:32 +0000] "GET /2025/08/18/2025-gathering-of-the-juggalos-day-2/ HTTP/1.1" 200 84780 "-" "Mozilla/5.0 (compatible; SERankingBacklinksBot/1.0; +https://seranking.com/backlinks-crawler)"
135.181.166.38 - - [15/Apr/2026:13:39:37 +0000] "GET /2025/08/18/2025-gathering-of-the-juggalos-day-2/ HTTP/1.1" 200 84780 "-" "Mozilla/5.0 (compatible; SERankingBacklinksBot/1.0; +https://seranking.com/backlinks-crawler)"
40.113.4.217 - - [15/Apr/2026:13:39:41 +0000] "GET /wp-content/plugins/hellopress/wp_filemanager.php HTTP/1.1" 301 0 "-" "-"
40.113.4.217 - - [15/Apr/2026:13:39:42 +0000] "GET /wp-content/plugins/hellopress/wp_filemanager.php HTTP/1.1" 404 28949 "-" "-"
40.113.4.217 - - [15/Apr/2026:13:39:42 +0000] "GET /wp-widgets.php HTTP/1.1" 301 0 "-" "-"
40.113.4.217 - - [15/Apr/2026:13:39:43 +0000] "GET /wp-widgets.php HTTP/1.1" 404 28949 "-" "-"
40.113.4.217 - - [15/Apr/2026:13:39:43 +0000] "GET /option.php HTTP/1.1" 301 0 "-" "-"
40.113.4.217 - - [15/Apr/2026:13:39:43 +0000] "GET /option.php HTTP/1.1" 404 28949 "-" "-"
40.113.4.217 - - [15/Apr/2026:13:39:44 +0000] "GET /ss.php HTTP/1.1" 301 0 "-" "-"
135.181.166.38 - - [15/Apr/2026:13:39:44 +0000] "GET /2025/08/18/2025-gathering-of-the-juggalos-day-2/ HTTP/1.1" 200 84780 "-" "Mozilla/5.0 (compatible; SERankingBacklinksBot/1.0; +https://seranking.com/backlinks-crawler)"
150.136.137.133 - - [15/Apr/2026:13:39:44 +0000] "GET /wp-content/uploads/2015/07/stitches-1.jpg HTTP/1.1" 404 28949 "-" "Mozilla/5.0 (X11; Linux x86_64) AppleWebKit/537.36 (KHTML, like Gecko) Chrome/120.0.0.0 Safari/537.36"
40.113.4.217 - - [15/Apr/2026:13:39:44 +0000] "GET /ss.php HTTP/1.1" 404 28949 "-" "-"
40.113.4.217 - - [15/Apr/2026:13:39:44 +0000] "GET /wp-content/languages/about.php HTTP/1.1" 301 0 "-" "-"
40.113.4.217 - - [15/Apr/2026:13:39:45 +0000] "GET /wp-content/languages/about.php HTTP/1.1" 404 28949 "-" "-"
40.113.4.217 - - [15/Apr/2026:13:39:45 +0000] "GET /HhJj1KbY8mQ.php HTTP/1.1" 301 0 "-" "-"
95.108.213.143 - - [15/Apr/2026:13:39:45 +0000] "GET /dbb-gallery/Girls/Dante/slides/dante-47.html HTTP/1.1" 404 28949 "-" "Mozilla/5.0 (compatible; YandexBot/3.0; +http://yandex.com/bots)"
40.113.4.217 - - [15/Apr/2026:13:39:45 +0000] "GET /HhJj1KbY8mQ.php HTTP/1.1" 404 28949 "-" "-"
40.113.4.217 - - [15/Apr/2026:13:39:46 +0000] "GET /main.php HTTP/1.1" 301 0 "-" "-"
40.113.4.217 - - [15/Apr/2026:13:39:46 +0000] "GET /main.php HTTP/1.1" 404 28949 "-" "-"
40.113.4.217 - - [15/Apr/2026:13:39:46 +0000] "GET /test.php HTTP/1.1" 301 0 "-" "-"
40.113.4.217 - - [15/Apr/2026:13:39:46 +0000] "GET /test.php HTTP/1.1" 404 28949 "-" "-"
40.113.4.217 - - [15/Apr/2026:13:39:47 +0000] "GET /config.php HTTP/1.1" 301 0 "-" "-"
40.113.4.217 - - [15/Apr/2026:13:39:47 +0000] "GET /config.php HTTP/1.1" 404 28949 "-" "-"
40.113.4.217 - - [15/Apr/2026:13:39:47 +0000] "GET /click.php HTTP/1.1" 301 0 "-" "-"
40.113.4.217 - - [15/Apr/2026:13:39:48 +0000] "GET /click.php HTTP/1.1" 404 28949 "-" "-"
40.113.4.217 - - [15/Apr/2026:13:39:48 +0000] "GET /info.php HTTP/1.1" 301 0 "-" "-"
135.181.166.38 - - [15/Apr/2026:13:39:48 +0000] "GET /2025/08/18/2025-gathering-of-the-juggalos-day-2/ HTTP/1.1" 200 84780 "-" "Mozilla/5.0 (compatible; SERankingBacklinksBot/1.0; +https://seranking.com/backlinks-crawler)"
40.113.4.217 - - [15/Apr/2026:13:39:48 +0000] "GET /info.php HTTP/1.1" 404 28949 "-" "-"
40.113.4.217 - - [15/Apr/2026:13:39:49 +0000] "GET /a.php HTTP/1.1" 301 0 "-" "-"
40.113.4.217 - - [15/Apr/2026:13:39:49 +0000] "GET /a.php HTTP/1.1" 404 28949 "-" "-"
40.113.4.217 - - [15/Apr/2026:13:39:49 +0000] "GET /2.php HTTP/1.1" 301 0 "-" "-"
40.113.4.217 - - [15/Apr/2026:13:39:50 +0000] "GET /2.php HTTP/1.1" 404 28949 "-" "-"
40.77.167.51 - - [15/Apr/2026:13:39:50 +0000] "GET /?s=live+chat+%E3%81%BF%E3%81%AA%E3%81%BF+%E3%83%A1%E3%82%AC%E3%83%8D HTTP/1.1" 200 39091 "-" "Mozilla/5.0 AppleWebKit/537.36 (KHTML, like Gecko; compatible; bingbot/2.0; +http://www.bing.com/bingbot.htm) Chrome/116.0.1938.76 Safari/537.36"
135.181.166.38 - - [15/Apr/2026:13:39:50 +0000] "GET /2025/08/18/2025-gathering-of-the-juggalos-day-2/ HTTP/1.1" 200 84780 "-" "Mozilla/5.0 (compatible; SERankingBacklinksBot/1.0; +https://seranking.com/backlinks-crawler)"
40.113.4.217 - - [15/Apr/2026:13:39:50 +0000] "GET /doc.php HTTP/1.1" 301 0 "-" "-"
40.113.4.217 - - [15/Apr/2026:13:39:50 +0000] "GET /doc.php HTTP/1.1" 404 28949 "-" "-"
40.113.4.217 - - [15/Apr/2026:13:39:51 +0000] "GET /jquery.php HTTP/1.1" 301 0 "-" "-"
40.113.4.217 - - [15/Apr/2026:13:39:51 +0000] "GET /jquery.php HTTP/1.1" 404 28949 "-" "-"
40.113.4.217 - - [15/Apr/2026:13:39:51 +0000] "GET /style.php HTTP/1.1" 301 0 "-" "-"
135.181.166.38 - - [15/Apr/2026:13:39:51 +0000] "GET /2025/08/18/2025-gathering-of-the-juggalos-day-2/ HTTP/1.1" 200 84780 "-" "Mozilla/5.0 (compatible; SERankingBacklinksBot/1.0; +https://seranking.com/backlinks-crawler)"
40.113.4.217 - - [15/Apr/2026:13:39:52 +0000] "GET /style.php HTTP/1.1" 404 28949 "-" "-"
40.113.4.217 - - [15/Apr/2026:13:39:52 +0000] "GET /bolt.php HTTP/1.1" 301 0 "-" "-"
40.113.4.217 - - [15/Apr/2026:13:39:52 +0000] "GET /bolt.php HTTP/1.1" 404 28949 "-" "-"
40.113.4.217 - - [15/Apr/2026:13:39:53 +0000] "GET /1.php HTTP/1.1" 301 0 "-" "-"
135.181.166.38 - - [15/Apr/2026:13:39:53 +0000] "GET /2025/08/18/2025-gathering-of-the-juggalos-day-2/ HTTP/1.1" 200 84780 "-" "Mozilla/5.0 (compatible; SERankingBacklinksBot/1.0; +https://seranking.com/backlinks-crawler)"
66.102.9.204 - - [15/Apr/2026:13:39:53 +0000] "HEAD /feed/ HTTP/1.1" 200 0 "-" "FeedBurner/1.0 (http://www.FeedBurner.com)"
40.113.4.217 - - [15/Apr/2026:13:39:53 +0000] "GET /1.php HTTP/1.1" 404 28949 "-" "-"
40.113.4.217 - - [15/Apr/2026:13:39:53 +0000] "GET /p.php HTTP/1.1" 301 0 "-" "-"
40.113.4.217 - - [15/Apr/2026:13:39:54 +0000] "GET /p.php HTTP/1.1" 404 28949 "-" "-"
40.113.4.217 - - [15/Apr/2026:13:39:54 +0000] "GET /wp-info.php HTTP/1.1" 301 0 "-" "-"
40.113.4.217 - - [15/Apr/2026:13:39:54 +0000] "GET /wp-info.php HTTP/1.1" 404 28949 "-" "-"
135.181.166.38 - - [15/Apr/2026:13:39:54 +0000] "GET /2025/08/18/2025-gathering-of-the-juggalos-day-2/ HTTP/1.1" 200 84780 "-" "Mozilla/5.0 (compatible; SERankingBacklinksBot/1.0; +https://seranking.com/backlinks-crawler)"
40.113.4.217 - - [15/Apr/2026:13:39:55 +0000] "GET /mini.php HTTP/1.1" 301 0 "-" "-"
40.113.4.217 - - [15/Apr/2026:13:39:55 +0000] "GET /mini.php HTTP/1.1" 404 28949 "-" "-"
40.113.4.217 - - [15/Apr/2026:13:39:55 +0000] "GET /wp-admin/maint/admin.php HTTP/1.1" 301 0 "-" "-"
40.113.4.217 - - [15/Apr/2026:13:39:55 +0000] "GET /wp-admin/maint/admin.php HTTP/1.1" 404 28949 "-" "-"
31.44.105.217 - - [15/Apr/2026:13:39:56 +0000] "GET /dbb-gallery/Burning%20Angels%20-%20NSFW/Indigo%20Augustine/thumbs/indigo-augustine-84.JPG HTTP/1.1" 404 28949 "-" "Mozilla/5.0 (compatible; crawler)"
40.113.4.217 - - [15/Apr/2026:13:39:56 +0000] "GET /66.php?p= HTTP/1.1" 301 0 "-" "-"
40.113.4.217 - - [15/Apr/2026:13:39:56 +0000] "GET /66.php HTTP/1.1" 404 28949 "-" "-"
195.250.26.131 - - [15/Apr/2026:13:39:57 +0000] "POST /wp-cron.php?doing_wp_cron=1776260397.0059540271759033203125 HTTP/1.1" 200 0 "-" "WordPress/6.9.4; https://www.drivenbyboredom.com"
40.113.4.217 - - [15/Apr/2026:13:39:57 +0000] "GET /as.php HTTP/1.1" 301 0 "-" "-"
40.113.4.217 - - [15/Apr/2026:13:39:57 +0000] "GET /as.php HTTP/1.1" 404 28949 "-" "-"
40.113.4.217 - - [15/Apr/2026:13:39:57 +0000] "GET /wp-login.php HTTP/1.1" 200 5641 "-" "-"
40.113.4.217 - - [15/Apr/2026:13:39:58 +0000] "GET /alfa.php HTTP/1.1" 301 0 "-" "-"
40.113.4.217 - - [15/Apr/2026:13:39:58 +0000] "GET /alfa.php HTTP/1.1" 404 28949 "-" "-"
40.113.4.217 - - [15/Apr/2026:13:39:58 +0000] "GET /wp-content/index.php HTTP/1.1" 200 0 "-" "-"
40.113.4.217 - - [15/Apr/2026:13:39:58 +0000] "GET /222.php HTTP/1.1" 301 0 "-" "-"
40.113.4.217 - - [15/Apr/2026:13:39:59 +0000] "GET /222.php HTTP/1.1" 404 28949 "-" "-"
40.113.4.217 - - [15/Apr/2026:13:39:59 +0000] "GET /default.php HTTP/1.1" 301 0 "-" "-"
40.113.4.217 - - [15/Apr/2026:13:39:59 +0000] "GET /default.php HTTP/1.1" 404 28949 "-" "-"
47.128.16.177 - - [15/Apr/2026:13:39:59 +0000] "GET /2025/08/18/2025-gathering-of-the-juggalos-day-2/ HTTP/1.1" 200 84780 "-" "Mozilla/5.0 (Linux; Android 5.0) AppleWebKit/537.36 (KHTML, like Gecko) Mobile Safari/537.36 (compatible; TikTokSpider; ttspider-feedback@tiktok.com)"
40.113.4.217 - - [15/Apr/2026:13:40:00 +0000] "GET /abcd.php HTTP/1.1" 301 0 "-" "-"
220.181.108.91 - - [15/Apr/2026:13:40:00 +0000] "GET /2008/04/06/a-few-of-my-favorite-things-charlton-heston-scifi-movies HTTP/1.1" 404 28949 "-" "Mozilla/5.0 (Linux;u;Android 4.2.2;zh-cn;) AppleWebKit/534.46 (KHTML,like Gecko) Version/5.1 Mobile Safari/10600.6.3 (compatible; Baiduspider/2.0; +http://www.baidu.com/search/spider.html)"
40.113.4.217 - - [15/Apr/2026:13:40:00 +0000] "GET /abcd.php HTTP/1.1" 404 28949 "-" "-"
43.154.140.188 - - [15/Apr/2026:13:40:00 +0000] "GET / HTTP/1.1" 200 37961 "http://www.drivenbyboredom.com" "Mozilla/5.0 (iPhone; CPU iPhone OS 13_2_3 like Mac OS X) AppleWebKit/605.1.15 (KHTML, like Gecko) Version/13.0.3 Mobile/15E148 Safari/604.1"
47.128.16.177 - - [15/Apr/2026:13:40:00 +0000] "GET /wp-content/gallery/2025-gathering-of-the-juggalos-day-1-8-13-25/thumbs/thumbs-DSC_8632.JPG HTTP/1.1" 200 50014 "https://www.drivenbyboredom.com/2025/08/18/2025-gathering-of-the-juggalos-day-2/" "Mozilla/5.0 (Linux; Android 5.0) AppleWebKit/537.36 (KHTML, like Gecko) Mobile Safari/537.36 (compatible; TikTokSpider; ttspider-feedback@tiktok.com)"
40.113.4.217 - - [15/Apr/2026:13:40:00 +0000] "GET /file61.php HTTP/1.1" 301 0 "-" "-"
40.113.4.217 - - [15/Apr/2026:13:40:01 +0000] "GET /file61.php HTTP/1.1" 404 28949 "-" "-"
47.128.16.177 - - [15/Apr/2026:13:40:01 +0000] "GET /wp-content/gallery/2025-gathering-of-the-juggalos-day-1-8-13-25/thumbs/thumbs-DSC_8741.JPG HTTP/1.1" 200 45230 "https://www.drivenbyboredom.com/2025/08/18/2025-gathering-of-the-juggalos-day-2/" "Mozilla/5.0 (Linux; Android 5.0) AppleWebKit/537.36 (KHTML, like Gecko) Mobile Safari/537.36 (compatible; TikTokSpider; ttspider-feedback@tiktok.com)"
47.128.16.177 - - [15/Apr/2026:13:40:01 +0000] "GET /wp-content/gallery/2025-gathering-of-the-juggalos-day-1-8-13-25/thumbs/thumbs-DSC_8953.JPG HTTP/1.1" 200 48629 "https://www.drivenbyboredom.com/2025/08/18/2025-gathering-of-the-juggalos-day-2/" "Mozilla/5.0 (Linux; Android 5.0) AppleWebKit/537.36 (KHTML, like Gecko) Mobile Safari/537.36 (compatible; TikTokSpider; ttspider-feedback@tiktok.com)"
47.128.16.177 - - [15/Apr/2026:13:40:01 +0000] "GET /wp-content/gallery/2025-gathering-of-the-juggalos-day-1-8-13-25/thumbs/thumbs-DSC_8881.JPG HTTP/1.1" 200 53165 "https://www.drivenbyboredom.com/2025/08/18/2025-gathering-of-the-juggalos-day-2/" "Mozilla/5.0 (Linux; Android 5.0) AppleWebKit/537.36 (KHTML, like Gecko) Mobile Safari/537.36 (compatible; TikTokSpider; ttspider-feedback@tiktok.com)"
40.113.4.217 - - [15/Apr/2026:13:40:01 +0000] "GET /about.php HTTP/1.1" 301 0 "-" "-"
40.113.4.217 - - [15/Apr/2026:13:40:02 +0000] "GET /about.php HTTP/1.1" 404 28949 "-" "-"
40.113.4.217 - - [15/Apr/2026:13:40:02 +0000] "GET /d.php HTTP/1.1" 301 0 "-" "-"
40.113.4.217 - - [15/Apr/2026:13:40:03 +0000] "GET /d.php HTTP/1.1" 404 28949 "-" "-"
40.113.4.217 - - [15/Apr/2026:13:40:03 +0000] "GET /aa.php HTTP/1.1" 301 0 "-" "-"
40.113.4.217 - - [15/Apr/2026:13:40:03 +0000] "GET /aa.php HTTP/1.1" 404 28949 "-" "-"
40.113.4.217 - - [15/Apr/2026:13:40:04 +0000] "GET /wp-admins.php HTTP/1.1" 301 0 "-" "-"
135.181.166.38 - - [15/Apr/2026:13:40:04 +0000] "GET /2025/08/18/2025-gathering-of-the-juggalos-day-2/ HTTP/1.1" 200 84780 "-" "Mozilla/5.0 (compatible; SERankingBacklinksBot/1.0; +https://seranking.com/backlinks-crawler)"
40.113.4.217 - - [15/Apr/2026:13:40:04 +0000] "GET /wp-admins.php HTTP/1.1" 404 28949 "-" "-"
40.113.4.217 - - [15/Apr/2026:13:40:04 +0000] "GET /wp-config-sample.php?p= HTTP/1.1" 500 2443 "-" "-"
40.113.4.217 - - [15/Apr/2026:13:40:05 +0000] "GET /file6.php HTTP/1.1" 301 0 "-" "-"
40.113.4.217 - - [15/Apr/2026:13:40:05 +0000] "GET /file6.php HTTP/1.1" 404 28949 "-" "-"
40.113.4.217 - - [15/Apr/2026:13:40:05 +0000] "GET /up.php?x= HTTP/1.1" 301 0 "-" "-"
40.113.4.217 - - [15/Apr/2026:13:40:06 +0000] "GET /up.php?x= HTTP/1.1" 404 28949 "-" "-"
148.135.240.60 - - [15/Apr/2026:13:40:06 +0000] "GET /wp-content/gallery/best-of-2012/best-of-2012-102.JPG HTTP/1.1" 404 28949 "-" "Mozilla/5.0 (compatible; crawler)"
40.113.4.217 - - [15/Apr/2026:13:40:06 +0000] "GET /ioxi002.PhP7 HTTP/1.1" 301 0 "-" "-"
40.113.4.217 - - [15/Apr/2026:13:40:06 +0000] "GET /ioxi002.PhP7 HTTP/1.1" 404 28949 "-" "-"
40.113.4.217 - - [15/Apr/2026:13:40:07 +0000] "GET /wp.php HTTP/1.1" 301 0 "-" "-"
124.55.178.99 - - [15/Apr/2026:13:40:07 +0000] "GET /wp-login.php HTTP/1.1" 200 5641 "-" "Mozilla/5.0 (Windows NT 6.1) AppleWebKit/537.36 (KHTML, like Gecko) Chrome/65.0.3325.162 Safari/537.36"
40.113.4.217 - - [15/Apr/2026:13:40:07 +0000] "GET /wp.php HTTP/1.1" 404 28949 "-" "-"
40.113.4.217 - - [15/Apr/2026:13:40:07 +0000] "GET /a4.php HTTP/1.1" 301 0 "-" "-"
40.113.4.217 - - [15/Apr/2026:13:40:08 +0000] "GET /a4.php HTTP/1.1" 404 28949 "-" "-"
124.55.178.99 - - [15/Apr/2026:13:40:08 +0000] "POST /wp-login.php HTTP/1.1" 503 18969 "https://www.drivenbyboredom.com/wp-login.php" "Mozilla/5.0 (Windows NT 6.1) AppleWebKit/537.36 (KHTML, like Gecko) Chrome/65.0.3325.162 Safari/537.36"
40.113.4.217 - - [15/Apr/2026:13:40:08 +0000] "GET /ca.php HTTP/1.1" 301 0 "-" "-"
40.113.4.217 - - [15/Apr/2026:13:40:08 +0000] "GET /ca.php HTTP/1.1" 404 28949 "-" "-"
40.113.4.217 - - [15/Apr/2026:13:40:09 +0000] "GET /wp-mail.php HTTP/1.1" 403 2507 "-" "-"
40.113.4.217 - - [15/Apr/2026:13:40:09 +0000] "GET /inputs.php HTTP/1.1" 301 0 "-" "-"
40.113.4.217 - - [15/Apr/2026:13:40:09 +0000] "GET /inputs.php HTTP/1.1" 404 28949 "-" "-"
40.113.4.217 - - [15/Apr/2026:13:40:10 +0000] "GET /admin.php HTTP/1.1" 301 0 "-" "-"
40.77.167.51 - - [15/Apr/2026:13:40:10 +0000] "GET /?s=bigbang+coachella+mp4 HTTP/1.1" 200 38883 "-" "Mozilla/5.0 AppleWebKit/537.36 (KHTML, like Gecko; compatible; bingbot/2.0; +http://www.bing.com/bingbot.htm) Chrome/116.0.1938.76 Safari/537.36"
40.113.4.217 - - [15/Apr/2026:13:40:10 +0000] "GET /admin.php HTTP/1.1" 404 28949 "-" "-"
182.53.184.80 - - [15/Apr/2026:13:40:11 +0000] "GET /wp-content/gallery/2026-avn-awards-week/DSC_3679.JPG HTTP/1.1" 200 783104 "https://simpcity.cr/" "Mozilla/5.0 (Windows NT 10.0; Win64; x64) AppleWebKit/537.36 (KHTML, like Gecko) Chrome/147.0.0.0 Safari/537.36"
182.53.184.80 - - [15/Apr/2026:13:40:11 +0000] "GET /wp-content/gallery/2026-avn-awards-week/DSC_3223.JPG HTTP/1.1" 200 801312 "https://simpcity.cr/" "Mozilla/5.0 (Windows NT 10.0; Win64; x64) AppleWebKit/537.36 (KHTML, like Gecko) Chrome/147.0.0.0 Safari/537.36"
182.53.184.80 - - [15/Apr/2026:13:40:11 +0000] "GET /wp-content/gallery/2026-avn-awards-week/DSC_3390.JPG HTTP/1.1" 200 1192302 "https://simpcity.cr/" "Mozilla/5.0 (Windows NT 10.0; Win64; x64) AppleWebKit/537.36 (KHTML, like Gecko) Chrome/147.0.0.0 Safari/537.36"
182.53.184.80 - - [15/Apr/2026:13:40:12 +0000] "GET /wp-content/gallery/2026-avn-awards-week/DSC_3221.JPG HTTP/1.1" 200 1273815 "https://simpcity.cr/" "Mozilla/5.0 (Windows NT 10.0; Win64; x64) AppleWebKit/537.36 (KHTML, like Gecko) Chrome/147.0.0.0 Safari/537.36"
182.53.184.80 - - [15/Apr/2026:13:40:12 +0000] "GET /wp-content/gallery/2026-avn-awards-week/DSC_3099.JPG HTTP/1.1" 200 1397325 "https://simpcity.cr/" "Mozilla/5.0 (Windows NT 10.0; Win64; x64) AppleWebKit/537.36 (KHTML, like Gecko) Chrome/147.0.0.0 Safari/537.36"
45.91.89.211 - - [15/Apr/2026:13:40:14 +0000] "GET /dbb-gallery/Special%20Events%20and%20Monthly%20Parties/Out%20Of%20Town%20Parties/2013%20AVN%20Awards%20@%20The%20Joint%20@%20The%20Hard%20Rock%20Hotel%20-%20Las%20Vegas,%20NV%20-%201.19.13%20(NSFW)/thumbs/2013-avn-awards-148.JPG HTTP/1.1" 404 28949 "-" "Mozilla/5.0 (compatible; crawler)"
135.181.166.38 - - [15/Apr/2026:13:40:15 +0000] "GET /2025/08/18/2025-gathering-of-the-juggalos-day-2/ HTTP/1.1" 200 84780 "-" "Mozilla/5.0 (compatible; SERankingBacklinksBot/1.0; +https://seranking.com/backlinks-crawler)"
40.77.167.150 - - [15/Apr/2026:13:40:15 +0000] "GET /?s=%D9%81%D9%84%D9%85+%D8%B1%D8%B9%D8%A8 HTTP/1.1" 200 38855 "-" "Mozilla/5.0 AppleWebKit/537.36 (KHTML, like Gecko; compatible; bingbot/2.0; +http://www.bing.com/bingbot.htm) Chrome/116.0.1938.76 Safari/537.36"
135.181.166.38 - - [15/Apr/2026:13:40:27 +0000] "GET /2025/08/18/2025-gathering-of-the-juggalos-day-2/ HTTP/1.1" 200 84780 "-" "Mozilla/5.0 (compatible; SERankingBacklinksBot/1.0; +https://seranking.com/backlinks-crawler)"
50.114.251.195 - - [15/Apr/2026:13:40:29 +0000] "GET /dbb-gallery/Weekly%20Parties/High%20Voltage%20@%20Sutra/3.19.08/thumbs/fun-times-107.JPG HTTP/1.1" 404 28949 "-" "Mozilla/5.0 (compatible; crawler)"
195.250.26.131 - - [15/Apr/2026:13:40:39 +0000] "POST /wp-cron.php?doing_wp_cron=1776260439.6490960121154785156250 HTTP/1.1" 200 0 "-" "WordPress/6.9.4; https://www.drivenbyboredom.com"
135.181.166.38 - - [15/Apr/2026:13:40:39 +0000] "GET /2025/08/18/2025-gathering-of-the-juggalos-day-2/ HTTP/1.1" 200 84780 "-" "Mozilla/5.0 (compatible; SERankingBacklinksBot/1.0; +https://seranking.com/backlinks-crawler)"
135.181.166.38 - - [15/Apr/2026:13:40:44 +0000] "GET /2025/08/18/2025-gathering-of-the-juggalos-day-2/ HTTP/1.1" 200 84780 "-" "Mozilla/5.0 (compatible; SERankingBacklinksBot/1.0; +https://seranking.com/backlinks-crawler)"
23.26.235.244 - - [15/Apr/2026:13:40:44 +0000] "GET /dbb-gallery/Special%20Events%20and%20Monthly%20Parties/Exxxotica%20NY%202009%20@%20New%20Jersey%20Convention%20Center%20-%20NSFW/9.26.09/thumbs/just-another-day-164.JPG HTTP/1.1" 404 28949 "-" "Mozilla/5.0 (compatible; crawler)"
135.181.166.38 - - [15/Apr/2026:13:40:51 +0000] "GET /2025/08/18/2025-gathering-of-the-juggalos-day-2/ HTTP/1.1" 200 84780 "-" "Mozilla/5.0 (compatible; SERankingBacklinksBot/1.0; +https://seranking.com/backlinks-crawler)"
66.163.127.180 - - [15/Apr/2026:13:40:54 +0000] "GET / HTTP/1.1" 200 37961 "-" "Mozilla/5.0 (Windows NT 10.0; Win64; x64) AppleWebKit/537.36 (KHTML, like Gecko) SamsungBrowser/30.0 Chrome/143.0.0.0 Safari/537.36"
66.163.127.180 - - [15/Apr/2026:13:40:55 +0000] "GET /wp-content/themes/driven-by-boredom/style.css?ver=1.0.0 HTTP/1.1" 200 16260 "https://www.drivenbyboredom.com/" "Mozilla/5.0 (Windows NT 10.0; Win64; x64) AppleWebKit/537.36 (KHTML, like Gecko) SamsungBrowser/30.0 Chrome/143.0.0.0 Safari/537.36"
66.163.127.180 - - [15/Apr/2026:13:40:55 +0000] "GET /wp-content/themes/driven-by-boredom/elevate.css?ver=1.0.0 HTTP/1.1" 200 11660 "https://www.drivenbyboredom.com/" "Mozilla/5.0 (Windows NT 10.0; Win64; x64) AppleWebKit/537.36 (KHTML, like Gecko) SamsungBrowser/30.0 Chrome/143.0.0.0 Safari/537.36"
66.163.127.180 - - [15/Apr/2026:13:40:55 +0000] "GET /wp-content/themes/driven-by-boredom/dbb.css?ver=1.0.0 HTTP/1.1" 200 5314 "https://www.drivenbyboredom.com/" "Mozilla/5.0 (Windows NT 10.0; Win64; x64) AppleWebKit/537.36 (KHTML, like Gecko) SamsungBrowser/30.0 Chrome/143.0.0.0 Safari/537.36"
66.163.127.180 - - [15/Apr/2026:13:40:55 +0000] "GET /wp-content/themes/driven-by-boredom/images/dbb-text-logo-crop.jpg HTTP/1.1" 200 37891 "https://www.drivenbyboredom.com/" "Mozilla/5.0 (Windows NT 10.0; Win64; x64) AppleWebKit/537.36 (KHTML, like Gecko) SamsungBrowser/30.0 Chrome/143.0.0.0 Safari/537.36"
66.163.127.180 - - [15/Apr/2026:13:40:55 +0000] "GET /wp-content/themes/driven-by-boredom/images/dbb_logo_header.png HTTP/1.1" 200 3559 "https://www.drivenbyboredom.com/" "Mozilla/5.0 (Windows NT 10.0; Win64; x64) AppleWebKit/537.36 (KHTML, like Gecko) SamsungBrowser/30.0 Chrome/143.0.0.0 Safari/537.36"
66.163.127.180 - - [15/Apr/2026:13:40:55 +0000] "GET /wp-content/themes/driven-by-boredom/elevate.css HTTP/1.1" 200 11660 "https://www.drivenbyboredom.com/wp-content/themes/driven-by-boredom/style.css?ver=1.0.0" "Mozilla/5.0 (Windows NT 10.0; Win64; x64) AppleWebKit/537.36 (KHTML, like Gecko) SamsungBrowser/30.0 Chrome/143.0.0.0 Safari/537.36"
66.163.127.180 - - [15/Apr/2026:13:40:55 +0000] "GET /wp-content/themes/driven-by-boredom/dbb.css HTTP/1.1" 200 5314 "https://www.drivenbyboredom.com/wp-content/themes/driven-by-boredom/style.css?ver=1.0.0" "Mozilla/5.0 (Windows NT 10.0; Win64; x64) AppleWebKit/537.36 (KHTML, like Gecko) SamsungBrowser/30.0 Chrome/143.0.0.0 Safari/537.36"
66.163.127.180 - - [15/Apr/2026:13:40:55 +0000] "GET /wp-content/themes/driven-by-boredom/js/navigation.js?ver=1.0.0 HTTP/1.1" 200 2980 "https://www.drivenbyboredom.com/" "Mozilla/5.0 (Windows NT 10.0; Win64; x64) AppleWebKit/537.36 (KHTML, like Gecko) SamsungBrowser/30.0 Chrome/143.0.0.0 Safari/537.36"
66.163.127.180 - - [15/Apr/2026:13:40:55 +0000] "GET /wp-content/uploads/2026/04/malice-censored-300x200.jpg HTTP/1.1" 200 7752 "https://www.drivenbyboredom.com/" "Mozilla/5.0 (Windows NT 10.0; Win64; x64) AppleWebKit/537.36 (KHTML, like Gecko) SamsungBrowser/30.0 Chrome/143.0.0.0 Safari/537.36"
66.163.127.180 - - [15/Apr/2026:13:40:55 +0000] "GET /wp-content/uploads/2026/02/DSC_1303-300x199.jpg HTTP/1.1" 200 13930 "https://www.drivenbyboredom.com/" "Mozilla/5.0 (Windows NT 10.0; Win64; x64) AppleWebKit/537.36 (KHTML, like Gecko) SamsungBrowser/30.0 Chrome/143.0.0.0 Safari/537.36"
66.163.127.180 - - [15/Apr/2026:13:40:55 +0000] "GET /wp-content/uploads/2026/02/DSC_3816-1536x1022.jpg HTTP/1.1" 200 163903 "https://www.drivenbyboredom.com/" "Mozilla/5.0 (Windows NT 10.0; Win64; x64) AppleWebKit/537.36 (KHTML, like Gecko) SamsungBrowser/30.0 Chrome/143.0.0.0 Safari/537.36"
66.163.127.180 - - [15/Apr/2026:13:40:56 +0000] "GET /wp-content/uploads/2026/01/DSC_7586-300x199.jpg HTTP/1.1" 200 17020 "https://www.drivenbyboredom.com/" "Mozilla/5.0 (Windows NT 10.0; Win64; x64) AppleWebKit/537.36 (KHTML, like Gecko) SamsungBrowser/30.0 Chrome/143.0.0.0 Safari/537.36"
66.163.127.180 - - [15/Apr/2026:13:40:56 +0000] "GET /wp-content/uploads/2025/02/girls-of-dbb.jpg HTTP/1.1" 200 487308 "https://www.drivenbyboredom.com/" "Mozilla/5.0 (Windows NT 10.0; Win64; x64) AppleWebKit/537.36 (KHTML, like Gecko) SamsungBrowser/30.0 Chrome/143.0.0.0 Safari/537.36"
66.163.127.180 - - [15/Apr/2026:13:40:56 +0000] "GET /wp-content/uploads/2025/02/shop.jpg HTTP/1.1" 200 617175 "https://www.drivenbyboredom.com/" "Mozilla/5.0 (Windows NT 10.0; Win64; x64) AppleWebKit/537.36 (KHTML, like Gecko) SamsungBrowser/30.0 Chrome/143.0.0.0 Safari/537.36"
66.163.127.180 - - [15/Apr/2026:13:40:56 +0000] "GET /wp-content/uploads/2025/02/404.jpg HTTP/1.1" 200 533400 "https://www.drivenbyboredom.com/" "Mozilla/5.0 (Windows NT 10.0; Win64; x64) AppleWebKit/537.36 (KHTML, like Gecko) SamsungBrowser/30.0 Chrome/143.0.0.0 Safari/537.36"
66.163.127.180 - - [15/Apr/2026:13:40:56 +0000] "GET /wp-content/themes/driven-by-boredom/images/line_horz.png HTTP/1.1" 200 2140 "https://www.drivenbyboredom.com/wp-content/themes/driven-by-boredom/dbb.css?ver=1.0.0" "Mozilla/5.0 (Windows NT 10.0; Win64; x64) AppleWebKit/537.36 (KHTML, like Gecko) SamsungBrowser/30.0 Chrome/143.0.0.0 Safari/537.36"
66.163.127.180 - - [15/Apr/2026:13:40:56 +0000] "GET /wp-includes/js/wp-emoji-release.min.js?ver=6.9.4 HTTP/1.1" 200 22762 "https://www.drivenbyboredom.com/" "Mozilla/5.0 (Windows NT 10.0; Win64; x64) AppleWebKit/537.36 (KHTML, like Gecko) SamsungBrowser/30.0 Chrome/143.0.0.0 Safari/537.36"
66.163.127.180 - - [15/Apr/2026:13:40:56 +0000] "GET /wp-content/themes/driven-by-boredom/favicon/favicon-32x32.png HTTP/1.1" 200 1382 "https://www.drivenbyboredom.com/" "Mozilla/5.0 (Windows NT 10.0; Win64; x64) AppleWebKit/537.36 (KHTML, like Gecko) SamsungBrowser/30.0 Chrome/143.0.0.0 Safari/537.36"
46.202.22.185 - - [15/Apr/2026:13:40:57 +0000] "GET /dbb-gallery/Weekly%20Parties/Trash%20@%20Rififi/10.30.09%20(NSFW)/thumbs/almost-halloween-webster-hall-238.JPG HTTP/1.1" 301 0 "-" "Mozilla/5.0 (compatible; crawler)"
103.90.162.91 - - [15/Apr/2026:13:40:58 +0000] "GET /wp-content/uploads/2019/04/nikki-hearts-36.jpg HTTP/1.1" 404 28949 "-" "Mozilla/5.0 (Windows NT 10.0; Win64; x64; XBOX_ONE_ED) AppleWebKit/537.36 (KHTML, like Gecko) Chrome/78.0.3904.32 Safari/528.16"
185.53.209.87 - - [15/Apr/2026:13:40:58 +0000] "GET /wp-content/uploads/2019/04/nikki-hearts-3.jpg HTTP/1.1" 404 28949 "-" "Mozilla/5.0 (Macintosh;U;Intel Mac OS X 10_6_8;en-us) AppleWebKit/534.50 (KHTML,likeGecko) Version/5.1 Safari/534.50"
152.163.12.208 - - [15/Apr/2026:13:40:59 +0000] "GET /dbb-gallery/Weekly%20Parties/Trash%20@%20Rififi/10.30.09%20(NSFW)/thumbs/almost-halloween-webster-hall-238.JPG HTTP/1.1" 404 28949 "-" "Mozilla/5.0 (compatible; crawler)"
135.181.166.38 - - [15/Apr/2026:13:41:02 +0000] "GET /2025/08/18/2025-gathering-of-the-juggalos-day-2/ HTTP/1.1" 200 84780 "-" "Mozilla/5.0 (compatible; SERankingBacklinksBot/1.0; +https://seranking.com/backlinks-crawler)"
147.185.239.19 - - [15/Apr/2026:13:41:04 +0000] "GET /wp-content/uploads/2019/04/nikki-hearts-8-1.jpg HTTP/1.1" 404 28949 "-" "Mozilla/5.0 (Windows NT 10.0; Win64; x64) AppleWebKit/537.36 (KHTML, like Gecko) Chrome/78.0.3904.32 Safari/528.16"
195.242.11.126 - - [15/Apr/2026:13:41:05 +0000] "GET /wp-content/uploads/2015/07/mushroomhead-2.jpg HTTP/1.1" 404 28949 "-" "Mozilla/5.0 (X11; Linux x86_64) AppleWebKit/537.36 (KHTML, like Gecko) Chrome/120.0.0.0 Safari/537.36"
152.163.238.80 - - [15/Apr/2026:13:41:05 +0000] "GET /dbb-gallery/Special%20Events%20and%20Monthly%20Parties/Out%20Of%20Town%20Parties/Electric%20Daisy%20Carnival%20@%20LA%20Memorial%20Coliseum%20-%20Los%20Angeles,%20CA%20-%20June%202010/Day%202%20-%206.26.10/thumbs/DSC_4500.jpg HTTP/1.1" 301 0 "-" "Mozilla/5.0 (compatible; crawler)"
172.121.190.52 - - [15/Apr/2026:13:41:06 +0000] "GET /dbb-gallery/Special%20Events%20and%20Monthly%20Parties/Out%20Of%20Town%20Parties/Electric%20Daisy%20Carnival%20@%20LA%20Memorial%20Coliseum%20-%20Los%20Angeles,%20CA%20-%20June%202010/Day%202%20-%206.26.10/thumbs/DSC_4500.jpg HTTP/1.1" 404 28949 "-" "Mozilla/5.0 (compatible; crawler)"
156.242.100.220 - - [15/Apr/2026:13:41:09 +0000] "GET /dbb-gallery/Special%20Events%20and%20Monthly%20Parties/Out%20Of%20Town%20Parties/South%20By%20Southwest%20%20-%20Austin,%20TX%20-%20March%202011/Mog.com%20SXSW%20Showcase%20Crowdshots%20%20@%20Mohawk%20-%203.19.11/thumbs/mog-sxsw-73.JPG HTTP/1.1" 404 28949 "-" "Mozilla/5.0 (compatible; crawler)"
66.163.127.180 - - [15/Apr/2026:13:41:12 +0000] "GET /2026/01/01/new-years-eve-2008/ HTTP/1.1" 200 80909 "https://www.drivenbyboredom.com/" "Mozilla/5.0 (Windows NT 10.0; Win64; x64) AppleWebKit/537.36 (KHTML, like Gecko) SamsungBrowser/30.0 Chrome/143.0.0.0 Safari/537.36"
66.163.127.180 - - [15/Apr/2026:13:41:12 +0000] "GET /wp-content/plugins/nextgen-gallery/static/GalleryDisplay/trigger_buttons.css?ver=4.1.1 HTTP/1.1" 200 896 "https://www.drivenbyboredom.com/2026/01/01/new-years-eve-2008/" "Mozilla/5.0 (Windows NT 10.0; Win64; x64) AppleWebKit/537.36 (KHTML, like Gecko) SamsungBrowser/30.0 Chrome/143.0.0.0 Safari/537.36"
66.163.127.180 - - [15/Apr/2026:13:41:12 +0000] "GET /wp-content/plugins/nextgen-gallery/static/Lightbox/simplelightbox/simple-lightbox.css?ver=4.1.1 HTTP/1.1" 200 5491 "https://www.drivenbyboredom.com/2026/01/01/new-years-eve-2008/" "Mozilla/5.0 (Windows NT 10.0; Win64; x64) AppleWebKit/537.36 (KHTML, like Gecko) SamsungBrowser/30.0 Chrome/143.0.0.0 Safari/537.36"
66.163.127.180 - - [15/Apr/2026:13:41:12 +0000] "GET /wp-content/plugins/nextgen-gallery/static/Lightbox/nextgen_video.css?ver=4.1.1 HTTP/1.1" 200 3604 "https://www.drivenbyboredom.com/2026/01/01/new-years-eve-2008/" "Mozilla/5.0 (Windows NT 10.0; Win64; x64) AppleWebKit/537.36 (KHTML, like Gecko) SamsungBrowser/30.0 Chrome/143.0.0.0 Safari/537.36"
66.163.127.180 - - [15/Apr/2026:13:41:12 +0000] "GET /wp-content/plugins/nextgen-gallery/static/GalleryDisplay/video_play_overlay.css?ver=4.1.1 HTTP/1.1" 200 2392 "https://www.drivenbyboredom.com/2026/01/01/new-years-eve-2008/" "Mozilla/5.0 (Windows NT 10.0; Win64; x64) AppleWebKit/537.36 (KHTML, like Gecko) SamsungBrowser/30.0 Chrome/143.0.0.0 Safari/537.36"
66.163.127.180 - - [15/Apr/2026:13:41:12 +0000] "GET /wp-content/plugins/nextgen-gallery/static/Lightbox/nextgen_tiktok.css?ver=4.1.1 HTTP/1.1" 200 8400 "https://www.drivenbyboredom.com/2026/01/01/new-years-eve-2008/" "Mozilla/5.0 (Windows NT 10.0; Win64; x64) AppleWebKit/537.36 (KHTML, like Gecko) SamsungBrowser/30.0 Chrome/143.0.0.0 Safari/537.36"
66.163.127.180 - - [15/Apr/2026:13:41:12 +0000] "GET /wp-content/plugins/nextgen-gallery/static/FontAwesome/css/v4-shims.min.css?ver=4.1.1 HTTP/1.1" 200 27593 "https://www.drivenbyboredom.com/2026/01/01/new-years-eve-2008/" "Mozilla/5.0 (Windows NT 10.0; Win64; x64) AppleWebKit/537.36 (KHTML, like Gecko) SamsungBrowser/30.0 Chrome/143.0.0.0 Safari/537.36"
66.163.127.180 - - [15/Apr/2026:13:41:12 +0000] "GET /wp-content/plugins/nextgen-gallery/static/GalleryDisplay/pagination_style.css?ver=4.1.1 HTTP/1.1" 200 1668 "https://www.drivenbyboredom.com/2026/01/01/new-years-eve-2008/" "Mozilla/5.0 (Windows NT 10.0; Win64; x64) AppleWebKit/537.36 (KHTML, like Gecko) SamsungBrowser/30.0 Chrome/143.0.0.0 Safari/537.36"
66.163.127.180 - - [15/Apr/2026:13:41:12 +0000] "GET /wp-content/plugins/nextgen-gallery/static/Thumbnails/nextgen_basic_thumbnails.css?ver=4.1.1 HTTP/1.1" 200 8072 "https://www.drivenbyboredom.com/2026/01/01/new-years-eve-2008/" "Mozilla/5.0 (Windows NT 10.0; Win64; x64) AppleWebKit/537.36 (KHTML, like Gecko) SamsungBrowser/30.0 Chrome/143.0.0.0 Safari/537.36"
