82.156.124.103 - - [15/Apr/2026:14:03:35 +0000] "GET /wp-content/plugins/nextgen-gallery/static/GalleryDisplay/pagination_style.css?ver=4.1.1 HTTP/1.1" 200 1668 "https://www.drivenbyboredom.com/2025/08/18/2025-gathering-of-the-juggalos-day-2/" "Mozilla/5.0 (Macintosh; Intel Mac OS X 10_15_7) AppleWebKit/537.36 (KHTML, like Gecko) Chrome/143.0.0.0 Safari/537.36"
82.156.124.103 - - [15/Apr/2026:14:03:36 +0000] "GET /wp-content/themes/driven-by-boredom/elevate.css?ver=1.0.0 HTTP/1.1" 200 11660 "https://www.drivenbyboredom.com/2025/08/18/2025-gathering-of-the-juggalos-day-2/" "Mozilla/5.0 (Macintosh; Intel Mac OS X 10_15_7) AppleWebKit/537.36 (KHTML, like Gecko) Chrome/143.0.0.0 Safari/537.36"
82.156.124.103 - - [15/Apr/2026:14:03:36 +0000] "GET /wp-content/themes/driven-by-boredom/dbb.css?ver=1.0.0 HTTP/1.1" 200 5314 "https://www.drivenbyboredom.com/2025/08/18/2025-gathering-of-the-juggalos-day-2/" "Mozilla/5.0 (Macintosh; Intel Mac OS X 10_15_7) AppleWebKit/537.36 (KHTML, like Gecko) Chrome/143.0.0.0 Safari/537.36"
82.156.124.103 - - [15/Apr/2026:14:03:36 +0000] "GET /wp-content/themes/driven-by-boredom/style.css?ver=1.0.0 HTTP/1.1" 200 16260 "https://www.drivenbyboredom.com/2025/08/18/2025-gathering-of-the-juggalos-day-2/" "Mozilla/5.0 (Macintosh; Intel Mac OS X 10_15_7) AppleWebKit/537.36 (KHTML, like Gecko) Chrome/143.0.0.0 Safari/537.36"
82.156.124.103 - - [15/Apr/2026:14:03:36 +0000] "GET /wp-content/plugins/nextgen-gallery/static/Legacy/ajax.min.js?ver=4.1.1 HTTP/1.1" 200 2782 "https://www.drivenbyboredom.com/2025/08/18/2025-gathering-of-the-juggalos-day-2/" "Mozilla/5.0 (Macintosh; Intel Mac OS X 10_15_7) AppleWebKit/537.36 (KHTML, like Gecko) Chrome/143.0.0.0 Safari/537.36"
82.156.124.103 - - [15/Apr/2026:14:03:36 +0000] "GET /wp-includes/js/jquery/jquery-migrate.min.js?ver=3.4.1 HTTP/1.1" 200 13577 "https://www.drivenbyboredom.com/2025/08/18/2025-gathering-of-the-juggalos-day-2/" "Mozilla/5.0 (Macintosh; Intel Mac OS X 10_15_7) AppleWebKit/537.36 (KHTML, like Gecko) Chrome/143.0.0.0 Safari/537.36"
82.156.124.103 - - [15/Apr/2026:14:03:37 +0000] "GET /wp-content/plugins/nextgen-gallery/static/FontAwesome/js/v4-shims.min.js?ver=5.3.1 HTTP/1.1" 200 27657 "https://www.drivenbyboredom.com/2025/08/18/2025-gathering-of-the-juggalos-day-2/" "Mozilla/5.0 (Macintosh; Intel Mac OS X 10_15_7) AppleWebKit/537.36 (KHTML, like Gecko) Chrome/143.0.0.0 Safari/537.36"
82.156.124.103 - - [15/Apr/2026:14:03:37 +0000] "GET /wp-content/plugins/nextgen-gallery/static/Thumbnails/nextgen_basic_thumbnails.js?ver=4.1.1 HTTP/1.1" 200 2277 "https://www.drivenbyboredom.com/2025/08/18/2025-gathering-of-the-juggalos-day-2/" "Mozilla/5.0 (Macintosh; Intel Mac OS X 10_15_7) AppleWebKit/537.36 (KHTML, like Gecko) Chrome/143.0.0.0 Safari/537.36"
135.181.166.38 - - [15/Apr/2026:14:03:37 +0000] "GET /2025/08/18/2025-gathering-of-the-juggalos-day-2/ HTTP/1.1" 200 84780 "-" "Mozilla/5.0 (compatible; SERankingBacklinksBot/1.0; +https://seranking.com/backlinks-crawler)"
82.156.124.103 - - [15/Apr/2026:14:03:37 +0000] "GET /wp-content/themes/driven-by-boredom/dbb.css HTTP/1.1" 200 5314 "https://www.drivenbyboredom.com/wp-content/themes/driven-by-boredom/style.css?ver=1.0.0" "Mozilla/5.0 (Macintosh; Intel Mac OS X 10_15_7) AppleWebKit/537.36 (KHTML, like Gecko) Chrome/143.0.0.0 Safari/537.36"
82.156.124.103 - - [15/Apr/2026:14:03:37 +0000] "GET /wp-content/themes/driven-by-boredom/elevate.css HTTP/1.1" 200 11660 "https://www.drivenbyboredom.com/wp-content/themes/driven-by-boredom/style.css?ver=1.0.0" "Mozilla/5.0 (Macintosh; Intel Mac OS X 10_15_7) AppleWebKit/537.36 (KHTML, like Gecko) Chrome/143.0.0.0 Safari/537.36"
82.156.124.103 - - [15/Apr/2026:14:03:37 +0000] "GET /wp-content/plugins/nextgen-gallery/static/Thumbnails/ajax_pagination.js?ver=4.1.1 HTTP/1.1" 200 2299 "https://www.drivenbyboredom.com/2025/08/18/2025-gathering-of-the-juggalos-day-2/" "Mozilla/5.0 (Macintosh; Intel Mac OS X 10_15_7) AppleWebKit/537.36 (KHTML, like Gecko) Chrome/143.0.0.0 Safari/537.36"
82.156.124.103 - - [15/Apr/2026:14:03:37 +0000] "GET /wp-content/plugins/nextgen-gallery/static/GalleryDisplay/common.js?ver=4.1.1 HTTP/1.1" 200 8713 "https://www.drivenbyboredom.com/2025/08/18/2025-gathering-of-the-juggalos-day-2/" "Mozilla/5.0 (Macintosh; Intel Mac OS X 10_15_7) AppleWebKit/537.36 (KHTML, like Gecko) Chrome/143.0.0.0 Safari/537.36"
82.156.124.103 - - [15/Apr/2026:14:03:38 +0000] "GET /wp-content/plugins/nextgen-gallery/static/Lightbox/nextgen_video_helper.js?ver=4.1.1 HTTP/1.1" 200 26474 "https://www.drivenbyboredom.com/2025/08/18/2025-gathering-of-the-juggalos-day-2/" "Mozilla/5.0 (Macintosh; Intel Mac OS X 10_15_7) AppleWebKit/537.36 (KHTML, like Gecko) Chrome/143.0.0.0 Safari/537.36"
82.156.124.103 - - [15/Apr/2026:14:03:38 +0000] "GET /wp-content/plugins/nextgen-gallery/static/Lightbox/nextgen_tiktok_helper.js?ver=4.1.1 HTTP/1.1" 200 12486 "https://www.drivenbyboredom.com/2025/08/18/2025-gathering-of-the-juggalos-day-2/" "Mozilla/5.0 (Macintosh; Intel Mac OS X 10_15_7) AppleWebKit/537.36 (KHTML, like Gecko) Chrome/143.0.0.0 Safari/537.36"
82.156.124.103 - - [15/Apr/2026:14:03:38 +0000] "GET /wp-content/plugins/nextgen-gallery/static/Lightbox/ngg-tiktok-video.js?ver=4.1.1 HTTP/1.1" 200 17586 "https://www.drivenbyboredom.com/2025/08/18/2025-gathering-of-the-juggalos-day-2/" "Mozilla/5.0 (Macintosh; Intel Mac OS X 10_15_7) AppleWebKit/537.36 (KHTML, like Gecko) Chrome/143.0.0.0 Safari/537.36"
82.156.124.103 - - [15/Apr/2026:14:03:38 +0000] "GET /wp-content/plugins/nextgen-gallery/static/Lightbox/simplelightbox/nextgen_simple_lightbox_init.js?ver=4.1.1 HTTP/1.1" 200 10296 "https://www.drivenbyboredom.com/2025/08/18/2025-gathering-of-the-juggalos-day-2/" "Mozilla/5.0 (Macintosh; Intel Mac OS X 10_15_7) AppleWebKit/537.36 (KHTML, like Gecko) Chrome/143.0.0.0 Safari/537.36"
82.156.124.103 - - [15/Apr/2026:14:03:39 +0000] "GET /wp-content/plugins/nextgen-gallery/static/Lightbox/simplelightbox/simple-lightbox.js?ver=4.1.1 HTTP/1.1" 200 64334 "https://www.drivenbyboredom.com/2025/08/18/2025-gathering-of-the-juggalos-day-2/" "Mozilla/5.0 (Macintosh; Intel Mac OS X 10_15_7) AppleWebKit/537.36 (KHTML, like Gecko) Chrome/143.0.0.0 Safari/537.36"
82.156.124.103 - - [15/Apr/2026:14:03:39 +0000] "GET /wp-includes/js/jquery/jquery.min.js?ver=3.7.1 HTTP/1.1" 200 87553 "https://www.drivenbyboredom.com/2025/08/18/2025-gathering-of-the-juggalos-day-2/" "Mozilla/5.0 (Macintosh; Intel Mac OS X 10_15_7) AppleWebKit/537.36 (KHTML, like Gecko) Chrome/143.0.0.0 Safari/537.36"
82.156.124.103 - - [15/Apr/2026:14:03:40 +0000] "GET /wp-content/plugins/nextgen-gallery/static/Lightbox/lightbox_context.js?ver=4.1.1 HTTP/1.1" 200 971 "https://www.drivenbyboredom.com/2025/08/18/2025-gathering-of-the-juggalos-day-2/" "Mozilla/5.0 (Macintosh; Intel Mac OS X 10_15_7) AppleWebKit/537.36 (KHTML, like Gecko) Chrome/143.0.0.0 Safari/537.36"
82.156.124.103 - - [15/Apr/2026:14:03:41 +0000] "GET /wp-content/themes/driven-by-boredom/js/navigation.js?ver=1.0.0 HTTP/1.1" 200 2980 "https://www.drivenbyboredom.com/2025/08/18/2025-gathering-of-the-juggalos-day-2/" "Mozilla/5.0 (Macintosh; Intel Mac OS X 10_15_7) AppleWebKit/537.36 (KHTML, like Gecko) Chrome/143.0.0.0 Safari/537.36"
52.167.144.195 - - [15/Apr/2026:14:03:41 +0000] "GET /?s=happy+cat HTTP/1.1" 200 55061 "-" "Mozilla/5.0 AppleWebKit/537.36 (KHTML, like Gecko; compatible; bingbot/2.0; +http://www.bing.com/bingbot.htm) Chrome/116.0.1938.76 Safari/537.36"
82.156.124.103 - - [15/Apr/2026:14:03:44 +0000] "GET /wp-content/plugins/nextgen-gallery/static/FontAwesome/js/all.min.js?ver=5.3.1 HTTP/1.1" 200 65235 "https://www.drivenbyboredom.com/2025/08/18/2025-gathering-of-the-juggalos-day-2/" "Mozilla/5.0 (Macintosh; Intel Mac OS X 10_15_7) AppleWebKit/537.36 (KHTML, like Gecko) Chrome/143.0.0.0 Safari/537.36"
195.250.26.131 - - [15/Apr/2026:14:03:47 +0000] "POST /wp-cron.php?doing_wp_cron=1776261827.8923199176788330078125 HTTP/1.1" 200 0 "-" "WordPress/6.9.4; https://www.drivenbyboredom.com"
135.181.166.38 - - [15/Apr/2026:14:03:47 +0000] "GET /2025/08/18/2025-gathering-of-the-juggalos-day-2/ HTTP/1.1" 200 84780 "-" "Mozilla/5.0 (compatible; SERankingBacklinksBot/1.0; +https://seranking.com/backlinks-crawler)"
104.253.255.191 - - [15/Apr/2026:14:03:48 +0000] "GET /dbb-gallery/Special%20Events%20and%20Monthly%20Parties/2010%20Tisch%20Gala%20@%20Jazz%20At%20Lincoln%20Center%20-%2012.6.10/thumbs/tisch-gala-227.JPG HTTP/1.1" 404 28949 "-" "Mozilla/5.0 (compatible; crawler)"
154.196.170.4 - - [15/Apr/2026:14:03:49 +0000] "GET /wp-content/gallery/giselle-palmer-ii/giselle-palmer-52.JPG HTTP/1.1" 404 28949 "-" "Mozilla/5.0 (compatible; crawler)"
40.77.167.63 - - [15/Apr/2026:14:03:50 +0000] "GET /?s=Not+Tony HTTP/1.1" 200 38723 "-" "Mozilla/5.0 AppleWebKit/537.36 (KHTML, like Gecko; compatible; bingbot/2.0; +http://www.bing.com/bingbot.htm) Chrome/116.0.1938.76 Safari/537.36"
135.181.166.38 - - [15/Apr/2026:14:03:59 +0000] "GET /2025/08/18/2025-gathering-of-the-juggalos-day-2/ HTTP/1.1" 200 84780 "-" "Mozilla/5.0 (compatible; SERankingBacklinksBot/1.0; +https://seranking.com/backlinks-crawler)"
47.128.16.155 - - [15/Apr/2026:14:03:59 +0000] "GET /2025/08/18/2025-gathering-of-the-juggalos-day-2/ HTTP/1.1" 200 84780 "-" "Mozilla/5.0 (Linux; Android 5.0) AppleWebKit/537.36 (KHTML, like Gecko) Mobile Safari/537.36 (compatible; TikTokSpider; ttspider-feedback@tiktok.com)"
47.128.16.155 - - [15/Apr/2026:14:04:00 +0000] "GET /wp-content/plugins/nextgen-gallery/static/Lightbox/nextgen_video.css?ver=4.1.1 HTTP/1.1" 200 3604 "https://www.drivenbyboredom.com/2025/08/18/2025-gathering-of-the-juggalos-day-2/" "Mozilla/5.0 (Linux; Android 5.0) AppleWebKit/537.36 (KHTML, like Gecko) Mobile Safari/537.36 (compatible; TikTokSpider; ttspider-feedback@tiktok.com)"
47.128.16.155 - - [15/Apr/2026:14:04:00 +0000] "GET /wp-content/themes/driven-by-boredom/images/dbb-text-logo-crop.jpg HTTP/1.1" 200 37891 "https://www.drivenbyboredom.com/2025/08/18/2025-gathering-of-the-juggalos-day-2/" "Mozilla/5.0 (Linux; Android 5.0) AppleWebKit/537.36 (KHTML, like Gecko) Mobile Safari/537.36 (compatible; TikTokSpider; ttspider-feedback@tiktok.com)"
47.128.16.155 - - [15/Apr/2026:14:04:00 +0000] "GET /wp-content/plugins/nextgen-gallery/static/GalleryDisplay/video_play_overlay.css?ver=4.1.1 HTTP/1.1" 200 2392 "https://www.drivenbyboredom.com/2025/08/18/2025-gathering-of-the-juggalos-day-2/" "Mozilla/5.0 (Linux; Android 5.0) AppleWebKit/537.36 (KHTML, like Gecko) Mobile Safari/537.36 (compatible; TikTokSpider; ttspider-feedback@tiktok.com)"
47.128.16.155 - - [15/Apr/2026:14:04:00 +0000] "GET /wp-content/plugins/nextgen-gallery/static/Thumbnails/nextgen_basic_thumbnails.css?ver=4.1.1 HTTP/1.1" 200 8072 "https://www.drivenbyboredom.com/2025/08/18/2025-gathering-of-the-juggalos-day-2/" "Mozilla/5.0 (Linux; Android 5.0) AppleWebKit/537.36 (KHTML, like Gecko) Mobile Safari/537.36 (compatible; TikTokSpider; ttspider-feedback@tiktok.com)"
47.128.16.155 - - [15/Apr/2026:14:04:01 +0000] "GET /wp-content/gallery/2025-gathering-of-the-juggalos-day-1-8-13-25/thumbs/thumbs-DSC_8674.JPG HTTP/1.1" 200 48113 "https://www.drivenbyboredom.com/2025/08/18/2025-gathering-of-the-juggalos-day-2/" "Mozilla/5.0 (Linux; Android 5.0) AppleWebKit/537.36 (KHTML, like Gecko) Mobile Safari/537.36 (compatible; TikTokSpider; ttspider-feedback@tiktok.com)"
47.128.16.155 - - [15/Apr/2026:14:04:01 +0000] "GET /wp-content/gallery/2025-gathering-of-the-juggalos-day-1-8-13-25/thumbs/thumbs-DSC_8650.JPG HTTP/1.1" 200 50122 "https://www.drivenbyboredom.com/2025/08/18/2025-gathering-of-the-juggalos-day-2/" "Mozilla/5.0 (Linux; Android 5.0) AppleWebKit/537.36 (KHTML, like Gecko) Mobile Safari/537.36 (compatible; TikTokSpider; ttspider-feedback@tiktok.com)"
47.128.16.155 - - [15/Apr/2026:14:04:01 +0000] "GET /wp-content/gallery/2025-gathering-of-the-juggalos-day-1-8-13-25/thumbs/thumbs-DSC_8705.JPG HTTP/1.1" 200 50054 "https://www.drivenbyboredom.com/2025/08/18/2025-gathering-of-the-juggalos-day-2/" "Mozilla/5.0 (Linux; Android 5.0) AppleWebKit/537.36 (KHTML, like Gecko) Mobile Safari/537.36 (compatible; TikTokSpider; ttspider-feedback@tiktok.com)"
47.128.16.155 - - [15/Apr/2026:14:04:01 +0000] "GET /wp-content/gallery/2025-gathering-of-the-juggalos-day-1-8-13-25/thumbs/thumbs-DSC_8701.JPG HTTP/1.1" 200 50362 "https://www.drivenbyboredom.com/2025/08/18/2025-gathering-of-the-juggalos-day-2/" "Mozilla/5.0 (Linux; Android 5.0) AppleWebKit/537.36 (KHTML, like Gecko) Mobile Safari/537.36 (compatible; TikTokSpider; ttspider-feedback@tiktok.com)"
47.128.16.155 - - [15/Apr/2026:14:04:01 +0000] "GET /wp-content/gallery/2025-gathering-of-the-juggalos-day-1-8-13-25/thumbs/thumbs-DSC_8837.JPG HTTP/1.1" 200 55739 "https://www.drivenbyboredom.com/2025/08/18/2025-gathering-of-the-juggalos-day-2/" "Mozilla/5.0 (Linux; Android 5.0) AppleWebKit/537.36 (KHTML, like Gecko) Mobile Safari/537.36 (compatible; TikTokSpider; ttspider-feedback@tiktok.com)"
47.128.16.155 - - [15/Apr/2026:14:04:02 +0000] "GET /wp-content/gallery/2025-gathering-of-the-juggalos-day-1-8-13-25/thumbs/thumbs-DSC_8862.JPG HTTP/1.1" 200 48721 "https://www.drivenbyboredom.com/2025/08/18/2025-gathering-of-the-juggalos-day-2/" "Mozilla/5.0 (Linux; Android 5.0) AppleWebKit/537.36 (KHTML, like Gecko) Mobile Safari/537.36 (compatible; TikTokSpider; ttspider-feedback@tiktok.com)"
47.128.16.155 - - [15/Apr/2026:14:04:02 +0000] "GET /wp-content/gallery/2025-gathering-of-the-juggalos-day-1-8-13-25/thumbs/thumbs-DSC_8906.JPG HTTP/1.1" 200 51168 "https://www.drivenbyboredom.com/2025/08/18/2025-gathering-of-the-juggalos-day-2/" "Mozilla/5.0 (Linux; Android 5.0) AppleWebKit/537.36 (KHTML, like Gecko) Mobile Safari/537.36 (compatible; TikTokSpider; ttspider-feedback@tiktok.com)"
135.181.166.38 - - [15/Apr/2026:14:04:10 +0000] "GET /2025/08/18/2025-gathering-of-the-juggalos-day-2/ HTTP/1.1" 200 84780 "-" "Mozilla/5.0 (compatible; SERankingBacklinksBot/1.0; +https://seranking.com/backlinks-crawler)"
198.91.168.227 - - [15/Apr/2026:14:04:16 +0000] "HEAD /feed HTTP/1.1" 301 0 "-" "Mozilla/5.0 (Windows NT 6.1) AppleWebKit/537.36 (KHTML, like Gecko) Chrome/77.0.3865.120 Safari/537.36"
198.91.168.227 - - [15/Apr/2026:14:04:16 +0000] "HEAD /feed/ HTTP/1.1" 200 0 "-" "Mozilla/5.0 (Windows NT 6.1) AppleWebKit/537.36 (KHTML, like Gecko) Chrome/77.0.3865.120 Safari/537.36"
78.46.244.92 - - [15/Apr/2026:14:04:17 +0000] "GET /robots.txt HTTP/1.1" 200 82 "-" "Mozilla/5.0 (compatible; um-FC/1.0; https://www.ubermetrics-technologies.com/; Windows NT 6.1; WOW64; rv:125.0) Gecko/20100101 Firefox/125.1"
78.46.244.92 - - [15/Apr/2026:14:04:17 +0000] "GET /category/nsfw/feed/ HTTP/1.1" 200 66224 "-" "Mozilla/5.0 (compatible; um-IC/1.0; https://www.ubermetrics-technologies.com/; Windows NT 6.1; WOW64; rv:125.0) Gecko/20100101 Firefox/125.1"
135.181.166.38 - - [15/Apr/2026:14:04:23 +0000] "GET /2025/08/18/2025-gathering-of-the-juggalos-day-2/ HTTP/1.1" 200 84780 "-" "Mozilla/5.0 (compatible; SERankingBacklinksBot/1.0; +https://seranking.com/backlinks-crawler)"
135.181.166.38 - - [15/Apr/2026:14:04:35 +0000] "GET /2025/08/18/2025-gathering-of-the-juggalos-day-2/ HTTP/1.1" 200 84780 "-" "Mozilla/5.0 (compatible; SERankingBacklinksBot/1.0; +https://seranking.com/backlinks-crawler)"
149.18.177.38 - - [15/Apr/2026:14:04:42 +0000] "GET /dbb-gallery/Special%20Events%20and%20Monthly%20Parties/Brooklyn%20Zombie%20Crawl%20After%20Party%20@%20Public%20Assembly%20-%206.2.13%20(NSFW)/thumbs/zombie-crawl-after-party-172.JPG HTTP/1.1" 404 28949 "-" "Mozilla/5.0 (compatible; crawler)"
135.181.166.38 - - [15/Apr/2026:14:04:46 +0000] "GET /2025/08/18/2025-gathering-of-the-juggalos-day-2/ HTTP/1.1" 200 84780 "-" "Mozilla/5.0 (compatible; SERankingBacklinksBot/1.0; +https://seranking.com/backlinks-crawler)"
195.250.26.131 - - [15/Apr/2026:14:04:56 +0000] "POST /wp-cron.php?doing_wp_cron=1776261896.0449049472808837890625 HTTP/1.1" 200 0 "-" "WordPress/6.9.4; https://www.drivenbyboredom.com"
150.136.242.217 - - [15/Apr/2026:14:04:56 +0000] "GET /wp-content/uploads/2015/07/juggalo-portraits-96.jpg HTTP/1.1" 404 28949 "-" "Mozilla/5.0 (X11; Linux x86_64) AppleWebKit/537.36 (KHTML, like Gecko) Chrome/120.0.0.0 Safari/537.36"
82.38.180.26 - - [15/Apr/2026:14:04:56 +0000] "GET /2025/08/18/2025-gathering-of-the-juggalos-day-2/ HTTP/1.1" 200 84780 "-" "Mozilla/5.0 (Macintosh; Intel Mac OS X 10.15; rv:{version}.0) Gecko/20100101 Firefox/135.0"
135.181.166.38 - - [15/Apr/2026:14:04:59 +0000] "GET /2025/08/18/2025-gathering-of-the-juggalos-day-2/ HTTP/1.1" 200 84780 "-" "Mozilla/5.0 (compatible; SERankingBacklinksBot/1.0; +https://seranking.com/backlinks-crawler)"
52.167.144.209 - - [15/Apr/2026:14:05:03 +0000] "GET /wp-content/gallery/sweet-10th-anniversary-9-10-14/ HTTP/1.1" 404 28949 "-" "Mozilla/5.0 AppleWebKit/537.36 (KHTML, like Gecko; compatible; bingbot/2.0; +http://www.bing.com/bingbot.htm) Chrome/116.0.1938.76 Safari/537.36"
195.250.26.131 - - [15/Apr/2026:14:05:11 +0000] "POST /wp-cron.php?doing_wp_cron=1776261911.9077908992767333984375 HTTP/1.1" 200 0 "-" "WordPress/6.9.4; https://www.drivenbyboredom.com"
52.167.144.195 - - [15/Apr/2026:14:05:11 +0000] "GET /?s=%E6%A1%83%E7%80%AC%E3%81%AA%E3%81%A4%E3%81%BF+%E3%83%99%E3%82%B9%E3%83%88%E3%82%BB%E3%83%AC%E3%82%AF%E3%82%B7%E3%83%A7%E3%83%B3 HTTP/1.1" 200 39395 "-" "Mozilla/5.0 AppleWebKit/537.36 (KHTML, like Gecko; compatible; bingbot/2.0; +http://www.bing.com/bingbot.htm) Chrome/116.0.1938.76 Safari/537.36"
135.181.166.38 - - [15/Apr/2026:14:05:13 +0000] "GET /2025/08/18/2025-gathering-of-the-juggalos-day-2/ HTTP/1.1" 200 84780 "-" "Mozilla/5.0 (compatible; SERankingBacklinksBot/1.0; +https://seranking.com/backlinks-crawler)"
178.226.142.8 - - [15/Apr/2026:14:05:15 +0000] "GET / HTTP/1.1" 200 37961 "https://www.google.com/" "Mozilla/5.0 (X11; CrOS x86_64 14541.0.0) AppleWebKit/537.36 (KHTML, like Gecko) Chrome/146.0.0.0 Safari/537.36"
178.226.142.8 - - [15/Apr/2026:14:05:15 +0000] "GET /wp-content/themes/driven-by-boredom/style.css?ver=1.0.0 HTTP/1.1" 200 16260 "https://www.drivenbyboredom.com/" "Mozilla/5.0 (X11; CrOS x86_64 14541.0.0) AppleWebKit/537.36 (KHTML, like Gecko) Chrome/146.0.0.0 Safari/537.36"
178.226.142.8 - - [15/Apr/2026:14:05:16 +0000] "GET /wp-content/themes/driven-by-boredom/elevate.css?ver=1.0.0 HTTP/1.1" 200 11660 "https://www.drivenbyboredom.com/" "Mozilla/5.0 (X11; CrOS x86_64 14541.0.0) AppleWebKit/537.36 (KHTML, like Gecko) Chrome/146.0.0.0 Safari/537.36"
178.226.142.8 - - [15/Apr/2026:14:05:16 +0000] "GET /wp-content/themes/driven-by-boredom/dbb.css?ver=1.0.0 HTTP/1.1" 200 5314 "https://www.drivenbyboredom.com/" "Mozilla/5.0 (X11; CrOS x86_64 14541.0.0) AppleWebKit/537.36 (KHTML, like Gecko) Chrome/146.0.0.0 Safari/537.36"
178.226.142.8 - - [15/Apr/2026:14:05:16 +0000] "GET /wp-content/themes/driven-by-boredom/elevate.css HTTP/1.1" 200 11660 "https://www.drivenbyboredom.com/wp-content/themes/driven-by-boredom/style.css?ver=1.0.0" "Mozilla/5.0 (X11; CrOS x86_64 14541.0.0) AppleWebKit/537.36 (KHTML, like Gecko) Chrome/146.0.0.0 Safari/537.36"
178.226.142.8 - - [15/Apr/2026:14:05:16 +0000] "GET /wp-content/themes/driven-by-boredom/dbb.css HTTP/1.1" 200 5314 "https://www.drivenbyboredom.com/wp-content/themes/driven-by-boredom/style.css?ver=1.0.0" "Mozilla/5.0 (X11; CrOS x86_64 14541.0.0) AppleWebKit/537.36 (KHTML, like Gecko) Chrome/146.0.0.0 Safari/537.36"
178.226.142.8 - - [15/Apr/2026:14:05:16 +0000] "GET /wp-content/themes/driven-by-boredom/js/navigation.js?ver=1.0.0 HTTP/1.1" 200 2980 "https://www.drivenbyboredom.com/" "Mozilla/5.0 (X11; CrOS x86_64 14541.0.0) AppleWebKit/537.36 (KHTML, like Gecko) Chrome/146.0.0.0 Safari/537.36"
178.226.142.8 - - [15/Apr/2026:14:05:16 +0000] "GET /wp-content/themes/driven-by-boredom/images/dbb-text-logo-crop.jpg HTTP/1.1" 200 37891 "https://www.drivenbyboredom.com/" "Mozilla/5.0 (X11; CrOS x86_64 14541.0.0) AppleWebKit/537.36 (KHTML, like Gecko) Chrome/146.0.0.0 Safari/537.36"
178.226.142.8 - - [15/Apr/2026:14:05:16 +0000] "GET /wp-content/themes/driven-by-boredom/images/dbb_logo_header.png HTTP/1.1" 200 3559 "https://www.drivenbyboredom.com/" "Mozilla/5.0 (X11; CrOS x86_64 14541.0.0) AppleWebKit/537.36 (KHTML, like Gecko) Chrome/146.0.0.0 Safari/537.36"
178.226.142.8 - - [15/Apr/2026:14:05:16 +0000] "GET /wp-content/uploads/2026/02/DSC_1303-300x199.jpg HTTP/1.1" 200 13930 "https://www.drivenbyboredom.com/" "Mozilla/5.0 (X11; CrOS x86_64 14541.0.0) AppleWebKit/537.36 (KHTML, like Gecko) Chrome/146.0.0.0 Safari/537.36"
178.226.142.8 - - [15/Apr/2026:14:05:16 +0000] "GET /wp-content/uploads/2026/04/malice-censored-300x200.jpg HTTP/1.1" 200 7752 "https://www.drivenbyboredom.com/" "Mozilla/5.0 (X11; CrOS x86_64 14541.0.0) AppleWebKit/537.36 (KHTML, like Gecko) Chrome/146.0.0.0 Safari/537.36"
178.226.142.8 - - [15/Apr/2026:14:05:16 +0000] "GET /wp-content/themes/driven-by-boredom/images/line_horz.png HTTP/1.1" 200 2140 "https://www.drivenbyboredom.com/wp-content/themes/driven-by-boredom/dbb.css?ver=1.0.0" "Mozilla/5.0 (X11; CrOS x86_64 14541.0.0) AppleWebKit/537.36 (KHTML, like Gecko) Chrome/146.0.0.0 Safari/537.36"
178.226.142.8 - - [15/Apr/2026:14:05:16 +0000] "GET /wp-content/uploads/2026/01/DSC_7586-300x199.jpg HTTP/1.1" 200 17020 "https://www.drivenbyboredom.com/" "Mozilla/5.0 (X11; CrOS x86_64 14541.0.0) AppleWebKit/537.36 (KHTML, like Gecko) Chrome/146.0.0.0 Safari/537.36"
178.226.142.8 - - [15/Apr/2026:14:05:16 +0000] "GET /wp-content/uploads/2026/02/DSC_3816-2048x1362.jpg HTTP/1.1" 200 278298 "https://www.drivenbyboredom.com/" "Mozilla/5.0 (X11; CrOS x86_64 14541.0.0) AppleWebKit/537.36 (KHTML, like Gecko) Chrome/146.0.0.0 Safari/537.36"
178.226.142.8 - - [15/Apr/2026:14:05:16 +0000] "GET /wp-content/uploads/2025/02/404.jpg HTTP/1.1" 200 533400 "https://www.drivenbyboredom.com/" "Mozilla/5.0 (X11; CrOS x86_64 14541.0.0) AppleWebKit/537.36 (KHTML, like Gecko) Chrome/146.0.0.0 Safari/537.36"
178.226.142.8 - - [15/Apr/2026:14:05:16 +0000] "GET /wp-content/uploads/2025/02/shop.jpg HTTP/1.1" 200 617175 "https://www.drivenbyboredom.com/" "Mozilla/5.0 (X11; CrOS x86_64 14541.0.0) AppleWebKit/537.36 (KHTML, like Gecko) Chrome/146.0.0.0 Safari/537.36"
178.226.142.8 - - [15/Apr/2026:14:05:16 +0000] "GET /wp-content/uploads/2025/02/girls-of-dbb.jpg HTTP/1.1" 200 487308 "https://www.drivenbyboredom.com/" "Mozilla/5.0 (X11; CrOS x86_64 14541.0.0) AppleWebKit/537.36 (KHTML, like Gecko) Chrome/146.0.0.0 Safari/537.36"
178.226.142.8 - - [15/Apr/2026:14:05:17 +0000] "GET /wp-content/themes/driven-by-boredom/favicon/favicon-32x32.png HTTP/1.1" 200 1382 "https://www.drivenbyboredom.com/" "Mozilla/5.0 (X11; CrOS x86_64 14541.0.0) AppleWebKit/537.36 (KHTML, like Gecko) Chrome/146.0.0.0 Safari/537.36"
172.252.226.47 - - [15/Apr/2026:14:05:19 +0000] "GET /dbb-gallery/Special%20Events%20and%20Monthly%20Parties/Out%20Of%20Town%20Parties/Sundance%20Film%20Festival%20-%20Park%20City,%20UT%20-%202009/Opening%20Night%20Party%20-%201.15.09/thumbs/DSC_3059.jpg HTTP/1.1" 404 28949 "-" "Mozilla/5.0 (compatible; crawler)"
178.226.142.8 - - [15/Apr/2026:14:05:21 +0000] "GET /2026/02/27/maya-rue/ HTTP/1.1" 200 66880 "https://www.drivenbyboredom.com/" "Mozilla/5.0 (X11; CrOS x86_64 14541.0.0) AppleWebKit/537.36 (KHTML, like Gecko) Chrome/146.0.0.0 Safari/537.36"
205.188.45.105 - - [15/Apr/2026:14:05:21 +0000] "GET /dbb-gallery/Special%20Events%20and%20Monthly%20Parties/Glamdammit%20@%20Rififi/2.2.08/thumbs/gosh-glammit-95.JPG HTTP/1.1" 404 28949 "-" "Mozilla/5.0 (compatible; crawler)"
178.226.142.8 - - [15/Apr/2026:14:05:21 +0000] "GET /wp-content/plugins/nextgen-gallery/static/GalleryDisplay/video_play_overlay.css?ver=4.1.1 HTTP/1.1" 200 2392 "https://www.drivenbyboredom.com/2026/02/27/maya-rue/" "Mozilla/5.0 (X11; CrOS x86_64 14541.0.0) AppleWebKit/537.36 (KHTML, like Gecko) Chrome/146.0.0.0 Safari/537.36"
178.226.142.8 - - [15/Apr/2026:14:05:21 +0000] "GET /wp-content/plugins/nextgen-gallery/static/Lightbox/nextgen_video.css?ver=4.1.1 HTTP/1.1" 200 3604 "https://www.drivenbyboredom.com/2026/02/27/maya-rue/" "Mozilla/5.0 (X11; CrOS x86_64 14541.0.0) AppleWebKit/537.36 (KHTML, like Gecko) Chrome/146.0.0.0 Safari/537.36"
178.226.142.8 - - [15/Apr/2026:14:05:21 +0000] "GET /wp-content/plugins/nextgen-gallery/static/Lightbox/simplelightbox/simple-lightbox.css?ver=4.1.1 HTTP/1.1" 200 5491 "https://www.drivenbyboredom.com/2026/02/27/maya-rue/" "Mozilla/5.0 (X11; CrOS x86_64 14541.0.0) AppleWebKit/537.36 (KHTML, like Gecko) Chrome/146.0.0.0 Safari/537.36"
178.226.142.8 - - [15/Apr/2026:14:05:21 +0000] "GET /wp-content/plugins/nextgen-gallery/static/GalleryDisplay/trigger_buttons.css?ver=4.1.1 HTTP/1.1" 200 896 "https://www.drivenbyboredom.com/2026/02/27/maya-rue/" "Mozilla/5.0 (X11; CrOS x86_64 14541.0.0) AppleWebKit/537.36 (KHTML, like Gecko) Chrome/146.0.0.0 Safari/537.36"
178.226.142.8 - - [15/Apr/2026:14:05:21 +0000] "GET /wp-content/plugins/nextgen-gallery/static/Lightbox/nextgen_tiktok.css?ver=4.1.1 HTTP/1.1" 200 8400 "https://www.drivenbyboredom.com/2026/02/27/maya-rue/" "Mozilla/5.0 (X11; CrOS x86_64 14541.0.0) AppleWebKit/537.36 (KHTML, like Gecko) Chrome/146.0.0.0 Safari/537.36"
178.226.142.8 - - [15/Apr/2026:14:05:22 +0000] "GET /wp-content/plugins/nextgen-gallery/static/FontAwesome/css/v4-shims.min.css?ver=4.1.1 HTTP/1.1" 200 27593 "https://www.drivenbyboredom.com/2026/02/27/maya-rue/" "Mozilla/5.0 (X11; CrOS x86_64 14541.0.0) AppleWebKit/537.36 (KHTML, like Gecko) Chrome/146.0.0.0 Safari/537.36"
178.226.142.8 - - [15/Apr/2026:14:05:22 +0000] "GET /wp-content/plugins/nextgen-gallery/static/FontAwesome/css/all.min.css?ver=4.1.1 HTTP/1.1" 200 102641 "https://www.drivenbyboredom.com/2026/02/27/maya-rue/" "Mozilla/5.0 (X11; CrOS x86_64 14541.0.0) AppleWebKit/537.36 (KHTML, like Gecko) Chrome/146.0.0.0 Safari/537.36"
178.226.142.8 - - [15/Apr/2026:14:05:22 +0000] "GET /wp-content/plugins/nextgen-gallery/static/GalleryDisplay/pagination_style.css?ver=4.1.1 HTTP/1.1" 200 1668 "https://www.drivenbyboredom.com/2026/02/27/maya-rue/" "Mozilla/5.0 (X11; CrOS x86_64 14541.0.0) AppleWebKit/537.36 (KHTML, like Gecko) Chrome/146.0.0.0 Safari/537.36"
178.226.142.8 - - [15/Apr/2026:14:05:22 +0000] "GET /wp-content/plugins/nextgen-gallery/static/Thumbnails/nextgen_basic_thumbnails.css?ver=4.1.1 HTTP/1.1" 200 8072 "https://www.drivenbyboredom.com/2026/02/27/maya-rue/" "Mozilla/5.0 (X11; CrOS x86_64 14541.0.0) AppleWebKit/537.36 (KHTML, like Gecko) Chrome/146.0.0.0 Safari/537.36"
178.226.142.8 - - [15/Apr/2026:14:05:22 +0000] "GET /wp-content/themes/driven-by-boredom/style.css?ver=1.0.0 HTTP/1.1" 200 16260 "https://www.drivenbyboredom.com/2026/02/27/maya-rue/" "Mozilla/5.0 (X11; CrOS x86_64 14541.0.0) AppleWebKit/537.36 (KHTML, like Gecko) Chrome/146.0.0.0 Safari/537.36"
178.226.142.8 - - [15/Apr/2026:14:05:22 +0000] "GET /wp-content/themes/driven-by-boredom/elevate.css?ver=1.0.0 HTTP/1.1" 200 11660 "https://www.drivenbyboredom.com/2026/02/27/maya-rue/" "Mozilla/5.0 (X11; CrOS x86_64 14541.0.0) AppleWebKit/537.36 (KHTML, like Gecko) Chrome/146.0.0.0 Safari/537.36"
178.226.142.8 - - [15/Apr/2026:14:05:22 +0000] "GET /wp-content/themes/driven-by-boredom/dbb.css?ver=1.0.0 HTTP/1.1" 200 5314 "https://www.drivenbyboredom.com/2026/02/27/maya-rue/" "Mozilla/5.0 (X11; CrOS x86_64 14541.0.0) AppleWebKit/537.36 (KHTML, like Gecko) Chrome/146.0.0.0 Safari/537.36"
178.226.142.8 - - [15/Apr/2026:14:05:22 +0000] "GET /wp-includes/js/jquery/jquery.min.js?ver=3.7.1 HTTP/1.1" 200 87553 "https://www.drivenbyboredom.com/2026/02/27/maya-rue/" "Mozilla/5.0 (X11; CrOS x86_64 14541.0.0) AppleWebKit/537.36 (KHTML, like Gecko) Chrome/146.0.0.0 Safari/537.36"
178.226.142.8 - - [15/Apr/2026:14:05:22 +0000] "GET /wp-includes/js/jquery/jquery-migrate.min.js?ver=3.4.1 HTTP/1.1" 200 13577 "https://www.drivenbyboredom.com/2026/02/27/maya-rue/" "Mozilla/5.0 (X11; CrOS x86_64 14541.0.0) AppleWebKit/537.36 (KHTML, like Gecko) Chrome/146.0.0.0 Safari/537.36"
178.226.142.8 - - [15/Apr/2026:14:05:22 +0000] "GET /wp-content/plugins/nextgen-gallery/static/Legacy/ajax.min.js?ver=4.1.1 HTTP/1.1" 200 2782 "https://www.drivenbyboredom.com/2026/02/27/maya-rue/" "Mozilla/5.0 (X11; CrOS x86_64 14541.0.0) AppleWebKit/537.36 (KHTML, like Gecko) Chrome/146.0.0.0 Safari/537.36"
178.226.142.8 - - [15/Apr/2026:14:05:22 +0000] "GET /wp-content/plugins/nextgen-gallery/static/FontAwesome/js/v4-shims.min.js?ver=5.3.1 HTTP/1.1" 200 27657 "https://www.drivenbyboredom.com/2026/02/27/maya-rue/" "Mozilla/5.0 (X11; CrOS x86_64 14541.0.0) AppleWebKit/537.36 (KHTML, like Gecko) Chrome/146.0.0.0 Safari/537.36"
178.226.142.8 - - [15/Apr/2026:14:05:22 +0000] "GET /wp-content/plugins/nextgen-gallery/static/Thumbnails/nextgen_basic_thumbnails.js?ver=4.1.1 HTTP/1.1" 200 2277 "https://www.drivenbyboredom.com/2026/02/27/maya-rue/" "Mozilla/5.0 (X11; CrOS x86_64 14541.0.0) AppleWebKit/537.36 (KHTML, like Gecko) Chrome/146.0.0.0 Safari/537.36"
178.226.142.8 - - [15/Apr/2026:14:05:22 +0000] "GET /wp-content/plugins/nextgen-gallery/static/Thumbnails/ajax_pagination.js?ver=4.1.1 HTTP/1.1" 200 2299 "https://www.drivenbyboredom.com/2026/02/27/maya-rue/" "Mozilla/5.0 (X11; CrOS x86_64 14541.0.0) AppleWebKit/537.36 (KHTML, like Gecko) Chrome/146.0.0.0 Safari/537.36"
178.226.142.8 - - [15/Apr/2026:14:05:22 +0000] "GET /wp-content/themes/driven-by-boredom/elevate.css HTTP/1.1" 200 11660 "https://www.drivenbyboredom.com/wp-content/themes/driven-by-boredom/style.css?ver=1.0.0" "Mozilla/5.0 (X11; CrOS x86_64 14541.0.0) AppleWebKit/537.36 (KHTML, like Gecko) Chrome/146.0.0.0 Safari/537.36"
178.226.142.8 - - [15/Apr/2026:14:05:22 +0000] "GET /wp-content/themes/driven-by-boredom/dbb.css HTTP/1.1" 200 5314 "https://www.drivenbyboredom.com/wp-content/themes/driven-by-boredom/style.css?ver=1.0.0" "Mozilla/5.0 (X11; CrOS x86_64 14541.0.0) AppleWebKit/537.36 (KHTML, like Gecko) Chrome/146.0.0.0 Safari/537.36"
178.226.142.8 - - [15/Apr/2026:14:05:22 +0000] "GET /wp-content/themes/driven-by-boredom/images/dbb-text-logo-crop.jpg HTTP/1.1" 200 37891 "https://www.drivenbyboredom.com/2026/02/27/maya-rue/" "Mozilla/5.0 (X11; CrOS x86_64 14541.0.0) AppleWebKit/537.36 (KHTML, like Gecko) Chrome/146.0.0.0 Safari/537.36"
178.226.142.8 - - [15/Apr/2026:14:05:22 +0000] "GET /wp-content/themes/driven-by-boredom/images/dbb_logo_header.png HTTP/1.1" 200 3559 "https://www.drivenbyboredom.com/2026/02/27/maya-rue/" "Mozilla/5.0 (X11; CrOS x86_64 14541.0.0) AppleWebKit/537.36 (KHTML, like Gecko) Chrome/146.0.0.0 Safari/537.36"
178.226.142.8 - - [15/Apr/2026:14:05:22 +0000] "GET /wp-content/uploads/2026/02/DSC_3816-2048x1362.jpg HTTP/1.1" 200 278298 "https://www.drivenbyboredom.com/2026/02/27/maya-rue/" "Mozilla/5.0 (X11; CrOS x86_64 14541.0.0) AppleWebKit/537.36 (KHTML, like Gecko) Chrome/146.0.0.0 Safari/537.36"
178.226.142.8 - - [15/Apr/2026:14:05:22 +0000] "GET /wp-content/gallery/maya-rue/thumbs/thumbs-DSC_3799.JPG HTTP/1.1" 200 29069 "https://www.drivenbyboredom.com/2026/02/27/maya-rue/" "Mozilla/5.0 (X11; CrOS x86_64 14541.0.0) AppleWebKit/537.36 (KHTML, like Gecko) Chrome/146.0.0.0 Safari/537.36"
178.226.142.8 - - [15/Apr/2026:14:05:22 +0000] "GET /wp-content/gallery/maya-rue/thumbs/thumbs-DSC_3774.JPG HTTP/1.1" 200 31212 "https://www.drivenbyboredom.com/2026/02/27/maya-rue/" "Mozilla/5.0 (X11; CrOS x86_64 14541.0.0) AppleWebKit/537.36 (KHTML, like Gecko) Chrome/146.0.0.0 Safari/537.36"
178.226.142.8 - - [15/Apr/2026:14:05:22 +0000] "GET /wp-content/plugins/nextgen-gallery/static/GalleryDisplay/common.js?ver=4.1.1 HTTP/1.1" 200 8713 "https://www.drivenbyboredom.com/2026/02/27/maya-rue/" "Mozilla/5.0 (X11; CrOS x86_64 14541.0.0) AppleWebKit/537.36 (KHTML, like Gecko) Chrome/146.0.0.0 Safari/537.36"
178.226.142.8 - - [15/Apr/2026:14:05:22 +0000] "GET /wp-content/plugins/nextgen-gallery/static/Lightbox/ngg-tiktok-video.js?ver=4.1.1 HTTP/1.1" 200 17586 "https://www.drivenbyboredom.com/2026/02/27/maya-rue/" "Mozilla/5.0 (X11; CrOS x86_64 14541.0.0) AppleWebKit/537.36 (KHTML, like Gecko) Chrome/146.0.0.0 Safari/537.36"
178.226.142.8 - - [15/Apr/2026:14:05:22 +0000] "GET /wp-content/plugins/nextgen-gallery/static/Lightbox/nextgen_video_helper.js?ver=4.1.1 HTTP/1.1" 200 26474 "https://www.drivenbyboredom.com/2026/02/27/maya-rue/" "Mozilla/5.0 (X11; CrOS x86_64 14541.0.0) AppleWebKit/537.36 (KHTML, like Gecko) Chrome/146.0.0.0 Safari/537.36"
178.226.142.8 - - [15/Apr/2026:14:05:22 +0000] "GET /wp-content/plugins/nextgen-gallery/static/Lightbox/simplelightbox/simple-lightbox.js?ver=4.1.1 HTTP/1.1" 200 64334 "https://www.drivenbyboredom.com/2026/02/27/maya-rue/" "Mozilla/5.0 (X11; CrOS x86_64 14541.0.0) AppleWebKit/537.36 (KHTML, like Gecko) Chrome/146.0.0.0 Safari/537.36"
178.226.142.8 - - [15/Apr/2026:14:05:22 +0000] "GET /wp-content/plugins/nextgen-gallery/static/Lightbox/lightbox_context.js?ver=4.1.1 HTTP/1.1" 200 971 "https://www.drivenbyboredom.com/2026/02/27/maya-rue/" "Mozilla/5.0 (X11; CrOS x86_64 14541.0.0) AppleWebKit/537.36 (KHTML, like Gecko) Chrome/146.0.0.0 Safari/537.36"
178.226.142.8 - - [15/Apr/2026:14:05:22 +0000] "GET /wp-content/plugins/nextgen-gallery/static/Lightbox/nextgen_tiktok_helper.js?ver=4.1.1 HTTP/1.1" 200 12486 "https://www.drivenbyboredom.com/2026/02/27/maya-rue/" "Mozilla/5.0 (X11; CrOS x86_64 14541.0.0) AppleWebKit/537.36 (KHTML, like Gecko) Chrome/146.0.0.0 Safari/537.36"
178.226.142.8 - - [15/Apr/2026:14:05:23 +0000] "GET /wp-content/uploads/2026/02/DSC_3816-2048x1362.jpg HTTP/1.1" 200 278298 "https://www.drivenbyboredom.com/2026/02/27/maya-rue/" "Mozilla/5.0 (X11; CrOS x86_64 14541.0.0) AppleWebKit/537.36 (KHTML, like Gecko) Chrome/146.0.0.0 Safari/537.36"
178.226.142.8 - - [15/Apr/2026:14:05:23 +0000] "GET /wp-content/plugins/nextgen-gallery/static/Lightbox/simplelightbox/nextgen_simple_lightbox_init.js?ver=4.1.1 HTTP/1.1" 200 10296 "https://www.drivenbyboredom.com/2026/02/27/maya-rue/" "Mozilla/5.0 (X11; CrOS x86_64 14541.0.0) AppleWebKit/537.36 (KHTML, like Gecko) Chrome/146.0.0.0 Safari/537.36"
178.226.142.8 - - [15/Apr/2026:14:05:23 +0000] "GET /wp-content/themes/driven-by-boredom/js/navigation.js?ver=1.0.0 HTTP/1.1" 200 2980 "https://www.drivenbyboredom.com/2026/02/27/maya-rue/" "Mozilla/5.0 (X11; CrOS x86_64 14541.0.0) AppleWebKit/537.36 (KHTML, like Gecko) Chrome/146.0.0.0 Safari/537.36"
178.226.142.8 - - [15/Apr/2026:14:05:23 +0000] "GET /wp-content/gallery/maya-rue/thumbs/thumbs-DSC_3797.JPG HTTP/1.1" 200 29484 "https://www.drivenbyboredom.com/2026/02/27/maya-rue/" "Mozilla/5.0 (X11; CrOS x86_64 14541.0.0) AppleWebKit/537.36 (KHTML, like Gecko) Chrome/146.0.0.0 Safari/537.36"
178.226.142.8 - - [15/Apr/2026:14:05:23 +0000] "GET /wp-content/gallery/maya-rue/thumbs/thumbs-DSC_3812.JPG HTTP/1.1" 200 34387 "https://www.drivenbyboredom.com/2026/02/27/maya-rue/" "Mozilla/5.0 (X11; CrOS x86_64 14541.0.0) AppleWebKit/537.36 (KHTML, like Gecko) Chrome/146.0.0.0 Safari/537.36"
178.226.142.8 - - [15/Apr/2026:14:05:23 +0000] "GET /wp-content/gallery/maya-rue/thumbs/thumbs-DSC_3780.JPG HTTP/1.1" 200 32094 "https://www.drivenbyboredom.com/2026/02/27/maya-rue/" "Mozilla/5.0 (X11; CrOS x86_64 14541.0.0) AppleWebKit/537.36 (KHTML, like Gecko) Chrome/146.0.0.0 Safari/537.36"
178.226.142.8 - - [15/Apr/2026:14:05:23 +0000] "GET /wp-content/gallery/maya-rue/thumbs/thumbs-DSC_3782.JPG HTTP/1.1" 200 31378 "https://www.drivenbyboredom.com/2026/02/27/maya-rue/" "Mozilla/5.0 (X11; CrOS x86_64 14541.0.0) AppleWebKit/537.36 (KHTML, like Gecko) Chrome/146.0.0.0 Safari/537.36"
178.226.142.8 - - [15/Apr/2026:14:05:23 +0000] "GET /wp-content/gallery/maya-rue/thumbs/thumbs-DSC_3827.JPG HTTP/1.1" 200 28605 "https://www.drivenbyboredom.com/2026/02/27/maya-rue/" "Mozilla/5.0 (X11; CrOS x86_64 14541.0.0) AppleWebKit/537.36 (KHTML, like Gecko) Chrome/146.0.0.0 Safari/537.36"
178.226.142.8 - - [15/Apr/2026:14:05:23 +0000] "GET /wp-content/gallery/maya-rue/thumbs/thumbs-DSC_3857.JPG HTTP/1.1" 200 27551 "https://www.drivenbyboredom.com/2026/02/27/maya-rue/" "Mozilla/5.0 (X11; CrOS x86_64 14541.0.0) AppleWebKit/537.36 (KHTML, like Gecko) Chrome/146.0.0.0 Safari/537.36"
135.181.166.38 - - [15/Apr/2026:14:05:24 +0000] "GET /2025/08/18/2025-gathering-of-the-juggalos-day-2/ HTTP/1.1" 200 84780 "-" "Mozilla/5.0 (compatible; SERankingBacklinksBot/1.0; +https://seranking.com/backlinks-crawler)"
178.226.142.8 - - [15/Apr/2026:14:05:24 +0000] "GET /wp-content/gallery/maya-rue/thumbs/thumbs-DSC_3821.JPG HTTP/1.1" 200 30794 "https://www.drivenbyboredom.com/2026/02/27/maya-rue/" "Mozilla/5.0 (X11; CrOS x86_64 14541.0.0) AppleWebKit/537.36 (KHTML, like Gecko) Chrome/146.0.0.0 Safari/537.36"
178.226.142.8 - - [15/Apr/2026:14:05:24 +0000] "GET /wp-content/gallery/maya-rue/thumbs/thumbs-DSC_3861.JPG HTTP/1.1" 200 31552 "https://www.drivenbyboredom.com/2026/02/27/maya-rue/" "Mozilla/5.0 (X11; CrOS x86_64 14541.0.0) AppleWebKit/537.36 (KHTML, like Gecko) Chrome/146.0.0.0 Safari/537.36"
178.226.142.8 - - [15/Apr/2026:14:05:24 +0000] "GET /wp-content/gallery/maya-rue/thumbs/thumbs-DSC_3865.JPG HTTP/1.1" 200 32772 "https://www.drivenbyboredom.com/2026/02/27/maya-rue/" "Mozilla/5.0 (X11; CrOS x86_64 14541.0.0) AppleWebKit/537.36 (KHTML, like Gecko) Chrome/146.0.0.0 Safari/537.36"
178.226.142.8 - - [15/Apr/2026:14:05:24 +0000] "GET /wp-content/gallery/maya-rue/thumbs/thumbs-DSC_3871.JPG HTTP/1.1" 200 29398 "https://www.drivenbyboredom.com/2026/02/27/maya-rue/" "Mozilla/5.0 (X11; CrOS x86_64 14541.0.0) AppleWebKit/537.36 (KHTML, like Gecko) Chrome/146.0.0.0 Safari/537.36"
178.226.142.8 - - [15/Apr/2026:14:05:25 +0000] "GET /wp-content/plugins/nextgen-gallery/static/FontAwesome/js/all.min.js?ver=5.3.1 HTTP/1.1" 200 1485776 "https://www.drivenbyboredom.com/2026/02/27/maya-rue/" "Mozilla/5.0 (X11; CrOS x86_64 14541.0.0) AppleWebKit/537.36 (KHTML, like Gecko) Chrome/146.0.0.0 Safari/537.36"
139.180.209.5 - - [15/Apr/2026:14:05:25 +0000] "POST /?wpd_ping=1b75ec6ab86f HTTP/1.1" 200 545 "-" "WPDefender-Controller/1.0"
178.226.142.8 - - [15/Apr/2026:14:05:25 +0000] "GET /wp-content/themes/driven-by-boredom/images/line_horz.png HTTP/1.1" 200 2140 "https://www.drivenbyboredom.com/wp-content/themes/driven-by-boredom/dbb.css?ver=1.0.0" "Mozilla/5.0 (X11; CrOS x86_64 14541.0.0) AppleWebKit/537.36 (KHTML, like Gecko) Chrome/146.0.0.0 Safari/537.36"
178.226.142.8 - - [15/Apr/2026:14:05:25 +0000] "GET /wp-content/themes/driven-by-boredom/favicon/favicon-32x32.png HTTP/1.1" 200 1382 "https://www.drivenbyboredom.com/2026/02/27/maya-rue/" "Mozilla/5.0 (X11; CrOS x86_64 14541.0.0) AppleWebKit/537.36 (KHTML, like Gecko) Chrome/146.0.0.0 Safari/537.36"
135.181.166.38 - - [15/Apr/2026:14:05:35 +0000] "GET /2025/08/18/2025-gathering-of-the-juggalos-day-2/ HTTP/1.1" 200 84780 "-" "Mozilla/5.0 (compatible; SERankingBacklinksBot/1.0; +https://seranking.com/backlinks-crawler)"
178.226.142.8 - - [15/Apr/2026:14:05:35 +0000] "GET /posts/ HTTP/1.1" 200 193622 "https://www.drivenbyboredom.com/2026/02/27/maya-rue/" "Mozilla/5.0 (X11; CrOS x86_64 14541.0.0) AppleWebKit/537.36 (KHTML, like Gecko) Chrome/146.0.0.0 Safari/537.36"
178.226.142.8 - - [15/Apr/2026:14:05:35 +0000] "GET /wp-content/plugins/nextgen-gallery/static/GalleryDisplay/video_play_overlay.css?ver=4.1.1 HTTP/1.1" 200 2392 "https://www.drivenbyboredom.com/posts/" "Mozilla/5.0 (X11; CrOS x86_64 14541.0.0) AppleWebKit/537.36 (KHTML, like Gecko) Chrome/146.0.0.0 Safari/537.36"
178.226.142.8 - - [15/Apr/2026:14:05:35 +0000] "GET /wp-content/plugins/nextgen-gallery/static/Lightbox/nextgen_video.css?ver=4.1.1 HTTP/1.1" 200 3604 "https://www.drivenbyboredom.com/posts/" "Mozilla/5.0 (X11; CrOS x86_64 14541.0.0) AppleWebKit/537.36 (KHTML, like Gecko) Chrome/146.0.0.0 Safari/537.36"
178.226.142.8 - - [15/Apr/2026:14:05:35 +0000] "GET /wp-content/plugins/nextgen-gallery/static/Lightbox/simplelightbox/simple-lightbox.css?ver=4.1.1 HTTP/1.1" 200 5491 "https://www.drivenbyboredom.com/posts/" "Mozilla/5.0 (X11; CrOS x86_64 14541.0.0) AppleWebKit/537.36 (KHTML, like Gecko) Chrome/146.0.0.0 Safari/537.36"
178.226.142.8 - - [15/Apr/2026:14:05:35 +0000] "GET /wp-content/plugins/nextgen-gallery/static/Lightbox/nextgen_tiktok.css?ver=4.1.1 HTTP/1.1" 200 8400 "https://www.drivenbyboredom.com/posts/" "Mozilla/5.0 (X11; CrOS x86_64 14541.0.0) AppleWebKit/537.36 (KHTML, like Gecko) Chrome/146.0.0.0 Safari/537.36"
178.226.142.8 - - [15/Apr/2026:14:05:35 +0000] "GET /wp-content/plugins/nextgen-gallery/static/GalleryDisplay/trigger_buttons.css?ver=4.1.1 HTTP/1.1" 200 896 "https://www.drivenbyboredom.com/posts/" "Mozilla/5.0 (X11; CrOS x86_64 14541.0.0) AppleWebKit/537.36 (KHTML, like Gecko) Chrome/146.0.0.0 Safari/537.36"
178.226.142.8 - - [15/Apr/2026:14:05:36 +0000] "GET /wp-content/plugins/nextgen-gallery/static/FontAwesome/css/v4-shims.min.css?ver=4.1.1 HTTP/1.1" 200 27593 "https://www.drivenbyboredom.com/posts/" "Mozilla/5.0 (X11; CrOS x86_64 14541.0.0) AppleWebKit/537.36 (KHTML, like Gecko) Chrome/146.0.0.0 Safari/537.36"
178.226.142.8 - - [15/Apr/2026:14:05:36 +0000] "GET /wp-content/plugins/nextgen-gallery/static/GalleryDisplay/pagination_style.css?ver=4.1.1 HTTP/1.1" 200 1668 "https://www.drivenbyboredom.com/posts/" "Mozilla/5.0 (X11; CrOS x86_64 14541.0.0) AppleWebKit/537.36 (KHTML, like Gecko) Chrome/146.0.0.0 Safari/537.36"
178.226.142.8 - - [15/Apr/2026:14:05:36 +0000] "GET /wp-content/plugins/nextgen-gallery/static/Thumbnails/nextgen_basic_thumbnails.css?ver=4.1.1 HTTP/1.1" 200 8072 "https://www.drivenbyboredom.com/posts/" "Mozilla/5.0 (X11; CrOS x86_64 14541.0.0) AppleWebKit/537.36 (KHTML, like Gecko) Chrome/146.0.0.0 Safari/537.36"
178.226.142.8 - - [15/Apr/2026:14:05:36 +0000] "GET /wp-content/themes/driven-by-boredom/style.css?ver=1.0.0 HTTP/1.1" 200 16260 "https://www.drivenbyboredom.com/posts/" "Mozilla/5.0 (X11; CrOS x86_64 14541.0.0) AppleWebKit/537.36 (KHTML, like Gecko) Chrome/146.0.0.0 Safari/537.36"
178.226.142.8 - - [15/Apr/2026:14:05:36 +0000] "GET /wp-content/plugins/nextgen-gallery/static/FontAwesome/css/all.min.css?ver=4.1.1 HTTP/1.1" 200 102641 "https://www.drivenbyboredom.com/posts/" "Mozilla/5.0 (X11; CrOS x86_64 14541.0.0) AppleWebKit/537.36 (KHTML, like Gecko) Chrome/146.0.0.0 Safari/537.36"
178.226.142.8 - - [15/Apr/2026:14:05:36 +0000] "GET /wp-includes/js/jquery/jquery.min.js?ver=3.7.1 HTTP/1.1" 200 87553 "https://www.drivenbyboredom.com/posts/" "Mozilla/5.0 (X11; CrOS x86_64 14541.0.0) AppleWebKit/537.36 (KHTML, like Gecko) Chrome/146.0.0.0 Safari/537.36"
178.226.142.8 - - [15/Apr/2026:14:05:36 +0000] "GET /wp-content/themes/driven-by-boredom/elevate.css?ver=1.0.0 HTTP/1.1" 200 11660 "https://www.drivenbyboredom.com/posts/" "Mozilla/5.0 (X11; CrOS x86_64 14541.0.0) AppleWebKit/537.36 (KHTML, like Gecko) Chrome/146.0.0.0 Safari/537.36"
178.226.142.8 - - [15/Apr/2026:14:05:36 +0000] "GET /wp-content/themes/driven-by-boredom/dbb.css?ver=1.0.0 HTTP/1.1" 200 5314 "https://www.drivenbyboredom.com/posts/" "Mozilla/5.0 (X11; CrOS x86_64 14541.0.0) AppleWebKit/537.36 (KHTML, like Gecko) Chrome/146.0.0.0 Safari/537.36"
178.226.142.8 - - [15/Apr/2026:14:05:36 +0000] "GET /wp-includes/js/jquery/jquery-migrate.min.js?ver=3.4.1 HTTP/1.1" 200 13577 "https://www.drivenbyboredom.com/posts/" "Mozilla/5.0 (X11; CrOS x86_64 14541.0.0) AppleWebKit/537.36 (KHTML, like Gecko) Chrome/146.0.0.0 Safari/537.36"
178.226.142.8 - - [15/Apr/2026:14:05:36 +0000] "GET /wp-content/themes/driven-by-boredom/elevate.css HTTP/1.1" 200 11660 "https://www.drivenbyboredom.com/wp-content/themes/driven-by-boredom/style.css?ver=1.0.0" "Mozilla/5.0 (X11; CrOS x86_64 14541.0.0) AppleWebKit/537.36 (KHTML, like Gecko) Chrome/146.0.0.0 Safari/537.36"
178.226.142.8 - - [15/Apr/2026:14:05:36 +0000] "GET /wp-content/themes/driven-by-boredom/dbb.css HTTP/1.1" 200 5314 "https://www.drivenbyboredom.com/wp-content/themes/driven-by-boredom/style.css?ver=1.0.0" "Mozilla/5.0 (X11; CrOS x86_64 14541.0.0) AppleWebKit/537.36 (KHTML, like Gecko) Chrome/146.0.0.0 Safari/537.36"
178.226.142.8 - - [15/Apr/2026:14:05:36 +0000] "GET /wp-content/plugins/nextgen-gallery/static/Legacy/ajax.min.js?ver=4.1.1 HTTP/1.1" 200 2782 "https://www.drivenbyboredom.com/posts/" "Mozilla/5.0 (X11; CrOS x86_64 14541.0.0) AppleWebKit/537.36 (KHTML, like Gecko) Chrome/146.0.0.0 Safari/537.36"
178.226.142.8 - - [15/Apr/2026:14:05:36 +0000] "GET /wp-content/plugins/nextgen-gallery/static/Thumbnails/ajax_pagination.js?ver=4.1.1 HTTP/1.1" 200 2299 "https://www.drivenbyboredom.com/posts/" "Mozilla/5.0 (X11; CrOS x86_64 14541.0.0) AppleWebKit/537.36 (KHTML, like Gecko) Chrome/146.0.0.0 Safari/537.36"
178.226.142.8 - - [15/Apr/2026:14:05:36 +0000] "GET /wp-content/plugins/nextgen-gallery/static/Thumbnails/nextgen_basic_thumbnails.js?ver=4.1.1 HTTP/1.1" 200 2277 "https://www.drivenbyboredom.com/posts/" "Mozilla/5.0 (X11; CrOS x86_64 14541.0.0) AppleWebKit/537.36 (KHTML, like Gecko) Chrome/146.0.0.0 Safari/537.36"
178.226.142.8 - - [15/Apr/2026:14:05:36 +0000] "GET /wp-content/plugins/nextgen-gallery/static/FontAwesome/js/v4-shims.min.js?ver=5.3.1 HTTP/1.1" 200 27657 "https://www.drivenbyboredom.com/posts/" "Mozilla/5.0 (X11; CrOS x86_64 14541.0.0) AppleWebKit/537.36 (KHTML, like Gecko) Chrome/146.0.0.0 Safari/537.36"
178.226.142.8 - - [15/Apr/2026:14:05:36 +0000] "GET /wp-content/themes/driven-by-boredom/images/dbb-text-logo-crop.jpg HTTP/1.1" 200 37891 "https://www.drivenbyboredom.com/posts/" "Mozilla/5.0 (X11; CrOS x86_64 14541.0.0) AppleWebKit/537.36 (KHTML, like Gecko) Chrome/146.0.0.0 Safari/537.36"
178.226.142.8 - - [15/Apr/2026:14:05:36 +0000] "GET /wp-content/themes/driven-by-boredom/images/dbb_logo_header.png HTTP/1.1" 200 3559 "https://www.drivenbyboredom.com/posts/" "Mozilla/5.0 (X11; CrOS x86_64 14541.0.0) AppleWebKit/537.36 (KHTML, like Gecko) Chrome/146.0.0.0 Safari/537.36"
178.226.142.8 - - [15/Apr/2026:14:05:36 +0000] "GET /wp-content/uploads/2026/02/DSC_3816-2048x1362.jpg HTTP/1.1" 200 278298 "https://www.drivenbyboredom.com/posts/" "Mozilla/5.0 (X11; CrOS x86_64 14541.0.0) AppleWebKit/537.36 (KHTML, like Gecko) Chrome/146.0.0.0 Safari/537.36"
178.226.142.8 - - [15/Apr/2026:14:05:36 +0000] "GET /wp-content/gallery/maya-rue/thumbs/thumbs-DSC_3799.JPG HTTP/1.1" 200 29069 "https://www.drivenbyboredom.com/posts/" "Mozilla/5.0 (X11; CrOS x86_64 14541.0.0) AppleWebKit/537.36 (KHTML, like Gecko) Chrome/146.0.0.0 Safari/537.36"
178.226.142.8 - - [15/Apr/2026:14:05:36 +0000] "GET /wp-content/plugins/nextgen-gallery/static/GalleryDisplay/common.js?ver=4.1.1 HTTP/1.1" 200 8713 "https://www.drivenbyboredom.com/posts/" "Mozilla/5.0 (X11; CrOS x86_64 14541.0.0) AppleWebKit/537.36 (KHTML, like Gecko) Chrome/146.0.0.0 Safari/537.36"
178.226.142.8 - - [15/Apr/2026:14:05:36 +0000] "GET /wp-content/plugins/nextgen-gallery/static/Lightbox/ngg-tiktok-video.js?ver=4.1.1 HTTP/1.1" 200 17586 "https://www.drivenbyboredom.com/posts/" "Mozilla/5.0 (X11; CrOS x86_64 14541.0.0) AppleWebKit/537.36 (KHTML, like Gecko) Chrome/146.0.0.0 Safari/537.36"
178.226.142.8 - - [15/Apr/2026:14:05:36 +0000] "GET /wp-content/gallery/maya-rue/thumbs/thumbs-DSC_3774.JPG HTTP/1.1" 200 31212 "https://www.drivenbyboredom.com/posts/" "Mozilla/5.0 (X11; CrOS x86_64 14541.0.0) AppleWebKit/537.36 (KHTML, like Gecko) Chrome/146.0.0.0 Safari/537.36"
178.226.142.8 - - [15/Apr/2026:14:05:36 +0000] "GET /wp-content/plugins/nextgen-gallery/static/Lightbox/nextgen_video_helper.js?ver=4.1.1 HTTP/1.1" 200 26474 "https://www.drivenbyboredom.com/posts/" "Mozilla/5.0 (X11; CrOS x86_64 14541.0.0) AppleWebKit/537.36 (KHTML, like Gecko) Chrome/146.0.0.0 Safari/537.36"
178.226.142.8 - - [15/Apr/2026:14:05:37 +0000] "GET /wp-content/plugins/nextgen-gallery/static/Lightbox/lightbox_context.js?ver=4.1.1 HTTP/1.1" 200 971 "https://www.drivenbyboredom.com/posts/" "Mozilla/5.0 (X11; CrOS x86_64 14541.0.0) AppleWebKit/537.36 (KHTML, like Gecko) Chrome/146.0.0.0 Safari/537.36"
178.226.142.8 - - [15/Apr/2026:14:05:37 +0000] "GET /wp-content/themes/driven-by-boredom/images/line_horz.png HTTP/1.1" 200 2140 "https://www.drivenbyboredom.com/wp-content/themes/driven-by-boredom/dbb.css?ver=1.0.0" "Mozilla/5.0 (X11; CrOS x86_64 14541.0.0) AppleWebKit/537.36 (KHTML, like Gecko) Chrome/146.0.0.0 Safari/537.36"
178.226.142.8 - - [15/Apr/2026:14:05:37 +0000] "GET /wp-content/uploads/2026/02/DSC_3816-2048x1362.jpg HTTP/1.1" 200 278298 "https://www.drivenbyboredom.com/posts/" "Mozilla/5.0 (X11; CrOS x86_64 14541.0.0) AppleWebKit/537.36 (KHTML, like Gecko) Chrome/146.0.0.0 Safari/537.36"
178.226.142.8 - - [15/Apr/2026:14:05:37 +0000] "GET /wp-content/plugins/nextgen-gallery/static/Lightbox/simplelightbox/simple-lightbox.js?ver=4.1.1 HTTP/1.1" 200 64334 "https://www.drivenbyboredom.com/posts/" "Mozilla/5.0 (X11; CrOS x86_64 14541.0.0) AppleWebKit/537.36 (KHTML, like Gecko) Chrome/146.0.0.0 Safari/537.36"
178.226.142.8 - - [15/Apr/2026:14:05:37 +0000] "GET /wp-content/themes/driven-by-boredom/js/navigation.js?ver=1.0.0 HTTP/1.1" 200 2980 "https://www.drivenbyboredom.com/posts/" "Mozilla/5.0 (X11; CrOS x86_64 14541.0.0) AppleWebKit/537.36 (KHTML, like Gecko) Chrome/146.0.0.0 Safari/537.36"
178.226.142.8 - - [15/Apr/2026:14:05:37 +0000] "GET /wp-content/plugins/nextgen-gallery/static/Lightbox/simplelightbox/nextgen_simple_lightbox_init.js?ver=4.1.1 HTTP/1.1" 200 10296 "https://www.drivenbyboredom.com/posts/" "Mozilla/5.0 (X11; CrOS x86_64 14541.0.0) AppleWebKit/537.36 (KHTML, like Gecko) Chrome/146.0.0.0 Safari/537.36"
178.226.142.8 - - [15/Apr/2026:14:05:37 +0000] "GET /wp-content/plugins/nextgen-gallery/static/Lightbox/nextgen_tiktok_helper.js?ver=4.1.1 HTTP/1.1" 200 12486 "https://www.drivenbyboredom.com/posts/" "Mozilla/5.0 (X11; CrOS x86_64 14541.0.0) AppleWebKit/537.36 (KHTML, like Gecko) Chrome/146.0.0.0 Safari/537.36"
178.226.142.8 - - [15/Apr/2026:14:05:37 +0000] "GET /wp-content/gallery/maya-rue/thumbs/thumbs-DSC_3797.JPG HTTP/1.1" 200 29484 "https://www.drivenbyboredom.com/posts/" "Mozilla/5.0 (X11; CrOS x86_64 14541.0.0) AppleWebKit/537.36 (KHTML, like Gecko) Chrome/146.0.0.0 Safari/537.36"
