178.226.142.8 - - [15/Apr/2026:14:05:37 +0000] "GET /wp-content/gallery/maya-rue/thumbs/thumbs-DSC_3780.JPG HTTP/1.1" 200 32094 "https://www.drivenbyboredom.com/posts/" "Mozilla/5.0 (X11; CrOS x86_64 14541.0.0) AppleWebKit/537.36 (KHTML, like Gecko) Chrome/146.0.0.0 Safari/537.36"
178.226.142.8 - - [15/Apr/2026:14:05:37 +0000] "GET /wp-content/gallery/maya-rue/thumbs/thumbs-DSC_3812.JPG HTTP/1.1" 200 34387 "https://www.drivenbyboredom.com/posts/" "Mozilla/5.0 (X11; CrOS x86_64 14541.0.0) AppleWebKit/537.36 (KHTML, like Gecko) Chrome/146.0.0.0 Safari/537.36"
178.226.142.8 - - [15/Apr/2026:14:05:37 +0000] "GET /wp-content/gallery/maya-rue/thumbs/thumbs-DSC_3782.JPG HTTP/1.1" 200 31378 "https://www.drivenbyboredom.com/posts/" "Mozilla/5.0 (X11; CrOS x86_64 14541.0.0) AppleWebKit/537.36 (KHTML, like Gecko) Chrome/146.0.0.0 Safari/537.36"
178.226.142.8 - - [15/Apr/2026:14:05:37 +0000] "GET /wp-content/gallery/maya-rue/thumbs/thumbs-DSC_3827.JPG HTTP/1.1" 200 28605 "https://www.drivenbyboredom.com/posts/" "Mozilla/5.0 (X11; CrOS x86_64 14541.0.0) AppleWebKit/537.36 (KHTML, like Gecko) Chrome/146.0.0.0 Safari/537.36"
178.226.142.8 - - [15/Apr/2026:14:05:37 +0000] "GET /wp-content/gallery/maya-rue/thumbs/thumbs-DSC_3857.JPG HTTP/1.1" 200 27551 "https://www.drivenbyboredom.com/posts/" "Mozilla/5.0 (X11; CrOS x86_64 14541.0.0) AppleWebKit/537.36 (KHTML, like Gecko) Chrome/146.0.0.0 Safari/537.36"
178.226.142.8 - - [15/Apr/2026:14:05:37 +0000] "GET /wp-content/gallery/maya-rue/thumbs/thumbs-DSC_3821.JPG HTTP/1.1" 200 30794 "https://www.drivenbyboredom.com/posts/" "Mozilla/5.0 (X11; CrOS x86_64 14541.0.0) AppleWebKit/537.36 (KHTML, like Gecko) Chrome/146.0.0.0 Safari/537.36"
178.226.142.8 - - [15/Apr/2026:14:05:38 +0000] "GET /wp-content/plugins/nextgen-gallery/static/FontAwesome/js/all.min.js?ver=5.3.1 HTTP/1.1" 200 1485776 "https://www.drivenbyboredom.com/posts/" "Mozilla/5.0 (X11; CrOS x86_64 14541.0.0) AppleWebKit/537.36 (KHTML, like Gecko) Chrome/146.0.0.0 Safari/537.36"
178.226.142.8 - - [15/Apr/2026:14:05:38 +0000] "GET /wp-content/gallery/maya-rue/thumbs/thumbs-DSC_3865.JPG HTTP/1.1" 200 32772 "https://www.drivenbyboredom.com/posts/" "Mozilla/5.0 (X11; CrOS x86_64 14541.0.0) AppleWebKit/537.36 (KHTML, like Gecko) Chrome/146.0.0.0 Safari/537.36"
178.226.142.8 - - [15/Apr/2026:14:05:38 +0000] "GET /wp-content/gallery/maya-rue/thumbs/thumbs-DSC_3871.JPG HTTP/1.1" 200 29398 "https://www.drivenbyboredom.com/posts/" "Mozilla/5.0 (X11; CrOS x86_64 14541.0.0) AppleWebKit/537.36 (KHTML, like Gecko) Chrome/146.0.0.0 Safari/537.36"
178.226.142.8 - - [15/Apr/2026:14:05:38 +0000] "GET /wp-content/gallery/maya-rue/thumbs/thumbs-DSC_3861.JPG HTTP/1.1" 200 31552 "https://www.drivenbyboredom.com/posts/" "Mozilla/5.0 (X11; CrOS x86_64 14541.0.0) AppleWebKit/537.36 (KHTML, like Gecko) Chrome/146.0.0.0 Safari/537.36"
178.226.142.8 - - [15/Apr/2026:14:05:38 +0000] "GET /wp-content/uploads/2026/02/DSC_1303-2048x1360.jpg HTTP/1.1" 200 287491 "https://www.drivenbyboredom.com/posts/" "Mozilla/5.0 (X11; CrOS x86_64 14541.0.0) AppleWebKit/537.36 (KHTML, like Gecko) Chrome/146.0.0.0 Safari/537.36"
178.226.142.8 - - [15/Apr/2026:14:05:38 +0000] "GET /wp-content/gallery/roxys-playground-10-15-09/thumbs/thumbs-DSC_1122.JPG HTTP/1.1" 200 26749 "https://www.drivenbyboredom.com/posts/" "Mozilla/5.0 (X11; CrOS x86_64 14541.0.0) AppleWebKit/537.36 (KHTML, like Gecko) Chrome/146.0.0.0 Safari/537.36"
178.226.142.8 - - [15/Apr/2026:14:05:38 +0000] "GET /wp-content/gallery/roxys-playground-10-15-09/thumbs/thumbs-DSC_1125.JPG HTTP/1.1" 200 30701 "https://www.drivenbyboredom.com/posts/" "Mozilla/5.0 (X11; CrOS x86_64 14541.0.0) AppleWebKit/537.36 (KHTML, like Gecko) Chrome/146.0.0.0 Safari/537.36"
178.226.142.8 - - [15/Apr/2026:14:05:38 +0000] "GET /wp-content/gallery/roxys-playground-10-15-09/thumbs/thumbs-DSC_1126.jpg HTTP/1.1" 200 54666 "https://www.drivenbyboredom.com/posts/" "Mozilla/5.0 (X11; CrOS x86_64 14541.0.0) AppleWebKit/537.36 (KHTML, like Gecko) Chrome/146.0.0.0 Safari/537.36"
178.226.142.8 - - [15/Apr/2026:14:05:38 +0000] "GET /wp-content/gallery/roxys-playground-10-15-09/thumbs/thumbs-DSC_1123.JPG HTTP/1.1" 200 32147 "https://www.drivenbyboredom.com/posts/" "Mozilla/5.0 (X11; CrOS x86_64 14541.0.0) AppleWebKit/537.36 (KHTML, like Gecko) Chrome/146.0.0.0 Safari/537.36"
178.226.142.8 - - [15/Apr/2026:14:05:38 +0000] "GET /wp-content/gallery/roxys-playground-10-15-09/thumbs/thumbs-DSC_1118.JPG HTTP/1.1" 200 32822 "https://www.drivenbyboredom.com/posts/" "Mozilla/5.0 (X11; CrOS x86_64 14541.0.0) AppleWebKit/537.36 (KHTML, like Gecko) Chrome/146.0.0.0 Safari/537.36"
178.226.142.8 - - [15/Apr/2026:14:05:38 +0000] "GET /wp-content/gallery/roxys-playground-10-15-09/thumbs/thumbs-DSC_1127.JPG HTTP/1.1" 200 21533 "https://www.drivenbyboredom.com/posts/" "Mozilla/5.0 (X11; CrOS x86_64 14541.0.0) AppleWebKit/537.36 (KHTML, like Gecko) Chrome/146.0.0.0 Safari/537.36"
178.226.142.8 - - [15/Apr/2026:14:05:38 +0000] "GET /wp-content/gallery/roxys-playground-10-15-09/thumbs/thumbs-DSC_1117.jpg HTTP/1.1" 200 58546 "https://www.drivenbyboredom.com/posts/" "Mozilla/5.0 (X11; CrOS x86_64 14541.0.0) AppleWebKit/537.36 (KHTML, like Gecko) Chrome/146.0.0.0 Safari/537.36"
178.226.142.8 - - [15/Apr/2026:14:05:39 +0000] "GET /wp-content/gallery/roxys-playground-10-15-09/thumbs/thumbs-DSC_1129.jpg HTTP/1.1" 200 58859 "https://www.drivenbyboredom.com/posts/" "Mozilla/5.0 (X11; CrOS x86_64 14541.0.0) AppleWebKit/537.36 (KHTML, like Gecko) Chrome/146.0.0.0 Safari/537.36"
178.226.142.8 - - [15/Apr/2026:14:05:39 +0000] "GET /wp-content/gallery/roxys-playground-10-15-09/thumbs/thumbs-DSC_1133.JPG HTTP/1.1" 200 24373 "https://www.drivenbyboredom.com/posts/" "Mozilla/5.0 (X11; CrOS x86_64 14541.0.0) AppleWebKit/537.36 (KHTML, like Gecko) Chrome/146.0.0.0 Safari/537.36"
178.226.142.8 - - [15/Apr/2026:14:05:39 +0000] "GET /wp-content/gallery/roxys-playground-10-15-09/thumbs/thumbs-DSC_1136.jpg HTTP/1.1" 200 51859 "https://www.drivenbyboredom.com/posts/" "Mozilla/5.0 (X11; CrOS x86_64 14541.0.0) AppleWebKit/537.36 (KHTML, like Gecko) Chrome/146.0.0.0 Safari/537.36"
178.226.142.8 - - [15/Apr/2026:14:05:39 +0000] "GET /wp-content/gallery/roxys-playground-10-15-09/thumbs/thumbs-DSC_1131.JPG HTTP/1.1" 200 31900 "https://www.drivenbyboredom.com/posts/" "Mozilla/5.0 (X11; CrOS x86_64 14541.0.0) AppleWebKit/537.36 (KHTML, like Gecko) Chrome/146.0.0.0 Safari/537.36"
178.226.142.8 - - [15/Apr/2026:14:05:39 +0000] "GET /wp-content/gallery/roxys-playground-10-15-09/thumbs/thumbs-DSC_1130.JPG HTTP/1.1" 200 33479 "https://www.drivenbyboredom.com/posts/" "Mozilla/5.0 (X11; CrOS x86_64 14541.0.0) AppleWebKit/537.36 (KHTML, like Gecko) Chrome/146.0.0.0 Safari/537.36"
178.226.142.8 - - [15/Apr/2026:14:05:39 +0000] "GET /wp-content/gallery/roxys-playground-10-15-09/thumbs/thumbs-DSC_1139.jpg HTTP/1.1" 200 56621 "https://www.drivenbyboredom.com/posts/" "Mozilla/5.0 (X11; CrOS x86_64 14541.0.0) AppleWebKit/537.36 (KHTML, like Gecko) Chrome/146.0.0.0 Safari/537.36"
178.226.142.8 - - [15/Apr/2026:14:05:39 +0000] "GET /wp-content/gallery/roxys-playground-10-15-09/thumbs/thumbs-DSC_1137.JPG HTTP/1.1" 200 30509 "https://www.drivenbyboredom.com/posts/" "Mozilla/5.0 (X11; CrOS x86_64 14541.0.0) AppleWebKit/537.36 (KHTML, like Gecko) Chrome/146.0.0.0 Safari/537.36"
178.226.142.8 - - [15/Apr/2026:14:05:39 +0000] "GET /wp-content/gallery/roxys-playground-10-15-09/thumbs/thumbs-DSC_1143.JPG HTTP/1.1" 200 24694 "https://www.drivenbyboredom.com/posts/" "Mozilla/5.0 (X11; CrOS x86_64 14541.0.0) AppleWebKit/537.36 (KHTML, like Gecko) Chrome/146.0.0.0 Safari/537.36"
178.226.142.8 - - [15/Apr/2026:14:05:39 +0000] "GET /wp-content/gallery/roxys-playground-10-15-09/thumbs/thumbs-DSC_1141.JPG HTTP/1.1" 200 45572 "https://www.drivenbyboredom.com/posts/" "Mozilla/5.0 (X11; CrOS x86_64 14541.0.0) AppleWebKit/537.36 (KHTML, like Gecko) Chrome/146.0.0.0 Safari/537.36"
178.226.142.8 - - [15/Apr/2026:14:05:39 +0000] "GET /wp-content/gallery/roxys-playground-10-15-09/thumbs/thumbs-DSC_1146.JPG HTTP/1.1" 200 26106 "https://www.drivenbyboredom.com/posts/" "Mozilla/5.0 (X11; CrOS x86_64 14541.0.0) AppleWebKit/537.36 (KHTML, like Gecko) Chrome/146.0.0.0 Safari/537.36"
178.226.142.8 - - [15/Apr/2026:14:05:40 +0000] "GET /wp-content/gallery/roxys-playground-10-15-09/thumbs/thumbs-DSC_1147.jpg HTTP/1.1" 200 68767 "https://www.drivenbyboredom.com/posts/" "Mozilla/5.0 (X11; CrOS x86_64 14541.0.0) AppleWebKit/537.36 (KHTML, like Gecko) Chrome/146.0.0.0 Safari/537.36"
178.226.142.8 - - [15/Apr/2026:14:05:40 +0000] "GET /wp-content/gallery/roxys-playground-10-15-09/thumbs/thumbs-DSC_1153.jpg HTTP/1.1" 200 52490 "https://www.drivenbyboredom.com/posts/" "Mozilla/5.0 (X11; CrOS x86_64 14541.0.0) AppleWebKit/537.36 (KHTML, like Gecko) Chrome/146.0.0.0 Safari/537.36"
178.226.142.8 - - [15/Apr/2026:14:05:40 +0000] "GET /wp-content/gallery/roxys-playground-10-15-09/thumbs/thumbs-DSC_1150.JPG HTTP/1.1" 200 32157 "https://www.drivenbyboredom.com/posts/" "Mozilla/5.0 (X11; CrOS x86_64 14541.0.0) AppleWebKit/537.36 (KHTML, like Gecko) Chrome/146.0.0.0 Safari/537.36"
178.226.142.8 - - [15/Apr/2026:14:05:40 +0000] "GET /wp-content/gallery/roxys-playground-10-15-09/thumbs/thumbs-DSC_1157.JPG HTTP/1.1" 200 45636 "https://www.drivenbyboredom.com/posts/" "Mozilla/5.0 (X11; CrOS x86_64 14541.0.0) AppleWebKit/537.36 (KHTML, like Gecko) Chrome/146.0.0.0 Safari/537.36"
178.226.142.8 - - [15/Apr/2026:14:05:40 +0000] "GET /wp-content/gallery/roxys-playground-10-15-09/thumbs/thumbs-DSC_1158.JPG HTTP/1.1" 200 22097 "https://www.drivenbyboredom.com/posts/" "Mozilla/5.0 (X11; CrOS x86_64 14541.0.0) AppleWebKit/537.36 (KHTML, like Gecko) Chrome/146.0.0.0 Safari/537.36"
178.226.142.8 - - [15/Apr/2026:14:05:40 +0000] "GET /wp-content/gallery/roxys-playground-10-15-09/thumbs/thumbs-DSC_1163.JPG HTTP/1.1" 200 43843 "https://www.drivenbyboredom.com/posts/" "Mozilla/5.0 (X11; CrOS x86_64 14541.0.0) AppleWebKit/537.36 (KHTML, like Gecko) Chrome/146.0.0.0 Safari/537.36"
178.226.142.8 - - [15/Apr/2026:14:05:40 +0000] "GET /wp-content/gallery/roxys-playground-10-15-09/thumbs/thumbs-DSC_1162.JPG HTTP/1.1" 200 33650 "https://www.drivenbyboredom.com/posts/" "Mozilla/5.0 (X11; CrOS x86_64 14541.0.0) AppleWebKit/537.36 (KHTML, like Gecko) Chrome/146.0.0.0 Safari/537.36"
178.226.142.8 - - [15/Apr/2026:14:05:40 +0000] "GET /wp-content/uploads/2026/01/DSC_3119-2048x1366.jpg HTTP/1.1" 200 463761 "https://www.drivenbyboredom.com/posts/" "Mozilla/5.0 (X11; CrOS x86_64 14541.0.0) AppleWebKit/537.36 (KHTML, like Gecko) Chrome/146.0.0.0 Safari/537.36"
178.226.142.8 - - [15/Apr/2026:14:05:40 +0000] "GET /wp-content/gallery/2026-avn-awards-week/thumbs/thumbs-DSC_2569.JPG HTTP/1.1" 200 37980 "https://www.drivenbyboredom.com/posts/" "Mozilla/5.0 (X11; CrOS x86_64 14541.0.0) AppleWebKit/537.36 (KHTML, like Gecko) Chrome/146.0.0.0 Safari/537.36"
178.226.142.8 - - [15/Apr/2026:14:05:40 +0000] "GET /wp-content/gallery/2026-avn-awards-week/thumbs/thumbs-DSC_2563.JPG HTTP/1.1" 200 38017 "https://www.drivenbyboredom.com/posts/" "Mozilla/5.0 (X11; CrOS x86_64 14541.0.0) AppleWebKit/537.36 (KHTML, like Gecko) Chrome/146.0.0.0 Safari/537.36"
178.226.142.8 - - [15/Apr/2026:14:05:40 +0000] "GET /wp-content/gallery/2026-avn-awards-week/thumbs/thumbs-DSC_2567.JPG HTTP/1.1" 200 37871 "https://www.drivenbyboredom.com/posts/" "Mozilla/5.0 (X11; CrOS x86_64 14541.0.0) AppleWebKit/537.36 (KHTML, like Gecko) Chrome/146.0.0.0 Safari/537.36"
178.226.142.8 - - [15/Apr/2026:14:05:40 +0000] "GET /wp-content/gallery/2026-avn-awards-week/thumbs/thumbs-DSC_2582.JPG HTTP/1.1" 200 37162 "https://www.drivenbyboredom.com/posts/" "Mozilla/5.0 (X11; CrOS x86_64 14541.0.0) AppleWebKit/537.36 (KHTML, like Gecko) Chrome/146.0.0.0 Safari/537.36"
178.226.142.8 - - [15/Apr/2026:14:05:40 +0000] "GET /wp-content/gallery/2026-avn-awards-week/thumbs/thumbs-DSC_2575.JPG HTTP/1.1" 200 48140 "https://www.drivenbyboredom.com/posts/" "Mozilla/5.0 (X11; CrOS x86_64 14541.0.0) AppleWebKit/537.36 (KHTML, like Gecko) Chrome/146.0.0.0 Safari/537.36"
178.226.142.8 - - [15/Apr/2026:14:05:40 +0000] "GET /wp-content/gallery/2026-avn-awards-week/thumbs/thumbs-DSC_2571.JPG HTTP/1.1" 200 40240 "https://www.drivenbyboredom.com/posts/" "Mozilla/5.0 (X11; CrOS x86_64 14541.0.0) AppleWebKit/537.36 (KHTML, like Gecko) Chrome/146.0.0.0 Safari/537.36"
178.226.142.8 - - [15/Apr/2026:14:05:40 +0000] "GET /wp-content/gallery/2026-avn-awards-week/thumbs/thumbs-DSC_2595.JPG HTTP/1.1" 200 40134 "https://www.drivenbyboredom.com/posts/" "Mozilla/5.0 (X11; CrOS x86_64 14541.0.0) AppleWebKit/537.36 (KHTML, like Gecko) Chrome/146.0.0.0 Safari/537.36"
178.226.142.8 - - [15/Apr/2026:14:05:40 +0000] "GET /wp-content/gallery/2026-avn-awards-week/thumbs/thumbs-DSC_2589.JPG HTTP/1.1" 200 38002 "https://www.drivenbyboredom.com/posts/" "Mozilla/5.0 (X11; CrOS x86_64 14541.0.0) AppleWebKit/537.36 (KHTML, like Gecko) Chrome/146.0.0.0 Safari/537.36"
178.226.142.8 - - [15/Apr/2026:14:05:40 +0000] "GET /wp-content/gallery/2026-avn-awards-week/thumbs/thumbs-DSC_2596.JPG HTTP/1.1" 200 33972 "https://www.drivenbyboredom.com/posts/" "Mozilla/5.0 (X11; CrOS x86_64 14541.0.0) AppleWebKit/537.36 (KHTML, like Gecko) Chrome/146.0.0.0 Safari/537.36"
178.226.142.8 - - [15/Apr/2026:14:05:40 +0000] "GET /wp-content/gallery/2026-avn-awards-week/thumbs/thumbs-DSC_2599.JPG HTTP/1.1" 200 35915 "https://www.drivenbyboredom.com/posts/" "Mozilla/5.0 (X11; CrOS x86_64 14541.0.0) AppleWebKit/537.36 (KHTML, like Gecko) Chrome/146.0.0.0 Safari/537.36"
178.226.142.8 - - [15/Apr/2026:14:05:40 +0000] "GET /wp-content/gallery/2026-avn-awards-week/thumbs/thumbs-DSC_2587.JPG HTTP/1.1" 200 45178 "https://www.drivenbyboredom.com/posts/" "Mozilla/5.0 (X11; CrOS x86_64 14541.0.0) AppleWebKit/537.36 (KHTML, like Gecko) Chrome/146.0.0.0 Safari/537.36"
178.226.142.8 - - [15/Apr/2026:14:05:40 +0000] "GET /wp-content/gallery/2026-avn-awards-week/thumbs/thumbs-DSC_2600.JPG HTTP/1.1" 200 38275 "https://www.drivenbyboredom.com/posts/" "Mozilla/5.0 (X11; CrOS x86_64 14541.0.0) AppleWebKit/537.36 (KHTML, like Gecko) Chrome/146.0.0.0 Safari/537.36"
178.226.142.8 - - [15/Apr/2026:14:05:41 +0000] "GET /wp-content/gallery/2026-avn-awards-week/thumbs/thumbs-DSC_2601.JPG HTTP/1.1" 200 41790 "https://www.drivenbyboredom.com/posts/" "Mozilla/5.0 (X11; CrOS x86_64 14541.0.0) AppleWebKit/537.36 (KHTML, like Gecko) Chrome/146.0.0.0 Safari/537.36"
178.226.142.8 - - [15/Apr/2026:14:05:41 +0000] "GET /wp-content/gallery/2026-avn-awards-week/thumbs/thumbs-DSC_2605.JPG HTTP/1.1" 200 38064 "https://www.drivenbyboredom.com/posts/" "Mozilla/5.0 (X11; CrOS x86_64 14541.0.0) AppleWebKit/537.36 (KHTML, like Gecko) Chrome/146.0.0.0 Safari/537.36"
178.226.142.8 - - [15/Apr/2026:14:05:41 +0000] "GET /wp-content/gallery/2026-avn-awards-week/thumbs/thumbs-DSC_2611.JPG HTTP/1.1" 200 37356 "https://www.drivenbyboredom.com/posts/" "Mozilla/5.0 (X11; CrOS x86_64 14541.0.0) AppleWebKit/537.36 (KHTML, like Gecko) Chrome/146.0.0.0 Safari/537.36"
178.226.142.8 - - [15/Apr/2026:14:05:41 +0000] "GET /wp-content/gallery/2026-avn-awards-week/thumbs/thumbs-DSC_2609.JPG HTTP/1.1" 200 38689 "https://www.drivenbyboredom.com/posts/" "Mozilla/5.0 (X11; CrOS x86_64 14541.0.0) AppleWebKit/537.36 (KHTML, like Gecko) Chrome/146.0.0.0 Safari/537.36"
178.226.142.8 - - [15/Apr/2026:14:05:41 +0000] "GET /wp-content/gallery/2026-avn-awards-week/thumbs/thumbs-DSC_2608.JPG HTTP/1.1" 200 32678 "https://www.drivenbyboredom.com/posts/" "Mozilla/5.0 (X11; CrOS x86_64 14541.0.0) AppleWebKit/537.36 (KHTML, like Gecko) Chrome/146.0.0.0 Safari/537.36"
178.226.142.8 - - [15/Apr/2026:14:05:41 +0000] "GET /wp-content/gallery/2026-avn-awards-week/thumbs/thumbs-DSC_2614.JPG HTTP/1.1" 200 41362 "https://www.drivenbyboredom.com/posts/" "Mozilla/5.0 (X11; CrOS x86_64 14541.0.0) AppleWebKit/537.36 (KHTML, like Gecko) Chrome/146.0.0.0 Safari/537.36"
178.226.142.8 - - [15/Apr/2026:14:05:41 +0000] "GET /wp-content/gallery/2026-avn-awards-week/thumbs/thumbs-DSC_2619.JPG HTTP/1.1" 200 46201 "https://www.drivenbyboredom.com/posts/" "Mozilla/5.0 (X11; CrOS x86_64 14541.0.0) AppleWebKit/537.36 (KHTML, like Gecko) Chrome/146.0.0.0 Safari/537.36"
178.226.142.8 - - [15/Apr/2026:14:05:41 +0000] "GET /wp-content/gallery/2026-avn-awards-week/thumbs/thumbs-DSC_2632.JPG HTTP/1.1" 200 44445 "https://www.drivenbyboredom.com/posts/" "Mozilla/5.0 (X11; CrOS x86_64 14541.0.0) AppleWebKit/537.36 (KHTML, like Gecko) Chrome/146.0.0.0 Safari/537.36"
178.226.142.8 - - [15/Apr/2026:14:05:41 +0000] "GET /wp-content/gallery/2026-avn-awards-week/thumbs/thumbs-DSC_2627.JPG HTTP/1.1" 200 45557 "https://www.drivenbyboredom.com/posts/" "Mozilla/5.0 (X11; CrOS x86_64 14541.0.0) AppleWebKit/537.36 (KHTML, like Gecko) Chrome/146.0.0.0 Safari/537.36"
178.226.142.8 - - [15/Apr/2026:14:05:41 +0000] "GET /wp-content/gallery/2026-avn-awards-week/thumbs/thumbs-DSC_2626.JPG HTTP/1.1" 200 44465 "https://www.drivenbyboredom.com/posts/" "Mozilla/5.0 (X11; CrOS x86_64 14541.0.0) AppleWebKit/537.36 (KHTML, like Gecko) Chrome/146.0.0.0 Safari/537.36"
178.226.142.8 - - [15/Apr/2026:14:05:41 +0000] "GET /wp-content/gallery/2026-avn-awards-week/thumbs/thumbs-DSC_2623.JPG HTTP/1.1" 200 43542 "https://www.drivenbyboredom.com/posts/" "Mozilla/5.0 (X11; CrOS x86_64 14541.0.0) AppleWebKit/537.36 (KHTML, like Gecko) Chrome/146.0.0.0 Safari/537.36"
178.226.142.8 - - [15/Apr/2026:14:05:41 +0000] "GET /wp-content/gallery/2026-avn-awards-week/thumbs/thumbs-DSC_2633.JPG HTTP/1.1" 200 42503 "https://www.drivenbyboredom.com/posts/" "Mozilla/5.0 (X11; CrOS x86_64 14541.0.0) AppleWebKit/537.36 (KHTML, like Gecko) Chrome/146.0.0.0 Safari/537.36"
178.226.142.8 - - [15/Apr/2026:14:05:41 +0000] "GET /wp-content/gallery/riki-for-creem-magazine/thumbs/thumbs-63030015.JPG HTTP/1.1" 200 37350 "https://www.drivenbyboredom.com/posts/" "Mozilla/5.0 (X11; CrOS x86_64 14541.0.0) AppleWebKit/537.36 (KHTML, like Gecko) Chrome/146.0.0.0 Safari/537.36"
178.226.142.8 - - [15/Apr/2026:14:05:41 +0000] "GET /wp-content/gallery/riki-for-creem-magazine/thumbs/thumbs-63000020.JPG HTTP/1.1" 200 36804 "https://www.drivenbyboredom.com/posts/" "Mozilla/5.0 (X11; CrOS x86_64 14541.0.0) AppleWebKit/537.36 (KHTML, like Gecko) Chrome/146.0.0.0 Safari/537.36"
178.226.142.8 - - [15/Apr/2026:14:05:41 +0000] "GET /wp-content/gallery/riki-for-creem-magazine/thumbs/thumbs-63030006.JPG HTTP/1.1" 200 40419 "https://www.drivenbyboredom.com/posts/" "Mozilla/5.0 (X11; CrOS x86_64 14541.0.0) AppleWebKit/537.36 (KHTML, like Gecko) Chrome/146.0.0.0 Safari/537.36"
178.226.142.8 - - [15/Apr/2026:14:05:41 +0000] "GET /wp-content/gallery/riki-for-creem-magazine/thumbs/thumbs-63000007.JPG HTTP/1.1" 200 38116 "https://www.drivenbyboredom.com/posts/" "Mozilla/5.0 (X11; CrOS x86_64 14541.0.0) AppleWebKit/537.36 (KHTML, like Gecko) Chrome/146.0.0.0 Safari/537.36"
178.226.142.8 - - [15/Apr/2026:14:05:41 +0000] "GET /wp-content/gallery/riki-for-creem-magazine/thumbs/thumbs-63030003.JPG HTTP/1.1" 200 33428 "https://www.drivenbyboredom.com/posts/" "Mozilla/5.0 (X11; CrOS x86_64 14541.0.0) AppleWebKit/537.36 (KHTML, like Gecko) Chrome/146.0.0.0 Safari/537.36"
178.226.142.8 - - [15/Apr/2026:14:05:41 +0000] "GET /wp-content/gallery/riki-for-creem-magazine/thumbs/thumbs-63030004.JPG HTTP/1.1" 200 37198 "https://www.drivenbyboredom.com/posts/" "Mozilla/5.0 (X11; CrOS x86_64 14541.0.0) AppleWebKit/537.36 (KHTML, like Gecko) Chrome/146.0.0.0 Safari/537.36"
178.226.142.8 - - [15/Apr/2026:14:05:41 +0000] "GET /2026/02/27/maya-rue/ HTTP/1.1" 200 66880 "https://www.drivenbyboredom.com/" "Mozilla/5.0 (X11; CrOS x86_64 14541.0.0) AppleWebKit/537.36 (KHTML, like Gecko) Chrome/146.0.0.0 Safari/537.36"
178.226.142.8 - - [15/Apr/2026:14:05:41 +0000] "GET /wp-content/gallery/riki-for-creem-magazine/thumbs/thumbs-63030018.JPG HTTP/1.1" 200 33619 "https://www.drivenbyboredom.com/posts/" "Mozilla/5.0 (X11; CrOS x86_64 14541.0.0) AppleWebKit/537.36 (KHTML, like Gecko) Chrome/146.0.0.0 Safari/537.36"
178.226.142.8 - - [15/Apr/2026:14:05:41 +0000] "GET /wp-content/gallery/riki-for-creem-magazine/thumbs/thumbs-63030020.JPG HTTP/1.1" 200 37044 "https://www.drivenbyboredom.com/posts/" "Mozilla/5.0 (X11; CrOS x86_64 14541.0.0) AppleWebKit/537.36 (KHTML, like Gecko) Chrome/146.0.0.0 Safari/537.36"
178.226.142.8 - - [15/Apr/2026:14:05:41 +0000] "GET /wp-content/gallery/riki-for-creem-magazine/thumbs/thumbs-63030026.JPG HTTP/1.1" 200 35392 "https://www.drivenbyboredom.com/posts/" "Mozilla/5.0 (X11; CrOS x86_64 14541.0.0) AppleWebKit/537.36 (KHTML, like Gecko) Chrome/146.0.0.0 Safari/537.36"
178.226.142.8 - - [15/Apr/2026:14:05:41 +0000] "GET /wp-content/gallery/riki-for-creem-magazine/thumbs/thumbs-63040006.JPG HTTP/1.1" 200 29243 "https://www.drivenbyboredom.com/posts/" "Mozilla/5.0 (X11; CrOS x86_64 14541.0.0) AppleWebKit/537.36 (KHTML, like Gecko) Chrome/146.0.0.0 Safari/537.36"
178.226.142.8 - - [15/Apr/2026:14:05:41 +0000] "GET /wp-content/gallery/riki-for-creem-magazine/thumbs/thumbs-63040014.JPG HTTP/1.1" 200 34819 "https://www.drivenbyboredom.com/posts/" "Mozilla/5.0 (X11; CrOS x86_64 14541.0.0) AppleWebKit/537.36 (KHTML, like Gecko) Chrome/146.0.0.0 Safari/537.36"
178.226.142.8 - - [15/Apr/2026:14:05:41 +0000] "GET /wp-content/gallery/riki-for-creem-magazine/thumbs/thumbs-63040008.JPG HTTP/1.1" 200 40007 "https://www.drivenbyboredom.com/posts/" "Mozilla/5.0 (X11; CrOS x86_64 14541.0.0) AppleWebKit/537.36 (KHTML, like Gecko) Chrome/146.0.0.0 Safari/537.36"
178.226.142.8 - - [15/Apr/2026:14:05:41 +0000] "GET /wp-content/gallery/riki-for-creem-magazine/thumbs/thumbs-63040017.JPG HTTP/1.1" 200 0 "https://www.drivenbyboredom.com/posts/" "Mozilla/5.0 (X11; CrOS x86_64 14541.0.0) AppleWebKit/537.36 (KHTML, like Gecko) Chrome/146.0.0.0 Safari/537.36"
178.226.142.8 - - [15/Apr/2026:14:05:41 +0000] "GET /wp-content/plugins/nextgen-gallery/static/GalleryDisplay/video_play_overlay.css?ver=4.1.1 HTTP/1.1" 200 2392 "https://www.drivenbyboredom.com/2026/02/27/maya-rue/" "Mozilla/5.0 (X11; CrOS x86_64 14541.0.0) AppleWebKit/537.36 (KHTML, like Gecko) Chrome/146.0.0.0 Safari/537.36"
178.226.142.8 - - [15/Apr/2026:14:05:41 +0000] "GET /wp-content/plugins/nextgen-gallery/static/Lightbox/nextgen_video.css?ver=4.1.1 HTTP/1.1" 200 3604 "https://www.drivenbyboredom.com/2026/02/27/maya-rue/" "Mozilla/5.0 (X11; CrOS x86_64 14541.0.0) AppleWebKit/537.36 (KHTML, like Gecko) Chrome/146.0.0.0 Safari/537.36"
178.226.142.8 - - [15/Apr/2026:14:05:41 +0000] "GET /wp-content/plugins/nextgen-gallery/static/GalleryDisplay/trigger_buttons.css?ver=4.1.1 HTTP/1.1" 200 896 "https://www.drivenbyboredom.com/2026/02/27/maya-rue/" "Mozilla/5.0 (X11; CrOS x86_64 14541.0.0) AppleWebKit/537.36 (KHTML, like Gecko) Chrome/146.0.0.0 Safari/537.36"
178.226.142.8 - - [15/Apr/2026:14:05:41 +0000] "GET /wp-content/plugins/nextgen-gallery/static/Lightbox/simplelightbox/simple-lightbox.css?ver=4.1.1 HTTP/1.1" 200 5491 "https://www.drivenbyboredom.com/2026/02/27/maya-rue/" "Mozilla/5.0 (X11; CrOS x86_64 14541.0.0) AppleWebKit/537.36 (KHTML, like Gecko) Chrome/146.0.0.0 Safari/537.36"
178.226.142.8 - - [15/Apr/2026:14:05:42 +0000] "GET /wp-content/plugins/nextgen-gallery/static/Lightbox/nextgen_tiktok.css?ver=4.1.1 HTTP/1.1" 200 8400 "https://www.drivenbyboredom.com/2026/02/27/maya-rue/" "Mozilla/5.0 (X11; CrOS x86_64 14541.0.0) AppleWebKit/537.36 (KHTML, like Gecko) Chrome/146.0.0.0 Safari/537.36"
178.226.142.8 - - [15/Apr/2026:14:05:42 +0000] "GET /wp-content/plugins/nextgen-gallery/static/FontAwesome/css/v4-shims.min.css?ver=4.1.1 HTTP/1.1" 200 27593 "https://www.drivenbyboredom.com/2026/02/27/maya-rue/" "Mozilla/5.0 (X11; CrOS x86_64 14541.0.0) AppleWebKit/537.36 (KHTML, like Gecko) Chrome/146.0.0.0 Safari/537.36"
178.226.142.8 - - [15/Apr/2026:14:05:42 +0000] "GET /wp-content/plugins/nextgen-gallery/static/FontAwesome/css/all.min.css?ver=4.1.1 HTTP/1.1" 200 102641 "https://www.drivenbyboredom.com/2026/02/27/maya-rue/" "Mozilla/5.0 (X11; CrOS x86_64 14541.0.0) AppleWebKit/537.36 (KHTML, like Gecko) Chrome/146.0.0.0 Safari/537.36"
178.226.142.8 - - [15/Apr/2026:14:05:42 +0000] "GET /wp-content/plugins/nextgen-gallery/static/GalleryDisplay/pagination_style.css?ver=4.1.1 HTTP/1.1" 200 1668 "https://www.drivenbyboredom.com/2026/02/27/maya-rue/" "Mozilla/5.0 (X11; CrOS x86_64 14541.0.0) AppleWebKit/537.36 (KHTML, like Gecko) Chrome/146.0.0.0 Safari/537.36"
178.226.142.8 - - [15/Apr/2026:14:05:42 +0000] "GET /wp-content/plugins/nextgen-gallery/static/Thumbnails/nextgen_basic_thumbnails.css?ver=4.1.1 HTTP/1.1" 200 8072 "https://www.drivenbyboredom.com/2026/02/27/maya-rue/" "Mozilla/5.0 (X11; CrOS x86_64 14541.0.0) AppleWebKit/537.36 (KHTML, like Gecko) Chrome/146.0.0.0 Safari/537.36"
178.226.142.8 - - [15/Apr/2026:14:05:42 +0000] "GET /wp-content/themes/driven-by-boredom/style.css?ver=1.0.0 HTTP/1.1" 200 16260 "https://www.drivenbyboredom.com/2026/02/27/maya-rue/" "Mozilla/5.0 (X11; CrOS x86_64 14541.0.0) AppleWebKit/537.36 (KHTML, like Gecko) Chrome/146.0.0.0 Safari/537.36"
178.226.142.8 - - [15/Apr/2026:14:05:42 +0000] "GET /wp-content/themes/driven-by-boredom/elevate.css?ver=1.0.0 HTTP/1.1" 200 11660 "https://www.drivenbyboredom.com/2026/02/27/maya-rue/" "Mozilla/5.0 (X11; CrOS x86_64 14541.0.0) AppleWebKit/537.36 (KHTML, like Gecko) Chrome/146.0.0.0 Safari/537.36"
178.226.142.8 - - [15/Apr/2026:14:05:42 +0000] "GET /wp-content/themes/driven-by-boredom/dbb.css?ver=1.0.0 HTTP/1.1" 200 5314 "https://www.drivenbyboredom.com/2026/02/27/maya-rue/" "Mozilla/5.0 (X11; CrOS x86_64 14541.0.0) AppleWebKit/537.36 (KHTML, like Gecko) Chrome/146.0.0.0 Safari/537.36"
178.226.142.8 - - [15/Apr/2026:14:05:42 +0000] "GET /wp-includes/js/jquery/jquery.min.js?ver=3.7.1 HTTP/1.1" 200 87553 "https://www.drivenbyboredom.com/2026/02/27/maya-rue/" "Mozilla/5.0 (X11; CrOS x86_64 14541.0.0) AppleWebKit/537.36 (KHTML, like Gecko) Chrome/146.0.0.0 Safari/537.36"
178.226.142.8 - - [15/Apr/2026:14:05:42 +0000] "GET /wp-includes/js/jquery/jquery-migrate.min.js?ver=3.4.1 HTTP/1.1" 200 13577 "https://www.drivenbyboredom.com/2026/02/27/maya-rue/" "Mozilla/5.0 (X11; CrOS x86_64 14541.0.0) AppleWebKit/537.36 (KHTML, like Gecko) Chrome/146.0.0.0 Safari/537.36"
178.226.142.8 - - [15/Apr/2026:14:05:42 +0000] "GET /wp-content/plugins/nextgen-gallery/static/Legacy/ajax.min.js?ver=4.1.1 HTTP/1.1" 200 2782 "https://www.drivenbyboredom.com/2026/02/27/maya-rue/" "Mozilla/5.0 (X11; CrOS x86_64 14541.0.0) AppleWebKit/537.36 (KHTML, like Gecko) Chrome/146.0.0.0 Safari/537.36"
178.226.142.8 - - [15/Apr/2026:14:05:42 +0000] "GET /wp-content/plugins/nextgen-gallery/static/FontAwesome/js/v4-shims.min.js?ver=5.3.1 HTTP/1.1" 200 27657 "https://www.drivenbyboredom.com/2026/02/27/maya-rue/" "Mozilla/5.0 (X11; CrOS x86_64 14541.0.0) AppleWebKit/537.36 (KHTML, like Gecko) Chrome/146.0.0.0 Safari/537.36"
178.226.142.8 - - [15/Apr/2026:14:05:42 +0000] "GET /wp-content/plugins/nextgen-gallery/static/Thumbnails/nextgen_basic_thumbnails.js?ver=4.1.1 HTTP/1.1" 200 2277 "https://www.drivenbyboredom.com/2026/02/27/maya-rue/" "Mozilla/5.0 (X11; CrOS x86_64 14541.0.0) AppleWebKit/537.36 (KHTML, like Gecko) Chrome/146.0.0.0 Safari/537.36"
178.226.142.8 - - [15/Apr/2026:14:05:42 +0000] "GET /wp-content/plugins/nextgen-gallery/static/Thumbnails/ajax_pagination.js?ver=4.1.1 HTTP/1.1" 200 2299 "https://www.drivenbyboredom.com/2026/02/27/maya-rue/" "Mozilla/5.0 (X11; CrOS x86_64 14541.0.0) AppleWebKit/537.36 (KHTML, like Gecko) Chrome/146.0.0.0 Safari/537.36"
178.226.142.8 - - [15/Apr/2026:14:05:42 +0000] "GET /wp-content/plugins/nextgen-gallery/static/GalleryDisplay/common.js?ver=4.1.1 HTTP/1.1" 200 8713 "https://www.drivenbyboredom.com/2026/02/27/maya-rue/" "Mozilla/5.0 (X11; CrOS x86_64 14541.0.0) AppleWebKit/537.36 (KHTML, like Gecko) Chrome/146.0.0.0 Safari/537.36"
178.226.142.8 - - [15/Apr/2026:14:05:42 +0000] "GET /wp-content/plugins/nextgen-gallery/static/Lightbox/ngg-tiktok-video.js?ver=4.1.1 HTTP/1.1" 200 17586 "https://www.drivenbyboredom.com/2026/02/27/maya-rue/" "Mozilla/5.0 (X11; CrOS x86_64 14541.0.0) AppleWebKit/537.36 (KHTML, like Gecko) Chrome/146.0.0.0 Safari/537.36"
178.226.142.8 - - [15/Apr/2026:14:05:42 +0000] "GET /wp-content/plugins/nextgen-gallery/static/Lightbox/nextgen_video_helper.js?ver=4.1.1 HTTP/1.1" 200 26474 "https://www.drivenbyboredom.com/2026/02/27/maya-rue/" "Mozilla/5.0 (X11; CrOS x86_64 14541.0.0) AppleWebKit/537.36 (KHTML, like Gecko) Chrome/146.0.0.0 Safari/537.36"
178.226.142.8 - - [15/Apr/2026:14:05:42 +0000] "GET /wp-content/plugins/nextgen-gallery/static/Lightbox/nextgen_tiktok_helper.js?ver=4.1.1 HTTP/1.1" 200 12486 "https://www.drivenbyboredom.com/2026/02/27/maya-rue/" "Mozilla/5.0 (X11; CrOS x86_64 14541.0.0) AppleWebKit/537.36 (KHTML, like Gecko) Chrome/146.0.0.0 Safari/537.36"
178.226.142.8 - - [15/Apr/2026:14:05:42 +0000] "GET /wp-content/plugins/nextgen-gallery/static/Lightbox/simplelightbox/simple-lightbox.js?ver=4.1.1 HTTP/1.1" 200 64334 "https://www.drivenbyboredom.com/2026/02/27/maya-rue/" "Mozilla/5.0 (X11; CrOS x86_64 14541.0.0) AppleWebKit/537.36 (KHTML, like Gecko) Chrome/146.0.0.0 Safari/537.36"
178.226.142.8 - - [15/Apr/2026:14:05:42 +0000] "GET /wp-content/plugins/nextgen-gallery/static/Lightbox/lightbox_context.js?ver=4.1.1 HTTP/1.1" 200 971 "https://www.drivenbyboredom.com/2026/02/27/maya-rue/" "Mozilla/5.0 (X11; CrOS x86_64 14541.0.0) AppleWebKit/537.36 (KHTML, like Gecko) Chrome/146.0.0.0 Safari/537.36"
178.226.142.8 - - [15/Apr/2026:14:05:42 +0000] "GET /wp-content/plugins/nextgen-gallery/static/Lightbox/simplelightbox/nextgen_simple_lightbox_init.js?ver=4.1.1 HTTP/1.1" 200 10296 "https://www.drivenbyboredom.com/2026/02/27/maya-rue/" "Mozilla/5.0 (X11; CrOS x86_64 14541.0.0) AppleWebKit/537.36 (KHTML, like Gecko) Chrome/146.0.0.0 Safari/537.36"
178.226.142.8 - - [15/Apr/2026:14:05:42 +0000] "GET /wp-content/themes/driven-by-boredom/js/navigation.js?ver=1.0.0 HTTP/1.1" 200 2980 "https://www.drivenbyboredom.com/2026/02/27/maya-rue/" "Mozilla/5.0 (X11; CrOS x86_64 14541.0.0) AppleWebKit/537.36 (KHTML, like Gecko) Chrome/146.0.0.0 Safari/537.36"
46.203.236.64 - - [15/Apr/2026:14:05:43 +0000] "GET /wp-content/gallery/2018-adult-entertainment-expo/2018-aee-92.JPG HTTP/1.1" 404 28949 "-" "Mozilla/5.0 (compatible; crawler)"
178.226.142.8 - - [15/Apr/2026:14:05:44 +0000] "GET /wp-content/plugins/nextgen-gallery/static/FontAwesome/js/all.min.js?ver=5.3.1 HTTP/1.1" 200 1485776 "https://www.drivenbyboredom.com/2026/02/27/maya-rue/" "Mozilla/5.0 (X11; CrOS x86_64 14541.0.0) AppleWebKit/537.36 (KHTML, like Gecko) Chrome/146.0.0.0 Safari/537.36"
95.108.213.244 - - [15/Apr/2026:14:05:44 +0000] "GET /dbb-gallery/Weekly%20Parties/Rated%20X%20@%20Luke%20And%20Leroy's%20(NSFW)/6.20.09/slides/bye-bye-rated-x-15.JPG HTTP/1.1" 404 28949 "-" "Mozilla/5.0 (compatible; YandexBot/3.0; +http://yandex.com/bots)"
178.226.142.8 - - [15/Apr/2026:14:05:44 +0000] "GET /wp-content/themes/driven-by-boredom/favicon/favicon-32x32.png HTTP/1.1" 200 1382 "https://www.drivenbyboredom.com/2026/02/27/maya-rue/" "Mozilla/5.0 (X11; CrOS x86_64 14541.0.0) AppleWebKit/537.36 (KHTML, like Gecko) Chrome/146.0.0.0 Safari/537.36"
135.181.166.38 - - [15/Apr/2026:14:05:46 +0000] "GET /2025/08/18/2025-gathering-of-the-juggalos-day-2/ HTTP/1.1" 200 84780 "-" "Mozilla/5.0 (compatible; SERankingBacklinksBot/1.0; +https://seranking.com/backlinks-crawler)"
178.226.142.8 - - [15/Apr/2026:14:05:46 +0000] "GET / HTTP/1.1" 200 37961 "https://www.google.com/" "Mozilla/5.0 (X11; CrOS x86_64 14541.0.0) AppleWebKit/537.36 (KHTML, like Gecko) Chrome/146.0.0.0 Safari/537.36"
178.226.142.8 - - [15/Apr/2026:14:05:47 +0000] "GET /wp-content/themes/driven-by-boredom/js/navigation.js?ver=1.0.0 HTTP/1.1" 200 2980 "https://www.drivenbyboredom.com/" "Mozilla/5.0 (X11; CrOS x86_64 14541.0.0) AppleWebKit/537.36 (KHTML, like Gecko) Chrome/146.0.0.0 Safari/537.36"
178.226.142.8 - - [15/Apr/2026:14:05:47 +0000] "GET /wp-content/themes/driven-by-boredom/dbb.css?ver=1.0.0 HTTP/1.1" 200 5314 "https://www.drivenbyboredom.com/" "Mozilla/5.0 (X11; CrOS x86_64 14541.0.0) AppleWebKit/537.36 (KHTML, like Gecko) Chrome/146.0.0.0 Safari/537.36"
178.226.142.8 - - [15/Apr/2026:14:05:47 +0000] "GET /wp-content/themes/driven-by-boredom/style.css?ver=1.0.0 HTTP/1.1" 200 16260 "https://www.drivenbyboredom.com/" "Mozilla/5.0 (X11; CrOS x86_64 14541.0.0) AppleWebKit/537.36 (KHTML, like Gecko) Chrome/146.0.0.0 Safari/537.36"
178.226.142.8 - - [15/Apr/2026:14:05:47 +0000] "GET /wp-content/themes/driven-by-boredom/elevate.css?ver=1.0.0 HTTP/1.1" 200 11660 "https://www.drivenbyboredom.com/" "Mozilla/5.0 (X11; CrOS x86_64 14541.0.0) AppleWebKit/537.36 (KHTML, like Gecko) Chrome/146.0.0.0 Safari/537.36"
178.226.142.8 - - [15/Apr/2026:14:05:47 +0000] "GET /wp-content/themes/driven-by-boredom/favicon/favicon-32x32.png HTTP/1.1" 200 1382 "https://www.drivenbyboredom.com/" "Mozilla/5.0 (X11; CrOS x86_64 14541.0.0) AppleWebKit/537.36 (KHTML, like Gecko) Chrome/146.0.0.0 Safari/537.36"
135.181.166.38 - - [15/Apr/2026:14:05:57 +0000] "GET /2025/08/18/2025-gathering-of-the-juggalos-day-2/ HTTP/1.1" 200 84780 "-" "Mozilla/5.0 (compatible; SERankingBacklinksBot/1.0; +https://seranking.com/backlinks-crawler)"
205.234.228.173 - - [15/Apr/2026:14:06:01 +0000] "GET /wp-content/gallery/brooklyn-bowl-family-reunion/brooklyn-bowl-family-reunion-155.JPG HTTP/1.1" 404 28949 "-" "Mozilla/5.0 (Macintosh; Intel Mac OS X 10_15_7) AppleWebKit/537.36 (KHTML, like Gecko) Chrome/142.0.0.0 Safari/537.36"
104.252.210.19 - - [15/Apr/2026:14:06:08 +0000] "GET /wp-content/gallery/kirra/kirra-38.JPG HTTP/1.1" 404 28949 "-" "Mozilla/5.0 (compatible; crawler)"
135.181.166.38 - - [15/Apr/2026:14:06:10 +0000] "GET /2025/08/18/2025-gathering-of-the-juggalos-day-2/ HTTP/1.1" 200 84780 "-" "Mozilla/5.0 (compatible; SERankingBacklinksBot/1.0; +https://seranking.com/backlinks-crawler)"
38.30.253.46 - - [15/Apr/2026:14:06:13 +0000] "GET /dbb-gallery/Special%20Events%20and%20Monthly%20Parties/Out%20Of%20Town%20Parties/2012%20Philadelphia%20Tattoo%20Arts%20Convention%20@%20Pennsylvania%20Convention%20Center%20-%20Philadelphia,%20PA%20-%20February%202012%20(NSFW)/thumbs/philly-tattoo-convention-44.JPG HTTP/1.1" 301 0 "-" "Mozilla/5.0 (compatible; crawler)"
45.91.90.24 - - [15/Apr/2026:14:06:19 +0000] "GET /dbb-gallery/Special%20Events%20and%20Monthly%20Parties/Out%20Of%20Town%20Parties/2012%20Philadelphia%20Tattoo%20Arts%20Convention%20@%20Pennsylvania%20Convention%20Center%20-%20Philadelphia,%20PA%20-%20February%202012%20(NSFW)/thumbs/philly-tattoo-convention-44.JPG HTTP/1.1" 404 28949 "-" "Mozilla/5.0 (compatible; crawler)"
87.250.224.114 - - [15/Apr/2026:14:06:22 +0000] "GET /robots.txt HTTP/1.1" 200 82 "-" "Mozilla/5.0 (compatible; YandexBot/3.0; +http://yandex.com/bots)"
135.181.166.38 - - [15/Apr/2026:14:06:22 +0000] "GET /2025/08/18/2025-gathering-of-the-juggalos-day-2/ HTTP/1.1" 200 84780 "-" "Mozilla/5.0 (compatible; SERankingBacklinksBot/1.0; +https://seranking.com/backlinks-crawler)"
95.108.213.169 - - [15/Apr/2026:14:06:23 +0000] "GET /dbb-gallery/Weekly%20Parties/Rated%20X%20@%20Luke%20And%20Leroy's%20(NSFW)/6.20.09/slides/bye-bye-rated-x-15.JPG HTTP/1.1" 404 28949 "-" "Mozilla/5.0 (compatible; YandexImages/3.0; +http://yandex.com/bots)"
135.181.166.38 - - [15/Apr/2026:14:06:35 +0000] "GET /2025/08/18/2025-gathering-of-the-juggalos-day-2/ HTTP/1.1" 200 84780 "-" "Mozilla/5.0 (compatible; SERankingBacklinksBot/1.0; +https://seranking.com/backlinks-crawler)"
51.161.65.171 - - [15/Apr/2026:14:06:38 +0000] "GET /wp-content/gallery/35mm-photo-dump/09760005.JPG_backup HTTP/1.1" 200 12479735 "-" "Mozilla/5.0 (compatible; AhrefsBot/7.0; +http://ahrefs.com/robot/)"
52.167.144.209 - - [15/Apr/2026:14:06:43 +0000] "GET /?s=sladoled+od+sargarepe HTTP/1.1" 200 38883 "-" "Mozilla/5.0 AppleWebKit/537.36 (KHTML, like Gecko; compatible; bingbot/2.0; +http://www.bing.com/bingbot.htm) Chrome/116.0.1938.76 Safari/537.36"
145.223.131.191 - - [15/Apr/2026:14:06:45 +0000] "GET /wp-content/uploads/2013/02/victor-varnado-heather-fink.jpeg HTTP/1.1" 404 28949 "-" "Mozilla/5.0 (Linux; Android 13; Pixel 7) AppleWebKit/537.36 (KHTML, like Gecko) Chrome/131.0.0.0 Mobile Safari/537.36"
135.181.166.38 - - [15/Apr/2026:14:06:45 +0000] "GET /2025/08/18/2025-gathering-of-the-juggalos-day-2/ HTTP/1.1" 200 84780 "-" "Mozilla/5.0 (compatible; SERankingBacklinksBot/1.0; +https://seranking.com/backlinks-crawler)"
38.33.146.208 - - [15/Apr/2026:14:06:48 +0000] "GET /dbb-gallery/Special%20Events%20and%20Monthly%20Parties/Everybody%20Paddles%20Book%20Release%20@%20Salon%20Millesime%20-%202.26.14/thumbs/everybody-paddles-10.JPG HTTP/1.1" 404 28949 "-" "Mozilla/5.0 (compatible; crawler)"
135.181.166.38 - - [15/Apr/2026:14:06:56 +0000] "GET /2025/08/18/2025-gathering-of-the-juggalos-day-2/ HTTP/1.1" 200 84780 "-" "Mozilla/5.0 (compatible; SERankingBacklinksBot/1.0; +https://seranking.com/backlinks-crawler)"
51.68.111.242 - - [15/Apr/2026:14:07:01 +0000] "GET / HTTP/1.1" 200 37961 "-" "Mozilla/5.0 (compatible; MJ12bot/v2.0.5; http://mj12bot.com/)"
47.128.56.34 - - [15/Apr/2026:14:07:02 +0000] "GET /2025/08/18/2025-gathering-of-the-juggalos-day-2/ HTTP/1.1" 200 84780 "-" "Mozilla/5.0 (Linux; Android 5.0) AppleWebKit/537.36 (KHTML, like Gecko) Mobile Safari/537.36 (compatible; Bytespider; spider-feedback@bytedance.com)"
135.181.166.38 - - [15/Apr/2026:14:07:06 +0000] "GET /2025/08/18/2025-gathering-of-the-juggalos-day-2/ HTTP/1.1" 200 84780 "-" "Mozilla/5.0 (compatible; SERankingBacklinksBot/1.0; +https://seranking.com/backlinks-crawler)"
46.203.64.146 - - [15/Apr/2026:14:07:08 +0000] "GET /dbb-gallery/Special%20Events%20and%20Monthly%20Parties/Out%20Of%20Town%20Parties/Carnival%20@%20Suite%20B%20Lounge%20-%20Orlando,%20Fl%20-%204.2.08/thumbs/carnival-forever-405.JPG HTTP/1.1" 404 28949 "-" "Mozilla/5.0 (compatible; crawler)"
47.128.56.34 - - [15/Apr/2026:14:07:15 +0000] "GET /wp-content/plugins/nextgen-gallery/static/Lightbox/simplelightbox/simple-lightbox.js?ver=4.1.1 HTTP/1.1" 200 64334 "https://www.drivenbyboredom.com/2025/08/18/2025-gathering-of-the-juggalos-day-2/" "Mozilla/5.0 (Linux; Android 5.0) AppleWebKit/537.36 (KHTML, like Gecko) Mobile Safari/537.36 (compatible; Bytespider; spider-feedback@bytedance.com)"
135.181.166.38 - - [15/Apr/2026:14:07:16 +0000] "GET /2025/08/18/2025-gathering-of-the-juggalos-day-2/ HTTP/1.1" 200 84780 "-" "Mozilla/5.0 (compatible; SERankingBacklinksBot/1.0; +https://seranking.com/backlinks-crawler)"
47.128.56.34 - - [15/Apr/2026:14:07:17 +0000] "GET /wp-content/plugins/nextgen-gallery/static/FontAwesome/js/all.min.js?ver=5.3.1 HTTP/1.1" 200 1485776 "https://www.drivenbyboredom.com/2025/08/18/2025-gathering-of-the-juggalos-day-2/" "Mozilla/5.0 (Linux; Android 5.0) AppleWebKit/537.36 (KHTML, like Gecko) Mobile Safari/537.36 (compatible; Bytespider; spider-feedback@bytedance.com)"
135.181.166.38 - - [15/Apr/2026:14:07:28 +0000] "GET /2025/08/18/2025-gathering-of-the-juggalos-day-2/ HTTP/1.1" 200 84780 "-" "Mozilla/5.0 (compatible; SERankingBacklinksBot/1.0; +https://seranking.com/backlinks-crawler)"
82.153.67.173 - - [15/Apr/2026:14:07:34 +0000] "GET /dbb-gallery/Random%20Stuff/Glamour%20Garage%20Shots/thumbs/glamour-garage-130.JPG HTTP/1.1" 404 28949 "-" "Mozilla/5.0 (compatible; crawler)"
135.181.166.38 - - [15/Apr/2026:14:07:41 +0000] "GET /2025/08/18/2025-gathering-of-the-juggalos-day-2/ HTTP/1.1" 200 84780 "-" "Mozilla/5.0 (compatible; SERankingBacklinksBot/1.0; +https://seranking.com/backlinks-crawler)"
181.215.51.56 - - [15/Apr/2026:14:07:42 +0000] "GET /dbb-gallery/Weekly%20Parties/Girls%20&%20Boys%20@%20Arlo%20&%20Esme/8.28.09/thumbs/moon-walking-ninjas-167.JPG HTTP/1.1" 404 28949 "-" "Mozilla/5.0 (compatible; crawler)"
145.223.132.34 - - [15/Apr/2026:14:07:43 +0000] "GET /2009/10/01/hatchback-photo-booth/ HTTP/1.1" 404 28949 "-" "Mozilla/5.0 (Macintosh; Intel Mac OS X 10_15_7) AppleWebKit/537.36 (KHTML, like Gecko) Chrome/120.0.0.0 Safari/537.36"
138.2.236.124 - - [15/Apr/2026:14:07:49 +0000] "GET /wp-content/uploads/2015/03/DSC_4556.jpg HTTP/1.1" 404 28949 "-" "Mozilla/5.0 (X11; Linux x86_64) AppleWebKit/537.36 (KHTML, like Gecko) Chrome/120.0.0.0 Safari/537.36"
133.125.102.51 - - [15/Apr/2026:14:07:50 +0000] "GET /wp-content/uploads/2020/03/damia-6.jpg HTTP/1.1" 404 28949 "-" "Mozilla/5.0 (X11; Ubuntu; Linux x86_64; rv:72.0) Gecko/20100101 Firefox/72.0"
133.125.102.51 - - [15/Apr/2026:14:07:50 +0000] "GET /wp-content/uploads/2020/03/damia-27.jpg HTTP/1.1" 404 28949 "-" "Mozilla/5.0 (X11; Ubuntu; Linux x86_64; rv:72.0) Gecko/20100101 Firefox/72.0"
133.125.102.51 - - [15/Apr/2026:14:07:50 +0000] "GET /wp-content/uploads/2020/03/damia-32.jpg HTTP/1.1" 404 28949 "-" "Mozilla/5.0 (X11; Ubuntu; Linux x86_64; rv:72.0) Gecko/20100101 Firefox/72.0"
133.125.102.51 - - [15/Apr/2026:14:07:50 +0000] "GET /wp-content/uploads/2020/03/damia-4.jpg HTTP/1.1" 404 28949 "-" "Mozilla/5.0 (X11; Ubuntu; Linux x86_64; rv:72.0) Gecko/20100101 Firefox/72.0"
133.125.102.51 - - [15/Apr/2026:14:07:50 +0000] "GET /wp-content/uploads/2020/03/damia-35.jpg HTTP/1.1" 404 28949 "-" "Mozilla/5.0 (X11; Ubuntu; Linux x86_64; rv:72.0) Gecko/20100101 Firefox/72.0"
135.181.166.38 - - [15/Apr/2026:14:07:52 +0000] "GET /2025/08/18/2025-gathering-of-the-juggalos-day-2/ HTTP/1.1" 200 84780 "-" "Mozilla/5.0 (compatible; SERankingBacklinksBot/1.0; +https://seranking.com/backlinks-crawler)"
135.181.166.38 - - [15/Apr/2026:14:08:03 +0000] "GET /2025/08/18/2025-gathering-of-the-juggalos-day-2/ HTTP/1.1" 200 84780 "-" "Mozilla/5.0 (compatible; SERankingBacklinksBot/1.0; +https://seranking.com/backlinks-crawler)"
116.179.32.41 - - [15/Apr/2026:14:08:03 +0000] "GET /wp-content/gallery/35mm-photo-dump/09730003.JPG HTTP/1.1" 200 2623566 "-" "Baiduspider-image+(+http://www.baidu.com/search/spider.htm)"
74.7.230.9 - - [15/Apr/2026:14:08:03 +0000] "GET /2025/08/18/2025-gathering-of-the-juggalos-day-2/ HTTP/1.1" 200 84780 "http://buenaomala.com/robots.txt" "Mozilla/5.0 (Macintosh; Intel Mac OS X 10_15_7) AppleWebKit/537.36 (KHTML, like Gecko) Chrome/131.0.0.0 Safari/537.36; compatible; OAI-SearchBot/1.3; robots.txt; +https://openai.com/searchbot"
47.128.16.172 - - [15/Apr/2026:14:08:04 +0000] "GET /2025/08/18/2025-gathering-of-the-juggalos-day-2/ HTTP/1.1" 200 84780 "-" "Mozilla/5.0 (Linux; Android 5.0) AppleWebKit/537.36 (KHTML, like Gecko) Mobile Safari/537.36 (compatible; TikTokSpider; ttspider-feedback@tiktok.com)"
47.128.56.66 - - [15/Apr/2026:14:08:05 +0000] "GET /dbb-gallery/Girls/Isabella%20Monella/slides/isabella-monella-153.html HTTP/1.1" 301 0 "-" "Mozilla/5.0 (compatible; Bytespider; spider-feedback@bytedance.com) AppleWebKit/537.36 (KHTML, like Gecko) Chrome/70.0.0.0 Safari/537.36"
47.128.56.66 - - [15/Apr/2026:14:08:06 +0000] "GET /dbb-gallery/Girls/Isabella%20Monella/slides/isabella-monella-153.html HTTP/1.1" 404 28949 "-" "Mozilla/5.0 (compatible; Bytespider; spider-feedback@bytedance.com) AppleWebKit/537.36 (KHTML, like Gecko) Chrome/70.0.0.0 Safari/537.36"
195.250.26.131 - - [15/Apr/2026:14:08:14 +0000] "POST /wp-cron.php?doing_wp_cron=1776262094.9384438991546630859375 HTTP/1.1" 200 0 "-" "WordPress/6.9.4; https://www.drivenbyboredom.com"
135.181.166.38 - - [15/Apr/2026:14:08:14 +0000] "GET /2025/08/18/2025-gathering-of-the-juggalos-day-2/ HTTP/1.1" 200 84780 "-" "Mozilla/5.0 (compatible; SERankingBacklinksBot/1.0; +https://seranking.com/backlinks-crawler)"
43.156.202.34 - - [15/Apr/2026:14:08:18 +0000] "GET / HTTP/1.1" 200 37961 "http://www.drivenbyboredom.com" "Mozilla/5.0 (iPhone; CPU iPhone OS 13_2_3 like Mac OS X) AppleWebKit/605.1.15 (KHTML, like Gecko) Version/13.0.3 Mobile/15E148 Safari/604.1"
156.242.100.61 - - [15/Apr/2026:14:08:25 +0000] "GET /dbb-gallery/Special%20Events%20and%20Monthly%20Parties/Out%20Of%20Town%20Parties/The%20Gathering%20Of%20The%20Juggalos%202010%20-%20Cave%20In%20Rock,%20IL/Misc/thumbs/gathering-of-the-juggalos-3195.JPG HTTP/1.1" 301 0 "-" "Mozilla/5.0 (compatible; crawler)"
135.181.166.38 - - [15/Apr/2026:14:08:27 +0000] "GET /2025/08/18/2025-gathering-of-the-juggalos-day-2/ HTTP/1.1" 200 84780 "-" "Mozilla/5.0 (compatible; SERankingBacklinksBot/1.0; +https://seranking.com/backlinks-crawler)"
107.173.169.251 - - [15/Apr/2026:14:08:28 +0000] "GET /wp-content/gallery/new-years-eve-2008-12-31-07/thumbs/thumbs-DSC_7622.jpg HTTP/1.1" 200 57007 "-" "Mozilla/5.0 (compatible; crawler)"
64.140.129.139 - - [15/Apr/2026:14:08:32 +0000] "GET /wp-content/gallery/april-oneil-shay-laren/april-oneil-shay-laren-41.JPG HTTP/1.1" 404 28949 "-" "Mozilla/5.0 (compatible; crawler)"
47.128.56.24 - - [15/Apr/2026:14:08:38 +0000] "GET /dbb-gallery/Girls/Shay%20Laren/slides/shay-laren-6.html HTTP/1.1" 301 0 "-" "Mozilla/5.0 (compatible; Bytespider; spider-feedback@bytedance.com) AppleWebKit/537.36 (KHTML, like Gecko) Chrome/70.0.0.0 Safari/537.36"
135.181.166.38 - - [15/Apr/2026:14:08:39 +0000] "GET /2025/08/18/2025-gathering-of-the-juggalos-day-2/ HTTP/1.1" 200 84780 "-" "Mozilla/5.0 (compatible; SERankingBacklinksBot/1.0; +https://seranking.com/backlinks-crawler)"
166.88.51.255 - - [15/Apr/2026:14:08:44 +0000] "GET /dbb-gallery/Special%20Events%20and%20Monthly%20Parties/Out%20Of%20Town%20Parties/South%20By%20Southwest%20-%20Austin,%20TX%20-%20March%202014/Sailor%20Jerry%20House%20@%20Gypsy%20Lounge/3.15.14/thumbs/sailor-jerry-house-836.JPG HTTP/1.1" 301 0 "-" "Mozilla/5.0 (compatible; crawler)"
47.128.56.24 - - [15/Apr/2026:14:08:44 +0000] "GET /dbb-gallery/Girls/Shay%20Laren/slides/shay-laren-6.html HTTP/1.1" 404 28949 "-" "Mozilla/5.0 (compatible; Bytespider; spider-feedback@bytedance.com) AppleWebKit/537.36 (KHTML, like Gecko) Chrome/70.0.0.0 Safari/537.36"
31.6.51.12 - - [15/Apr/2026:14:08:45 +0000] "GET /dbb-gallery/Weekly%20Parties/Trash%20@%20Rififi/X-Mas%20Photobooth%2012.18.09%20(NSFW)/thumbs/trashy-x-mas-photo-booth-565.JPG HTTP/1.1" 301 0 "-" "Mozilla/5.0 (compatible; crawler)"
46.202.20.242 - - [15/Apr/2026:14:08:46 +0000] "GET /dbb-gallery/Special%20Events%20and%20Monthly%20Parties/Out%20Of%20Town%20Parties/South%20By%20Southwest%20-%20Austin,%20TX%20-%20March%202014/Sailor%20Jerry%20House%20@%20Gypsy%20Lounge/3.15.14/thumbs/sailor-jerry-house-836.JPG HTTP/1.1" 404 28949 "-" "Mozilla/5.0 (compatible; crawler)"
38.33.150.193 - - [15/Apr/2026:14:08:47 +0000] "GET /dbb-gallery/Special%20Events%20and%20Monthly%20Parties/Out%20Of%20Town%20Parties/The%20Gathering%20Of%20The%20Juggalos%20-%20Cave%20In%20Rock,%20IL%20August%202012/Juggalo%20Portraits%20-%20NSFW/thumbs/gotj-sat-22.JPG HTTP/1.1" 301 0 "-" "Mozilla/5.0 (compatible; crawler)"
79.99.151.183 - - [15/Apr/2026:14:08:47 +0000] "GET /dbb-gallery/Weekly%20Parties/Trash%20@%20Rififi/X-Mas%20Photobooth%2012.18.09%20(NSFW)/thumbs/trashy-x-mas-photo-booth-565.JPG HTTP/1.1" 404 28949 "-" "Mozilla/5.0 (compatible; crawler)"
152.163.123.139 - - [15/Apr/2026:14:08:48 +0000] "GET /dbb-gallery/Special%20Events%20and%20Monthly%20Parties/Out%20Of%20Town%20Parties/The%20Gathering%20Of%20The%20Juggalos%20-%20Cave%20In%20Rock,%20IL%20August%202012/Juggalo%20Portraits%20-%20NSFW/thumbs/gotj-sat-22.JPG HTTP/1.1" 404 28949 "-" "Mozilla/5.0 (compatible; crawler)"
135.181.166.38 - - [15/Apr/2026:14:08:49 +0000] "GET /2025/08/18/2025-gathering-of-the-juggalos-day-2/ HTTP/1.1" 200 84780 "-" "Mozilla/5.0 (compatible; SERankingBacklinksBot/1.0; +https://seranking.com/backlinks-crawler)"
142.252.89.57 - - [15/Apr/2026:14:08:51 +0000] "GET /wp-content/gallery/hustler-club-vegas/hustler-club-vegas-165.JPG HTTP/1.1" 404 28949 "-" "Mozilla/5.0 (compatible; crawler)"
37.139.53.147 - - [15/Apr/2026:14:08:57 +0000] "GET /2025/08/18/2025-gathering-of-the-juggalos-day-2/ HTTP/1.0" 200 84766 "https://www.drivenbyboredom.com/2025/08/18/2025-gathering-of-the-juggalos-day-2/" "Mozilla/5.0 (Windows NT 10.0; Win64; x64) AppleWebKit/537.36 (KHTML, like Gecko) Chrome/130.0.0.0 Safari/537.36"
37.139.53.147 - - [15/Apr/2026:14:08:58 +0000] "GET /contact/ HTTP/1.0" 200 27090 "https://www.drivenbyboredom.com/contact/" "Mozilla/5.0 (Windows NT 10.0; Win64; x64) AppleWebKit/537.36 (KHTML, like Gecko) Chrome/130.0.0.0 Safari/537.36"
31.56.235.139 - - [15/Apr/2026:14:09:01 +0000] "GET /wp-content/gallery/rachel/rrw-36.JPG HTTP/1.1" 404 28949 "-" "Mozilla/5.0 (compatible; crawler)"
135.181.166.38 - - [15/Apr/2026:14:09:03 +0000] "GET /2025/08/18/2025-gathering-of-the-juggalos-day-2/ HTTP/1.1" 200 84780 "-" "Mozilla/5.0 (compatible; SERankingBacklinksBot/1.0; +https://seranking.com/backlinks-crawler)"
45.114.183.183 - - [15/Apr/2026:14:09:06 +0000] "GET /dbb-gallery/Special%20Events%20and%20Monthly%20Parties/The%20Arsenal%20Art%20Space%20Grand%20Opening%20@%20The%20Arsenal%20-%207.1.09/thumbs/armory-96.JPG HTTP/1.1" 404 28949 "-" "Mozilla/5.0 (compatible; crawler)"
222.80.214.7 - - [15/Apr/2026:14:09:09 +0000] "GET /wp-content/uploads/2015/12/2015-metlife-takeover-55.jpg HTTP/1.1" 404 28949 "-" "Mozilla/5.0 (X11; Ubuntu; Linux x86_64; rv:72.0) Gecko/20100101 Firefox/72.0"
222.80.214.7 - - [15/Apr/2026:14:09:12 +0000] "GET /wp-content/uploads/2015/12/2015-metlife-takeover-124.jpg HTTP/1.1" 404 28949 "-" "Mozilla/5.0 (X11; Ubuntu; Linux x86_64; rv:72.0) Gecko/20100101 Firefox/72.0"
222.80.214.7 - - [15/Apr/2026:14:09:12 +0000] "GET /wp-content/uploads/2015/12/2015-metlife-takeover-88.jpg HTTP/1.1" 404 28949 "-" "Mozilla/5.0 (X11; Ubuntu; Linux x86_64; rv:72.0) Gecko/20100101 Firefox/72.0"
135.181.166.38 - - [15/Apr/2026:14:09:13 +0000] "GET /2025/08/18/2025-gathering-of-the-juggalos-day-2/ HTTP/1.1" 200 84780 "-" "Mozilla/5.0 (compatible; SERankingBacklinksBot/1.0; +https://seranking.com/backlinks-crawler)"
148.135.228.109 - - [15/Apr/2026:14:09:14 +0000] "GET /wp-content/gallery/riley-reid/thumbs/thumbs_riley-reid-20.JPG HTTP/1.1" 404 28949 "-" "Mozilla/5.0 (compatible; crawler)"
222.80.214.7 - - [15/Apr/2026:14:09:19 +0000] "GET /wp-content/uploads/2015/12/2015-metlife-takeover-60.jpg HTTP/1.1" 404 28949 "-" "Mozilla/5.0 (X11; Ubuntu; Linux x86_64; rv:72.0) Gecko/20100101 Firefox/72.0"
