47.128.16.140 - - [15/Apr/2026:12:27:44 +0000] "GET /2025/08/18/2025-gathering-of-the-juggalos-day-2/ HTTP/1.1" 200 84780 "-" "Mozilla/5.0 (Linux; Android 5.0) AppleWebKit/537.36 (KHTML, like Gecko) Mobile Safari/537.36 (compatible; TikTokSpider; ttspider-feedback@tiktok.com)"
152.163.114.157 - - [15/Apr/2026:12:28:03 +0000] "GET /dbb-gallery/Burning%20Angels%20-%20NSFW/Envy/slides/DSC_2213.jpg HTTP/1.1" 404 28949 "-" "Mozilla/5.0 (compatible; crawler)"
14.191.221.131 - - [15/Apr/2026:12:28:22 +0000] "GET /dbb-gallery/Burning%20Angels%20-%20NSFW/Indigo%20Augustine/slides/indigo-augustine-295.JPG HTTP/1.1" 404 28949 "http://blog.saddlegirls.com/indigo-augustine-face.html" "Mozilla/5.0 (X11; Linux x86_64) AppleWebKit/537.36 (KHTML, like Gecko) Chrome/69.0.3497.92 Safari/537.36 OPR/55.0.2994.44"
38.28.244.156 - - [15/Apr/2026:12:28:28 +0000] "GET /dbb-gallery/Special%20Events%20and%20Monthly%20Parties/Out%20Of%20Town%20Parties/2012%20Musink%20Festival%20@%20OC%20Fairgrounds%20-%20Orange%20County,%20CA%20-%20March%202012/thumbs/musink-283.JPG HTTP/1.1" 404 28949 "-" "Mozilla/5.0 (compatible; crawler)"
114.119.142.97 - - [15/Apr/2026:12:28:29 +0000] "GET /gallery/girls-of-2015-avn-awards/browse/pid--dsc_7759/subscribe/sendicate.net/subscribe/aea8yl/page/2/sendicate.net/subscribe/aea8yl/slideshow HTTP/1.1" 404 28949 "https://www.drivenbyboredom.com/gallery/girls-of-2015-avn-awards/browse/pid--dsc_7759/subscribe/sendicate.net/subscribe/aea8yl/page/2/sendicate.net/subscribe/aea8yl" "Mozilla/5.0 (Linux; Android 7.0;) AppleWebKit/537.36 (KHTML, like Gecko) Mobile Safari/537.36 (compatible; PetalBot;+https://webmaster.petalsearch.com/site/petalbot)"
103.216.119.20 - - [15/Apr/2026:12:28:31 +0000] "GET /wp-login.php HTTP/1.1" 200 5641 "-" "Mozilla/5.0 (Macintosh; Intel Mac OS X 10_12_6) AppleWebKit/605.1.15 (KHTML, like Gecko) Version/11.1 Safari/605.1.15"
15.235.96.206 - - [15/Apr/2026:12:28:32 +0000] "GET /wp-content/gallery/girl-talk-8-23-09/girl-talk-44.JPG_backup HTTP/1.1" 200 3298126 "-" "Mozilla/5.0 (compatible; AhrefsBot/7.0; +http://ahrefs.com/robot/)"
103.216.119.20 - - [15/Apr/2026:12:28:34 +0000] "POST /wp-login.php HTTP/1.1" 503 18969 "https://www.drivenbyboredom.com/wp-login.php" "Mozilla/5.0 (Macintosh; Intel Mac OS X 10_12_6) AppleWebKit/605.1.15 (KHTML, like Gecko) Version/11.1 Safari/605.1.15"
157.55.39.195 - - [15/Apr/2026:12:28:41 +0000] "GET /?s=%E5%B7%9D%E5%A4%A7%E4%B8%8B%E8%BD%BDstata HTTP/1.1" 200 38899 "-" "Mozilla/5.0 AppleWebKit/537.36 (KHTML, like Gecko; compatible; bingbot/2.0; +http://www.bing.com/bingbot.htm) Chrome/116.0.1938.76 Safari/537.36"
157.55.39.195 - - [15/Apr/2026:12:28:42 +0000] "GET /bside-tags/deja-view/ HTTP/1.1" 200 75679 "-" "Mozilla/5.0 AppleWebKit/537.36 (KHTML, like Gecko; compatible; bingbot/2.0; +http://www.bing.com/bingbot.htm) Chrome/116.0.1938.76 Safari/537.36"
152.163.112.213 - - [15/Apr/2026:12:28:53 +0000] "GET /dbb-gallery/Special%20Events%20and%20Monthly%20Parties/Adrianna's%20Dangerous%20Mind%20DVD%20Release%20@%20Fontana's%20-%203.22.11%20(NSFW)/thumbs/adriannas-dangerous-mind-149.JPG HTTP/1.1" 404 28949 "-" "Mozilla/5.0 (compatible; crawler)"
47.128.16.151 - - [15/Apr/2026:12:29:03 +0000] "GET /gallery/naked-juggalettes/ HTTP/1.1" 404 28949 "-" "Mozilla/5.0 (Linux; Android 5.0) AppleWebKit/537.36 (KHTML, like Gecko) Mobile Safari/537.36 (compatible; TikTokSpider; ttspider-feedback@tiktok.com)"
195.250.26.131 - - [15/Apr/2026:12:29:14 +0000] "POST /wp-cron.php?doing_wp_cron=1776256154.5608289241790771484375 HTTP/1.1" 200 0 "-" "WordPress/6.9.4; https://www.drivenbyboredom.com"
72.63.11.44 - - [15/Apr/2026:12:29:14 +0000] "GET /wp-content/gallery/the-rest-of-the-2018-gathering-of-the-juggalos/thumbs/thumbs_gotj-63.JPG HTTP/1.1" 404 28949 "-" "Mozilla/5.0 (compatible; crawler)"
114.119.135.139 - - [15/Apr/2026:12:29:20 +0000] "GET /gallery/brooklyn-bowl-family-reunion/browse/subscribe/aea8yl/pid--brooklyn-bowl-family-reunion-3/subscribe/aea8yl/page/18/sendicate.net/subscribe/aea8yl/thumbnails HTTP/1.1" 404 28949 "https://www.drivenbyboredom.com/gallery/brooklyn-bowl-family-reunion/browse/subscribe/aea8yl/pid--brooklyn-bowl-family-reunion-3/subscribe/aea8yl/page/18/sendicate.net/subscribe/aea8yl/slideshow" "Mozilla/5.0 (Linux; Android 7.0;) AppleWebKit/537.36 (KHTML, like Gecko) Mobile Safari/537.36 (compatible; PetalBot;+https://webmaster.petalsearch.com/site/petalbot)"
116.179.32.171 - - [15/Apr/2026:12:29:25 +0000] "GET /wp-content/gallery/smiths-sundays-6-6-10/thumbs/thumbs-DSC_8125.JPG HTTP/1.1" 200 42519 "-" "Baiduspider-image+(+http://www.baidu.com/search/spider.htm)"
64.181.248.136 - - [15/Apr/2026:12:29:27 +0000] "GET /wp-content/uploads/2016/04/jeanette-hayes-32.jpg HTTP/1.1" 404 28949 "-" "Mozilla/5.0 (X11; Linux x86_64) AppleWebKit/537.36 (KHTML, like Gecko) Chrome/120.0.0.0 Safari/537.36"
82.77.72.34 - - [15/Apr/2026:12:29:27 +0000] "GET /2025/08/18/2025-gathering-of-the-juggalos-day-2/ HTTP/1.1" 200 84780 "https://buenaomala.com/" "Mozilla/5.0 (Windows NT 10.0; Win64; x64) AppleWebKit/537.36 (KHTML, like Gecko) Chrome/144.0.0.0 YaBrowser/26.3.0.0 Safari/537.36"
114.119.155.81 - - [15/Apr/2026:12:29:28 +0000] "GET /gallery/best-of-2016/browse/sendicate.net/subscribe/aea8yl/page/1/sendicate.net/subscribe/aea8yl/thumbnails HTTP/1.1" 404 28949 "https://www.drivenbyboredom.com/gallery/best-of-2016/browse/sendicate.net/subscribe/aea8yl/page/1/sendicate.net/subscribe/aea8yl/slideshow" "Mozilla/5.0 (Linux; Android 7.0;) AppleWebKit/537.36 (KHTML, like Gecko) Mobile Safari/537.36 (compatible; PetalBot;+https://webmaster.petalsearch.com/site/petalbot)"
145.14.10.39 - - [15/Apr/2026:12:29:44 +0000] "GET /feed/atom/ HTTP/1.1" 200 68568 "https://www.google.com.eg" "Mozilla/5.0 (Macintosh; Intel Mac OS X 11_2_3) AppleWebKit/537.36 (KHTML, like Gecko) Chrome/99.0.4844.192 Safari/537.36"
154.81.155.251 - - [15/Apr/2026:12:29:49 +0000] "GET /dbb-gallery/Special%20Events%20and%20Monthly%20Parties/Out%20Of%20Town%20Parties/Sansa%20Playground%20-%20Austin,%20TX%20-%20March%202008/VIP%20Lounge/thumbs/sansa-vip-lounge-62.jpg HTTP/1.1" 301 0 "-" "Mozilla/5.0 (compatible; crawler)"
152.163.187.152 - - [15/Apr/2026:12:29:50 +0000] "GET /dbb-gallery/Special%20Events%20and%20Monthly%20Parties/Out%20Of%20Town%20Parties/Sansa%20Playground%20-%20Austin,%20TX%20-%20March%202008/VIP%20Lounge/thumbs/sansa-vip-lounge-62.jpg HTTP/1.1" 404 28949 "-" "Mozilla/5.0 (compatible; crawler)"
176.101.172.69 - - [15/Apr/2026:12:30:02 +0000] "GET /dbb-gallery/Weekly%20Parties/Trash%20@%20Rififi/9.21.07/thumbs/trashy-29.JPG HTTP/1.1" 404 28949 "-" "Mozilla/5.0 (compatible; crawler)"
193.142.22.223 - - [15/Apr/2026:12:30:10 +0000] "GET /dbb-gallery/Weekly%20Parties/Six%20Six%20Sick%20@%20Happy%20Endings/8.28.07%20(NSFW)/thumbs/six-six-sick-it-up-90.JPG HTTP/1.1" 404 28949 "-" "Mozilla/5.0 (compatible; crawler)"
176.101.172.188 - - [15/Apr/2026:12:30:12 +0000] "GET /dbb-gallery/Special%20Events%20and%20Monthly%20Parties/Anthology%20Film%20Archives%20Benefit%20@%20Hiro%20Ballroom%20-%205.19.10/thumbs/anthology-film-archives-49.JPG HTTP/1.1" 404 28949 "-" "Mozilla/5.0 (compatible; crawler)"
114.119.141.71 - - [15/Apr/2026:12:30:17 +0000] "GET /gallery/best-of-2011/browse/pid--best-of-2011-5/page/13 HTTP/1.1" 404 28949 "https://www.drivenbyboredom.com/gallery/best-of-2011/browse/pid--best-of-2011-5/page/12" "Mozilla/5.0 (Linux; Android 7.0;) AppleWebKit/537.36 (KHTML, like Gecko) Mobile Safari/537.36 (compatible; PetalBot;+https://webmaster.petalsearch.com/site/petalbot)"
47.128.56.88 - - [15/Apr/2026:12:30:18 +0000] "GET /2025/08/18/2025-gathering-of-the-juggalos-day-2/ HTTP/1.1" 200 84780 "-" "Mozilla/5.0 (Linux; Android 5.0) AppleWebKit/537.36 (KHTML, like Gecko) Mobile Safari/537.36 (compatible; Bytespider; spider-feedback@bytedance.com)"
47.128.56.88 - - [15/Apr/2026:12:30:19 +0000] "GET /wp-content/themes/driven-by-boredom/elevate.css?ver=1.0.0 HTTP/1.1" 200 11660 "https://www.drivenbyboredom.com/2025/08/18/2025-gathering-of-the-juggalos-day-2/" "Mozilla/5.0 (Linux; Android 5.0) AppleWebKit/537.36 (KHTML, like Gecko) Mobile Safari/537.36 (compatible; Bytespider; spider-feedback@bytedance.com)"
47.128.56.88 - - [15/Apr/2026:12:30:20 +0000] "GET /wp-content/themes/driven-by-boredom/elevate.css HTTP/1.1" 200 11660 "https://www.drivenbyboredom.com/wp-content/themes/driven-by-boredom/style.css?ver=1.0.0" "Mozilla/5.0 (Linux; Android 5.0) AppleWebKit/537.36 (KHTML, like Gecko) Mobile Safari/537.36 (compatible; Bytespider; spider-feedback@bytedance.com)"
47.128.56.88 - - [15/Apr/2026:12:30:20 +0000] "GET /wp-content/plugins/nextgen-gallery/static/Legacy/ajax.min.js?ver=4.1.1 HTTP/1.1" 200 2782 "https://www.drivenbyboredom.com/2025/08/18/2025-gathering-of-the-juggalos-day-2/" "Mozilla/5.0 (Linux; Android 5.0) AppleWebKit/537.36 (KHTML, like Gecko) Mobile Safari/537.36 (compatible; Bytespider; spider-feedback@bytedance.com)"
47.128.56.88 - - [15/Apr/2026:12:30:20 +0000] "GET /wp-includes/js/jquery/jquery-migrate.min.js?ver=3.4.1 HTTP/1.1" 200 13577 "https://www.drivenbyboredom.com/2025/08/18/2025-gathering-of-the-juggalos-day-2/" "Mozilla/5.0 (Linux; Android 5.0) AppleWebKit/537.36 (KHTML, like Gecko) Mobile Safari/537.36 (compatible; Bytespider; spider-feedback@bytedance.com)"
47.128.56.88 - - [15/Apr/2026:12:30:20 +0000] "GET /wp-content/plugins/nextgen-gallery/static/GalleryDisplay/common.js?ver=4.1.1 HTTP/1.1" 200 8713 "https://www.drivenbyboredom.com/2025/08/18/2025-gathering-of-the-juggalos-day-2/" "Mozilla/5.0 (Linux; Android 5.0) AppleWebKit/537.36 (KHTML, like Gecko) Mobile Safari/537.36 (compatible; Bytespider; spider-feedback@bytedance.com)"
47.128.56.88 - - [15/Apr/2026:12:30:20 +0000] "GET /wp-content/gallery/2025-gathering-of-the-juggalos-day-1-8-13-25/thumbs/thumbs-DSC_8595.JPG HTTP/1.1" 200 27792 "https://www.drivenbyboredom.com/2025/08/18/2025-gathering-of-the-juggalos-day-2/" "Mozilla/5.0 (Linux; Android 5.0) AppleWebKit/537.36 (KHTML, like Gecko) Mobile Safari/537.36 (compatible; Bytespider; spider-feedback@bytedance.com)"
47.128.56.88 - - [15/Apr/2026:12:30:21 +0000] "GET /wp-content/gallery/2025-gathering-of-the-juggalos-day-1-8-13-25/thumbs/thumbs-DSC_8674.JPG HTTP/1.1" 200 48113 "https://www.drivenbyboredom.com/2025/08/18/2025-gathering-of-the-juggalos-day-2/" "Mozilla/5.0 (Linux; Android 5.0) AppleWebKit/537.36 (KHTML, like Gecko) Mobile Safari/537.36 (compatible; Bytespider; spider-feedback@bytedance.com)"
47.128.56.88 - - [15/Apr/2026:12:30:21 +0000] "GET /wp-content/gallery/2025-gathering-of-the-juggalos-day-1-8-13-25/thumbs/thumbs-DSC_8650.JPG HTTP/1.1" 200 50122 "https://www.drivenbyboredom.com/2025/08/18/2025-gathering-of-the-juggalos-day-2/" "Mozilla/5.0 (Linux; Android 5.0) AppleWebKit/537.36 (KHTML, like Gecko) Mobile Safari/537.36 (compatible; Bytespider; spider-feedback@bytedance.com)"
47.128.56.88 - - [15/Apr/2026:12:30:21 +0000] "GET /wp-content/gallery/2025-gathering-of-the-juggalos-day-1-8-13-25/thumbs/thumbs-DSC_8853.JPG HTTP/1.1" 200 40799 "https://www.drivenbyboredom.com/2025/08/18/2025-gathering-of-the-juggalos-day-2/" "Mozilla/5.0 (Linux; Android 5.0) AppleWebKit/537.36 (KHTML, like Gecko) Mobile Safari/537.36 (compatible; Bytespider; spider-feedback@bytedance.com)"
47.128.56.88 - - [15/Apr/2026:12:30:22 +0000] "GET /wp-content/gallery/2025-gathering-of-the-juggalos-day-1-8-13-25/thumbs/thumbs-DSC_8881.JPG HTTP/1.1" 200 53165 "https://www.drivenbyboredom.com/2025/08/18/2025-gathering-of-the-juggalos-day-2/" "Mozilla/5.0 (Linux; Android 5.0) AppleWebKit/537.36 (KHTML, like Gecko) Mobile Safari/537.36 (compatible; Bytespider; spider-feedback@bytedance.com)"
72.63.107.131 - - [15/Apr/2026:12:30:31 +0000] "GET /dbb-gallery/Weekly%20Parties/Trash%20@%20Rififi/8.31.07/thumbs/trashy-125.JPG HTTP/1.1" 301 0 "-" "Mozilla/5.0 (compatible; crawler)"
157.55.39.195 - - [15/Apr/2026:12:30:32 +0000] "GET /?s=balloonsch HTTP/1.1" 200 38743 "-" "Mozilla/5.0 AppleWebKit/537.36 (KHTML, like Gecko; compatible; bingbot/2.0; +http://www.bing.com/bingbot.htm) Chrome/116.0.1938.76 Safari/537.36"
152.163.17.90 - - [15/Apr/2026:12:30:33 +0000] "GET /dbb-gallery/Weekly%20Parties/Trash%20@%20Rififi/8.31.07/thumbs/trashy-125.JPG HTTP/1.1" 404 28949 "-" "Mozilla/5.0 (compatible; crawler)"
114.119.147.240 - - [15/Apr/2026:12:30:36 +0000] "GET /gallery/best-of-2011/browse/sendicate.net/subscribe/aea8yl/pid--best-of-2011-60/page/2/slideshow HTTP/1.1" 404 28949 "https://www.drivenbyboredom.com/gallery/best-of-2011/browse/sendicate.net/subscribe/aea8yl/pid--best-of-2011-60/thumbnails/page/2" "Mozilla/5.0 (Linux; Android 7.0;) AppleWebKit/537.36 (KHTML, like Gecko) Mobile Safari/537.36 (compatible; PetalBot;+https://webmaster.petalsearch.com/site/petalbot)"
104.253.176.236 - - [15/Apr/2026:12:30:48 +0000] "GET /wp-content/gallery/girls-of-2015-avn-awards/thumbs/thumbs_DSC_7938.JPG HTTP/1.1" 404 28949 "-" "Mozilla/5.0 (compatible; crawler)"
191.101.249.248 - - [15/Apr/2026:12:30:50 +0000] "GET /dbb-gallery/Special%20Events%20and%20Monthly%20Parties/Out%20Of%20Town%20Parties/2011%20AVN%20Awards%20@%20The%20Palms%20-%20Las%20Vegas,%20NV%20-%201.8.11%20-%20NSFW/thumbs/DSC_5933.jpg HTTP/1.1" 301 0 "-" "Mozilla/5.0 (compatible; crawler)"
114.119.142.243 - - [15/Apr/2026:12:31:03 +0000] "GET /gallery/best-of-2011/browse/pid--best-of-2011-11/subscribe/aea8yl/subscribe/aea8yl/page/sendicate.net/subscribe/aea8yl/slideshow HTTP/1.1" 404 28949 "https://www.drivenbyboredom.com/gallery/best-of-2011/browse/pid--best-of-2011-11/subscribe/aea8yl/subscribe/aea8yl/page/sendicate.net/subscribe/aea8yl/thumbnails" "Mozilla/5.0 (Linux; Android 7.0;) AppleWebKit/537.36 (KHTML, like Gecko) Mobile Safari/537.36 (compatible; PetalBot;+https://webmaster.petalsearch.com/site/petalbot)"
114.119.143.39 - - [15/Apr/2026:12:31:04 +0000] "GET /gallery/best-of-2011/browse/pid--best-of-2011-47/page/11/sendicate.net/subscribe/aea8yl/sendicate.net/subscribe/aea8yl/thumbnails HTTP/1.1" 404 28949 "https://www.drivenbyboredom.com/gallery/best-of-2011/browse/pid--best-of-2011-47/page/11/sendicate.net/subscribe/aea8yl/sendicate.net/subscribe/aea8yl/thumbnails" "Mozilla/5.0 (Linux; Android 7.0;) AppleWebKit/537.36 (KHTML, like Gecko) Mobile Safari/537.36 (compatible; PetalBot;+https://webmaster.petalsearch.com/site/petalbot)"
52.167.144.175 - - [15/Apr/2026:12:31:16 +0000] "GET /dbb-gallery/Burning%20Angels%20-%20NSFW/Misti%20Dawn/slides/valentines-day-fun-101.html HTTP/1.1" 404 28949 "-" "Mozilla/5.0 AppleWebKit/537.36 (KHTML, like Gecko; compatible; bingbot/2.0; +http://www.bing.com/bingbot.htm) Chrome/116.0.1938.76 Safari/537.36"
145.223.130.211 - - [15/Apr/2026:12:31:17 +0000] "GET /2010/01/page/2/ HTTP/1.1" 404 28949 "-" "Mozilla/5.0 (iPhone; CPU iPhone OS 17_0 like Mac OS X) AppleWebKit/605.1.15 (KHTML, like Gecko) Version/17.0 Mobile/15E148 Safari/260.1"
114.119.145.194 - - [15/Apr/2026:12:31:25 +0000] "GET /gallery/best-of-2011/browse/pid--best-of-2011-201/subscribe/aea8yl/thumbnails/page/1 HTTP/1.1" 404 28949 "https://www.drivenbyboredom.com/gallery/best-of-2011/browse/pid--best-of-2011-201/subscribe/aea8yl/page/7/thumbnails" "Mozilla/5.0 (Linux; Android 7.0;) AppleWebKit/537.36 (KHTML, like Gecko) Mobile Safari/537.36 (compatible; PetalBot;+https://webmaster.petalsearch.com/site/petalbot)"
54.236.1.11 - - [15/Apr/2026:12:31:30 +0000] "GET /dbb-gallery/Girls/Alesandra%20Nicole/slides/alesandra-nicole-132.html HTTP/1.1" 404 28949 "-" "Mozilla/5.0 (compatible; Pinterestbot/1.0; +http://www.pinterest.com/bot.html)"
38.33.156.19 - - [15/Apr/2026:12:31:33 +0000] "GET /dbb-gallery/Weekly%20Parties/Amanda%20Lepore%27s%20Big%20Top%20@%20Carnival/6.9.10%20(NSFW)/thumbs/big-top-wednesday-148.JPG HTTP/1.1" 404 28949 "-" "Mozilla/5.0 (compatible; crawler)"
157.55.39.195 - - [15/Apr/2026:12:31:34 +0000] "GET /?s=%D1%8F+%D0%B4%D0%BE+%D1%82%D0%BE%D0%B3%D0%BE+%D0%BA%D0%B0%D0%BA+%D1%83%D0%B7%D0%BD%D0%B0%D0%BB+%D0%BF%D0%B8%D1%80%D1%81%D0%B8%D0%BD%D0%B3+%D1%87%D0%B5%D0%BB%D1%8E%D1%81%D1%82%D0%B8+%D1%87%D0%B5%D0%BB%D0%BB%D0%B5%D0%BD%D0%B4%D0%B6 HTTP/1.1" 200 40067 "-" "Mozilla/5.0 AppleWebKit/537.36 (KHTML, like Gecko; compatible; bingbot/2.0; +http://www.bing.com/bingbot.htm) Chrome/116.0.1938.76 Safari/537.36"
13.75.213.214 - - [15/Apr/2026:12:31:36 +0000] "GET /admin.php HTTP/1.1" 301 0 "-" "Mozilla/5.0 (Windows NT 10.0; Win64; x64) AppleWebKit/537.36 (KHTML, like Gecko) Chrome/120.0.0.0 Safari/537.36"
13.75.213.214 - - [15/Apr/2026:12:31:37 +0000] "GET /inputs.php HTTP/1.1" 301 0 "-" "Mozilla/5.0 (Windows NT 10.0; Win64; x64) AppleWebKit/537.36 (KHTML, like Gecko) Chrome/120.0.0.0 Safari/537.36"
13.75.213.214 - - [15/Apr/2026:12:31:37 +0000] "GET /file.php HTTP/1.1" 301 0 "-" "Mozilla/5.0 (Windows NT 10.0; Win64; x64) AppleWebKit/537.36 (KHTML, like Gecko) Chrome/120.0.0.0 Safari/537.36"
13.75.213.214 - - [15/Apr/2026:12:31:37 +0000] "GET /goods.php HTTP/1.1" 301 0 "-" "Mozilla/5.0 (Windows NT 10.0; Win64; x64) AppleWebKit/537.36 (KHTML, like Gecko) Chrome/120.0.0.0 Safari/537.36"
40.77.167.26 - - [15/Apr/2026:12:31:38 +0000] "GET /?s=take+off!+alison+brie HTTP/1.1" 200 38893 "-" "Mozilla/5.0 AppleWebKit/537.36 (KHTML, like Gecko; compatible; bingbot/2.0; +http://www.bing.com/bingbot.htm) Chrome/116.0.1938.76 Safari/537.36"
13.75.213.214 - - [15/Apr/2026:12:31:38 +0000] "GET /ms-edit.php HTTP/1.1" 301 0 "-" "Mozilla/5.0 (Windows NT 10.0; Win64; x64) AppleWebKit/537.36 (KHTML, like Gecko) Chrome/120.0.0.0 Safari/537.36"
13.75.213.214 - - [15/Apr/2026:12:31:38 +0000] "GET /simple.php HTTP/1.1" 301 0 "-" "Mozilla/5.0 (Windows NT 10.0; Win64; x64) AppleWebKit/537.36 (KHTML, like Gecko) Chrome/120.0.0.0 Safari/537.36"
13.75.213.214 - - [15/Apr/2026:12:31:38 +0000] "GET /bgymj.php HTTP/1.1" 301 0 "-" "Mozilla/5.0 (Windows NT 10.0; Win64; x64) AppleWebKit/537.36 (KHTML, like Gecko) Chrome/120.0.0.0 Safari/537.36"
13.75.213.214 - - [15/Apr/2026:12:31:39 +0000] "GET /wp-content/plugins/twenty/login.php HTTP/1.1" 301 0 "-" "Mozilla/5.0 (Windows NT 10.0; Win64; x64) AppleWebKit/537.36 (KHTML, like Gecko) Chrome/120.0.0.0 Safari/537.36"
13.75.213.214 - - [15/Apr/2026:12:31:39 +0000] "GET /404.php HTTP/1.1" 301 0 "-" "Mozilla/5.0 (Windows NT 10.0; Win64; x64) AppleWebKit/537.36 (KHTML, like Gecko) Chrome/120.0.0.0 Safari/537.36"
13.75.213.214 - - [15/Apr/2026:12:31:39 +0000] "GET /file3.php HTTP/1.1" 301 0 "-" "Mozilla/5.0 (Windows NT 10.0; Win64; x64) AppleWebKit/537.36 (KHTML, like Gecko) Chrome/120.0.0.0 Safari/537.36"
13.75.213.214 - - [15/Apr/2026:12:31:40 +0000] "GET /wp-mail.php HTTP/1.1" 403 2507 "-" "Mozilla/5.0 (Windows NT 10.0; Win64; x64) AppleWebKit/537.36 (KHTML, like Gecko) Chrome/120.0.0.0 Safari/537.36"
13.75.213.214 - - [15/Apr/2026:12:31:40 +0000] "GET /about.php HTTP/1.1" 301 0 "-" "Mozilla/5.0 (Windows NT 10.0; Win64; x64) AppleWebKit/537.36 (KHTML, like Gecko) Chrome/120.0.0.0 Safari/537.36"
13.75.213.214 - - [15/Apr/2026:12:31:40 +0000] "GET /wp.php HTTP/1.1" 301 0 "-" "Mozilla/5.0 (Windows NT 10.0; Win64; x64) AppleWebKit/537.36 (KHTML, like Gecko) Chrome/120.0.0.0 Safari/537.36"
13.75.213.214 - - [15/Apr/2026:12:31:41 +0000] "GET /.dj/index.php HTTP/1.1" 301 0 "-" "Mozilla/5.0 (Windows NT 10.0; Win64; x64) AppleWebKit/537.36 (KHTML, like Gecko) Chrome/120.0.0.0 Safari/537.36"
13.75.213.214 - - [15/Apr/2026:12:31:41 +0000] "GET /adminfuns.php HTTP/1.1" 301 0 "-" "Mozilla/5.0 (Windows NT 10.0; Win64; x64) AppleWebKit/537.36 (KHTML, like Gecko) Chrome/120.0.0.0 Safari/537.36"
114.119.135.139 - - [15/Apr/2026:12:31:41 +0000] "GET /gallery/best-of-2010/browse/image/best-of-2010-63/sendicate.net/subscribe/aea8yl HTTP/1.1" 404 28949 "https://www.drivenbyboredom.com/gallery/best-of-2010/browse/image/best-of-2010-63/" "Mozilla/5.0 (Linux; Android 7.0;) AppleWebKit/537.36 (KHTML, like Gecko) Mobile Safari/537.36 (compatible; PetalBot;+https://webmaster.petalsearch.com/site/petalbot)"
13.75.213.214 - - [15/Apr/2026:12:31:41 +0000] "GET /php8.php HTTP/1.1" 301 0 "-" "Mozilla/5.0 (Windows NT 10.0; Win64; x64) AppleWebKit/537.36 (KHTML, like Gecko) Chrome/120.0.0.0 Safari/537.36"
13.75.213.214 - - [15/Apr/2026:12:31:42 +0000] "GET /classwithtostring.php HTTP/1.1" 301 0 "-" "Mozilla/5.0 (Windows NT 10.0; Win64; x64) AppleWebKit/537.36 (KHTML, like Gecko) Chrome/120.0.0.0 Safari/537.36"
13.75.213.214 - - [15/Apr/2026:12:31:42 +0000] "GET /info.php HTTP/1.1" 301 0 "-" "Mozilla/5.0 (Windows NT 10.0; Win64; x64) AppleWebKit/537.36 (KHTML, like Gecko) Chrome/120.0.0.0 Safari/537.36"
13.75.213.214 - - [15/Apr/2026:12:31:42 +0000] "GET /ioxi-o.php HTTP/1.1" 301 0 "-" "Mozilla/5.0 (Windows NT 10.0; Win64; x64) AppleWebKit/537.36 (KHTML, like Gecko) Chrome/120.0.0.0 Safari/537.36"
13.75.213.214 - - [15/Apr/2026:12:31:43 +0000] "GET /011i.php HTTP/1.1" 301 0 "-" "Mozilla/5.0 (Windows NT 10.0; Win64; x64) AppleWebKit/537.36 (KHTML, like Gecko) Chrome/120.0.0.0 Safari/537.36"
13.75.213.214 - - [15/Apr/2026:12:31:43 +0000] "GET /edit.php HTTP/1.1" 301 0 "-" "Mozilla/5.0 (Windows NT 10.0; Win64; x64) AppleWebKit/537.36 (KHTML, like Gecko) Chrome/120.0.0.0 Safari/537.36"
13.75.213.214 - - [15/Apr/2026:12:31:43 +0000] "GET /sid3.php HTTP/1.1" 301 0 "-" "Mozilla/5.0 (Windows NT 10.0; Win64; x64) AppleWebKit/537.36 (KHTML, like Gecko) Chrome/120.0.0.0 Safari/537.36"
13.75.213.214 - - [15/Apr/2026:12:31:44 +0000] "GET /load.php HTTP/1.1" 301 0 "-" "Mozilla/5.0 (Windows NT 10.0; Win64; x64) AppleWebKit/537.36 (KHTML, like Gecko) Chrome/120.0.0.0 Safari/537.36"
13.75.213.214 - - [15/Apr/2026:12:31:44 +0000] "GET /166.php HTTP/1.1" 301 0 "-" "Mozilla/5.0 (Windows NT 10.0; Win64; x64) AppleWebKit/537.36 (KHTML, like Gecko) Chrome/120.0.0.0 Safari/537.36"
13.75.213.214 - - [15/Apr/2026:12:31:44 +0000] "GET /wp-mail.php HTTP/1.1" 403 2507 "-" "Mozilla/5.0 (Windows NT 10.0; Win64; x64) AppleWebKit/537.36 (KHTML, like Gecko) Chrome/120.0.0.0 Safari/537.36"
13.75.213.214 - - [15/Apr/2026:12:31:45 +0000] "GET /leaf.php HTTP/1.1" 301 0 "-" "Mozilla/5.0 (Windows NT 10.0; Win64; x64) AppleWebKit/537.36 (KHTML, like Gecko) Chrome/120.0.0.0 Safari/537.36"
13.75.213.214 - - [15/Apr/2026:12:31:45 +0000] "GET /grsiuk.php HTTP/1.1" 301 0 "-" "Mozilla/5.0 (Windows NT 10.0; Win64; x64) AppleWebKit/537.36 (KHTML, like Gecko) Chrome/120.0.0.0 Safari/537.36"
13.75.213.214 - - [15/Apr/2026:12:31:45 +0000] "GET /8.php HTTP/1.1" 301 0 "-" "Mozilla/5.0 (Windows NT 10.0; Win64; x64) AppleWebKit/537.36 (KHTML, like Gecko) Chrome/120.0.0.0 Safari/537.36"
13.75.213.214 - - [15/Apr/2026:12:31:46 +0000] "GET /fs.php HTTP/1.1" 301 0 "-" "Mozilla/5.0 (Windows NT 10.0; Win64; x64) AppleWebKit/537.36 (KHTML, like Gecko) Chrome/120.0.0.0 Safari/537.36"
13.75.213.214 - - [15/Apr/2026:12:31:46 +0000] "GET /ws38.php HTTP/1.1" 301 0 "-" "Mozilla/5.0 (Windows NT 10.0; Win64; x64) AppleWebKit/537.36 (KHTML, like Gecko) Chrome/120.0.0.0 Safari/537.36"
13.75.213.214 - - [15/Apr/2026:12:31:46 +0000] "GET /a7.php HTTP/1.1" 301 0 "-" "Mozilla/5.0 (Windows NT 10.0; Win64; x64) AppleWebKit/537.36 (KHTML, like Gecko) Chrome/120.0.0.0 Safari/537.36"
13.75.213.214 - - [15/Apr/2026:12:31:47 +0000] "GET /classsmtps.php HTTP/1.1" 301 0 "-" "Mozilla/5.0 (Windows NT 10.0; Win64; x64) AppleWebKit/537.36 (KHTML, like Gecko) Chrome/120.0.0.0 Safari/537.36"
13.75.213.214 - - [15/Apr/2026:12:31:47 +0000] "GET /amax.php HTTP/1.1" 301 0 "-" "Mozilla/5.0 (Windows NT 10.0; Win64; x64) AppleWebKit/537.36 (KHTML, like Gecko) Chrome/120.0.0.0 Safari/537.36"
47.128.16.176 - - [15/Apr/2026:12:31:47 +0000] "GET /2025/08/18/2025-gathering-of-the-juggalos-day-2/ HTTP/1.1" 200 84780 "-" "Mozilla/5.0 (Linux; Android 5.0) AppleWebKit/537.36 (KHTML, like Gecko) Mobile Safari/537.36 (compatible; TikTokSpider; ttspider-feedback@tiktok.com)"
13.75.213.214 - - [15/Apr/2026:12:31:47 +0000] "GET /CDX1.php HTTP/1.1" 301 0 "-" "Mozilla/5.0 (Windows NT 10.0; Win64; x64) AppleWebKit/537.36 (KHTML, like Gecko) Chrome/120.0.0.0 Safari/537.36"
13.75.213.214 - - [15/Apr/2026:12:31:48 +0000] "GET /rip.php HTTP/1.1" 301 0 "-" "Mozilla/5.0 (Windows NT 10.0; Win64; x64) AppleWebKit/537.36 (KHTML, like Gecko) Chrome/120.0.0.0 Safari/537.36"
149.18.186.51 - - [15/Apr/2026:12:31:48 +0000] "GET /dbb-gallery/Special%20Events%20and%20Monthly%20Parties/Betty%27s%20Birthday%20Bowling%20Bash%20@%20Bowlmor%20Lanes%20-%2010.18.11/thumbs/bettys-birthday-bash-8.JPG HTTP/1.1" 404 28949 "-" "Mozilla/5.0 (compatible; crawler)"
13.75.213.214 - - [15/Apr/2026:12:31:48 +0000] "GET /1.php HTTP/1.1" 301 0 "-" "Mozilla/5.0 (Windows NT 10.0; Win64; x64) AppleWebKit/537.36 (KHTML, like Gecko) Chrome/120.0.0.0 Safari/537.36"
13.75.213.214 - - [15/Apr/2026:12:31:48 +0000] "GET /chosen.php HTTP/1.1" 301 0 "-" "Mozilla/5.0 (Windows NT 10.0; Win64; x64) AppleWebKit/537.36 (KHTML, like Gecko) Chrome/120.0.0.0 Safari/537.36"
13.75.213.214 - - [15/Apr/2026:12:31:48 +0000] "GET /css.php HTTP/1.1" 301 0 "-" "Mozilla/5.0 (Windows NT 10.0; Win64; x64) AppleWebKit/537.36 (KHTML, like Gecko) Chrome/120.0.0.0 Safari/537.36"
13.75.213.214 - - [15/Apr/2026:12:31:49 +0000] "GET /php.php HTTP/1.1" 301 0 "-" "Mozilla/5.0 (Windows NT 10.0; Win64; x64) AppleWebKit/537.36 (KHTML, like Gecko) Chrome/120.0.0.0 Safari/537.36"
13.75.213.214 - - [15/Apr/2026:12:31:49 +0000] "GET /wp-Blogs.php HTTP/1.1" 301 0 "-" "Mozilla/5.0 (Windows NT 10.0; Win64; x64) AppleWebKit/537.36 (KHTML, like Gecko) Chrome/120.0.0.0 Safari/537.36"
13.75.213.214 - - [15/Apr/2026:12:31:49 +0000] "GET /wp-content/index.php HTTP/1.1" 200 0 "-" "Mozilla/5.0 (Windows NT 10.0; Win64; x64) AppleWebKit/537.36 (KHTML, like Gecko) Chrome/120.0.0.0 Safari/537.36"
13.75.213.214 - - [15/Apr/2026:12:31:50 +0000] "GET /wp-content/plugins/beteng88/ws83.php HTTP/1.1" 301 0 "-" "Mozilla/5.0 (Windows NT 10.0; Win64; x64) AppleWebKit/537.36 (KHTML, like Gecko) Chrome/120.0.0.0 Safari/537.36"
13.75.213.214 - - [15/Apr/2026:12:31:50 +0000] "GET /ws83.php HTTP/1.1" 301 0 "-" "Mozilla/5.0 (Windows NT 10.0; Win64; x64) AppleWebKit/537.36 (KHTML, like Gecko) Chrome/120.0.0.0 Safari/537.36"
13.75.213.214 - - [15/Apr/2026:12:31:50 +0000] "GET /file61.php HTTP/1.1" 301 0 "-" "Mozilla/5.0 (Windows NT 10.0; Win64; x64) AppleWebKit/537.36 (KHTML, like Gecko) Chrome/120.0.0.0 Safari/537.36"
64.57.139.15 - - [15/Apr/2026:12:31:50 +0000] "GET /dbb-gallery/Weekly%20Parties/Trash%20@%20Rififi/5.28.10%20(My%2030th%20Birthday)%20(NSFW)/thumbs/dirty-thirty-177.JPG HTTP/1.1" 301 0 "-" "Mozilla/5.0 (compatible; crawler)"
13.75.213.214 - - [15/Apr/2026:12:31:51 +0000] "GET /sadcut1.php HTTP/1.1" 301 0 "-" "Mozilla/5.0 (Windows NT 10.0; Win64; x64) AppleWebKit/537.36 (KHTML, like Gecko) Chrome/120.0.0.0 Safari/537.36"
31.56.49.246 - - [15/Apr/2026:12:31:51 +0000] "GET /wp-content/gallery/giselle-palmer-ii/giselle-palmer-56.JPG HTTP/1.1" 404 28949 "-" "Mozilla/5.0 (compatible; crawler)"
13.75.213.214 - - [15/Apr/2026:12:31:51 +0000] "GET /y.php HTTP/1.1" 301 0 "-" "Mozilla/5.0 (Windows NT 10.0; Win64; x64) AppleWebKit/537.36 (KHTML, like Gecko) Chrome/120.0.0.0 Safari/537.36"
13.75.213.214 - - [15/Apr/2026:12:31:51 +0000] "GET /akcc.php HTTP/1.1" 301 0 "-" "Mozilla/5.0 (Windows NT 10.0; Win64; x64) AppleWebKit/537.36 (KHTML, like Gecko) Chrome/120.0.0.0 Safari/537.36"
13.75.213.214 - - [15/Apr/2026:12:31:52 +0000] "GET /wp-admin/user/12.php HTTP/1.1" 301 0 "-" "Mozilla/5.0 (Windows NT 10.0; Win64; x64) AppleWebKit/537.36 (KHTML, like Gecko) Chrome/120.0.0.0 Safari/537.36"
163.192.8.243 - - [15/Apr/2026:12:31:52 +0000] "GET /wp-content/uploads/2011/10/another-nyc-zombie-crawl-188.jpeg HTTP/1.1" 404 28949 "-" "Mozilla/5.0 (X11; Linux x86_64) AppleWebKit/537.36 (KHTML, like Gecko) Chrome/120.0.0.0 Safari/537.36"
52.167.144.175 - - [15/Apr/2026:12:31:52 +0000] "GET /?s=%C3%89l+ha+garro+familiar%2C+es+un+instrumento+de+origen+reciente+haberse+elaborado+en+el+a%C3%B1o+1009+70+por+1+m%C3%A9dico. HTTP/1.1" 200 40073 "-" "Mozilla/5.0 AppleWebKit/537.36 (KHTML, like Gecko; compatible; bingbot/2.0; +http://www.bing.com/bingbot.htm) Chrome/116.0.1938.76 Safari/537.36"
13.75.213.214 - - [15/Apr/2026:12:31:52 +0000] "GET /index/function.php HTTP/1.1" 301 0 "-" "Mozilla/5.0 (Windows NT 10.0; Win64; x64) AppleWebKit/537.36 (KHTML, like Gecko) Chrome/120.0.0.0 Safari/537.36"
82.23.122.129 - - [15/Apr/2026:12:31:52 +0000] "GET /dbb-gallery/Special%20Events%20and%20Monthly%20Parties/Glamour%20Garage%20Presents%20Unlucky%20In%20Love%20@%20Europa%20-%202.13.09/thumbs/friday-the-13th-426.JPG HTTP/1.1" 404 28949 "-" "Mozilla/5.0 (compatible; crawler)"
13.75.213.214 - - [15/Apr/2026:12:31:52 +0000] "GET /term.php HTTP/1.1" 301 0 "-" "Mozilla/5.0 (Windows NT 10.0; Win64; x64) AppleWebKit/537.36 (KHTML, like Gecko) Chrome/120.0.0.0 Safari/537.36"
31.42.124.47 - - [15/Apr/2026:12:31:52 +0000] "GET /dbb-gallery/Weekly%20Parties/Trash%20@%20Rififi/5.28.10%20(My%2030th%20Birthday)%20(NSFW)/thumbs/dirty-thirty-177.JPG HTTP/1.1" 404 28949 "-" "Mozilla/5.0 (compatible; crawler)"
13.75.213.214 - - [15/Apr/2026:12:31:53 +0000] "GET /666.php HTTP/1.1" 301 0 "-" "Mozilla/5.0 (Windows NT 10.0; Win64; x64) AppleWebKit/537.36 (KHTML, like Gecko) Chrome/120.0.0.0 Safari/537.36"
13.75.213.214 - - [15/Apr/2026:12:31:53 +0000] "GET /7.php HTTP/1.1" 301 0 "-" "Mozilla/5.0 (Windows NT 10.0; Win64; x64) AppleWebKit/537.36 (KHTML, like Gecko) Chrome/120.0.0.0 Safari/537.36"
13.75.213.214 - - [15/Apr/2026:12:31:53 +0000] "GET /wp-config-sample.php HTTP/1.1" 500 2443 "-" "Mozilla/5.0 (Windows NT 10.0; Win64; x64) AppleWebKit/537.36 (KHTML, like Gecko) Chrome/120.0.0.0 Safari/537.36"
13.75.213.214 - - [15/Apr/2026:12:31:53 +0000] "GET /log.php HTTP/1.1" 301 0 "-" "Mozilla/5.0 (Windows NT 10.0; Win64; x64) AppleWebKit/537.36 (KHTML, like Gecko) Chrome/120.0.0.0 Safari/537.36"
13.75.213.214 - - [15/Apr/2026:12:31:54 +0000] "GET /a5.php HTTP/1.1" 301 0 "-" "Mozilla/5.0 (Windows NT 10.0; Win64; x64) AppleWebKit/537.36 (KHTML, like Gecko) Chrome/120.0.0.0 Safari/537.36"
13.75.213.214 - - [15/Apr/2026:12:31:54 +0000] "GET /aa.php HTTP/1.1" 301 0 "-" "Mozilla/5.0 (Windows NT 10.0; Win64; x64) AppleWebKit/537.36 (KHTML, like Gecko) Chrome/120.0.0.0 Safari/537.36"
13.75.213.214 - - [15/Apr/2026:12:31:54 +0000] "GET /bolt.php HTTP/1.1" 301 0 "-" "Mozilla/5.0 (Windows NT 10.0; Win64; x64) AppleWebKit/537.36 (KHTML, like Gecko) Chrome/120.0.0.0 Safari/537.36"
13.75.213.214 - - [15/Apr/2026:12:31:55 +0000] "GET /x.php HTTP/1.1" 301 0 "-" "Mozilla/5.0 (Windows NT 10.0; Win64; x64) AppleWebKit/537.36 (KHTML, like Gecko) Chrome/120.0.0.0 Safari/537.36"
13.75.213.214 - - [15/Apr/2026:12:31:55 +0000] "GET /jga.php HTTP/1.1" 301 0 "-" "Mozilla/5.0 (Windows NT 10.0; Win64; x64) AppleWebKit/537.36 (KHTML, like Gecko) Chrome/120.0.0.0 Safari/537.36"
13.75.213.214 - - [15/Apr/2026:12:31:55 +0000] "GET /k.php HTTP/1.1" 301 0 "-" "Mozilla/5.0 (Windows NT 10.0; Win64; x64) AppleWebKit/537.36 (KHTML, like Gecko) Chrome/120.0.0.0 Safari/537.36"
13.75.213.214 - - [15/Apr/2026:12:31:56 +0000] "GET /vx.php HTTP/1.1" 301 0 "-" "Mozilla/5.0 (Windows NT 10.0; Win64; x64) AppleWebKit/537.36 (KHTML, like Gecko) Chrome/120.0.0.0 Safari/537.36"
13.75.213.214 - - [15/Apr/2026:12:31:56 +0000] "GET /ws77.php HTTP/1.1" 301 0 "-" "Mozilla/5.0 (Windows NT 10.0; Win64; x64) AppleWebKit/537.36 (KHTML, like Gecko) Chrome/120.0.0.0 Safari/537.36"
13.75.213.214 - - [15/Apr/2026:12:31:56 +0000] "GET /2.php HTTP/1.1" 301 0 "-" "Mozilla/5.0 (Windows NT 10.0; Win64; x64) AppleWebKit/537.36 (KHTML, like Gecko) Chrome/120.0.0.0 Safari/537.36"
13.75.213.214 - - [15/Apr/2026:12:31:57 +0000] "GET /abcd.php HTTP/1.1" 301 0 "-" "Mozilla/5.0 (Windows NT 10.0; Win64; x64) AppleWebKit/537.36 (KHTML, like Gecko) Chrome/120.0.0.0 Safari/537.36"
13.75.213.214 - - [15/Apr/2026:12:31:57 +0000] "GET /wp-content/plugins/admin.php HTTP/1.1" 301 0 "-" "Mozilla/5.0 (Windows NT 10.0; Win64; x64) AppleWebKit/537.36 (KHTML, like Gecko) Chrome/120.0.0.0 Safari/537.36"
13.75.213.214 - - [15/Apr/2026:12:31:57 +0000] "GET /asd.php HTTP/1.1" 301 0 "-" "Mozilla/5.0 (Windows NT 10.0; Win64; x64) AppleWebKit/537.36 (KHTML, like Gecko) Chrome/120.0.0.0 Safari/537.36"
13.75.213.214 - - [15/Apr/2026:12:31:58 +0000] "GET /default.php HTTP/1.1" 301 0 "-" "Mozilla/5.0 (Windows NT 10.0; Win64; x64) AppleWebKit/537.36 (KHTML, like Gecko) Chrome/120.0.0.0 Safari/537.36"
13.75.213.214 - - [15/Apr/2026:12:31:58 +0000] "GET /gettest.php HTTP/1.1" 301 0 "-" "Mozilla/5.0 (Windows NT 10.0; Win64; x64) AppleWebKit/537.36 (KHTML, like Gecko) Chrome/120.0.0.0 Safari/537.36"
13.75.213.214 - - [15/Apr/2026:12:31:58 +0000] "GET /install.php HTTP/1.1" 301 0 "-" "Mozilla/5.0 (Windows NT 10.0; Win64; x64) AppleWebKit/537.36 (KHTML, like Gecko) Chrome/120.0.0.0 Safari/537.36"
13.75.213.214 - - [15/Apr/2026:12:31:58 +0000] "GET /tfm.php HTTP/1.1" 301 0 "-" "Mozilla/5.0 (Windows NT 10.0; Win64; x64) AppleWebKit/537.36 (KHTML, like Gecko) Chrome/120.0.0.0 Safari/537.36"
13.75.213.214 - - [15/Apr/2026:12:31:59 +0000] "GET /ws81.php HTTP/1.1" 301 0 "-" "Mozilla/5.0 (Windows NT 10.0; Win64; x64) AppleWebKit/537.36 (KHTML, like Gecko) Chrome/120.0.0.0 Safari/537.36"
72.83.7.216 - - [15/Apr/2026:12:31:59 +0000] "GET / HTTP/1.1" 200 37961 "-" "Mozilla/5.0 (Macintosh; Intel Mac OS X 10_15_7) AppleWebKit/605.1.15 (KHTML, like Gecko) Version/26.4 Safari/605.1.15"
13.75.213.214 - - [15/Apr/2026:12:31:59 +0000] "GET /222.php HTTP/1.1" 301 0 "-" "Mozilla/5.0 (Windows NT 10.0; Win64; x64) AppleWebKit/537.36 (KHTML, like Gecko) Chrome/120.0.0.0 Safari/537.36"
72.83.7.216 - - [15/Apr/2026:12:31:59 +0000] "GET /wp-content/themes/driven-by-boredom/favicon/site.webmanifest HTTP/1.1" 200 263 "https://www.drivenbyboredom.com/" "Mozilla/5.0 (Macintosh; Intel Mac OS X 10_15_7) AppleWebKit/605.1.15 (KHTML, like Gecko) Version/26.4 Safari/605.1.15"
72.83.7.216 - - [15/Apr/2026:12:31:59 +0000] "GET /wp-content/themes/driven-by-boredom/style.css?ver=1.0.0 HTTP/1.1" 200 16260 "https://www.drivenbyboredom.com/" "Mozilla/5.0 (Macintosh; Intel Mac OS X 10_15_7) AppleWebKit/605.1.15 (KHTML, like Gecko) Version/26.4 Safari/605.1.15"
72.83.7.216 - - [15/Apr/2026:12:31:59 +0000] "GET /wp-content/themes/driven-by-boredom/js/navigation.js?ver=1.0.0 HTTP/1.1" 200 2980 "https://www.drivenbyboredom.com/" "Mozilla/5.0 (Macintosh; Intel Mac OS X 10_15_7) AppleWebKit/605.1.15 (KHTML, like Gecko) Version/26.4 Safari/605.1.15"
72.83.7.216 - - [15/Apr/2026:12:31:59 +0000] "GET /wp-content/themes/driven-by-boredom/elevate.css?ver=1.0.0 HTTP/1.1" 200 11660 "https://www.drivenbyboredom.com/" "Mozilla/5.0 (Macintosh; Intel Mac OS X 10_15_7) AppleWebKit/605.1.15 (KHTML, like Gecko) Version/26.4 Safari/605.1.15"
72.83.7.216 - - [15/Apr/2026:12:31:59 +0000] "GET /wp-content/themes/driven-by-boredom/elevate.css HTTP/1.1" 200 11660 "https://www.drivenbyboredom.com/" "Mozilla/5.0 (Macintosh; Intel Mac OS X 10_15_7) AppleWebKit/605.1.15 (KHTML, like Gecko) Version/26.4 Safari/605.1.15"
72.83.7.216 - - [15/Apr/2026:12:31:59 +0000] "GET /wp-content/themes/driven-by-boredom/dbb.css?ver=1.0.0 HTTP/1.1" 200 5314 "https://www.drivenbyboredom.com/" "Mozilla/5.0 (Macintosh; Intel Mac OS X 10_15_7) AppleWebKit/605.1.15 (KHTML, like Gecko) Version/26.4 Safari/605.1.15"
72.83.7.216 - - [15/Apr/2026:12:31:59 +0000] "GET /wp-content/themes/driven-by-boredom/dbb.css HTTP/1.1" 200 5314 "https://www.drivenbyboredom.com/" "Mozilla/5.0 (Macintosh; Intel Mac OS X 10_15_7) AppleWebKit/605.1.15 (KHTML, like Gecko) Version/26.4 Safari/605.1.15"
72.83.7.216 - - [15/Apr/2026:12:31:59 +0000] "GET /wp-content/uploads/2026/02/DSC_3816-2048x1362.jpg HTTP/1.1" 200 278298 "https://www.drivenbyboredom.com/" "Mozilla/5.0 (Macintosh; Intel Mac OS X 10_15_7) AppleWebKit/605.1.15 (KHTML, like Gecko) Version/26.4 Safari/605.1.15"
72.83.7.216 - - [15/Apr/2026:12:31:59 +0000] "GET /wp-content/themes/driven-by-boredom/images/dbb-text-logo-crop.jpg HTTP/1.1" 200 37891 "https://www.drivenbyboredom.com/" "Mozilla/5.0 (Macintosh; Intel Mac OS X 10_15_7) AppleWebKit/605.1.15 (KHTML, like Gecko) Version/26.4 Safari/605.1.15"
72.83.7.216 - - [15/Apr/2026:12:31:59 +0000] "GET /wp-content/uploads/2026/04/malice-censored-768x513.jpg HTTP/1.1" 200 37091 "https://www.drivenbyboredom.com/" "Mozilla/5.0 (Macintosh; Intel Mac OS X 10_15_7) AppleWebKit/605.1.15 (KHTML, like Gecko) Version/26.4 Safari/605.1.15"
72.83.7.216 - - [15/Apr/2026:12:31:59 +0000] "GET /wp-content/themes/driven-by-boredom/images/line_horz.png HTTP/1.1" 200 2140 "https://www.drivenbyboredom.com/" "Mozilla/5.0 (Macintosh; Intel Mac OS X 10_15_7) AppleWebKit/605.1.15 (KHTML, like Gecko) Version/26.4 Safari/605.1.15"
72.83.7.216 - - [15/Apr/2026:12:31:59 +0000] "GET /wp-content/uploads/2026/02/DSC_1303-768x510.jpg HTTP/1.1" 200 57897 "https://www.drivenbyboredom.com/" "Mozilla/5.0 (Macintosh; Intel Mac OS X 10_15_7) AppleWebKit/605.1.15 (KHTML, like Gecko) Version/26.4 Safari/605.1.15"
72.83.7.216 - - [15/Apr/2026:12:31:59 +0000] "GET /wp-content/themes/driven-by-boredom/images/dbb_logo_header.png HTTP/1.1" 200 3559 "https://www.drivenbyboredom.com/" "Mozilla/5.0 (Macintosh; Intel Mac OS X 10_15_7) AppleWebKit/605.1.15 (KHTML, like Gecko) Version/26.4 Safari/605.1.15"
72.83.7.216 - - [15/Apr/2026:12:32:00 +0000] "GET /wp-content/uploads/2026/01/DSC_7586-768x511.jpg HTTP/1.1" 200 81319 "https://www.drivenbyboredom.com/" "Mozilla/5.0 (Macintosh; Intel Mac OS X 10_15_7) AppleWebKit/605.1.15 (KHTML, like Gecko) Version/26.4 Safari/605.1.15"
13.75.213.214 - - [15/Apr/2026:12:32:00 +0000] "GET /t.php HTTP/1.1" 301 0 "-" "Mozilla/5.0 (Windows NT 10.0; Win64; x64) AppleWebKit/537.36 (KHTML, like Gecko) Chrome/120.0.0.0 Safari/537.36"
72.83.7.216 - - [15/Apr/2026:12:32:00 +0000] "GET /wp-content/uploads/2025/02/404.jpg HTTP/1.1" 200 533400 "https://www.drivenbyboredom.com/" "Mozilla/5.0 (Macintosh; Intel Mac OS X 10_15_7) AppleWebKit/605.1.15 (KHTML, like Gecko) Version/26.4 Safari/605.1.15"
72.83.7.216 - - [15/Apr/2026:12:32:00 +0000] "GET /wp-includes/js/wp-emoji-release.min.js?ver=6.9.4 HTTP/1.1" 200 22762 "https://www.drivenbyboredom.com/" "Mozilla/5.0 (Macintosh; Intel Mac OS X 10_15_7) AppleWebKit/605.1.15 (KHTML, like Gecko) Version/26.4 Safari/605.1.15"
72.83.7.216 - - [15/Apr/2026:12:32:00 +0000] "GET /wp-content/uploads/2025/02/shop.jpg HTTP/1.1" 200 617175 "https://www.drivenbyboredom.com/" "Mozilla/5.0 (Macintosh; Intel Mac OS X 10_15_7) AppleWebKit/605.1.15 (KHTML, like Gecko) Version/26.4 Safari/605.1.15"
72.83.7.216 - - [15/Apr/2026:12:32:00 +0000] "GET /wp-content/uploads/2025/02/girls-of-dbb.jpg HTTP/1.1" 200 487308 "https://www.drivenbyboredom.com/" "Mozilla/5.0 (Macintosh; Intel Mac OS X 10_15_7) AppleWebKit/605.1.15 (KHTML, like Gecko) Version/26.4 Safari/605.1.15"
72.83.7.216 - - [15/Apr/2026:12:32:00 +0000] "GET /wp-content/themes/driven-by-boredom/favicon/favicon-32x32.png HTTP/1.1" 200 1382 "https://www.drivenbyboredom.com/" "Mozilla/5.0 (Macintosh; Intel Mac OS X 10_15_7) AppleWebKit/605.1.15 (KHTML, like Gecko) Version/26.4 Safari/605.1.15"
72.83.7.216 - - [15/Apr/2026:12:32:00 +0000] "GET /wp-content/themes/driven-by-boredom/favicon/favicon-16x16.png HTTP/1.1" 200 571 "https://www.drivenbyboredom.com/" "Mozilla/5.0 (Macintosh; Intel Mac OS X 10_15_7) AppleWebKit/605.1.15 (KHTML, like Gecko) Version/26.4 Safari/605.1.15"
13.75.213.214 - - [15/Apr/2026:12:32:00 +0000] "GET /wp-admin/maint/index.php HTTP/1.1" 301 0 "-" "Mozilla/5.0 (Windows NT 10.0; Win64; x64) AppleWebKit/537.36 (KHTML, like Gecko) Chrome/120.0.0.0 Safari/537.36"
72.83.7.216 - - [15/Apr/2026:12:32:00 +0000] "GET /favicon.ico HTTP/1.1" 200 1150 "-" "com.apple.WebKit.Networking/20624.1.16.18.2 Network/4277.140.33.703.1 macOS/15.7.5"
72.83.7.216 - - [15/Apr/2026:12:32:00 +0000] "GET /wp-content/themes/driven-by-boredom/favicon/favicon-16x16.png HTTP/1.1" 200 571 "-" "com.apple.WebKit.Networking/20624.1.16.18.2 Network/4277.140.33.703.1 macOS/15.7.5"
72.83.7.216 - - [15/Apr/2026:12:32:00 +0000] "GET /wp-content/themes/driven-by-boredom/favicon/favicon-32x32.png HTTP/1.1" 200 1382 "-" "com.apple.WebKit.Networking/20624.1.16.18.2 Network/4277.140.33.703.1 macOS/15.7.5"
72.83.7.216 - - [15/Apr/2026:12:32:00 +0000] "GET /wp-content/themes/driven-by-boredom/favicon/apple-touch-icon.png HTTP/1.1" 200 16759 "-" "com.apple.WebKit.Networking/20624.1.16.18.2 Network/4277.140.33.703.1 macOS/15.7.5"
72.83.7.216 - - [15/Apr/2026:12:32:00 +0000] "GET /apple-touch-icon-precomposed.png HTTP/1.1" 404 28949 "-" "com.apple.WebKit.Networking/20624.1.16.18.2 Network/4277.140.33.703.1 macOS/15.7.5"
72.83.7.216 - - [15/Apr/2026:12:32:00 +0000] "GET /apple-touch-icon.png HTTP/1.1" 404 28949 "-" "com.apple.WebKit.Networking/20624.1.16.18.2 Network/4277.140.33.703.1 macOS/15.7.5"
72.83.7.216 - - [15/Apr/2026:12:32:00 +0000] "GET /wp-content/uploads/2026/02/DSC_3816.jpg HTTP/1.1" 200 2867923 "-" "com.apple.WebKit.Networking/20624.1.16.18.2 Network/4277.140.33.703.1 macOS/15.7.5"
13.75.213.214 - - [15/Apr/2026:12:32:00 +0000] "GET /6xBAm3vODE05BSzkJZRAws.php HTTP/1.1" 301 0 "-" "Mozilla/5.0 (Windows NT 10.0; Win64; x64) AppleWebKit/537.36 (KHTML, like Gecko) Chrome/120.0.0.0 Safari/537.36"
13.75.213.214 - - [15/Apr/2026:12:32:01 +0000] "GET /a.php HTTP/1.1" 301 0 "-" "Mozilla/5.0 (Windows NT 10.0; Win64; x64) AppleWebKit/537.36 (KHTML, like Gecko) Chrome/120.0.0.0 Safari/537.36"
13.75.213.214 - - [15/Apr/2026:12:32:01 +0000] "GET /a1.php HTTP/1.1" 301 0 "-" "Mozilla/5.0 (Windows NT 10.0; Win64; x64) AppleWebKit/537.36 (KHTML, like Gecko) Chrome/120.0.0.0 Safari/537.36"
13.75.213.214 - - [15/Apr/2026:12:32:01 +0000] "GET /onclickfuns.php HTTP/1.1" 301 0 "-" "Mozilla/5.0 (Windows NT 10.0; Win64; x64) AppleWebKit/537.36 (KHTML, like Gecko) Chrome/120.0.0.0 Safari/537.36"
13.75.213.214 - - [15/Apr/2026:12:32:02 +0000] "GET /w.php HTTP/1.1" 301 0 "-" "Mozilla/5.0 (Windows NT 10.0; Win64; x64) AppleWebKit/537.36 (KHTML, like Gecko) Chrome/120.0.0.0 Safari/537.36"
13.75.213.214 - - [15/Apr/2026:12:32:02 +0000] "GET /wp-admin/maint/about.php HTTP/1.1" 301 0 "-" "Mozilla/5.0 (Windows NT 10.0; Win64; x64) AppleWebKit/537.36 (KHTML, like Gecko) Chrome/120.0.0.0 Safari/537.36"
13.75.213.214 - - [15/Apr/2026:12:32:02 +0000] "GET /wp-content/plugins/index.php HTTP/1.1" 200 0 "-" "Mozilla/5.0 (Windows NT 10.0; Win64; x64) AppleWebKit/537.36 (KHTML, like Gecko) Chrome/120.0.0.0 Safari/537.36"
13.75.213.214 - - [15/Apr/2026:12:32:02 +0000] "GET /wp-good.php HTTP/1.1" 301 0 "-" "Mozilla/5.0 (Windows NT 10.0; Win64; x64) AppleWebKit/537.36 (KHTML, like Gecko) Chrome/120.0.0.0 Safari/537.36"
13.75.213.214 - - [15/Apr/2026:12:32:03 +0000] "GET /.info.php HTTP/1.1" 301 0 "-" "Mozilla/5.0 (Windows NT 10.0; Win64; x64) AppleWebKit/537.36 (KHTML, like Gecko) Chrome/120.0.0.0 Safari/537.36"
13.75.213.214 - - [15/Apr/2026:12:32:03 +0000] "GET /config.php HTTP/1.1" 301 0 "-" "Mozilla/5.0 (Windows NT 10.0; Win64; x64) AppleWebKit/537.36 (KHTML, like Gecko) Chrome/120.0.0.0 Safari/537.36"
13.75.213.214 - - [15/Apr/2026:12:32:03 +0000] "GET /item.php HTTP/1.1" 301 0 "-" "Mozilla/5.0 (Windows NT 10.0; Win64; x64) AppleWebKit/537.36 (KHTML, like Gecko) Chrome/120.0.0.0 Safari/537.36"
13.75.213.214 - - [15/Apr/2026:12:32:04 +0000] "GET /m.php HTTP/1.1" 301 0 "-" "Mozilla/5.0 (Windows NT 10.0; Win64; x64) AppleWebKit/537.36 (KHTML, like Gecko) Chrome/120.0.0.0 Safari/537.36"
13.75.213.214 - - [15/Apr/2026:12:32:04 +0000] "GET /rh.php HTTP/1.1" 301 0 "-" "Mozilla/5.0 (Windows NT 10.0; Win64; x64) AppleWebKit/537.36 (KHTML, like Gecko) Chrome/120.0.0.0 Safari/537.36"
40.77.167.26 - - [15/Apr/2026:12:32:04 +0000] "GET /?s=Black+Hills+Wygen+2+turbines HTTP/1.1" 200 38975 "-" "Mozilla/5.0 AppleWebKit/537.36 (KHTML, like Gecko; compatible; bingbot/2.0; +http://www.bing.com/bingbot.htm) Chrome/116.0.1938.76 Safari/537.36"
104.168.106.168 - - [15/Apr/2026:12:32:09 +0000] "GET /dbb-gallery/Weekly%20Parties/Trash%20@%20Rififi/2.13.09/thumbs/friday-the-13th-854.JPG HTTP/1.1" 301 0 "-" "Mozilla/5.0 (compatible; crawler)"
23.95.210.45 - - [15/Apr/2026:12:32:10 +0000] "GET /dbb-gallery/Weekly%20Parties/Trash%20@%20Rififi/2.13.09/thumbs/friday-the-13th-854.JPG HTTP/1.1" 404 28949 "-" "Mozilla/5.0 (compatible; crawler)"
198.91.168.227 - - [15/Apr/2026:12:32:11 +0000] "HEAD /feed HTTP/1.1" 301 0 "-" "Mozilla/5.0 (Windows NT 6.1) AppleWebKit/537.36 (KHTML, like Gecko) Chrome/77.0.3865.120 Safari/537.36"
198.91.168.227 - - [15/Apr/2026:12:32:11 +0000] "HEAD /feed/ HTTP/1.1" 200 0 "-" "Mozilla/5.0 (Windows NT 6.1) AppleWebKit/537.36 (KHTML, like Gecko) Chrome/77.0.3865.120 Safari/537.36"
114.119.137.85 - - [15/Apr/2026:12:32:14 +0000] "GET /gallery/2015-avn-awards/browse/pid--avn-awards-24/subscribe/aea8yl/sendicate.net/subscribe/sendicate.net/subscribe/aea8yl/page/1/slideshow HTTP/1.1" 404 28949 "https://www.drivenbyboredom.com/gallery/2015-avn-awards/browse/pid--avn-awards-24/subscribe/aea8yl/sendicate.net/subscribe/sendicate.net/subscribe/aea8yl/thumbnails/page/1" "Mozilla/5.0 (Linux; Android 7.0;) AppleWebKit/537.36 (KHTML, like Gecko) Mobile Safari/537.36 (compatible; PetalBot;+https://webmaster.petalsearch.com/site/petalbot)"
199.7.140.183 - - [15/Apr/2026:12:32:18 +0000] "GET /wp-content/uploads/2010/07/adult-entertainment-expo-2010.jpg HTTP/1.1" 404 28949 "http://www.drivenbyboredom.com/wp-content/uploads/2010/07/adult-entertainment-expo-2010.jpg" "Mozilla/5.0 (X11; Linux x86_64) AppleWebKit/537.36 (KHTML, like Gecko) Chrome/124.0.0.0 Safari/537.36"
154.16.3.181 - - [15/Apr/2026:12:32:21 +0000] "GET /wp-content/gallery/the-rest-of-the-2016-gathering-of-the-juggalos/gotj-685.JPG HTTP/1.1" 404 28949 "-" "Mozilla/5.0 (compatible; crawler)"
176.101.174.185 - - [15/Apr/2026:12:32:31 +0000] "GET /wp-content/gallery/2017-fader-fort/fader-fort-19.JPG HTTP/1.1" 404 28949 "-" "Mozilla/5.0 (compatible; crawler)"
172.121.141.246 - - [15/Apr/2026:12:32:44 +0000] "GET /wp-content/gallery/the-last-invite-them-up/thumbs/thumbs_invite-them-up-97.JPG HTTP/1.1" 404 28949 "-" "Mozilla/5.0 (compatible; crawler)"
157.55.39.195 - - [15/Apr/2026:12:32:44 +0000] "GET /?s=ug+gesch%C3%A4ftsf%C3%BChrer+und+angestellter HTTP/1.1" 200 39103 "-" "Mozilla/5.0 AppleWebKit/537.36 (KHTML, like Gecko; compatible; bingbot/2.0; +http://www.bing.com/bingbot.htm) Chrome/116.0.1938.76 Safari/537.36"
52.167.144.175 - - [15/Apr/2026:12:33:03 +0000] "GET /?s=skyxsummer+ero+me HTTP/1.1" 200 38835 "-" "Mozilla/5.0 AppleWebKit/537.36 (KHTML, like Gecko; compatible; bingbot/2.0; +http://www.bing.com/bingbot.htm) Chrome/116.0.1938.76 Safari/537.36"
40.77.167.26 - - [15/Apr/2026:12:33:07 +0000] "GET /?s=%E7%B5%8C%E7%B3%B8+%E7%B7%AF%E7%B3%B8%E3%80%80%E3%82%BF%E3%83%9A%E3%82%B9%E3%83%88%E3%83%AA%E3%83%BC HTTP/1.1" 200 39233 "-" "Mozilla/5.0 AppleWebKit/537.36 (KHTML, like Gecko; compatible; bingbot/2.0; +http://www.bing.com/bingbot.htm) Chrome/116.0.1938.76 Safari/537.36"
108.165.110.230 - - [15/Apr/2026:12:33:09 +0000] "GET /dbb-gallery/Special%20Events%20and%20Monthly%20Parties/Out%20Of%20Town%20Parties/South%20By%20Southwest%20%20-%20Austin,%20TX%20-%20March%202011/Misc/thumbs/sxsw-34.JPG HTTP/1.1" 404 28949 "-" "Mozilla/5.0 (compatible; crawler)"
152.163.100.192 - - [15/Apr/2026:12:33:17 +0000] "GET /wp-content/gallery/best-of-2018/best-of-2018-192.JPG HTTP/1.1" 404 28949 "-" "Mozilla/5.0 (compatible; crawler)"
145.223.132.224 - - [15/Apr/2026:12:33:18 +0000] "GET /2013/11/14/fun-fun-fun-fest-sunday/ HTTP/1.1" 404 28949 "-" "Mozilla/5.0 (Macintosh; Intel Mac OS X 13_5) AppleWebKit/605.1.15 (KHTML, like Gecko) Version/17.0 Safari/180.1"
82.153.215.9 - - [15/Apr/2026:12:33:27 +0000] "GET /dbb-gallery/Special%20Events%20and%20Monthly%20Parties/Out%20Of%20Town%20Parties/South%20By%20Southwest%20%20-%20Austin,%20TX%20-%20March,%202012/Misc/thumbs/sxsw-misc-154.JPG HTTP/1.1" 301 0 "-" "Mozilla/5.0 (compatible; crawler)"
17.22.245.104 - - [15/Apr/2026:12:33:28 +0000] "GET /dbb-gallery/Special%20Events%20and%20Monthly%20Parties/Out%20Of%20Town%20Parties/The%20Gathering%20Of%20The%20Juggalos%202011%20-%20Cave%20In%20Rock,%20IL/Juggalos/slides/2011-gathering-of-the-juggalos-72.html HTTP/1.1" 404 28949 "-" "Mozilla/5.0 (Macintosh; Intel Mac OS X 10_15_7) AppleWebKit/605.1.15 (KHTML, like Gecko) Version/17.4 Safari/605.1.15 (Applebot/0.1; +http://www.apple.com/go/applebot)"
152.163.17.238 - - [15/Apr/2026:12:33:29 +0000] "GET /dbb-gallery/Special%20Events%20and%20Monthly%20Parties/Out%20Of%20Town%20Parties/South%20By%20Southwest%20%20-%20Austin,%20TX%20-%20March,%202012/Misc/thumbs/sxsw-misc-154.JPG HTTP/1.1" 404 28949 "-" "Mozilla/5.0 (compatible; crawler)"
17.22.237.165 - - [15/Apr/2026:12:33:57 +0000] "GET /wp-content/themes/driven-by-boredom/dbb.css?ver=1.0.0 HTTP/1.1" 200 5314 "https://www.drivenbyboredom.com/dbb-gallery/Special%20Events%20and%20Monthly%20Parties/Out%20Of%20Town%20Parties/The%20Gathering%20Of%20The%20Juggalos%202011%20-%20Cave%20In%20Rock,%20IL/Juggalos/slides/2011-gathering-of-the-juggalos-72.html" "Mozilla/5.0 (Macintosh; Intel Mac OS X 10_15_7) AppleWebKit/605.1.15 (KHTML, like Gecko) Version/17.4 Safari/605.1.15 (Applebot/0.1; +http://www.apple.com/go/applebot)"
17.22.253.94 - - [15/Apr/2026:12:33:58 +0000] "GET /wp-content/themes/driven-by-boredom/elevate.css?ver=1.0.0 HTTP/1.1" 200 11660 "https://www.drivenbyboredom.com/dbb-gallery/Special%20Events%20and%20Monthly%20Parties/Out%20Of%20Town%20Parties/The%20Gathering%20Of%20The%20Juggalos%202011%20-%20Cave%20In%20Rock,%20IL/Juggalos/slides/2011-gathering-of-the-juggalos-72.html" "Mozilla/5.0 (Macintosh; Intel Mac OS X 10_15_7) AppleWebKit/605.1.15 (KHTML, like Gecko) Version/17.4 Safari/605.1.15 (Applebot/0.1; +http://www.apple.com/go/applebot)"
195.250.26.131 - - [15/Apr/2026:12:33:59 +0000] "POST /wp-cron.php?doing_wp_cron=1776256439.1827819347381591796875 HTTP/1.1" 200 0 "-" "WordPress/6.9.4; https://www.drivenbyboredom.com"
23.27.17.189 - - [15/Apr/2026:12:33:59 +0000] "GET /dbb-gallery/Weekly%20Parties/Six%20Six%20Sick%20@%20Happy%20Endings/11.20.07/thumbs/rocks-to-the-beats-31.JPG HTTP/1.1" 404 28949 "-" "Mozilla/5.0 (compatible; crawler)"
