118.107.44.79 - - [15/Apr/2026:13:10:21 +0000] "GET /?rest_route=/wp/v2/users HTTP/1.1" 401 119 "https://duckduckgo.com/?q=web+development%!(EXTRA string=web+development)" "Mozilla/5.0 (Windows NT 10.0; Win64; x64; rv:149.0) Gecko/20100101 Firefox/149.0"
118.107.44.76 - - [15/Apr/2026:13:10:21 +0000] "GET /?author=1 HTTP/1.1" 404 28970 "https://www.reddit.com/" "Mozilla/5.0 (Windows NT 10.0; Win64; x64; rv:148.0) Gecko/20100101 Firefox/148.0"
118.107.44.96 - - [15/Apr/2026:13:10:21 +0000] "GET /?author=1 HTTP/1.1" 404 28970 "https://www.google.com/" "Mozilla/5.0 (Windows NT 10.0; Win64; x64) AppleWebKit/537.36 (KHTML, like Gecko) Chrome/146.0.0.0 Safari/537.36"
118.107.44.96 - - [15/Apr/2026:13:10:22 +0000] "GET /?author=2 HTTP/1.1" 404 28970 "https://search.yahoo.com/search?p=blog+post%!(EXTRA string=blog+post)" "Mozilla/5.0 (Macintosh; Intel Mac OS X 10_15_7) AppleWebKit/537.36 (KHTML, like Gecko) Chrome/146.0.0.0 Safari/537.36"
118.107.44.120 - - [15/Apr/2026:13:10:22 +0000] "GET /?author=2 HTTP/1.1" 404 28970 "https://www.pinterest.com/" "Mozilla/5.0 (Windows NT 10.0; Win64; x64) AppleWebKit/537.36 (KHTML, like Gecko) Chrome/146.0.0.0 Safari/537.36 Edg/146.0.0.0"
118.107.44.123 - - [15/Apr/2026:13:10:22 +0000] "GET /?rest_route=/wp/v2/users HTTP/1.1" 401 119 "https://search.yahoo.com/" "Mozilla/5.0 (X11; Linux x86_64; rv:148.0) Gecko/20100101 Firefox/148.0"
118.107.44.76 - - [15/Apr/2026:13:10:22 +0000] "GET /?rest_route=/wp/v2/users HTTP/1.1" 401 119 "-" "Mozilla/5.0 (Windows NT 10.0; Win64; x64) AppleWebKit/537.36 (KHTML, like Gecko) Chrome/146.0.0.0 Safari/537.36 Edg/146.0.0.0"
118.107.44.123 - - [15/Apr/2026:13:10:23 +0000] "GET /?rest_route=/wp/v2/users HTTP/1.1" 401 119 "https://duckduckgo.com/?q=wordpress+plugins%!(EXTRA string=wordpress+plugins)" "Mozilla/5.0 (Macintosh; Intel Mac OS X 10_15_7) AppleWebKit/605.1.15 (KHTML, like Gecko) Version/26.3.1 Safari/605.1.15"
118.107.44.122 - - [15/Apr/2026:13:10:23 +0000] "GET /?author=3 HTTP/1.1" 404 28970 "https://www.google.com/search?q=wp+admin+login&oq=wp+admin+login" "Mozilla/5.0 (Windows NT 10.0; Win64; x64) AppleWebKit/537.36 (KHTML, like Gecko) Chrome/145.0.0.0 Safari/537.36 Edg/145.0.0.0"
118.107.44.89 - - [15/Apr/2026:13:10:23 +0000] "GET /?author=3 HTTP/1.1" 404 28970 "https://www.reddit.com/" "Mozilla/5.0 (X11; Linux x86_64; rv:148.0) Gecko/20100101 Firefox/148.0"
118.107.44.123 - - [15/Apr/2026:13:10:23 +0000] "GET /?author=1 HTTP/1.1" 404 29031 "https://www.youtube.com/" "Mozilla/5.0 (Macintosh; Intel Mac OS X 10_15_7) AppleWebKit/537.36 (KHTML, like Gecko) Chrome/146.0.0.0 Safari/537.36"
118.107.44.76 - - [15/Apr/2026:13:10:23 +0000] "GET /?author=1 HTTP/1.1" 404 29031 "-" "Mozilla/5.0 (Windows NT 10.0; Win64; x64; rv:148.0) Gecko/20100101 Firefox/148.0"
118.107.44.116 - - [15/Apr/2026:13:10:24 +0000] "GET /?author=1 HTTP/1.1" 404 29031 "https://www.google.com/search?q=wordpress+site&oq=wordpress+site" "Mozilla/5.0 (Macintosh; Intel Mac OS X 10_15_7) AppleWebKit/537.36 (KHTML, like Gecko) Chrome/146.0.0.0 Safari/537.36 Edg/146.0.0.0"
118.107.44.120 - - [15/Apr/2026:13:10:24 +0000] "GET /?author=2 HTTP/1.1" 404 29031 "https://www.pinterest.com/" "Mozilla/5.0 (Macintosh; Intel Mac OS X 10_15_7) AppleWebKit/605.1.15 (KHTML, like Gecko) Version/26.3.1 Safari/605.1.15"
118.107.44.96 - - [15/Apr/2026:13:10:24 +0000] "GET /?author=4 HTTP/1.1" 404 28970 "https://www.bing.com/" "Mozilla/5.0 (Macintosh; Intel Mac OS X 10_15_7) AppleWebKit/605.1.15 (KHTML, like Gecko) Version/26.3.1 Safari/605.1.15"
118.107.44.122 - - [15/Apr/2026:13:10:24 +0000] "GET /?author=4 HTTP/1.1" 404 28970 "-" "Mozilla/5.0 (Macintosh; Intel Mac OS X 10_15_7) AppleWebKit/605.1.15 (KHTML, like Gecko) Version/26.4 Safari/605.1.15"
118.107.44.123 - - [15/Apr/2026:13:10:24 +0000] "GET /?author=2 HTTP/1.1" 404 29031 "-" "Mozilla/5.0 (Windows NT 10.0; Win64; x64; rv:148.0) Gecko/20100101 Firefox/148.0"
118.107.44.123 - - [15/Apr/2026:13:10:25 +0000] "GET /?author=3 HTTP/1.1" 404 29031 "https://t.co/" "Mozilla/5.0 (Macintosh; Intel Mac OS X 10_15_7) AppleWebKit/537.36 (KHTML, like Gecko) Chrome/146.0.0.0 Safari/537.36"
118.107.44.79 - - [15/Apr/2026:13:10:25 +0000] "GET /?author=3 HTTP/1.1" 404 29031 "https://www.youtube.com/" "Mozilla/5.0 (Windows NT 10.0; Win64; x64) AppleWebKit/537.36 (KHTML, like Gecko) Chrome/146.0.0.0 Safari/537.36"
118.107.44.76 - - [15/Apr/2026:13:10:25 +0000] "GET /?author=2 HTTP/1.1" 404 29031 "https://www.linkedin.com/" "Mozilla/5.0 (Windows NT 10.0; Win64; x64) AppleWebKit/537.36 (KHTML, like Gecko) Chrome/145.0.0.0 Safari/537.36"
118.107.44.122 - - [15/Apr/2026:13:10:25 +0000] "GET /?author=5 HTTP/1.1" 404 28970 "https://www.bing.com/search?q=content+management+system%!(EXTRA string=content+management+system)" "Mozilla/5.0 (Windows NT 10.0; Win64; x64) AppleWebKit/537.36 (KHTML, like Gecko) Chrome/146.0.0.0 Safari/537.36"
118.107.44.89 - - [15/Apr/2026:13:10:25 +0000] "GET /?author=5 HTTP/1.1" 404 28970 "https://twitter.com/" "Mozilla/5.0 (X11; Linux x86_64) AppleWebKit/537.36 (KHTML, like Gecko) Chrome/146.0.0.0 Safari/537.36"
118.107.44.96 - - [15/Apr/2026:13:10:26 +0000] "GET /?author=4 HTTP/1.1" 404 29031 "https://search.yahoo.com/search?p=website+builder%!(EXTRA string=website+builder)" "Mozilla/5.0 (Windows NT 10.0; Win64; x64) AppleWebKit/537.36 (KHTML, like Gecko) Chrome/146.0.0.0 Safari/537.36 Edg/146.0.0.0"
118.107.44.76 - - [15/Apr/2026:13:10:26 +0000] "GET /?author=4 HTTP/1.1" 404 29031 "https://search.yahoo.com/search?p=digital+marketing%!(EXTRA string=digital+marketing)" "Mozilla/5.0 (Macintosh; Intel Mac OS X 10_15_7) AppleWebKit/537.36 (KHTML, like Gecko) Chrome/145.0.0.0 Safari/537.36"
118.107.44.76 - - [15/Apr/2026:13:10:26 +0000] "GET /?author=3 HTTP/1.1" 404 29031 "https://t.co/" "Mozilla/5.0 (Windows NT 10.0; Win64; x64; rv:148.0) Gecko/20100101 Firefox/148.0"
118.107.44.122 - - [15/Apr/2026:13:10:27 +0000] "HEAD /xmlrpc.php HTTP/1.1" 503 0 "https://www.linkedin.com/" "Mozilla/5.0 (Windows NT 10.0; Win64; x64) AppleWebKit/537.36 (KHTML, like Gecko) Chrome/146.0.0.0 Safari/537.36 Edg/146.0.0.0"
118.107.44.122 - - [15/Apr/2026:13:10:27 +0000] "HEAD /xmlrpc.php HTTP/1.1" 503 0 "-" "Mozilla/5.0 (Windows NT 10.0; Win64; x64) AppleWebKit/537.36 (KHTML, like Gecko) Chrome/146.0.0.0 Safari/537.36"
104.37.26.14 - - [15/Apr/2026:13:10:27 +0000] "GET /dbb-gallery/Weekly%20Parties/Random%20Nights%20Out/12.19.08%20(NSFW)/thumbs/freaky-friday-33.JPG HTTP/1.1" 404 28949 "-" "Mozilla/5.0 (compatible; crawler)"
118.107.44.76 - - [15/Apr/2026:13:10:27 +0000] "GET /?author=4 HTTP/1.1" 404 29031 "-" "Mozilla/5.0 (Windows NT 10.0; Win64; x64) AppleWebKit/537.36 (KHTML, like Gecko) Chrome/146.0.0.0 Safari/537.36 Edg/146.0.0.0"
118.107.44.122 - - [15/Apr/2026:13:10:28 +0000] "GET /wp-content/plugins/s2member/readme.txt HTTP/1.1" 503 18056 "https://www.reddit.com/" "Mozilla/5.0 (Windows NT 10.0; Win64; x64) AppleWebKit/537.36 (KHTML, like Gecko) Chrome/146.0.0.0 Safari/537.36"
118.107.44.122 - - [15/Apr/2026:13:10:28 +0000] "POST /wp-content/plugins/wp-automatic/inc/csv.php HTTP/1.1" 503 18056 "https://www.google.com/search?q=wp+admin+login&oq=wp+admin+login" "Mozilla/5.0 (Windows NT 10.0; Win64; x64; rv:148.0) Gecko/20100101 Firefox/148.0"
118.107.44.123 - - [15/Apr/2026:13:10:28 +0000] "POST /wp-admin/admin-ajax.php HTTP/1.1" 403 17021 "https://search.yahoo.com/" "Mozilla/5.0 (X11; Linux x86_64) AppleWebKit/537.36 (KHTML, like Gecko) Chrome/146.0.0.0 Safari/537.36"
118.107.44.120 - - [15/Apr/2026:13:10:28 +0000] "POST /wp-admin/admin-ajax.php HTTP/1.1" 403 17021 "https://www.reddit.com/" "Mozilla/5.0 (X11; Linux x86_64) AppleWebKit/537.36 (KHTML, like Gecko) Chrome/145.0.0.0 Safari/537.36"
195.250.26.131 - - [15/Apr/2026:13:10:28 +0000] "POST /?wordfence_syncAttackData=1776258627.9371 HTTP/1.1" 499 0 "-" "WordPress/6.9.4; https://www.drivenbyboredom.com"
195.250.26.131 - - [15/Apr/2026:13:10:28 +0000] "POST /?wordfence_syncAttackData=1776258627.9498 HTTP/1.1" 499 0 "-" "WordPress/6.9.4; https://www.drivenbyboredom.com"
195.250.26.131 - - [15/Apr/2026:13:10:29 +0000] "POST /?wordfence_syncAttackData=1776258628.2556 HTTP/1.1" 499 0 "-" "WordPress/6.9.4; https://www.drivenbyboredom.com"
195.250.26.131 - - [15/Apr/2026:13:10:29 +0000] "POST /?wordfence_syncAttackData=1776258628.2778 HTTP/1.1" 499 0 "-" "WordPress/6.9.4; https://www.drivenbyboredom.com"
195.250.26.131 - - [15/Apr/2026:13:10:29 +0000] "POST /?wordfence_syncAttackData=1776258628.2964 HTTP/1.1" 499 0 "-" "WordPress/6.9.4; https://www.drivenbyboredom.com"
195.250.26.131 - - [15/Apr/2026:13:10:29 +0000] "POST /?wordfence_syncAttackData=1776258628.3544 HTTP/1.1" 499 0 "-" "WordPress/6.9.4; https://www.drivenbyboredom.com"
195.250.26.131 - - [15/Apr/2026:13:10:29 +0000] "POST /?wordfence_syncAttackData=1776258628.3891 HTTP/1.1" 499 0 "-" "WordPress/6.9.4; https://www.drivenbyboredom.com"
195.250.26.131 - - [15/Apr/2026:13:10:29 +0000] "POST /?wordfence_syncAttackData=1776258628.4087 HTTP/1.1" 499 0 "-" "WordPress/6.9.4; https://www.drivenbyboredom.com"
195.250.26.131 - - [15/Apr/2026:13:10:29 +0000] "POST /wp-cron.php?doing_wp_cron=1776258629.1820540428161621093750 HTTP/1.1" 200 0 "-" "WordPress/6.9.4; https://www.drivenbyboredom.com"
118.107.44.123 - - [15/Apr/2026:13:10:29 +0000] "GET /?author=5 HTTP/1.1" 404 29031 "-" "Mozilla/5.0 (Windows NT 10.0; Win64; x64) AppleWebKit/537.36 (KHTML, like Gecko) Chrome/146.0.0.0 Safari/537.36"
118.107.44.120 - - [15/Apr/2026:13:10:29 +0000] "GET /?author=5 HTTP/1.1" 404 29031 "https://twitter.com/" "Mozilla/5.0 (Macintosh; Intel Mac OS X 10_15_7) AppleWebKit/537.36 (KHTML, like Gecko) Chrome/146.0.0.0 Safari/537.36"
118.107.44.116 - - [15/Apr/2026:13:10:29 +0000] "GET /wp-content/plugins/essential-addons-for-elementor-lite/readme.txt HTTP/1.1" 404 28949 "-" "Mozilla/5.0 (Windows NT 10.0; Win64; x64; rv:149.0) Gecko/20100101 Firefox/149.0"
118.107.44.76 - - [15/Apr/2026:13:10:29 +0000] "POST /wp-content/plugins/wp-automatic/inc/csv.php HTTP/1.1" 404 28949 "-" "Mozilla/5.0 (Macintosh; Intel Mac OS X 10_15_7) AppleWebKit/537.36 (KHTML, like Gecko) Chrome/146.0.0.0 Safari/537.36 Edg/146.0.0.0"
118.107.44.96 - - [15/Apr/2026:13:10:30 +0000] "GET /wp-content/plugins/s2member/readme.txt HTTP/1.1" 404 28949 "-" "Mozilla/5.0 (Windows NT 10.0; Win64; x64) AppleWebKit/537.36 (KHTML, like Gecko) Chrome/146.0.0.0 Safari/537.36 Edg/146.0.0.0"
118.107.44.116 - - [15/Apr/2026:13:10:30 +0000] "GET /wp-content/plugins/indeed-wp-superbackup/readme.txt HTTP/1.1" 404 28949 "https://www.bing.com/search?q=blog+post%!(EXTRA string=blog+post)" "Mozilla/5.0 (Windows NT 10.0; Win64; x64; rv:148.0) Gecko/20100101 Firefox/148.0"
118.107.44.120 - - [15/Apr/2026:13:10:30 +0000] "GET /wp-content/plugins/indeed-wp-superbackup/readme.txt HTTP/1.1" 404 28949 "https://www.google.com/search?q=domain+registration&oq=domain+registration" "Mozilla/5.0 (Windows NT 10.0; Win64; x64; rv:148.0) Gecko/20100101 Firefox/148.0"
118.107.44.79 - - [15/Apr/2026:13:10:30 +0000] "GET /wp-content/plugins/wp-file-upload/readme.txt HTTP/1.1" 404 28949 "https://www.bing.com/" "Mozilla/5.0 (Macintosh; Intel Mac OS X 10_15_7) AppleWebKit/605.1.15 (KHTML, like Gecko) Version/26.3.1 Safari/605.1.15"
118.107.44.79 - - [15/Apr/2026:13:10:30 +0000] "GET /wp-content/plugins/wp-file-upload/readme.txt HTTP/1.1" 404 28949 "https://www.reddit.com/" "Mozilla/5.0 (X11; Linux x86_64) AppleWebKit/537.36 (KHTML, like Gecko) Chrome/145.0.0.0 Safari/537.36"
118.107.44.123 - - [15/Apr/2026:13:10:30 +0000] "GET /wp-content/plugins/essential-addons-for-elementor-lite/readme.txt HTTP/1.1" 404 28949 "https://www.instagram.com/" "Mozilla/5.0 (Macintosh; Intel Mac OS X 10_15_7) AppleWebKit/605.1.15 (KHTML, like Gecko) Version/26.3.1 Safari/605.1.15"
118.107.44.76 - - [15/Apr/2026:13:10:30 +0000] "GET /?author=5 HTTP/1.1" 404 29031 "-" "Mozilla/5.0 (Windows NT 10.0; Win64; x64; rv:149.0) Gecko/20100101 Firefox/149.0"
195.250.26.131 - - [15/Apr/2026:13:10:30 +0000] "POST /wp-cron.php?doing_wp_cron=1776258630.3952419757843017578125 HTTP/1.1" 200 0 "-" "WordPress/6.9.4; https://www.drivenbyboredom.com"
118.107.44.122 - - [15/Apr/2026:13:10:30 +0000] "HEAD /xmlrpc.php HTTP/1.1" 503 0 "https://www.instagram.com/" "Mozilla/5.0 (X11; Linux x86_64) AppleWebKit/537.36 (KHTML, like Gecko) Chrome/145.0.0.0 Safari/537.36"
118.107.44.76 - - [15/Apr/2026:13:10:30 +0000] "HEAD /xmlrpc.php HTTP/1.1" 503 0 "https://search.yahoo.com/search?p=wordpress+site%!(EXTRA string=wordpress+site)" "Mozilla/5.0 (X11; Linux x86_64; rv:149.0) Gecko/20100101 Firefox/149.0"
118.107.44.76 - - [15/Apr/2026:13:10:31 +0000] "GET / HTTP/1.1" 503 18056 "https://twitter.com/" "Mozilla/5.0 (X11; Linux x86_64; rv:149.0) Gecko/20100101 Firefox/149.0"
118.107.44.122 - - [15/Apr/2026:13:10:31 +0000] "GET /wp-content/plugins/s2member/readme.txt HTTP/1.1" 503 18056 "https://www.google.com/" "Mozilla/5.0 (X11; Linux x86_64) AppleWebKit/537.36 (KHTML, like Gecko) Chrome/146.0.0.0 Safari/537.36"
118.107.44.76 - - [15/Apr/2026:13:10:31 +0000] "GET /wp-content/plugins/wp-file-upload/readme.txt HTTP/1.1" 503 18056 "-" "Mozilla/5.0 (Windows NT 10.0; Win64; x64) AppleWebKit/537.36 (KHTML, like Gecko) Chrome/146.0.0.0 Safari/537.36"
118.107.44.96 - - [15/Apr/2026:13:10:31 +0000] "GET /wp-content/plugins/essential-addons-for-elementor-lite/readme.txt HTTP/1.1" 301 0 "https://www.bing.com/search?q=digital+marketing%!(EXTRA string=digital+marketing)" "Mozilla/5.0 (Windows NT 10.0; Win64; x64) AppleWebKit/537.36 (KHTML, like Gecko) Chrome/146.0.0.0 Safari/537.36"
118.107.44.89 - - [15/Apr/2026:13:10:31 +0000] "GET /wp-content/plugins/indeed-wp-superbackup/readme.txt HTTP/1.1" 301 0 "-" "Mozilla/5.0 (X11; Linux x86_64; rv:148.0) Gecko/20100101 Firefox/148.0"
118.107.44.120 - - [15/Apr/2026:13:10:31 +0000] "POST /wp-content/plugins/wp-automatic/inc/csv.php HTTP/1.1" 404 29010 "https://duckduckgo.com/?q=best+wordpress+themes%!(EXTRA string=best+wordpress+themes)" "Mozilla/5.0 (Macintosh; Intel Mac OS X 10_15_7) AppleWebKit/605.1.15 (KHTML, like Gecko) Version/26.3.1 Safari/605.1.15"
118.107.44.123 - - [15/Apr/2026:13:10:31 +0000] "GET / HTTP/1.1" 200 37961 "https://search.yahoo.com/" "Mozilla/5.0 (Macintosh; Intel Mac OS X 10_15_7) AppleWebKit/537.36 (KHTML, like Gecko) Chrome/146.0.0.0 Safari/537.36"
118.107.44.123 - - [15/Apr/2026:13:10:31 +0000] "POST /wp-admin/admin-ajax.php HTTP/1.1" 403 17021 "-" "Mozilla/5.0 (X11; Linux x86_64; rv:148.0) Gecko/20100101 Firefox/148.0"
118.107.44.76 - - [15/Apr/2026:13:10:31 +0000] "GET /wp-content/plugins/s2member/readme.txt HTTP/1.1" 503 18056 "https://search.yahoo.com/search?p=php+tutorial%!(EXTRA string=php+tutorial)" "Mozilla/5.0 (Macintosh; Intel Mac OS X 14.7; rv:149.0) Gecko/20100101 Firefox/149.0"
118.107.44.122 - - [15/Apr/2026:13:10:31 +0000] "GET /wp-content/plugins/indeed-wp-superbackup/readme.txt HTTP/1.1" 503 18056 "https://www.bing.com/" "Mozilla/5.0 (Macintosh; Intel Mac OS X 10_15_7) AppleWebKit/537.36 (KHTML, like Gecko) Chrome/145.0.0.0 Safari/537.36"
118.107.44.123 - - [15/Apr/2026:13:10:31 +0000] "GET /wp-content/plugins/essential-addons-for-elementor-lite/readme.txt HTTP/1.1" 301 0 "https://www.youtube.com/" "Mozilla/5.0 (Macintosh; Intel Mac OS X 10_15_7) AppleWebKit/537.36 (KHTML, like Gecko) Chrome/146.0.0.0 Safari/537.36"
118.107.44.96 - - [15/Apr/2026:13:10:31 +0000] "POST /wp-content/plugins/wp-automatic/inc/csv.php HTTP/1.1" 404 29010 "https://www.bing.com/" "Mozilla/5.0 (Windows NT 10.0; Win64; x64) AppleWebKit/537.36 (KHTML, like Gecko) Chrome/146.0.0.0 Safari/537.36"
118.107.44.120 - - [15/Apr/2026:13:10:31 +0000] "HEAD /xmlrpc.php HTTP/1.1" 503 0 "https://duckduckgo.com/?q=seo+tips%!(EXTRA string=seo+tips)" "Mozilla/5.0 (X11; Linux x86_64) AppleWebKit/537.36 (KHTML, like Gecko) Chrome/145.0.0.0 Safari/537.36"
118.107.44.89 - - [15/Apr/2026:13:10:31 +0000] "GET /wp-content/plugins/wp-file-upload/readme.txt HTTP/1.1" 301 0 "-" "Mozilla/5.0 (X11; Linux x86_64; rv:148.0) Gecko/20100101 Firefox/148.0"
118.107.44.120 - - [15/Apr/2026:13:10:32 +0000] "HEAD /xmlrpc.php HTTP/1.1" 503 0 "-" "Mozilla/5.0 (Macintosh; Intel Mac OS X 10_15_7) AppleWebKit/537.36 (KHTML, like Gecko) Chrome/146.0.0.0 Safari/537.36"
118.107.44.79 - - [15/Apr/2026:13:10:32 +0000] "POST /wp-admin/admin-ajax.php HTTP/1.1" 403 17021 "-" "Mozilla/5.0 (Windows NT 10.0; Win64; x64; rv:148.0) Gecko/20100101 Firefox/148.0"
118.107.44.89 - - [15/Apr/2026:13:10:32 +0000] "GET / HTTP/1.1" 301 0 "-" "Mozilla/5.0 (X11; Linux x86_64) AppleWebKit/537.36 (KHTML, like Gecko) Chrome/146.0.0.0 Safari/537.36"
118.107.44.122 - - [15/Apr/2026:13:10:32 +0000] "POST /wp-content/plugins/wp-automatic/inc/csv.php HTTP/1.1" 503 18056 "https://www.youtube.com/" "Mozilla/5.0 (Windows NT 10.0; Win64; x64) AppleWebKit/537.36 (KHTML, like Gecko) Chrome/146.0.0.0 Safari/537.36 Edg/146.0.0.0"
118.107.44.120 - - [15/Apr/2026:13:10:32 +0000] "GET /wp-content/plugins/indeed-wp-superbackup/readme.txt HTTP/1.1" 503 18056 "https://www.bing.com/search?q=how+to+create+a+website%!(EXTRA string=how+to+create+a+website)" "Mozilla/5.0 (Macintosh; Intel Mac OS X 14.7; rv:149.0) Gecko/20100101 Firefox/149.0"
118.107.44.76 - - [15/Apr/2026:13:10:32 +0000] "GET /wp-content/plugins/wp-file-upload/readme.txt HTTP/1.1" 503 18056 "https://duckduckgo.com/?q=wp+admin+login%!(EXTRA string=wp+admin+login)" "Mozilla/5.0 (Macintosh; Intel Mac OS X 10_15_7) AppleWebKit/537.36 (KHTML, like Gecko) Chrome/145.0.0.0 Safari/537.36"
118.107.44.76 - - [15/Apr/2026:13:10:33 +0000] "GET /wp-json/wp/v2/users/ HTTP/1.1" 503 18056 "https://search.yahoo.com/" "Mozilla/5.0 (Macintosh; Intel Mac OS X 10_15_7) AppleWebKit/605.1.15 (KHTML, like Gecko) Version/26.4 Safari/605.1.15"
118.107.44.89 - - [15/Apr/2026:13:10:33 +0000] "GET /wp-content/plugins/s2member/readme.txt HTTP/1.1" 404 29010 "-" "Mozilla/5.0 (Windows NT 10.0; Win64; x64) AppleWebKit/537.36 (KHTML, like Gecko) Chrome/145.0.0.0 Safari/537.36"
118.107.44.123 - - [15/Apr/2026:13:10:33 +0000] "GET /wp-content/plugins/essential-addons-for-elementor-lite/readme.txt HTTP/1.1" 404 29010 "https://t.co/" "Mozilla/5.0 (Windows NT 10.0; Win64; x64) AppleWebKit/537.36 (KHTML, like Gecko) Chrome/145.0.0.0 Safari/537.36"
118.107.44.116 - - [15/Apr/2026:13:10:33 +0000] "GET / HTTP/1.1" 301 0 "-" "Mozilla/5.0 (Windows NT 10.0; Win64; x64) AppleWebKit/537.36 (KHTML, like Gecko) Chrome/145.0.0.0 Safari/537.36 Edg/145.0.0.0"
118.107.44.123 - - [15/Apr/2026:13:10:33 +0000] "HEAD /xmlrpc.php HTTP/1.1" 503 0 "-" "Mozilla/5.0 (Windows NT 10.0; Win64; x64; rv:148.0) Gecko/20100101 Firefox/148.0"
118.107.44.96 - - [15/Apr/2026:13:10:33 +0000] "POST /wp-admin/admin-ajax.php HTTP/1.1" 403 17021 "https://search.yahoo.com/" "Mozilla/5.0 (Windows NT 10.0; Win64; x64) AppleWebKit/537.36 (KHTML, like Gecko) Chrome/146.0.0.0 Safari/537.36 Edg/146.0.0.0"
118.107.44.96 - - [15/Apr/2026:13:10:33 +0000] "GET / HTTP/1.1" 200 37961 "https://search.yahoo.com/search?p=how+to+create+a+website%!(EXTRA string=how+to+create+a+website)" "Mozilla/5.0 (Macintosh; Intel Mac OS X 10_15_7) AppleWebKit/537.36 (KHTML, like Gecko) Chrome/146.0.0.0 Safari/537.36"
118.107.44.89 - - [15/Apr/2026:13:10:33 +0000] "GET / HTTP/1.1" 200 37961 "-" "Mozilla/5.0 (Macintosh; Intel Mac OS X 10_15_7) AppleWebKit/605.1.15 (KHTML, like Gecko) Version/26.3.1 Safari/605.1.15"
118.107.44.116 - - [15/Apr/2026:13:10:33 +0000] "GET /wp-json/wp/v2/users/ HTTP/1.1" 401 119 "https://www.bing.com/search?q=wp+security%!(EXTRA string=wp+security)" "Mozilla/5.0 (Macintosh; Intel Mac OS X 14.7; rv:149.0) Gecko/20100101 Firefox/149.0"
118.107.44.76 - - [15/Apr/2026:13:10:34 +0000] "GET / HTTP/1.1" 503 18056 "https://www.google.com/search?q=how+to+create+a+website&oq=how+to+create+a+website" "Mozilla/5.0 (Windows NT 10.0; Win64; x64; rv:148.0) Gecko/20100101 Firefox/148.0"
15.235.98.99 - - [15/Apr/2026:13:10:34 +0000] "GET /wp-content/gallery/girl-talk-8-23-09/girl-talk-50.JPG_backup HTTP/1.1" 200 2951924 "-" "Mozilla/5.0 (compatible; AhrefsBot/7.0; +http://ahrefs.com/robot/)"
118.107.44.123 - - [15/Apr/2026:13:10:34 +0000] "HEAD /xmlrpc.php HTTP/1.1" 503 0 "https://www.youtube.com/" "Mozilla/5.0 (X11; Linux x86_64; rv:148.0) Gecko/20100101 Firefox/148.0"
118.107.44.76 - - [15/Apr/2026:13:10:34 +0000] "GET /wp-json/wp/v2/users/ HTTP/1.1" 503 18056 "https://search.yahoo.com/search?p=content+management+system%!(EXTRA string=content+management+system)" "Mozilla/5.0 (Windows NT 10.0; Win64; x64) AppleWebKit/537.36 (KHTML, like Gecko) Chrome/146.0.0.0 Safari/537.36"
118.107.44.122 - - [15/Apr/2026:13:10:35 +0000] "GET /wp-json/wp/v2/users/ HTTP/1.1" 503 18056 "https://search.yahoo.com/" "Mozilla/5.0 (Windows NT 10.0; Win64; x64) AppleWebKit/537.36 (KHTML, like Gecko) Chrome/146.0.0.0 Safari/537.36"
118.107.44.76 - - [15/Apr/2026:13:10:35 +0000] "HEAD /xmlrpc.php HTTP/1.1" 503 0 "https://www.reddit.com/" "Mozilla/5.0 (Macintosh; Intel Mac OS X 10_15_7) AppleWebKit/537.36 (KHTML, like Gecko) Chrome/146.0.0.0 Safari/537.36"
118.107.44.79 - - [15/Apr/2026:13:10:35 +0000] "HEAD /xmlrpc.php HTTP/1.1" 503 0 "https://twitter.com/" "Mozilla/5.0 (Macintosh; Intel Mac OS X 10_15_7) AppleWebKit/537.36 (KHTML, like Gecko) Chrome/146.0.0.0 Safari/537.36"
118.107.44.79 - - [15/Apr/2026:13:10:35 +0000] "GET /wp-json/wp/v2/users/ HTTP/1.1" 503 18056 "-" "Mozilla/5.0 (X11; Linux x86_64; rv:149.0) Gecko/20100101 Firefox/149.0"
118.107.44.76 - - [15/Apr/2026:13:10:35 +0000] "GET /?rest_route=/wp/v2/users HTTP/1.1" 503 18056 "https://www.youtube.com/" "Mozilla/5.0 (Macintosh; Intel Mac OS X 10_15_7) AppleWebKit/537.36 (KHTML, like Gecko) Chrome/146.0.0.0 Safari/537.36"
118.107.44.79 - - [15/Apr/2026:13:10:35 +0000] "GET /wp-json/wp/v2/users/ HTTP/1.1" 503 18056 "https://www.reddit.com/" "Mozilla/5.0 (Macintosh; Intel Mac OS X 14.7; rv:149.0) Gecko/20100101 Firefox/149.0"
118.107.44.116 - - [15/Apr/2026:13:10:35 +0000] "GET /wp-json/wp/v2/users/ HTTP/1.1" 401 119 "https://www.bing.com/" "Mozilla/5.0 (X11; Linux x86_64) AppleWebKit/537.36 (KHTML, like Gecko) Chrome/146.0.0.0 Safari/537.36"
118.107.44.76 - - [15/Apr/2026:13:10:36 +0000] "GET /?rest_route=/wp/v2/users HTTP/1.1" 503 18056 "-" "Mozilla/5.0 (Macintosh; Intel Mac OS X 10_15_7) AppleWebKit/537.36 (KHTML, like Gecko) Chrome/146.0.0.0 Safari/537.36 Edg/146.0.0.0"
118.107.44.76 - - [15/Apr/2026:13:10:36 +0000] "GET /wp-json/wp/v2/users/ HTTP/1.1" 503 18056 "-" "Mozilla/5.0 (Windows NT 10.0; Win64; x64) AppleWebKit/537.36 (KHTML, like Gecko) Chrome/145.0.0.0 Safari/537.36 Edg/145.0.0.0"
118.107.44.120 - - [15/Apr/2026:13:10:37 +0000] "GET /wp-json/wp/v2/users/ HTTP/1.1" 503 18056 "https://t.co/" "Mozilla/5.0 (Windows NT 10.0; Win64; x64) AppleWebKit/537.36 (KHTML, like Gecko) Chrome/146.0.0.0 Safari/537.36"
118.107.44.76 - - [15/Apr/2026:13:10:37 +0000] "GET /?rest_route=/wp/v2/users HTTP/1.1" 503 18056 "https://twitter.com/" "Mozilla/5.0 (Macintosh; Intel Mac OS X 10_15_7) AppleWebKit/537.36 (KHTML, like Gecko) Chrome/145.0.0.0 Safari/537.36"
118.107.44.122 - - [15/Apr/2026:13:10:37 +0000] "GET /wp-json/wp/v2/users/ HTTP/1.1" 503 18056 "-" "Mozilla/5.0 (Windows NT 10.0; Win64; x64) AppleWebKit/537.36 (KHTML, like Gecko) Chrome/145.0.0.0 Safari/537.36"
118.107.44.116 - - [15/Apr/2026:13:10:37 +0000] "GET /?rest_route=/wp/v2/users HTTP/1.1" 401 119 "https://www.facebook.com/" "Mozilla/5.0 (Macintosh; Intel Mac OS X 10_15_7) AppleWebKit/537.36 (KHTML, like Gecko) Chrome/146.0.0.0 Safari/537.36"
118.107.44.122 - - [15/Apr/2026:13:10:38 +0000] "GET /?rest_route=/wp/v2/users HTTP/1.1" 503 18056 "https://www.reddit.com/" "Mozilla/5.0 (Macintosh; Intel Mac OS X 10_15_7) AppleWebKit/537.36 (KHTML, like Gecko) Chrome/145.0.0.0 Safari/537.36"
118.107.44.122 - - [15/Apr/2026:13:10:38 +0000] "GET /?author=1 HTTP/1.1" 503 18056 "https://www.instagram.com/" "Mozilla/5.0 (Windows NT 10.0; Win64; x64) AppleWebKit/537.36 (KHTML, like Gecko) Chrome/146.0.0.0 Safari/537.36 Edg/146.0.0.0"
118.107.44.79 - - [15/Apr/2026:13:10:38 +0000] "GET /?rest_route=/wp/v2/users HTTP/1.1" 503 18056 "https://www.google.com/" "Mozilla/5.0 (Windows NT 10.0; Win64; x64) AppleWebKit/537.36 (KHTML, like Gecko) Chrome/145.0.0.0 Safari/537.36 Edg/145.0.0.0"
195.250.26.131 - - [15/Apr/2026:13:10:38 +0000] "POST /?wordfence_syncAttackData=1776258638.5399 HTTP/1.1" 200 0 "-" "WordPress/6.9.4; https://www.drivenbyboredom.com"
118.107.44.116 - - [15/Apr/2026:13:10:38 +0000] "GET /?rest_route=/wp/v2/users HTTP/1.1" 401 119 "https://twitter.com/" "Mozilla/5.0 (X11; Linux x86_64) AppleWebKit/537.36 (KHTML, like Gecko) Chrome/145.0.0.0 Safari/537.36"
118.107.44.96 - - [15/Apr/2026:13:10:39 +0000] "GET /?author=1 HTTP/1.1" 404 28970 "https://www.instagram.com/" "Mozilla/5.0 (Windows NT 10.0; Win64; x64; rv:149.0) Gecko/20100101 Firefox/149.0"
118.107.44.123 - - [15/Apr/2026:13:10:39 +0000] "GET /?author=2 HTTP/1.1" 503 18056 "-" "Mozilla/5.0 (Windows NT 10.0; Win64; x64; rv:148.0) Gecko/20100101 Firefox/148.0"
118.107.44.122 - - [15/Apr/2026:13:10:39 +0000] "GET /?rest_route=/wp/v2/users HTTP/1.1" 503 18056 "https://www.youtube.com/" "Mozilla/5.0 (Macintosh; Intel Mac OS X 10_15_7) AppleWebKit/537.36 (KHTML, like Gecko) Chrome/146.0.0.0 Safari/537.36"
118.107.44.79 - - [15/Apr/2026:13:10:40 +0000] "GET /?author=2 HTTP/1.1" 503 18056 "-" "Mozilla/5.0 (Windows NT 10.0; Win64; x64) AppleWebKit/537.36 (KHTML, like Gecko) Chrome/146.0.0.0 Safari/537.36"
118.107.44.76 - - [15/Apr/2026:13:10:40 +0000] "GET /?author=3 HTTP/1.1" 503 18056 "-" "Mozilla/5.0 (Macintosh; Intel Mac OS X 10_15_7) AppleWebKit/537.36 (KHTML, like Gecko) Chrome/145.0.0.0 Safari/537.36"
118.107.44.79 - - [15/Apr/2026:13:10:40 +0000] "GET /?rest_route=/wp/v2/users HTTP/1.1" 503 18056 "https://www.bing.com/search?q=website+builder%!(EXTRA string=website+builder)" "Mozilla/5.0 (X11; Linux x86_64; rv:148.0) Gecko/20100101 Firefox/148.0"
118.107.44.79 - - [15/Apr/2026:13:10:40 +0000] "GET /?rest_route=/wp/v2/users HTTP/1.1" 503 18056 "https://duckduckgo.com/?q=website+builder%!(EXTRA string=website+builder)" "Mozilla/5.0 (Macintosh; Intel Mac OS X 10_15_7) AppleWebKit/537.36 (KHTML, like Gecko) Chrome/146.0.0.0 Safari/537.36 Edg/146.0.0.0"
118.107.44.120 - - [15/Apr/2026:13:10:40 +0000] "GET /?author=1 HTTP/1.1" 503 18056 "https://www.pinterest.com/" "Mozilla/5.0 (X11; Linux x86_64; rv:148.0) Gecko/20100101 Firefox/148.0"
118.107.44.120 - - [15/Apr/2026:13:10:41 +0000] "GET /?author=4 HTTP/1.1" 503 18056 "https://www.youtube.com/" "Mozilla/5.0 (Macintosh; Intel Mac OS X 10_15_7) AppleWebKit/537.36 (KHTML, like Gecko) Chrome/146.0.0.0 Safari/537.36"
118.107.44.76 - - [15/Apr/2026:13:10:41 +0000] "GET /?author=3 HTTP/1.1" 503 18056 "https://www.linkedin.com/" "Mozilla/5.0 (X11; Linux x86_64; rv:149.0) Gecko/20100101 Firefox/149.0"
118.107.44.122 - - [15/Apr/2026:13:10:41 +0000] "GET /?author=1 HTTP/1.1" 503 18056 "https://www.youtube.com/" "Mozilla/5.0 (X11; Linux x86_64; rv:149.0) Gecko/20100101 Firefox/149.0"
118.107.44.89 - - [15/Apr/2026:13:10:41 +0000] "GET /?author=2 HTTP/1.1" 404 28970 "https://t.co/" "Mozilla/5.0 (Macintosh; Intel Mac OS X 10_15_7) AppleWebKit/537.36 (KHTML, like Gecko) Chrome/146.0.0.0 Safari/537.36 Edg/146.0.0.0"
118.107.44.89 - - [15/Apr/2026:13:10:41 +0000] "GET /?author=1 HTTP/1.1" 404 28970 "-" "Mozilla/5.0 (Windows NT 10.0; Win64; x64) AppleWebKit/537.36 (KHTML, like Gecko) Chrome/146.0.0.0 Safari/537.36 Edg/146.0.0.0"
118.107.44.79 - - [15/Apr/2026:13:10:41 +0000] "GET /?author=5 HTTP/1.1" 503 18056 "https://www.pinterest.com/" "Mozilla/5.0 (Windows NT 10.0; Win64; x64) AppleWebKit/537.36 (KHTML, like Gecko) Chrome/146.0.0.0 Safari/537.36"
118.107.44.96 - - [15/Apr/2026:13:10:42 +0000] "GET /?author=4 HTTP/1.1" 404 28970 "https://search.yahoo.com/" "Mozilla/5.0 (Windows NT 10.0; Win64; x64; rv:149.0) Gecko/20100101 Firefox/149.0"
118.107.44.76 - - [15/Apr/2026:13:10:42 +0000] "GET /?author=2 HTTP/1.1" 503 18056 "-" "Mozilla/5.0 (Macintosh; Intel Mac OS X 14.7; rv:149.0) Gecko/20100101 Firefox/149.0"
118.107.44.120 - - [15/Apr/2026:13:10:42 +0000] "GET /?author=2 HTTP/1.1" 503 18056 "https://twitter.com/" "Mozilla/5.0 (Macintosh; Intel Mac OS X 10_15_7) AppleWebKit/537.36 (KHTML, like Gecko) Chrome/146.0.0.0 Safari/537.36"
118.107.44.116 - - [15/Apr/2026:13:10:42 +0000] "GET /?author=3 HTTP/1.1" 404 28970 "-" "Mozilla/5.0 (Macintosh; Intel Mac OS X 10_15_7) AppleWebKit/537.36 (KHTML, like Gecko) Chrome/146.0.0.0 Safari/537.36"
118.107.44.79 - - [15/Apr/2026:13:10:42 +0000] "GET /?author=5 HTTP/1.1" 503 18056 "https://www.instagram.com/" "Mozilla/5.0 (Windows NT 10.0; Win64; x64) AppleWebKit/537.36 (KHTML, like Gecko) Chrome/146.0.0.0 Safari/537.36 Edg/146.0.0.0"
173.252.79.8 - - [15/Apr/2026:13:10:42 +0000] "GET /category/vintage-dbb/ HTTP/1.1" 200 206635 "-" "facebookexternalhit/1.1 (+http://www.facebook.com/externalhit_uatext.php)"
118.107.44.120 - - [15/Apr/2026:13:10:43 +0000] "GET /?author=4 HTTP/1.1" 503 18056 "-" "Mozilla/5.0 (Windows NT 10.0; Win64; x64) AppleWebKit/537.36 (KHTML, like Gecko) Chrome/145.0.0.0 Safari/537.36 Edg/145.0.0.0"
118.107.44.120 - - [15/Apr/2026:13:10:43 +0000] "GET /?author=3 HTTP/1.1" 503 18056 "-" "Mozilla/5.0 (X11; Linux x86_64) AppleWebKit/537.36 (KHTML, like Gecko) Chrome/145.0.0.0 Safari/537.36"
118.107.44.96 - - [15/Apr/2026:13:10:43 +0000] "GET /?author=3 HTTP/1.1" 404 29031 "-" "Mozilla/5.0 (X11; Linux x86_64; rv:149.0) Gecko/20100101 Firefox/149.0"
118.107.44.120 - - [15/Apr/2026:13:10:43 +0000] "POST /xmlrpc.php HTTP/1.1" 503 18056 "https://www.bing.com/" "Mozilla/5.0 (Macintosh; Intel Mac OS X 10_15_7) AppleWebKit/537.36 (KHTML, like Gecko) Chrome/145.0.0.0 Safari/537.36"
118.107.44.122 - - [15/Apr/2026:13:10:43 +0000] "GET /?author=5 HTTP/1.1" 503 18056 "https://www.youtube.com/" "Mozilla/5.0 (X11; Linux x86_64; rv:149.0) Gecko/20100101 Firefox/149.0"
118.107.44.89 - - [15/Apr/2026:13:10:44 +0000] "GET /?author=4 HTTP/1.1" 404 28970 "-" "Mozilla/5.0 (Macintosh; Intel Mac OS X 10_15_7) AppleWebKit/605.1.15 (KHTML, like Gecko) Version/26.3.1 Safari/605.1.15"
118.107.44.122 - - [15/Apr/2026:13:10:44 +0000] "GET /?author=4 HTTP/1.1" 503 18056 "https://www.google.com/" "Mozilla/5.0 (Macintosh; Intel Mac OS X 10_15_7) AppleWebKit/537.36 (KHTML, like Gecko) Chrome/146.0.0.0 Safari/537.36"
118.107.44.116 - - [15/Apr/2026:13:10:44 +0000] "POST /xmlrpc.php HTTP/1.1" 503 18969 "https://www.pinterest.com/" "Mozilla/5.0 (Macintosh; Intel Mac OS X 10_15_7) AppleWebKit/537.36 (KHTML, like Gecko) Chrome/146.0.0.0 Safari/537.36 Edg/146.0.0.0"
118.107.44.120 - - [15/Apr/2026:13:10:44 +0000] "GET /?author=5 HTTP/1.1" 503 18056 "-" "Mozilla/5.0 (X11; Linux x86_64) AppleWebKit/537.36 (KHTML, like Gecko) Chrome/145.0.0.0 Safari/537.36"
118.107.44.89 - - [15/Apr/2026:13:10:45 +0000] "GET /?author=5 HTTP/1.1" 404 29031 "-" "Mozilla/5.0 (Macintosh; Intel Mac OS X 10_15_7) AppleWebKit/605.1.15 (KHTML, like Gecko) Version/26.4 Safari/605.1.15"
118.107.44.123 - - [15/Apr/2026:13:10:45 +0000] "POST /xmlrpc.php HTTP/1.1" 503 18056 "https://www.youtube.com/" "Mozilla/5.0 (Macintosh; Intel Mac OS X 10_15_7) AppleWebKit/537.36 (KHTML, like Gecko) Chrome/146.0.0.0 Safari/537.36"
118.107.44.76 - - [15/Apr/2026:13:10:45 +0000] "POST /xmlrpc.php HTTP/1.1" 503 18056 "https://t.co/" "Mozilla/5.0 (Macintosh; Intel Mac OS X 10_15_7) AppleWebKit/537.36 (KHTML, like Gecko) Chrome/146.0.0.0 Safari/537.36"
118.107.44.79 - - [15/Apr/2026:13:10:46 +0000] "POST /xmlrpc.php HTTP/1.1" 503 18056 "https://www.youtube.com/" "Mozilla/5.0 (Macintosh; Intel Mac OS X 10_15_7) AppleWebKit/537.36 (KHTML, like Gecko) Chrome/146.0.0.0 Safari/537.36 Edg/146.0.0.0"
118.107.44.96 - - [15/Apr/2026:13:10:46 +0000] "POST /xmlrpc.php HTTP/1.1" 503 18969 "https://www.google.com/" "Mozilla/5.0 (Macintosh; Intel Mac OS X 10_15_7) AppleWebKit/537.36 (KHTML, like Gecko) Chrome/146.0.0.0 Safari/537.36 Edg/146.0.0.0"
118.107.44.96 - - [15/Apr/2026:13:10:46 +0000] "POST /xmlrpc.php HTTP/1.1" 503 18056 "-" "Mozilla/5.0 (Macintosh; Intel Mac OS X 10_15_7) AppleWebKit/605.1.15 (KHTML, like Gecko) Version/26.3.1 Safari/605.1.15"
118.107.44.79 - - [15/Apr/2026:13:10:46 +0000] "POST /xmlrpc.php HTTP/1.1" 503 18056 "https://www.google.com/" "Mozilla/5.0 (Windows NT 10.0; Win64; x64; rv:148.0) Gecko/20100101 Firefox/148.0"
118.107.44.116 - - [15/Apr/2026:13:10:47 +0000] "POST /xmlrpc.php HTTP/1.1" 503 18056 "https://www.pinterest.com/" "Mozilla/5.0 (Windows NT 10.0; Win64; x64) AppleWebKit/537.36 (KHTML, like Gecko) Chrome/146.0.0.0 Safari/537.36"
195.250.26.131 - - [15/Apr/2026:13:10:47 +0000] "POST /?wordfence_syncAttackData=1776258647.7048 HTTP/1.1" 200 0 "-" "WordPress/6.9.4; https://www.drivenbyboredom.com"
118.107.44.120 - - [15/Apr/2026:13:10:47 +0000] "POST /xmlrpc.php HTTP/1.1" 503 18056 "-" "Mozilla/5.0 (Macintosh; Intel Mac OS X 10_15_7) AppleWebKit/537.36 (KHTML, like Gecko) Chrome/145.0.0.0 Safari/537.36"
31.13.127.1 - - [15/Apr/2026:13:10:48 +0000] "GET /category/vintage-dbb/ HTTP/1.1" 200 206635 "-" "facebookexternalhit/1.1 (+http://www.facebook.com/externalhit_uatext.php)"
118.107.44.122 - - [15/Apr/2026:13:10:48 +0000] "POST /xmlrpc.php HTTP/1.1" 503 18056 "https://www.linkedin.com/" "Mozilla/5.0 (Macintosh; Intel Mac OS X 10_15_7) AppleWebKit/605.1.15 (KHTML, like Gecko) Version/26.4 Safari/605.1.15"
118.107.44.96 - - [15/Apr/2026:13:10:48 +0000] "POST /xmlrpc.php HTTP/1.1" 503 18056 "-" "Mozilla/5.0 (Macintosh; Intel Mac OS X 10_15_7) AppleWebKit/537.36 (KHTML, like Gecko) Chrome/146.0.0.0 Safari/537.36"
118.107.44.96 - - [15/Apr/2026:13:10:48 +0000] "POST /xmlrpc.php HTTP/1.1" 503 18056 "https://duckduckgo.com/?q=content+management+system%!(EXTRA string=content+management+system)" "Mozilla/5.0 (Windows NT 10.0; Win64; x64) AppleWebKit/537.36 (KHTML, like Gecko) Chrome/146.0.0.0 Safari/537.36"
118.107.44.120 - - [15/Apr/2026:13:10:48 +0000] "POST /xmlrpc.php HTTP/1.1" 503 18056 "https://duckduckgo.com/?q=best+wordpress+themes%!(EXTRA string=best+wordpress+themes)" "Mozilla/5.0 (Windows NT 10.0; Win64; x64) AppleWebKit/537.36 (KHTML, like Gecko) Chrome/145.0.0.0 Safari/537.36"
72.63.106.42 - - [15/Apr/2026:13:10:49 +0000] "GET /dbb-gallery/Weekly%20Parties/Playhouse%20@%20Cain/11.19.08/thumbs/cain-137.JPG HTTP/1.1" 404 28949 "-" "Mozilla/5.0 (compatible; crawler)"
118.107.44.122 - - [15/Apr/2026:13:10:50 +0000] "POST /xmlrpc.php HTTP/1.1" 503 18056 "-" "Mozilla/5.0 (Windows NT 10.0; Win64; x64) AppleWebKit/537.36 (KHTML, like Gecko) Chrome/145.0.0.0 Safari/537.36"
118.107.44.116 - - [15/Apr/2026:13:10:50 +0000] "POST /xmlrpc.php HTTP/1.1" 503 18056 "https://search.yahoo.com/search?p=digital+marketing%!(EXTRA string=digital+marketing)" "Mozilla/5.0 (Macintosh; Intel Mac OS X 10_15_7) AppleWebKit/537.36 (KHTML, like Gecko) Chrome/146.0.0.0 Safari/537.36"
118.107.44.120 - - [15/Apr/2026:13:10:50 +0000] "POST /xmlrpc.php HTTP/1.1" 503 18056 "https://www.pinterest.com/" "Mozilla/5.0 (Windows NT 10.0; Win64; x64) AppleWebKit/537.36 (KHTML, like Gecko) Chrome/146.0.0.0 Safari/537.36"
118.107.44.89 - - [15/Apr/2026:13:10:50 +0000] "POST /xmlrpc.php HTTP/1.1" 503 18969 "https://www.bing.com/search?q=content+management+system%!(EXTRA string=content+management+system)" "Mozilla/5.0 (X11; Linux x86_64) AppleWebKit/537.36 (KHTML, like Gecko) Chrome/145.0.0.0 Safari/537.36"
118.107.44.123 - - [15/Apr/2026:13:10:50 +0000] "POST /xmlrpc.php HTTP/1.1" 503 18056 "https://www.google.com/" "Mozilla/5.0 (Windows NT 10.0; Win64; x64) AppleWebKit/537.36 (KHTML, like Gecko) Chrome/146.0.0.0 Safari/537.36"
31.6.51.112 - - [15/Apr/2026:13:10:50 +0000] "GET /wp-content/gallery/rest-of-2018/rest-of-2018-nsfw-92.JPG HTTP/1.1" 404 28949 "-" "Mozilla/5.0 (compatible; crawler)"
118.107.44.122 - - [15/Apr/2026:13:10:51 +0000] "POST /xmlrpc.php HTTP/1.1" 503 18056 "-" "Mozilla/5.0 (Windows NT 10.0; Win64; x64) AppleWebKit/537.36 (KHTML, like Gecko) Chrome/146.0.0.0 Safari/537.36 Edg/146.0.0.0"
118.107.44.89 - - [15/Apr/2026:13:10:52 +0000] "POST /xmlrpc.php HTTP/1.1" 503 18056 "https://www.instagram.com/" "Mozilla/5.0 (Windows NT 10.0; Win64; x64; rv:149.0) Gecko/20100101 Firefox/149.0"
118.107.44.89 - - [15/Apr/2026:13:10:52 +0000] "POST /xmlrpc.php HTTP/1.1" 503 18056 "https://www.facebook.com/" "Mozilla/5.0 (Macintosh; Intel Mac OS X 14.7; rv:149.0) Gecko/20100101 Firefox/149.0"
118.107.44.89 - - [15/Apr/2026:13:10:52 +0000] "POST /xmlrpc.php HTTP/1.1" 503 18056 "https://www.google.com/" "Mozilla/5.0 (Macintosh; Intel Mac OS X 10_15_7) AppleWebKit/537.36 (KHTML, like Gecko) Chrome/146.0.0.0 Safari/537.36"
118.107.44.76 - - [15/Apr/2026:13:10:52 +0000] "POST /xmlrpc.php HTTP/1.1" 503 18056 "https://twitter.com/" "Mozilla/5.0 (X11; Linux x86_64) AppleWebKit/537.36 (KHTML, like Gecko) Chrome/146.0.0.0 Safari/537.36"
118.107.44.79 - - [15/Apr/2026:13:10:53 +0000] "POST /xmlrpc.php HTTP/1.1" 503 18056 "https://www.reddit.com/" "Mozilla/5.0 (X11; Linux x86_64) AppleWebKit/537.36 (KHTML, like Gecko) Chrome/145.0.0.0 Safari/537.36"
118.107.44.79 - - [15/Apr/2026:13:10:53 +0000] "POST /xmlrpc.php HTTP/1.1" 503 18056 "https://duckduckgo.com/?q=wordpress+plugins%!(EXTRA string=wordpress+plugins)" "Mozilla/5.0 (Windows NT 10.0; Win64; x64; rv:149.0) Gecko/20100101 Firefox/149.0"
118.107.44.123 - - [15/Apr/2026:13:10:53 +0000] "POST /xmlrpc.php HTTP/1.1" 503 18056 "https://www.bing.com/search?q=best+wordpress+themes%!(EXTRA string=best+wordpress+themes)" "Mozilla/5.0 (Windows NT 10.0; Win64; x64) AppleWebKit/537.36 (KHTML, like Gecko) Chrome/145.0.0.0 Safari/537.36 Edg/145.0.0.0"
118.107.44.123 - - [15/Apr/2026:13:10:53 +0000] "POST /xmlrpc.php HTTP/1.1" 503 18056 "https://search.yahoo.com/search?p=wordpress+site%!(EXTRA string=wordpress+site)" "Mozilla/5.0 (Windows NT 10.0; Win64; x64) AppleWebKit/537.36 (KHTML, like Gecko) Chrome/146.0.0.0 Safari/537.36 Edg/146.0.0.0"
118.107.44.116 - - [15/Apr/2026:13:10:54 +0000] "POST /xmlrpc.php HTTP/1.1" 503 18056 "-" "Mozilla/5.0 (Windows NT 10.0; Win64; x64; rv:148.0) Gecko/20100101 Firefox/148.0"
118.107.44.89 - - [15/Apr/2026:13:10:54 +0000] "POST /xmlrpc.php HTTP/1.1" 503 18056 "-" "Mozilla/5.0 (Windows NT 10.0; Win64; x64; rv:149.0) Gecko/20100101 Firefox/149.0"
118.107.44.76 - - [15/Apr/2026:13:10:55 +0000] "POST /xmlrpc.php HTTP/1.1" 503 18056 "https://search.yahoo.com/search?p=wp+admin+login%!(EXTRA string=wp+admin+login)" "Mozilla/5.0 (Macintosh; Intel Mac OS X 10_15_7) AppleWebKit/537.36 (KHTML, like Gecko) Chrome/146.0.0.0 Safari/537.36 Edg/146.0.0.0"
118.107.44.89 - - [15/Apr/2026:13:10:55 +0000] "POST /xmlrpc.php HTTP/1.1" 503 18056 "https://search.yahoo.com/search?p=wordpress+site%!(EXTRA string=wordpress+site)" "Mozilla/5.0 (Windows NT 10.0; Win64; x64) AppleWebKit/537.36 (KHTML, like Gecko) Chrome/146.0.0.0 Safari/537.36 Edg/146.0.0.0"
118.107.44.123 - - [15/Apr/2026:13:10:55 +0000] "POST /xmlrpc.php HTTP/1.1" 503 18056 "https://www.youtube.com/" "Mozilla/5.0 (Macintosh; Intel Mac OS X 10_15_7) AppleWebKit/537.36 (KHTML, like Gecko) Chrome/146.0.0.0 Safari/537.36 Edg/146.0.0.0"
118.107.44.120 - - [15/Apr/2026:13:10:55 +0000] "POST /xmlrpc.php HTTP/1.1" 503 18056 "-" "Mozilla/5.0 (Windows NT 10.0; Win64; x64) AppleWebKit/537.36 (KHTML, like Gecko) Chrome/145.0.0.0 Safari/537.36"
118.107.44.79 - - [15/Apr/2026:13:10:56 +0000] "POST /xmlrpc.php HTTP/1.1" 503 18056 "https://t.co/" "Mozilla/5.0 (Windows NT 10.0; Win64; x64) AppleWebKit/537.36 (KHTML, like Gecko) Chrome/146.0.0.0 Safari/537.36"
118.107.44.122 - - [15/Apr/2026:13:10:56 +0000] "POST /xmlrpc.php HTTP/1.1" 503 18056 "https://www.linkedin.com/" "Mozilla/5.0 (Windows NT 10.0; Win64; x64) AppleWebKit/537.36 (KHTML, like Gecko) Chrome/146.0.0.0 Safari/537.36 Edg/146.0.0.0"
118.107.44.123 - - [15/Apr/2026:13:10:56 +0000] "POST /xmlrpc.php HTTP/1.1" 503 18056 "-" "Mozilla/5.0 (X11; Linux x86_64; rv:148.0) Gecko/20100101 Firefox/148.0"
118.107.44.96 - - [15/Apr/2026:13:10:56 +0000] "POST /xmlrpc.php HTTP/1.1" 503 18056 "https://www.google.com/" "Mozilla/5.0 (X11; Linux x86_64) AppleWebKit/537.36 (KHTML, like Gecko) Chrome/146.0.0.0 Safari/537.36"
118.107.44.116 - - [15/Apr/2026:13:10:57 +0000] "POST /xmlrpc.php HTTP/1.1" 503 18056 "https://twitter.com/" "Mozilla/5.0 (Macintosh; Intel Mac OS X 10_15_7) AppleWebKit/605.1.15 (KHTML, like Gecko) Version/26.4 Safari/605.1.15"
118.107.44.79 - - [15/Apr/2026:13:10:57 +0000] "POST /xmlrpc.php HTTP/1.1" 503 18056 "-" "Mozilla/5.0 (Macintosh; Intel Mac OS X 14.7; rv:149.0) Gecko/20100101 Firefox/149.0"
195.250.26.131 - - [15/Apr/2026:13:10:58 +0000] "POST /?wordfence_syncAttackData=1776258657.858 HTTP/1.1" 200 0 "-" "WordPress/6.9.4; https://www.drivenbyboredom.com"
152.163.24.238 - - [15/Apr/2026:13:10:58 +0000] "GET /dbb-gallery/Weekly%20Parties/Trash%20@%20Rififi/2.11.11%20(NSFW)/thumbs/trash-turns-9-17.JPG HTTP/1.1" 404 28949 "-" "Mozilla/5.0 (compatible; crawler)"
118.107.44.122 - - [15/Apr/2026:13:10:58 +0000] "POST /xmlrpc.php HTTP/1.1" 503 18056 "-" "Mozilla/5.0 (Macintosh; Intel Mac OS X 10_15_7) AppleWebKit/537.36 (KHTML, like Gecko) Chrome/146.0.0.0 Safari/537.36"
118.107.44.89 - - [15/Apr/2026:13:10:58 +0000] "POST /xmlrpc.php HTTP/1.1" 503 18056 "https://www.linkedin.com/" "Mozilla/5.0 (Windows NT 10.0; Win64; x64; rv:149.0) Gecko/20100101 Firefox/149.0"
118.107.44.96 - - [15/Apr/2026:13:10:58 +0000] "POST /xmlrpc.php HTTP/1.1" 503 18056 "https://search.yahoo.com/" "Mozilla/5.0 (X11; Linux x86_64) AppleWebKit/537.36 (KHTML, like Gecko) Chrome/146.0.0.0 Safari/537.36"
118.107.44.122 - - [15/Apr/2026:13:10:58 +0000] "POST /xmlrpc.php HTTP/1.1" 503 18056 "https://t.co/" "Mozilla/5.0 (Macintosh; Intel Mac OS X 10_15_7) AppleWebKit/537.36 (KHTML, like Gecko) Chrome/146.0.0.0 Safari/537.36 Edg/146.0.0.0"
118.107.44.116 - - [15/Apr/2026:13:10:59 +0000] "POST /xmlrpc.php HTTP/1.1" 503 18056 "https://www.linkedin.com/" "Mozilla/5.0 (Windows NT 10.0; Win64; x64) AppleWebKit/537.36 (KHTML, like Gecko) Chrome/146.0.0.0 Safari/537.36"
118.107.44.122 - - [15/Apr/2026:13:10:59 +0000] "POST /xmlrpc.php HTTP/1.1" 503 18056 "https://duckduckgo.com/?q=seo+tips%!(EXTRA string=seo+tips)" "Mozilla/5.0 (Macintosh; Intel Mac OS X 10_15_7) AppleWebKit/537.36 (KHTML, like Gecko) Chrome/146.0.0.0 Safari/537.36"
118.107.44.122 - - [15/Apr/2026:13:11:00 +0000] "POST /xmlrpc.php HTTP/1.1" 503 18056 "https://www.bing.com/" "Mozilla/5.0 (X11; Linux x86_64; rv:148.0) Gecko/20100101 Firefox/148.0"
118.107.44.96 - - [15/Apr/2026:13:11:00 +0000] "POST /xmlrpc.php HTTP/1.1" 503 18056 "https://www.bing.com/" "Mozilla/5.0 (Windows NT 10.0; Win64; x64; rv:149.0) Gecko/20100101 Firefox/149.0"
118.107.44.120 - - [15/Apr/2026:13:11:00 +0000] "POST /xmlrpc.php HTTP/1.1" 503 18056 "https://www.linkedin.com/" "Mozilla/5.0 (Macintosh; Intel Mac OS X 10_15_7) AppleWebKit/537.36 (KHTML, like Gecko) Chrome/145.0.0.0 Safari/537.36"
118.107.44.123 - - [15/Apr/2026:13:11:00 +0000] "POST /xmlrpc.php HTTP/1.1" 503 18056 "https://t.co/" "Mozilla/5.0 (Macintosh; Intel Mac OS X 10_15_7) AppleWebKit/605.1.15 (KHTML, like Gecko) Version/26.3.1 Safari/605.1.15"
118.107.44.122 - - [15/Apr/2026:13:11:01 +0000] "POST /xmlrpc.php HTTP/1.1" 503 18056 "https://www.pinterest.com/" "Mozilla/5.0 (X11; Linux x86_64; rv:149.0) Gecko/20100101 Firefox/149.0"
118.107.44.122 - - [15/Apr/2026:13:11:02 +0000] "POST /xmlrpc.php HTTP/1.1" 503 18056 "-" "Mozilla/5.0 (Windows NT 10.0; Win64; x64) AppleWebKit/537.36 (KHTML, like Gecko) Chrome/145.0.0.0 Safari/537.36 Edg/145.0.0.0"
118.107.44.123 - - [15/Apr/2026:13:11:02 +0000] "POST /xmlrpc.php HTTP/1.1" 503 18056 "https://www.bing.com/search?q=wp+admin+login%!(EXTRA string=wp+admin+login)" "Mozilla/5.0 (X11; Linux x86_64; rv:149.0) Gecko/20100101 Firefox/149.0"
118.107.44.123 - - [15/Apr/2026:13:11:02 +0000] "POST /xmlrpc.php HTTP/1.1" 503 18056 "https://www.bing.com/search?q=php+tutorial%!(EXTRA string=php+tutorial)" "Mozilla/5.0 (Windows NT 10.0; Win64; x64; rv:149.0) Gecko/20100101 Firefox/149.0"
118.107.44.79 - - [15/Apr/2026:13:11:03 +0000] "POST /xmlrpc.php HTTP/1.1" 503 18056 "-" "Mozilla/5.0 (X11; Linux x86_64; rv:149.0) Gecko/20100101 Firefox/149.0"
118.107.44.120 - - [15/Apr/2026:13:11:03 +0000] "POST /xmlrpc.php HTTP/1.1" 503 18056 "-" "Mozilla/5.0 (Macintosh; Intel Mac OS X 10_15_7) AppleWebKit/537.36 (KHTML, like Gecko) Chrome/146.0.0.0 Safari/537.36"
118.107.44.76 - - [15/Apr/2026:13:11:03 +0000] "POST /xmlrpc.php HTTP/1.1" 503 18056 "-" "Mozilla/5.0 (Windows NT 10.0; Win64; x64) AppleWebKit/537.36 (KHTML, like Gecko) Chrome/145.0.0.0 Safari/537.36 Edg/145.0.0.0"
118.107.44.120 - - [15/Apr/2026:13:11:03 +0000] "POST /xmlrpc.php HTTP/1.1" 503 18056 "-" "Mozilla/5.0 (Windows NT 10.0; Win64; x64) AppleWebKit/537.36 (KHTML, like Gecko) Chrome/145.0.0.0 Safari/537.36 Edg/145.0.0.0"
118.107.44.76 - - [15/Apr/2026:13:11:04 +0000] "POST /xmlrpc.php HTTP/1.1" 503 18056 "https://search.yahoo.com/search?p=digital+marketing%!(EXTRA string=digital+marketing)" "Mozilla/5.0 (X11; Linux x86_64) AppleWebKit/537.36 (KHTML, like Gecko) Chrome/146.0.0.0 Safari/537.36"
118.107.44.76 - - [15/Apr/2026:13:11:04 +0000] "POST /xmlrpc.php HTTP/1.1" 503 18056 "https://www.google.com/search?q=digital+marketing&oq=digital+marketing" "Mozilla/5.0 (Macintosh; Intel Mac OS X 10_15_7) AppleWebKit/605.1.15 (KHTML, like Gecko) Version/26.4 Safari/605.1.15"
114.119.145.212 - - [15/Apr/2026:13:11:05 +0000] "GET /gallery/best-of-2011/browse/subscribe/aea8yl/pid--best-of-2011-2/subscribe/aea8yl/thumbnails/subscribe/aea8yl/page/12 HTTP/1.1" 404 28949 "https://www.drivenbyboredom.com/gallery/best-of-2011/browse/subscribe/aea8yl/pid--best-of-2011-2/subscribe/aea8yl/thumbnails/subscribe/aea8yl/page/11" "Mozilla/5.0 (Linux; Android 7.0;) AppleWebKit/537.36 (KHTML, like Gecko) Mobile Safari/537.36 (compatible; PetalBot;+https://webmaster.petalsearch.com/site/petalbot)"
118.107.44.76 - - [15/Apr/2026:13:11:06 +0000] "POST /xmlrpc.php HTTP/1.1" 503 18056 "https://www.linkedin.com/" "Mozilla/5.0 (Macintosh; Intel Mac OS X 10_15_7) AppleWebKit/605.1.15 (KHTML, like Gecko) Version/26.3.1 Safari/605.1.15"
118.107.44.122 - - [15/Apr/2026:13:11:06 +0000] "POST /xmlrpc.php HTTP/1.1" 503 18056 "https://www.linkedin.com/" "Mozilla/5.0 (Macintosh; Intel Mac OS X 10_15_7) AppleWebKit/605.1.15 (KHTML, like Gecko) Version/26.4 Safari/605.1.15"
118.107.44.123 - - [15/Apr/2026:13:11:06 +0000] "POST /xmlrpc.php HTTP/1.1" 503 18056 "https://www.bing.com/" "Mozilla/5.0 (Macintosh; Intel Mac OS X 10_15_7) AppleWebKit/605.1.15 (KHTML, like Gecko) Version/26.4 Safari/605.1.15"
118.107.44.120 - - [15/Apr/2026:13:11:06 +0000] "POST /xmlrpc.php HTTP/1.1" 503 18056 "https://search.yahoo.com/search?p=hosting+comparison%!(EXTRA string=hosting+comparison)" "Mozilla/5.0 (Macintosh; Intel Mac OS X 10_15_7) AppleWebKit/537.36 (KHTML, like Gecko) Chrome/146.0.0.0 Safari/537.36 Edg/146.0.0.0"
118.107.44.79 - - [15/Apr/2026:13:11:07 +0000] "POST /xmlrpc.php HTTP/1.1" 503 18056 "https://www.reddit.com/" "Mozilla/5.0 (Windows NT 10.0; Win64; x64) AppleWebKit/537.36 (KHTML, like Gecko) Chrome/145.0.0.0 Safari/537.36"
118.107.44.96 - - [15/Apr/2026:13:11:07 +0000] "POST /xmlrpc.php HTTP/1.1" 503 18056 "-" "Mozilla/5.0 (Windows NT 10.0; Win64; x64) AppleWebKit/537.36 (KHTML, like Gecko) Chrome/146.0.0.0 Safari/537.36"
118.107.44.96 - - [15/Apr/2026:13:11:07 +0000] "POST /xmlrpc.php HTTP/1.1" 503 18056 "https://t.co/" "Mozilla/5.0 (Macintosh; Intel Mac OS X 10_15_7) AppleWebKit/537.36 (KHTML, like Gecko) Chrome/145.0.0.0 Safari/537.36"
118.107.44.122 - - [15/Apr/2026:13:11:08 +0000] "POST /xmlrpc.php HTTP/1.1" 503 18056 "-" "Mozilla/5.0 (Windows NT 10.0; Win64; x64) AppleWebKit/537.36 (KHTML, like Gecko) Chrome/145.0.0.0 Safari/537.36 Edg/145.0.0.0"
118.107.44.96 - - [15/Apr/2026:13:11:08 +0000] "POST /xmlrpc.php HTTP/1.1" 503 18056 "-" "Mozilla/5.0 (Macintosh; Intel Mac OS X 10_15_7) AppleWebKit/537.36 (KHTML, like Gecko) Chrome/145.0.0.0 Safari/537.36"
118.107.44.96 - - [15/Apr/2026:13:11:08 +0000] "POST /xmlrpc.php HTTP/1.1" 503 18056 "https://search.yahoo.com/search?p=content+management+system%!(EXTRA string=content+management+system)" "Mozilla/5.0 (X11; Linux x86_64) AppleWebKit/537.36 (KHTML, like Gecko) Chrome/146.0.0.0 Safari/537.36"
118.107.44.96 - - [15/Apr/2026:13:11:10 +0000] "POST /xmlrpc.php HTTP/1.1" 503 18056 "https://www.bing.com/" "Mozilla/5.0 (Macintosh; Intel Mac OS X 10_15_7) AppleWebKit/537.36 (KHTML, like Gecko) Chrome/146.0.0.0 Safari/537.36"
118.107.44.96 - - [15/Apr/2026:13:11:10 +0000] "POST /xmlrpc.php HTTP/1.1" 503 18056 "https://www.bing.com/search?q=digital+marketing%!(EXTRA string=digital+marketing)" "Mozilla/5.0 (Windows NT 10.0; Win64; x64) AppleWebKit/537.36 (KHTML, like Gecko) Chrome/145.0.0.0 Safari/537.36"
118.107.44.116 - - [15/Apr/2026:13:11:10 +0000] "POST /xmlrpc.php HTTP/1.1" 503 18056 "https://www.bing.com/search?q=seo+tips%!(EXTRA string=seo+tips)" "Mozilla/5.0 (Windows NT 10.0; Win64; x64) AppleWebKit/537.36 (KHTML, like Gecko) Chrome/146.0.0.0 Safari/537.36"
118.107.44.122 - - [15/Apr/2026:13:11:10 +0000] "POST /xmlrpc.php HTTP/1.1" 503 18056 "https://www.bing.com/search?q=website+builder%!(EXTRA string=website+builder)" "Mozilla/5.0 (Macintosh; Intel Mac OS X 10_15_7) AppleWebKit/537.36 (KHTML, like Gecko) Chrome/146.0.0.0 Safari/537.36 Edg/146.0.0.0"
118.107.44.76 - - [15/Apr/2026:13:11:10 +0000] "POST /xmlrpc.php HTTP/1.1" 503 18056 "https://duckduckgo.com/?q=seo+tips%!(EXTRA string=seo+tips)" "Mozilla/5.0 (X11; Linux x86_64; rv:149.0) Gecko/20100101 Firefox/149.0"
118.107.44.123 - - [15/Apr/2026:13:11:11 +0000] "POST /xmlrpc.php HTTP/1.1" 503 18056 "https://www.youtube.com/" "Mozilla/5.0 (Windows NT 10.0; Win64; x64) AppleWebKit/537.36 (KHTML, like Gecko) Chrome/145.0.0.0 Safari/537.36 Edg/145.0.0.0"
118.107.44.96 - - [15/Apr/2026:13:11:11 +0000] "POST /xmlrpc.php HTTP/1.1" 503 18056 "https://twitter.com/" "Mozilla/5.0 (X11; Linux x86_64; rv:148.0) Gecko/20100101 Firefox/148.0"
