195.250.26.131 - - [16/Apr/2026:12:53:50 +0000] "POST /wp-cron.php?doing_wp_cron=1776344030.4656810760498046875000 HTTP/1.1" 200 0 "-" "WordPress/6.9.4; https://archive.drivenbyboredom.com"
23.26.235.19 - - [16/Apr/2026:12:53:50 +0000] "GET /gallery/11/thumbs/48.jpg HTTP/1.1" 302 0 "-" "Mozilla/5.0 (compatible; crawler)"
23.26.235.19 - - [16/Apr/2026:12:53:51 +0000] "GET /gallery/11/thumbs/48.jpg?password-protected=login&redirect_to=https%3A%2F%2Farchive.drivenbyboredom.com%2Fgallery%2F11%2Fthumbs%2F48.jpg HTTP/1.1" 404 4520 "-" "Mozilla/5.0 (compatible; crawler)"
195.250.26.131 - - [16/Apr/2026:13:02:35 +0000] "POST /wp-cron.php?doing_wp_cron=1776344555.0725491046905517578125 HTTP/1.1" 200 0 "-" "WordPress/6.9.4; https://archive.drivenbyboredom.com"
145.223.130.87 - - [16/Apr/2026:13:02:35 +0000] "GET /gallery/display.php?x=39&i=11 HTTP/1.1" 302 0 "-" "Mozilla/5.0 (Macintosh; Intel Mac OS X 10_15_7) AppleWebKit/537.36 (KHTML, like Gecko) Chrome/120.0.0.0 Safari/537.36"
145.223.130.87 - - [16/Apr/2026:13:02:35 +0000] "GET /gallery/display.php?x=39&i=11&password-protected=login&redirect_to=https%3A%2F%2Farchive.drivenbyboredom.com%2Fgallery%2Fdisplay.php%3Fx%3D39%26i%3D11 HTTP/1.1" 404 4554 "-" "Mozilla/5.0 (Macintosh; Intel Mac OS X 10_15_7) AppleWebKit/537.36 (KHTML, like Gecko) Chrome/120.0.0.0 Safari/537.36"
195.250.26.131 - - [16/Apr/2026:13:23:52 +0000] "POST /wp-cron.php?doing_wp_cron=1776345832.2220458984375000000000 HTTP/1.1" 200 0 "-" "WordPress/6.9.4; https://archive.drivenbyboredom.com"
144.76.19.75 - - [16/Apr/2026:13:23:52 +0000] "GET /robots.txt HTTP/1.1" 200 78 "-" "Mozilla/5.0 (compatible; SERankingBacklinksBot/1.0; +https://seranking.com/backlinks-crawler)"
144.76.19.75 - - [16/Apr/2026:13:23:52 +0000] "GET /robots.txt HTTP/1.1" 200 78 "-" "Mozilla/5.0 (compatible; SERankingBacklinksBot/1.0; +https://seranking.com/backlinks-crawler)"
144.76.19.75 - - [16/Apr/2026:13:23:53 +0000] "GET /Pictures/sports/nwf.htm HTTP/1.1" 302 0 "-" "Mozilla/5.0 (compatible; SERankingBacklinksBot/1.0; +https://seranking.com/backlinks-crawler)"
144.76.19.75 - - [16/Apr/2026:13:23:53 +0000] "GET /robots.txt HTTP/1.1" 200 78 "-" "Mozilla/5.0 (compatible; SERankingBacklinksBot/1.0; +https://seranking.com/backlinks-crawler)"
144.76.19.75 - - [16/Apr/2026:13:23:53 +0000] "GET /robots.txt HTTP/1.1" 200 78 "-" "Mozilla/5.0 (compatible; SERankingBacklinksBot/1.0; +https://seranking.com/backlinks-crawler)"
144.76.19.75 - - [16/Apr/2026:13:23:53 +0000] "GET /robots.txt HTTP/1.1" 200 78 "-" "Mozilla/5.0 (compatible; SERankingBacklinksBot/1.0; +https://seranking.com/backlinks-crawler)"
144.76.19.75 - - [16/Apr/2026:13:23:53 +0000] "GET /robots.txt HTTP/1.1" 200 78 "-" "Mozilla/5.0 (compatible; SERankingBacklinksBot/1.0; +https://seranking.com/backlinks-crawler)"
144.76.19.75 - - [16/Apr/2026:13:23:53 +0000] "GET /robots.txt HTTP/1.1" 200 78 "-" "Mozilla/5.0 (compatible; SERankingBacklinksBot/1.0; +https://seranking.com/backlinks-crawler)"
144.76.19.75 - - [16/Apr/2026:13:23:54 +0000] "GET /Pictures/sports/nwf.htm?password-protected=login&redirect_to=https%3A%2F%2Farchive.drivenbyboredom.com%2FPictures%2Fsports%2Fnwf.htm HTTP/1.1" 404 4515 "-" "Mozilla/5.0 (compatible; SERankingBacklinksBot/1.0; +https://seranking.com/backlinks-crawler)"
195.250.26.131 - - [16/Apr/2026:13:47:50 +0000] "POST /wp-cron.php?doing_wp_cron=1776347270.8929519653320312500000 HTTP/1.1" 200 0 "-" "WordPress/6.9.4; https://archive.drivenbyboredom.com"
145.223.132.182 - - [16/Apr/2026:13:47:50 +0000] "GET /gallery/display.php?x=49&i=17 HTTP/1.1" 302 0 "-" "Mozilla/5.0 (Linux; Android 13; Pixel 7) AppleWebKit/537.36 (KHTML, like Gecko) Chrome/131.0.0.0 Mobile Safari/537.36"
145.223.132.182 - - [16/Apr/2026:13:47:51 +0000] "GET /gallery/display.php?x=49&i=17&password-protected=login&redirect_to=https%3A%2F%2Farchive.drivenbyboredom.com%2Fgallery%2Fdisplay.php%3Fx%3D49%26i%3D17 HTTP/1.1" 404 4554 "-" "Mozilla/5.0 (Linux; Android 13; Pixel 7) AppleWebKit/537.36 (KHTML, like Gecko) Chrome/131.0.0.0 Mobile Safari/537.36"
195.250.26.131 - - [16/Apr/2026:14:10:36 +0000] "POST /wp-cron.php?doing_wp_cron=1776348636.7407829761505126953125 HTTP/1.1" 200 0 "-" "WordPress/6.9.4; https://archive.drivenbyboredom.com"
102.204.4.14 - - [16/Apr/2026:14:10:36 +0000] "GET /gallery/display.php?i=100&x=6 HTTP/1.1" 302 0 "http://archive.drivenbyboredom.com/" "Mozilla/5.0 (X11; CrOS x86_64 14541.0.0) AppleWebKit/537.36 (KHTML, like Gecko) Chrome/113.0.0.0 Safari/537.36"
195.250.26.131 - - [16/Apr/2026:14:21:42 +0000] "POST /wp-cron.php?doing_wp_cron=1776349302.7635231018066406250000 HTTP/1.1" 200 0 "-" "WordPress/6.9.4; https://archive.drivenbyboredom.com"
212.47.78.124 - - [16/Apr/2026:14:21:42 +0000] "GET / HTTP/1.1" 302 0 "http://archive.drivenbyboredom.com/" "Go-http-client/1.1"
212.47.78.124 - - [16/Apr/2026:14:21:42 +0000] "GET /?password-protected=login&redirect_to=https%3A%2F%2Farchive.drivenbyboredom.com%2F HTTP/1.1" 200 4442 "https://archive.drivenbyboredom.com/" "Go-http-client/1.1"
212.47.78.124 - - [16/Apr/2026:14:21:43 +0000] "GET /wp-includes/css/buttons.css HTTP/1.1" 200 9830 "http://archive.drivenbyboredom.com/wp-includes/css/buttons.css" "Go-http-client/1.1"
114.119.142.85 - - [16/Apr/2026:14:22:11 +0000] "GET /gallery/the-2021-gathering-of-the-juggalos/browse/page/2/slideshow HTTP/1.1" 302 0 "https://archive.drivenbyboredom.com/gallery/the-2021-gathering-of-the-juggalos/browse/page/2" "Mozilla/5.0 (Linux; Android 7.0;) AppleWebKit/537.36 (KHTML, like Gecko) Mobile Safari/537.36 (compatible; PetalBot;+https://webmaster.petalsearch.com/site/petalbot)"
114.119.142.85 - - [16/Apr/2026:14:22:21 +0000] "GET /gallery/the-2021-gathering-of-the-juggalos?password-protected=login&redirect_to=https://archive.drivenbyboredom.com//gallery/the-2021-gathering-of-the-juggalos/ HTTP/1.1" 200 4895 "https://archive.drivenbyboredom.com/gallery/the-2021-gathering-of-the-juggalos/browse/page/2" "Mozilla/5.0 (Linux; Android 7.0;) AppleWebKit/537.36 (KHTML, like Gecko) Mobile Safari/537.36 (compatible; PetalBot;+https://webmaster.petalsearch.com/site/petalbot)"
114.119.145.212 - - [16/Apr/2026:14:22:46 +0000] "GET /2014/02/12/2014-westminster-kennel-club-dog-show/ HTTP/1.1" 302 0 "https://archive.drivenbyboredom.com/category/celebs/" "Mozilla/5.0 (Linux; Android 7.0;) AppleWebKit/537.36 (KHTML, like Gecko) Mobile Safari/537.36 (compatible; PetalBot;+https://webmaster.petalsearch.com/site/petalbot)"
195.250.26.131 - - [16/Apr/2026:14:38:40 +0000] "POST /wp-cron.php?doing_wp_cron=1776350320.4400920867919921875000 HTTP/1.1" 200 0 "-" "WordPress/6.9.4; https://archive.drivenbyboredom.com"
144.76.19.75 - - [16/Apr/2026:14:38:40 +0000] "GET /robots.txt HTTP/1.1" 200 78 "-" "Mozilla/5.0 (compatible; SERankingBacklinksBot/1.0; +https://seranking.com/backlinks-crawler)"
144.76.19.75 - - [16/Apr/2026:14:38:41 +0000] "GET /Pictures/suburbs.htm HTTP/1.1" 302 0 "-" "Mozilla/5.0 (compatible; SERankingBacklinksBot/1.0; +https://seranking.com/backlinks-crawler)"
144.76.19.75 - - [16/Apr/2026:14:38:41 +0000] "GET /Pictures/suburbs.htm?password-protected=login&redirect_to=https%3A%2F%2Farchive.drivenbyboredom.com%2FPictures%2Fsuburbs.htm HTTP/1.1" 404 4504 "-" "Mozilla/5.0 (compatible; SERankingBacklinksBot/1.0; +https://seranking.com/backlinks-crawler)"
195.250.26.131 - - [16/Apr/2026:14:47:05 +0000] "POST /wp-cron.php?doing_wp_cron=1776350825.1690380573272705078125 HTTP/1.1" 200 0 "-" "WordPress/6.9.4; https://archive.drivenbyboredom.com"
47.128.16.13 - - [16/Apr/2026:14:47:05 +0000] "GET /Pictures/tats.htm HTTP/1.1" 302 0 "-" "Mozilla/5.0 (Linux; Android 5.0) AppleWebKit/537.36 (KHTML, like Gecko) Mobile Safari/537.36 (compatible; TikTokSpider; ttspider-feedback@tiktok.com)"
47.128.16.13 - - [16/Apr/2026:14:47:05 +0000] "GET /Pictures/tats.htm?password-protected=login&redirect_to=https%3A%2F%2Farchive.drivenbyboredom.com%2FPictures%2Ftats.htm HTTP/1.1" 404 4812 "-" "Mozilla/5.0 (Linux; Android 5.0) AppleWebKit/537.36 (KHTML, like Gecko) Mobile Safari/537.36 (compatible; TikTokSpider; ttspider-feedback@tiktok.com)"
47.128.16.136 - - [16/Apr/2026:14:59:23 +0000] "GET /shop.htm HTTP/1.1" 302 0 "-" "Mozilla/5.0 (Linux; Android 5.0) AppleWebKit/537.36 (KHTML, like Gecko) Mobile Safari/537.36 (compatible; TikTokSpider; ttspider-feedback@tiktok.com)"
47.128.16.136 - - [16/Apr/2026:14:59:23 +0000] "GET /shop.htm?password-protected=login&redirect_to=https%3A%2F%2Farchive.drivenbyboredom.com%2Fshop.htm HTTP/1.1" 404 4783 "-" "Mozilla/5.0 (Linux; Android 5.0) AppleWebKit/537.36 (KHTML, like Gecko) Mobile Safari/537.36 (compatible; TikTokSpider; ttspider-feedback@tiktok.com)"
195.250.26.131 - - [16/Apr/2026:15:47:42 +0000] "POST /wp-cron.php?doing_wp_cron=1776354462.5225419998168945312500 HTTP/1.1" 200 0 "-" "WordPress/6.9.4; https://archive.drivenbyboredom.com"
216.244.66.198 - - [16/Apr/2026:15:47:42 +0000] "GET /robots.txt HTTP/1.1" 200 78 "-" "Mozilla/5.0 (compatible; DotBot/1.2; +https://opensiteexplorer.org/dotbot; help@moz.com)"
212.70.118.2 - - [16/Apr/2026:15:50:47 +0000] "GET /gallery/display.php?i=57&x=3 HTTP/1.1" 302 0 "http://archive.drivenbyboredom.com/" "Mozilla/5.0 (Macintosh; Intel Mac OS X 10_15_7) AppleWebKit/537.36 (KHTML, like Gecko) Chrome/134.0.0.0 Safari/537.36"
144.76.19.75 - - [16/Apr/2026:15:51:12 +0000] "GET /robots.txt HTTP/1.1" 200 78 "-" "Mozilla/5.0 (compatible; SERankingBacklinksBot/1.0; +https://seranking.com/backlinks-crawler)"
144.76.19.75 - - [16/Apr/2026:15:51:13 +0000] "GET /Pictures/tats.htm HTTP/1.1" 302 0 "-" "Mozilla/5.0 (compatible; SERankingBacklinksBot/1.0; +https://seranking.com/backlinks-crawler)"
144.76.19.75 - - [16/Apr/2026:15:51:13 +0000] "GET /Pictures/tats.htm?password-protected=login&redirect_to=https%3A%2F%2Farchive.drivenbyboredom.com%2FPictures%2Ftats.htm HTTP/1.1" 404 4495 "-" "Mozilla/5.0 (compatible; SERankingBacklinksBot/1.0; +https://seranking.com/backlinks-crawler)"
195.250.26.131 - - [16/Apr/2026:16:06:34 +0000] "POST /wp-cron.php?doing_wp_cron=1776355594.0926680564880371093750 HTTP/1.1" 200 0 "-" "WordPress/6.9.4; https://archive.drivenbyboredom.com"
216.244.66.198 - - [16/Apr/2026:16:06:34 +0000] "GET /category/video/page/13/ HTTP/1.1" 302 0 "-" "Mozilla/5.0 (compatible; DotBot/1.2; +https://opensiteexplorer.org/dotbot; help@moz.com)"
195.250.26.131 - - [16/Apr/2026:16:17:19 +0000] "POST /wp-cron.php?doing_wp_cron=1776356239.7451829910278320312500 HTTP/1.1" 200 0 "-" "WordPress/6.9.4; https://archive.drivenbyboredom.com"
45.156.87.93 - - [16/Apr/2026:16:17:19 +0000] "GET /.git/config HTTP/1.1" 302 0 "-" "Mozilla/5.0 (Windows NT 10.0; Win64; x64) AppleWebKit/537.36 (KHTML, like Gecko) Chrome/101.0.0.0 Safari/537.36"
195.250.26.131 - - [16/Apr/2026:16:33:22 +0000] "POST /wp-cron.php?doing_wp_cron=1776357202.5406160354614257812500 HTTP/1.1" 200 0 "-" "WordPress/6.9.4; https://archive.drivenbyboredom.com"
216.244.66.198 - - [16/Apr/2026:16:33:22 +0000] "GET /robots.txt HTTP/1.1" 200 78 "-" "Mozilla/5.0 (compatible; DotBot/1.2; +https://opensiteexplorer.org/dotbot; help@moz.com)"
74.248.131.183 - - [16/Apr/2026:16:37:35 +0000] "GET /wp-content/plugins/hellopress/wp_filemanager.php HTTP/1.1" 302 0 "-" "-"
74.248.131.183 - - [16/Apr/2026:16:37:35 +0000] "GET /wp-content/plugins/hellopress/wp_filemanager.php?password-protected=login&redirect_to=https%3A%2F%2Farchive.drivenbyboredom.com%2Fwp-content%2Fplugins%2Fhellopress%2Fwp_filemanager.php HTTP/1.1" 404 4592 "-" "-"
74.248.131.183 - - [16/Apr/2026:16:37:36 +0000] "GET /ws80.php HTTP/1.1" 302 0 "-" "-"
74.248.131.183 - - [16/Apr/2026:16:37:37 +0000] "GET /ws80.php?password-protected=login&redirect_to=https%3A%2F%2Farchive.drivenbyboredom.com%2Fws80.php HTTP/1.1" 404 4466 "-" "-"
74.248.131.183 - - [16/Apr/2026:16:37:38 +0000] "GET /inputs.php HTTP/1.1" 302 0 "-" "-"
74.248.131.183 - - [16/Apr/2026:16:37:38 +0000] "GET /inputs.php?password-protected=login&redirect_to=https%3A%2F%2Farchive.drivenbyboredom.com%2Finputs.php HTTP/1.1" 404 4472 "-" "-"
74.248.131.183 - - [16/Apr/2026:16:37:38 +0000] "GET /ioxi-o.php HTTP/1.1" 302 0 "-" "-"
74.248.131.183 - - [16/Apr/2026:16:37:38 +0000] "GET /ioxi-o.php?password-protected=login&redirect_to=https%3A%2F%2Farchive.drivenbyboredom.com%2Fioxi-o.php HTTP/1.1" 404 4472 "-" "-"
74.248.131.183 - - [16/Apr/2026:16:37:39 +0000] "GET /8.php HTTP/1.1" 302 0 "-" "-"
74.248.131.183 - - [16/Apr/2026:16:37:39 +0000] "GET /8.php?password-protected=login&redirect_to=https%3A%2F%2Farchive.drivenbyboredom.com%2F8.php HTTP/1.1" 404 4457 "-" "-"
74.248.131.183 - - [16/Apr/2026:16:37:39 +0000] "GET /jga.php HTTP/1.1" 302 0 "-" "-"
74.248.131.183 - - [16/Apr/2026:16:37:40 +0000] "GET /jga.php?password-protected=login&redirect_to=https%3A%2F%2Farchive.drivenbyboredom.com%2Fjga.php HTTP/1.1" 404 4463 "-" "-"
74.248.131.183 - - [16/Apr/2026:16:37:40 +0000] "GET /wp-admin/network/users.php HTTP/1.1" 302 0 "-" "-"
74.248.131.183 - - [16/Apr/2026:16:37:41 +0000] "GET /wp-login.php?redirect_to=https%3A%2F%2Farchive.drivenbyboredom.com%2Fwp-admin%2Fnetwork%2Fusers.php&reauth=1 HTTP/1.1" 200 6458 "-" "-"
74.248.131.183 - - [16/Apr/2026:16:37:41 +0000] "GET /an.php HTTP/1.1" 302 0 "-" "-"
74.248.131.183 - - [16/Apr/2026:16:37:41 +0000] "GET /an.php?password-protected=login&redirect_to=https%3A%2F%2Farchive.drivenbyboredom.com%2Fan.php HTTP/1.1" 404 4460 "-" "-"
74.248.131.183 - - [16/Apr/2026:16:37:41 +0000] "GET /wp-blog-header.php HTTP/1.1" 404 0 "-" "-"
74.248.131.183 - - [16/Apr/2026:16:37:42 +0000] "GET /1.php HTTP/1.1" 302 0 "-" "-"
74.248.131.183 - - [16/Apr/2026:16:37:42 +0000] "GET /1.php?password-protected=login&redirect_to=https%3A%2F%2Farchive.drivenbyboredom.com%2F1.php HTTP/1.1" 404 4457 "-" "-"
74.248.131.183 - - [16/Apr/2026:16:37:43 +0000] "GET /admlo.php HTTP/1.1" 302 0 "-" "-"
74.248.131.183 - - [16/Apr/2026:16:37:43 +0000] "GET /admlo.php?password-protected=login&redirect_to=https%3A%2F%2Farchive.drivenbyboredom.com%2Fadmlo.php HTTP/1.1" 404 4469 "-" "-"
74.248.131.183 - - [16/Apr/2026:16:37:43 +0000] "GET /t.php HTTP/1.1" 302 0 "-" "-"
74.248.131.183 - - [16/Apr/2026:16:37:43 +0000] "GET /t.php?password-protected=login&redirect_to=https%3A%2F%2Farchive.drivenbyboredom.com%2Ft.php HTTP/1.1" 404 4457 "-" "-"
74.248.131.183 - - [16/Apr/2026:16:37:44 +0000] "GET /lib.php HTTP/1.1" 302 0 "-" "-"
74.248.131.183 - - [16/Apr/2026:16:37:44 +0000] "GET /lib.php?password-protected=login&redirect_to=https%3A%2F%2Farchive.drivenbyboredom.com%2Flib.php HTTP/1.1" 404 4463 "-" "-"
74.248.131.183 - - [16/Apr/2026:16:37:44 +0000] "GET /kj.php HTTP/1.1" 302 0 "-" "-"
74.248.131.183 - - [16/Apr/2026:16:37:44 +0000] "GET /kj.php?password-protected=login&redirect_to=https%3A%2F%2Farchive.drivenbyboredom.com%2Fkj.php HTTP/1.1" 404 4460 "-" "-"
74.248.131.183 - - [16/Apr/2026:16:37:45 +0000] "GET /new.php HTTP/1.1" 302 0 "-" "-"
74.248.131.183 - - [16/Apr/2026:16:37:45 +0000] "GET /new.php?password-protected=login&redirect_to=https%3A%2F%2Farchive.drivenbyboredom.com%2Fnew.php HTTP/1.1" 404 4463 "-" "-"
74.248.131.183 - - [16/Apr/2026:16:37:45 +0000] "GET /edit.php HTTP/1.1" 302 0 "-" "-"
74.248.131.183 - - [16/Apr/2026:16:37:45 +0000] "GET /edit.php?password-protected=login&redirect_to=https%3A%2F%2Farchive.drivenbyboredom.com%2Fedit.php HTTP/1.1" 404 4466 "-" "-"
74.248.131.183 - - [16/Apr/2026:16:37:46 +0000] "GET /gettest.php HTTP/1.1" 302 0 "-" "-"
74.248.131.183 - - [16/Apr/2026:16:37:46 +0000] "GET /gettest.php?password-protected=login&redirect_to=https%3A%2F%2Farchive.drivenbyboredom.com%2Fgettest.php HTTP/1.1" 404 4475 "-" "-"
74.248.131.183 - - [16/Apr/2026:16:37:46 +0000] "GET /666.php HTTP/1.1" 302 0 "-" "-"
74.248.131.183 - - [16/Apr/2026:16:37:47 +0000] "GET /666.php?password-protected=login&redirect_to=https%3A%2F%2Farchive.drivenbyboredom.com%2F666.php HTTP/1.1" 404 4463 "-" "-"
74.248.131.183 - - [16/Apr/2026:16:37:47 +0000] "GET /tool.php HTTP/1.1" 302 0 "-" "-"
74.248.131.183 - - [16/Apr/2026:16:37:47 +0000] "GET /tool.php?password-protected=login&redirect_to=https%3A%2F%2Farchive.drivenbyboredom.com%2Ftool.php HTTP/1.1" 404 4466 "-" "-"
74.248.131.183 - - [16/Apr/2026:16:37:47 +0000] "GET /wp-blogs.php HTTP/1.1" 302 0 "-" "-"
74.248.131.183 - - [16/Apr/2026:16:37:48 +0000] "GET /wp-blogs.php?password-protected=login&redirect_to=https%3A%2F%2Farchive.drivenbyboredom.com%2Fwp-blogs.php HTTP/1.1" 404 4478 "-" "-"
74.248.131.183 - - [16/Apr/2026:16:37:48 +0000] "GET /bgymj.php HTTP/1.1" 302 0 "-" "-"
74.248.131.183 - - [16/Apr/2026:16:37:48 +0000] "GET /bgymj.php?password-protected=login&redirect_to=https%3A%2F%2Farchive.drivenbyboredom.com%2Fbgymj.php HTTP/1.1" 404 4469 "-" "-"
74.248.131.183 - - [16/Apr/2026:16:37:48 +0000] "GET /mini.php HTTP/1.1" 302 0 "-" "-"
74.248.131.183 - - [16/Apr/2026:16:37:49 +0000] "GET /mini.php?password-protected=login&redirect_to=https%3A%2F%2Farchive.drivenbyboredom.com%2Fmini.php HTTP/1.1" 404 4466 "-" "-"
74.248.131.183 - - [16/Apr/2026:16:37:49 +0000] "GET /amax.php HTTP/1.1" 302 0 "-" "-"
74.248.131.183 - - [16/Apr/2026:16:37:49 +0000] "GET /amax.php?password-protected=login&redirect_to=https%3A%2F%2Farchive.drivenbyboredom.com%2Famax.php HTTP/1.1" 404 4466 "-" "-"
74.248.131.183 - - [16/Apr/2026:16:37:50 +0000] "GET /mh.php HTTP/1.1" 302 0 "-" "-"
74.248.131.183 - - [16/Apr/2026:16:37:50 +0000] "GET /mh.php?password-protected=login&redirect_to=https%3A%2F%2Farchive.drivenbyboredom.com%2Fmh.php HTTP/1.1" 404 4460 "-" "-"
74.248.131.183 - - [16/Apr/2026:16:37:50 +0000] "GET /ms.php HTTP/1.1" 302 0 "-" "-"
74.248.131.183 - - [16/Apr/2026:16:37:51 +0000] "GET /ms.php?password-protected=login&redirect_to=https%3A%2F%2Farchive.drivenbyboredom.com%2Fms.php HTTP/1.1" 404 4460 "-" "-"
74.248.131.183 - - [16/Apr/2026:16:37:51 +0000] "GET /166.php HTTP/1.1" 302 0 "-" "-"
74.248.131.183 - - [16/Apr/2026:16:37:51 +0000] "GET /166.php?password-protected=login&redirect_to=https%3A%2F%2Farchive.drivenbyboredom.com%2F166.php HTTP/1.1" 404 4463 "-" "-"
74.248.131.183 - - [16/Apr/2026:16:37:52 +0000] "GET /bmi.php HTTP/1.1" 302 0 "-" "-"
74.248.131.183 - - [16/Apr/2026:16:37:52 +0000] "GET /bmi.php?password-protected=login&redirect_to=https%3A%2F%2Farchive.drivenbyboredom.com%2Fbmi.php HTTP/1.1" 404 4463 "-" "-"
74.248.131.183 - - [16/Apr/2026:16:37:52 +0000] "GET /wp-good.php HTTP/1.1" 302 0 "-" "-"
74.248.131.183 - - [16/Apr/2026:16:37:53 +0000] "GET /wp-good.php?password-protected=login&redirect_to=https%3A%2F%2Farchive.drivenbyboredom.com%2Fwp-good.php HTTP/1.1" 404 4475 "-" "-"
74.248.131.183 - - [16/Apr/2026:16:37:53 +0000] "GET /shell.php HTTP/1.1" 302 0 "-" "-"
74.248.131.183 - - [16/Apr/2026:16:37:53 +0000] "GET /shell.php?password-protected=login&redirect_to=https%3A%2F%2Farchive.drivenbyboredom.com%2Fshell.php HTTP/1.1" 404 4469 "-" "-"
74.248.131.183 - - [16/Apr/2026:16:37:54 +0000] "GET /dass.php HTTP/1.1" 302 0 "-" "-"
74.248.131.183 - - [16/Apr/2026:16:37:54 +0000] "GET /dass.php?password-protected=login&redirect_to=https%3A%2F%2Farchive.drivenbyboredom.com%2Fdass.php HTTP/1.1" 404 4466 "-" "-"
74.248.131.183 - - [16/Apr/2026:16:37:54 +0000] "GET /aboute.php HTTP/1.1" 302 0 "-" "-"
74.248.131.183 - - [16/Apr/2026:16:37:54 +0000] "GET /aboute.php?password-protected=login&redirect_to=https%3A%2F%2Farchive.drivenbyboredom.com%2Faboute.php HTTP/1.1" 404 4472 "-" "-"
74.248.131.183 - - [16/Apr/2026:16:37:55 +0000] "GET /press.php HTTP/1.1" 302 0 "-" "-"
74.248.131.183 - - [16/Apr/2026:16:37:55 +0000] "GET /press.php?password-protected=login&redirect_to=https%3A%2F%2Farchive.drivenbyboredom.com%2Fpress.php HTTP/1.1" 404 4469 "-" "-"
74.248.131.183 - - [16/Apr/2026:16:37:55 +0000] "GET /wp-png.php HTTP/1.1" 302 0 "-" "-"
74.248.131.183 - - [16/Apr/2026:16:37:55 +0000] "GET /wp-png.php?password-protected=login&redirect_to=https%3A%2F%2Farchive.drivenbyboredom.com%2Fwp-png.php HTTP/1.1" 404 4472 "-" "-"
74.248.131.183 - - [16/Apr/2026:16:37:56 +0000] "GET /s.php HTTP/1.1" 302 0 "-" "-"
74.248.131.183 - - [16/Apr/2026:16:37:56 +0000] "GET /s.php?password-protected=login&redirect_to=https%3A%2F%2Farchive.drivenbyboredom.com%2Fs.php HTTP/1.1" 404 4457 "-" "-"
74.248.131.183 - - [16/Apr/2026:16:37:56 +0000] "GET /first.php HTTP/1.1" 302 0 "-" "-"
74.248.131.183 - - [16/Apr/2026:16:37:57 +0000] "GET /first.php?password-protected=login&redirect_to=https%3A%2F%2Farchive.drivenbyboredom.com%2Ffirst.php HTTP/1.1" 404 4469 "-" "-"
74.248.131.183 - - [16/Apr/2026:16:37:58 +0000] "GET /wp-links-opml.php HTTP/1.1" 200 3610 "-" "-"
74.248.131.183 - - [16/Apr/2026:16:37:58 +0000] "GET /ms-edit.php HTTP/1.1" 302 0 "-" "-"
74.248.131.183 - - [16/Apr/2026:16:37:59 +0000] "GET /ms-edit.php?password-protected=login&redirect_to=https%3A%2F%2Farchive.drivenbyboredom.com%2Fms-edit.php HTTP/1.1" 404 4475 "-" "-"
74.248.131.183 - - [16/Apr/2026:16:38:00 +0000] "GET /asd.php HTTP/1.1" 302 0 "-" "-"
74.248.131.183 - - [16/Apr/2026:16:38:00 +0000] "GET /asd.php?password-protected=login&redirect_to=https%3A%2F%2Farchive.drivenbyboredom.com%2Fasd.php HTTP/1.1" 404 4463 "-" "-"
74.248.131.183 - - [16/Apr/2026:16:38:00 +0000] "GET /public/vx.php HTTP/1.1" 302 0 "-" "-"
74.248.131.183 - - [16/Apr/2026:16:38:00 +0000] "GET /public/vx.php?password-protected=login&redirect_to=https%3A%2F%2Farchive.drivenbyboredom.com%2Fpublic%2Fvx.php HTTP/1.1" 404 4483 "-" "-"
74.248.131.183 - - [16/Apr/2026:16:38:01 +0000] "GET /wp-content/radio.php HTTP/1.1" 302 0 "-" "-"
74.248.131.183 - - [16/Apr/2026:16:38:01 +0000] "GET /wp-content/radio.php?password-protected=login&redirect_to=https%3A%2F%2Farchive.drivenbyboredom.com%2Fwp-content%2Fradio.php HTTP/1.1" 404 4504 "-" "-"
74.248.131.183 - - [16/Apr/2026:16:38:01 +0000] "GET /wp-access.php HTTP/1.1" 302 0 "-" "-"
74.248.131.183 - - [16/Apr/2026:16:38:02 +0000] "GET /wp-access.php?password-protected=login&redirect_to=https%3A%2F%2Farchive.drivenbyboredom.com%2Fwp-access.php HTTP/1.1" 404 4481 "-" "-"
74.248.131.183 - - [16/Apr/2026:16:38:02 +0000] "GET /wp-admin/css/bolt.php HTTP/1.1" 302 0 "-" "-"
74.248.131.183 - - [16/Apr/2026:16:38:03 +0000] "GET /wp-admin/css/bolt.php?password-protected=login&redirect_to=https%3A%2F%2Farchive.drivenbyboredom.com%2Fwp-admin%2Fcss%2Fbolt.php HTTP/1.1" 404 4509 "-" "-"
74.248.131.183 - - [16/Apr/2026:16:38:03 +0000] "GET /cu.php HTTP/1.1" 302 0 "-" "-"
74.248.131.183 - - [16/Apr/2026:16:38:03 +0000] "GET /cu.php?password-protected=login&redirect_to=https%3A%2F%2Farchive.drivenbyboredom.com%2Fcu.php HTTP/1.1" 404 4460 "-" "-"
74.248.131.183 - - [16/Apr/2026:16:38:03 +0000] "GET /bolt.php HTTP/1.1" 302 0 "-" "-"
74.248.131.183 - - [16/Apr/2026:16:38:04 +0000] "GET /bolt.php?password-protected=login&redirect_to=https%3A%2F%2Farchive.drivenbyboredom.com%2Fbolt.php HTTP/1.1" 404 4466 "-" "-"
74.248.131.183 - - [16/Apr/2026:16:38:04 +0000] "GET /900.php HTTP/1.1" 302 0 "-" "-"
74.248.131.183 - - [16/Apr/2026:16:38:04 +0000] "GET /900.php?password-protected=login&redirect_to=https%3A%2F%2Farchive.drivenbyboredom.com%2F900.php HTTP/1.1" 404 4463 "-" "-"
74.248.131.183 - - [16/Apr/2026:16:38:05 +0000] "GET /a5.php HTTP/1.1" 302 0 "-" "-"
74.248.131.183 - - [16/Apr/2026:16:38:05 +0000] "GET /a5.php?password-protected=login&redirect_to=https%3A%2F%2Farchive.drivenbyboredom.com%2Fa5.php HTTP/1.1" 404 4460 "-" "-"
74.248.131.183 - - [16/Apr/2026:16:38:05 +0000] "GET /term.php HTTP/1.1" 302 0 "-" "-"
74.248.131.183 - - [16/Apr/2026:16:38:05 +0000] "GET /term.php?password-protected=login&redirect_to=https%3A%2F%2Farchive.drivenbyboredom.com%2Fterm.php HTTP/1.1" 404 4466 "-" "-"
74.248.131.183 - - [16/Apr/2026:16:38:06 +0000] "GET /b.php HTTP/1.1" 302 0 "-" "-"
74.248.131.183 - - [16/Apr/2026:16:38:06 +0000] "GET /b.php?password-protected=login&redirect_to=https%3A%2F%2Farchive.drivenbyboredom.com%2Fb.php HTTP/1.1" 404 4457 "-" "-"
74.248.131.183 - - [16/Apr/2026:16:38:06 +0000] "GET /sid3.php HTTP/1.1" 302 0 "-" "-"
74.248.131.183 - - [16/Apr/2026:16:38:07 +0000] "GET /sid3.php?password-protected=login&redirect_to=https%3A%2F%2Farchive.drivenbyboredom.com%2Fsid3.php HTTP/1.1" 404 4466 "-" "-"
74.248.131.183 - - [16/Apr/2026:16:38:07 +0000] "GET /ccs.php HTTP/1.1" 302 0 "-" "-"
74.248.131.183 - - [16/Apr/2026:16:38:07 +0000] "GET /ccs.php?password-protected=login&redirect_to=https%3A%2F%2Farchive.drivenbyboredom.com%2Fccs.php HTTP/1.1" 404 4463 "-" "-"
74.248.131.183 - - [16/Apr/2026:16:38:08 +0000] "GET /aboutc.php HTTP/1.1" 302 0 "-" "-"
74.248.131.183 - - [16/Apr/2026:16:38:08 +0000] "GET /aboutc.php?password-protected=login&redirect_to=https%3A%2F%2Farchive.drivenbyboredom.com%2Faboutc.php HTTP/1.1" 404 4472 "-" "-"
74.248.131.183 - - [16/Apr/2026:16:38:08 +0000] "GET /fs.php HTTP/1.1" 302 0 "-" "-"
74.248.131.183 - - [16/Apr/2026:16:38:09 +0000] "GET /fs.php?password-protected=login&redirect_to=https%3A%2F%2Farchive.drivenbyboredom.com%2Ffs.php HTTP/1.1" 404 4460 "-" "-"
74.248.131.183 - - [16/Apr/2026:16:38:09 +0000] "GET /ws82.php HTTP/1.1" 302 0 "-" "-"
74.248.131.183 - - [16/Apr/2026:16:38:09 +0000] "GET /ws82.php?password-protected=login&redirect_to=https%3A%2F%2Farchive.drivenbyboredom.com%2Fws82.php HTTP/1.1" 404 4466 "-" "-"
74.248.131.183 - - [16/Apr/2026:16:38:10 +0000] "GET /wp-admin/network/edit.php HTTP/1.1" 302 0 "-" "-"
74.248.131.183 - - [16/Apr/2026:16:38:10 +0000] "GET /wp-login.php?redirect_to=https%3A%2F%2Farchive.drivenbyboredom.com%2Fwp-admin%2Fnetwork%2Fedit.php&reauth=1 HTTP/1.1" 200 6457 "-" "-"
74.248.131.183 - - [16/Apr/2026:16:38:10 +0000] "GET /ws48.php HTTP/1.1" 302 0 "-" "-"
74.248.131.183 - - [16/Apr/2026:16:38:11 +0000] "GET /ws48.php?password-protected=login&redirect_to=https%3A%2F%2Farchive.drivenbyboredom.com%2Fws48.php HTTP/1.1" 404 4466 "-" "-"
74.248.131.183 - - [16/Apr/2026:16:38:12 +0000] "GET /wp-the.php HTTP/1.1" 302 0 "-" "-"
74.248.131.183 - - [16/Apr/2026:16:38:12 +0000] "GET /wp-the.php?password-protected=login&redirect_to=https%3A%2F%2Farchive.drivenbyboredom.com%2Fwp-the.php HTTP/1.1" 404 4472 "-" "-"
74.248.131.183 - - [16/Apr/2026:16:38:12 +0000] "GET /wp5.php HTTP/1.1" 302 0 "-" "-"
74.248.131.183 - - [16/Apr/2026:16:38:13 +0000] "GET /wp5.php?password-protected=login&redirect_to=https%3A%2F%2Farchive.drivenbyboredom.com%2Fwp5.php HTTP/1.1" 404 4463 "-" "-"
74.248.131.183 - - [16/Apr/2026:16:38:13 +0000] "GET /xxx.php HTTP/1.1" 302 0 "-" "-"
74.248.131.183 - - [16/Apr/2026:16:38:13 +0000] "GET /xxx.php?password-protected=login&redirect_to=https%3A%2F%2Farchive.drivenbyboredom.com%2Fxxx.php HTTP/1.1" 404 4463 "-" "-"
74.248.131.183 - - [16/Apr/2026:16:38:13 +0000] "GET /wen.php HTTP/1.1" 302 0 "-" "-"
74.248.131.183 - - [16/Apr/2026:16:38:14 +0000] "GET /wen.php?password-protected=login&redirect_to=https%3A%2F%2Farchive.drivenbyboredom.com%2Fwen.php HTTP/1.1" 404 4463 "-" "-"
74.248.131.183 - - [16/Apr/2026:16:38:14 +0000] "GET /bnm.php HTTP/1.1" 302 0 "-" "-"
74.248.131.183 - - [16/Apr/2026:16:38:15 +0000] "GET /bnm.php?password-protected=login&redirect_to=https%3A%2F%2Farchive.drivenbyboredom.com%2Fbnm.php HTTP/1.1" 404 4463 "-" "-"
74.248.131.183 - - [16/Apr/2026:16:38:15 +0000] "GET /wp-content/plugins/hellopress/wp_filemanager.php HTTP/1.1" 302 0 "-" "-"
74.248.131.183 - - [16/Apr/2026:16:38:15 +0000] "GET /wp-content/plugins/hellopress/wp_filemanager.php?password-protected=login&redirect_to=https%3A%2F%2Farchive.drivenbyboredom.com%2Fwp-content%2Fplugins%2Fhellopress%2Fwp_filemanager.php HTTP/1.1" 404 4592 "-" "-"
74.248.131.183 - - [16/Apr/2026:16:38:15 +0000] "GET /byypas.php HTTP/1.1" 302 0 "-" "-"
74.248.131.183 - - [16/Apr/2026:16:38:16 +0000] "GET /byypas.php?password-protected=login&redirect_to=https%3A%2F%2Farchive.drivenbyboredom.com%2Fbyypas.php HTTP/1.1" 404 4472 "-" "-"
74.248.131.183 - - [16/Apr/2026:16:38:16 +0000] "GET /hplfuns.php HTTP/1.1" 302 0 "-" "-"
74.248.131.183 - - [16/Apr/2026:16:38:16 +0000] "GET /hplfuns.php?password-protected=login&redirect_to=https%3A%2F%2Farchive.drivenbyboredom.com%2Fhplfuns.php HTTP/1.1" 404 4475 "-" "-"
74.248.131.183 - - [16/Apr/2026:16:38:17 +0000] "GET /grsiuk.php HTTP/1.1" 302 0 "-" "-"
74.248.131.183 - - [16/Apr/2026:16:38:17 +0000] "GET /grsiuk.php?password-protected=login&redirect_to=https%3A%2F%2Farchive.drivenbyboredom.com%2Fgrsiuk.php HTTP/1.1" 404 4472 "-" "-"
74.248.131.183 - - [16/Apr/2026:16:38:18 +0000] "GET /gifclass.php HTTP/1.1" 302 0 "-" "-"
74.248.131.183 - - [16/Apr/2026:16:38:18 +0000] "GET /gifclass.php?password-protected=login&redirect_to=https%3A%2F%2Farchive.drivenbyboredom.com%2Fgifclass.php HTTP/1.1" 404 4478 "-" "-"
74.248.131.183 - - [16/Apr/2026:16:38:18 +0000] "GET /a4.php HTTP/1.1" 302 0 "-" "-"
74.248.131.183 - - [16/Apr/2026:16:38:18 +0000] "GET /a4.php?password-protected=login&redirect_to=https%3A%2F%2Farchive.drivenbyboredom.com%2Fa4.php HTTP/1.1" 404 4460 "-" "-"
74.248.131.183 - - [16/Apr/2026:16:38:19 +0000] "GET /domains.php HTTP/1.1" 302 0 "-" "-"
74.248.131.183 - - [16/Apr/2026:16:38:19 +0000] "GET /domains.php?password-protected=login&redirect_to=https%3A%2F%2Farchive.drivenbyboredom.com%2Fdomains.php HTTP/1.1" 404 4475 "-" "-"
74.248.131.183 - - [16/Apr/2026:16:38:20 +0000] "GET /tt.php HTTP/1.1" 302 0 "-" "-"
74.248.131.183 - - [16/Apr/2026:16:38:20 +0000] "GET /tt.php?password-protected=login&redirect_to=https%3A%2F%2Farchive.drivenbyboredom.com%2Ftt.php HTTP/1.1" 404 4460 "-" "-"
74.248.131.183 - - [16/Apr/2026:16:38:20 +0000] "GET /abc.php HTTP/1.1" 302 0 "-" "-"
74.248.131.183 - - [16/Apr/2026:16:38:20 +0000] "GET /abc.php?password-protected=login&redirect_to=https%3A%2F%2Farchive.drivenbyboredom.com%2Fabc.php HTTP/1.1" 404 4463 "-" "-"
74.248.131.183 - - [16/Apr/2026:16:38:21 +0000] "GET /yw5bi63u.php HTTP/1.1" 302 0 "-" "-"
74.248.131.183 - - [16/Apr/2026:16:38:21 +0000] "GET /yw5bi63u.php?password-protected=login&redirect_to=https%3A%2F%2Farchive.drivenbyboredom.com%2Fyw5bi63u.php HTTP/1.1" 404 4478 "-" "-"
74.248.131.183 - - [16/Apr/2026:16:38:21 +0000] "GET /222.php HTTP/1.1" 302 0 "-" "-"
74.248.131.183 - - [16/Apr/2026:16:38:22 +0000] "GET /222.php?password-protected=login&redirect_to=https%3A%2F%2Farchive.drivenbyboredom.com%2F222.php HTTP/1.1" 404 4463 "-" "-"
74.248.131.183 - - [16/Apr/2026:16:38:22 +0000] "GET /ws57.php HTTP/1.1" 302 0 "-" "-"
74.248.131.183 - - [16/Apr/2026:16:38:22 +0000] "GET /ws57.php?password-protected=login&redirect_to=https%3A%2F%2Farchive.drivenbyboredom.com%2Fws57.php HTTP/1.1" 404 4466 "-" "-"
74.248.131.183 - - [16/Apr/2026:16:38:23 +0000] "GET /8573.php HTTP/1.1" 302 0 "-" "-"
74.248.131.183 - - [16/Apr/2026:16:38:23 +0000] "GET /8573.php?password-protected=login&redirect_to=https%3A%2F%2Farchive.drivenbyboredom.com%2F8573.php HTTP/1.1" 404 4466 "-" "-"
74.248.131.183 - - [16/Apr/2026:16:38:23 +0000] "GET /ws66.php HTTP/1.1" 302 0 "-" "-"
74.248.131.183 - - [16/Apr/2026:16:38:23 +0000] "GET /ws66.php?password-protected=login&redirect_to=https%3A%2F%2Farchive.drivenbyboredom.com%2Fws66.php HTTP/1.1" 404 4466 "-" "-"
74.248.131.183 - - [16/Apr/2026:16:38:24 +0000] "GET /66.php HTTP/1.1" 302 0 "-" "-"
74.248.131.183 - - [16/Apr/2026:16:38:24 +0000] "GET /66.php?password-protected=login&redirect_to=https%3A%2F%2Farchive.drivenbyboredom.com%2F66.php HTTP/1.1" 404 4460 "-" "-"
74.248.131.183 - - [16/Apr/2026:16:38:25 +0000] "GET /wp-p2r3q9c8k4.php HTTP/1.1" 302 0 "-" "-"
74.248.131.183 - - [16/Apr/2026:16:38:25 +0000] "GET /wp-p2r3q9c8k4.php?password-protected=login&redirect_to=https%3A%2F%2Farchive.drivenbyboredom.com%2Fwp-p2r3q9c8k4.php HTTP/1.1" 404 4493 "-" "-"
74.248.131.183 - - [16/Apr/2026:16:38:25 +0000] "GET /ws88.php HTTP/1.1" 302 0 "-" "-"
74.248.131.183 - - [16/Apr/2026:16:38:25 +0000] "GET /ws88.php?password-protected=login&redirect_to=https%3A%2F%2Farchive.drivenbyboredom.com%2Fws88.php HTTP/1.1" 404 4466 "-" "-"
74.248.131.183 - - [16/Apr/2026:16:38:26 +0000] "GET /mode.php HTTP/1.1" 302 0 "-" "-"
74.248.131.183 - - [16/Apr/2026:16:38:26 +0000] "GET /mode.php?password-protected=login&redirect_to=https%3A%2F%2Farchive.drivenbyboredom.com%2Fmode.php HTTP/1.1" 404 4466 "-" "-"
74.248.131.183 - - [16/Apr/2026:16:38:27 +0000] "GET /set.php HTTP/1.1" 302 0 "-" "-"
74.248.131.183 - - [16/Apr/2026:16:38:27 +0000] "GET /set.php?password-protected=login&redirect_to=https%3A%2F%2Farchive.drivenbyboredom.com%2Fset.php HTTP/1.1" 404 4463 "-" "-"
74.248.131.183 - - [16/Apr/2026:16:38:27 +0000] "GET /hroxw.php HTTP/1.1" 302 0 "-" "-"
74.248.131.183 - - [16/Apr/2026:16:38:28 +0000] "GET /hroxw.php?password-protected=login&redirect_to=https%3A%2F%2Farchive.drivenbyboredom.com%2Fhroxw.php HTTP/1.1" 404 4469 "-" "-"
74.248.131.183 - - [16/Apr/2026:16:38:28 +0000] "GET /ok.php HTTP/1.1" 302 0 "-" "-"
74.248.131.183 - - [16/Apr/2026:16:38:28 +0000] "GET /ok.php?password-protected=login&redirect_to=https%3A%2F%2Farchive.drivenbyboredom.com%2Fok.php HTTP/1.1" 404 4460 "-" "-"
74.248.131.183 - - [16/Apr/2026:16:38:29 +0000] "GET /zoo.php HTTP/1.1" 302 0 "-" "-"
74.248.131.183 - - [16/Apr/2026:16:38:29 +0000] "GET /zoo.php?password-protected=login&redirect_to=https%3A%2F%2Farchive.drivenbyboredom.com%2Fzoo.php HTTP/1.1" 404 4463 "-" "-"
74.248.131.183 - - [16/Apr/2026:16:38:29 +0000] "GET /gaza.php HTTP/1.1" 302 0 "-" "-"
74.248.131.183 - - [16/Apr/2026:16:38:29 +0000] "GET /gaza.php?password-protected=login&redirect_to=https%3A%2F%2Farchive.drivenbyboredom.com%2Fgaza.php HTTP/1.1" 404 4466 "-" "-"
74.248.131.183 - - [16/Apr/2026:16:38:30 +0000] "GET /retu11.PhP7 HTTP/1.1" 302 0 "-" "-"
74.248.131.183 - - [16/Apr/2026:16:38:30 +0000] "GET /retu11.PhP7?password-protected=login&redirect_to=https%3A%2F%2Farchive.drivenbyboredom.com%2Fretu11.PhP7 HTTP/1.1" 404 4475 "-" "-"
74.248.131.183 - - [16/Apr/2026:16:38:30 +0000] "GET /ioxi001.PhP7 HTTP/1.1" 302 0 "-" "-"
74.248.131.183 - - [16/Apr/2026:16:38:31 +0000] "GET /ioxi001.PhP7?password-protected=login&redirect_to=https%3A%2F%2Farchive.drivenbyboredom.com%2Fioxi001.PhP7 HTTP/1.1" 404 4478 "-" "-"
74.248.131.183 - - [16/Apr/2026:16:38:31 +0000] "GET /mk.php HTTP/1.1" 302 0 "-" "-"
74.248.131.183 - - [16/Apr/2026:16:38:31 +0000] "GET /mk.php?password-protected=login&redirect_to=https%3A%2F%2Farchive.drivenbyboredom.com%2Fmk.php HTTP/1.1" 404 4460 "-" "-"
74.248.131.183 - - [16/Apr/2026:16:38:32 +0000] "GET /fm.php HTTP/1.1" 302 0 "-" "-"
74.248.131.183 - - [16/Apr/2026:16:38:32 +0000] "GET /fm.php?password-protected=login&redirect_to=https%3A%2F%2Farchive.drivenbyboredom.com%2Ffm.php HTTP/1.1" 404 4460 "-" "-"
195.250.26.131 - - [16/Apr/2026:16:53:19 +0000] "POST /wp-cron.php?doing_wp_cron=1776358399.3238310813903808593750 HTTP/1.1" 200 0 "-" "WordPress/6.9.4; https://archive.drivenbyboredom.com"
216.244.66.198 - - [16/Apr/2026:16:53:19 +0000] "GET /category/comedy/page/10/ HTTP/1.1" 302 0 "-" "Mozilla/5.0 (compatible; DotBot/1.2; +https://opensiteexplorer.org/dotbot; help@moz.com)"
195.250.26.131 - - [16/Apr/2026:17:00:45 +0000] "POST /wp-cron.php?doing_wp_cron=1776358845.8868310451507568359375 HTTP/1.1" 200 0 "-" "WordPress/6.9.4; https://archive.drivenbyboredom.com"
112.86.225.234 - - [16/Apr/2026:17:00:45 +0000] "GET / HTTP/1.1" 302 0 "-" "Sogou web spider/4.0(+http://www.sogou.com/docs/help/webmasters.htm#07)"
112.86.225.234 - - [16/Apr/2026:17:00:46 +0000] "GET /?password-protected=login&redirect_to=https%3A%2F%2Farchive.drivenbyboredom.com%2F HTTP/1.1" 200 4442 "-" "Sogou web spider/4.0(+http://www.sogou.com/docs/help/webmasters.htm#07)"
195.250.26.131 - - [16/Apr/2026:17:02:11 +0000] "POST /wp-cron.php?doing_wp_cron=1776358931.5018630027770996093750 HTTP/1.1" 200 0 "-" "WordPress/6.9.4; https://archive.drivenbyboredom.com"
24.53.66.147 - - [16/Apr/2026:17:02:11 +0000] "GET / HTTP/1.1" 302 0 "-" "Mozilla/5.0 (iPhone; CPU iPhone OS 16_7_15 like Mac OS X) AppleWebKit/605.1.15 (KHTML, like Gecko) Version/16.6.2 Mobile/15E148 Safari/604.1"
24.53.66.147 - - [16/Apr/2026:17:02:11 +0000] "GET / HTTP/1.1" 302 0 "-" "Mozilla/5.0 (iPhone; CPU iPhone OS 16_7_15 like Mac OS X) AppleWebKit/605.1.15 (KHTML, like Gecko) Version/16.6.2 Mobile/15E148 Safari/604.1"
24.53.66.147 - - [16/Apr/2026:17:02:11 +0000] "GET /?password-protected=login&redirect_to=https%3A%2F%2Farchive.drivenbyboredom.com%2F HTTP/1.1" 200 4759 "-" "Mozilla/5.0 (iPhone; CPU iPhone OS 16_7_15 like Mac OS X) AppleWebKit/605.1.15 (KHTML, like Gecko) Version/16.6.2 Mobile/15E148 Safari/604.1"
24.53.66.147 - - [16/Apr/2026:17:02:11 +0000] "GET /wp-includes/css/dashicons.min.css?ver=6.9.4 HTTP/1.1" 200 59004 "https://archive.drivenbyboredom.com/?password-protected=login&redirect_to=https%3A%2F%2Farchive.drivenbyboredom.com%2F" "Mozilla/5.0 (iPhone; CPU iPhone OS 16_7_15 like Mac OS X) AppleWebKit/605.1.15 (KHTML, like Gecko) Version/16.6.2 Mobile/15E148 Safari/604.1"
195.250.26.131 - - [16/Apr/2026:17:24:10 +0000] "POST /wp-cron.php?doing_wp_cron=1776360250.1165730953216552734375 HTTP/1.1" 200 0 "-" "WordPress/6.9.4; https://archive.drivenbyboredom.com"
145.223.132.209 - - [16/Apr/2026:17:24:10 +0000] "GET /gallery/display.php?x=7&i=16 HTTP/1.1" 302 0 "-" "Mozilla/5.0 (Macintosh; Intel Mac OS X 13_5) AppleWebKit/605.1.15 (KHTML, like Gecko) Version/17.0 Safari/180.1"
145.223.132.209 - - [16/Apr/2026:17:24:10 +0000] "GET /gallery/display.php?x=7&i=16&password-protected=login&redirect_to=https%3A%2F%2Farchive.drivenbyboredom.com%2Fgallery%2Fdisplay.php%3Fx%3D7%26i%3D16 HTTP/1.1" 404 4551 "-" "Mozilla/5.0 (Macintosh; Intel Mac OS X 13_5) AppleWebKit/605.1.15 (KHTML, like Gecko) Version/17.0 Safari/180.1"
112.86.225.120 - - [16/Apr/2026:17:26:48 +0000] "GET / HTTP/1.1" 302 0 "-" "Sogou web spider/4.0(+http://www.sogou.com/docs/help/webmasters.htm#07)"
112.86.225.120 - - [16/Apr/2026:17:26:49 +0000] "GET /?password-protected=login&redirect_to=https%3A%2F%2Farchive.drivenbyboredom.com%2F HTTP/1.1" 200 4442 "-" "Sogou web spider/4.0(+http://www.sogou.com/docs/help/webmasters.htm#07)"
144.76.19.75 - - [16/Apr/2026:17:29:24 +0000] "GET /robots.txt HTTP/1.1" 200 78 "-" "Mozilla/5.0 (compatible; SERankingBacklinksBot/1.0; +https://seranking.com/backlinks-crawler)"
144.76.19.75 - - [16/Apr/2026:17:29:25 +0000] "GET /Pictures/willy.htm HTTP/1.1" 302 0 "-" "Mozilla/5.0 (compatible; SERankingBacklinksBot/1.0; +https://seranking.com/backlinks-crawler)"
144.76.19.75 - - [16/Apr/2026:17:29:25 +0000] "GET /Pictures/willy.htm?password-protected=login&redirect_to=https%3A%2F%2Farchive.drivenbyboredom.com%2FPictures%2Fwilly.htm HTTP/1.1" 404 4498 "-" "Mozilla/5.0 (compatible; SERankingBacklinksBot/1.0; +https://seranking.com/backlinks-crawler)"
104.210.140.132 - - [16/Apr/2026:17:29:50 +0000] "GET /robots.txt HTTP/1.1" 200 78 "-" "Mozilla/5.0 (Macintosh; Intel Mac OS X 10_15_7) AppleWebKit/537.36 (KHTML, like Gecko) Chrome/131.0.0.0 Safari/537.36; compatible; OAI-SearchBot/1.0; +https://openai.com/searchbot"
195.250.26.131 - - [16/Apr/2026:17:42:26 +0000] "POST /wp-cron.php?doing_wp_cron=1776361346.2503321170806884765625 HTTP/1.1" 200 0 "-" "WordPress/6.9.4; https://archive.drivenbyboredom.com"
114.119.147.0 - - [16/Apr/2026:17:42:26 +0000] "GET /gallery/2022-nfl-draft/browse/page/2 HTTP/1.1" 302 0 "https://archive.drivenbyboredom.com/gallery/2022-nfl-draft/" "Mozilla/5.0 (Linux; Android 7.0;) AppleWebKit/537.36 (KHTML, like Gecko) Mobile Safari/537.36 (compatible; PetalBot;+https://webmaster.petalsearch.com/site/petalbot)"
114.119.147.0 - - [16/Apr/2026:17:42:31 +0000] "GET /gallery/2022-nfl-draft?password-protected=login&redirect_to=https://archive.drivenbyboredom.com//gallery/2022-nfl-draft/ HTTP/1.1" 200 4835 "https://archive.drivenbyboredom.com/gallery/2022-nfl-draft/" "Mozilla/5.0 (Linux; Android 7.0;) AppleWebKit/537.36 (KHTML, like Gecko) Mobile Safari/537.36 (compatible; PetalBot;+https://webmaster.petalsearch.com/site/petalbot)"
195.250.26.131 - - [16/Apr/2026:18:03:19 +0000] "POST /wp-cron.php?doing_wp_cron=1776362599.0656480789184570312500 HTTP/1.1" 200 0 "-" "WordPress/6.9.4; https://archive.drivenbyboredom.com"
114.119.141.71 - - [16/Apr/2026:18:03:19 +0000] "GET /gallery/old-35mm-scans/browse/image/old-35mm-6 HTTP/1.1" 302 0 "https://archive.drivenbyboredom.com/2020/08/25/2004-rnc-punk-rock-other-old-images/" "Mozilla/5.0 (Linux; Android 7.0;) AppleWebKit/537.36 (KHTML, like Gecko) Mobile Safari/537.36 (compatible; PetalBot;+https://webmaster.petalsearch.com/site/petalbot)"
114.119.141.71 - - [16/Apr/2026:18:03:23 +0000] "GET /gallery/old-35mm-scans?password-protected=login&redirect_to=https://archive.drivenbyboredom.com//gallery/old-35mm-scans/ HTTP/1.1" 200 4835 "https://archive.drivenbyboredom.com/2020/08/25/2004-rnc-punk-rock-other-old-images/" "Mozilla/5.0 (Linux; Android 7.0;) AppleWebKit/537.36 (KHTML, like Gecko) Mobile Safari/537.36 (compatible; PetalBot;+https://webmaster.petalsearch.com/site/petalbot)"
114.119.145.194 - - [16/Apr/2026:18:04:54 +0000] "GET /gallery/display.php?x=3&i=15 HTTP/1.1" 302 0 "http://mobile.www.dolfansnyc.com/gallery/gallery.php?x=3" "Mozilla/5.0 (Linux; Android 7.0;) AppleWebKit/537.36 (KHTML, like Gecko) Mobile Safari/537.36 (compatible; PetalBot;+https://webmaster.petalsearch.com/site/petalbot)"
114.119.158.167 - - [16/Apr/2026:18:07:00 +0000] "GET /gallery/museum-of-trash/browse/page/sendicate.net/subscribe/aea8yl HTTP/1.1" 302 0 "https://archive.drivenbyboredom.com/gallery/museum-of-trash/browse/page/2" "Mozilla/5.0 (Linux; Android 7.0;) AppleWebKit/537.36 (KHTML, like Gecko) Mobile Safari/537.36 (compatible; PetalBot;+https://webmaster.petalsearch.com/site/petalbot)"
114.119.158.167 - - [16/Apr/2026:18:07:03 +0000] "GET /gallery/museum-of-trash?password-protected=login&redirect_to=https://archive.drivenbyboredom.com//gallery/museum-of-trash/ HTTP/1.1" 200 4838 "https://archive.drivenbyboredom.com/gallery/museum-of-trash/browse/page/2" "Mozilla/5.0 (Linux; Android 7.0;) AppleWebKit/537.36 (KHTML, like Gecko) Mobile Safari/537.36 (compatible; PetalBot;+https://webmaster.petalsearch.com/site/petalbot)"
114.119.135.139 - - [16/Apr/2026:18:09:12 +0000] "GET /gallery/galapagos-islands HTTP/1.1" 302 0 "-" "Mozilla/5.0 (Linux; Android 7.0;) AppleWebKit/537.36 (KHTML, like Gecko) Mobile Safari/537.36 (compatible; PetalBot;+https://webmaster.petalsearch.com/site/petalbot)"
114.119.135.139 - - [16/Apr/2026:18:09:16 +0000] "GET /gallery/galapagos-islands?password-protected=login&redirect_to=https://archive.drivenbyboredom.com/gallery/galapagos-islands HTTP/1.1" 200 4836 "-" "Mozilla/5.0 (Linux; Android 7.0;) AppleWebKit/537.36 (KHTML, like Gecko) Mobile Safari/537.36 (compatible; PetalBot;+https://webmaster.petalsearch.com/site/petalbot)"
114.119.144.55 - - [16/Apr/2026:18:11:25 +0000] "GET /gallery/display.php?x=18&i=30 HTTP/1.1" 302 0 "http://m.dolfansnyc.com/gallery/gallery.php?x=18" "Mozilla/5.0 (Linux; Android 7.0;) AppleWebKit/537.36 (KHTML, like Gecko) Mobile Safari/537.36 (compatible; PetalBot;+https://webmaster.petalsearch.com/site/petalbot)"
114.119.144.55 - - [16/Apr/2026:18:11:35 +0000] "GET /gallery/display.php?x=18&i=30&password-protected=login&redirect_to=https://archive.drivenbyboredom.com/gallery/display.php?x%3D18%26i%3D30 HTTP/1.1" 404 4871 "http://m.dolfansnyc.com/gallery/gallery.php?x=18" "Mozilla/5.0 (Linux; Android 7.0;) AppleWebKit/537.36 (KHTML, like Gecko) Mobile Safari/537.36 (compatible; PetalBot;+https://webmaster.petalsearch.com/site/petalbot)"
195.250.26.131 - - [16/Apr/2026:18:31:07 +0000] "POST /wp-cron.php?doing_wp_cron=1776364267.1291010379791259765625 HTTP/1.1" 200 0 "-" "WordPress/6.9.4; https://archive.drivenbyboredom.com"
145.223.130.90 - - [16/Apr/2026:18:31:07 +0000] "GET /gallery/display.php?x=52&i=10 HTTP/1.1" 302 0 "-" "Mozilla/5.0 (Macintosh; Intel Mac OS X 10_15_7) AppleWebKit/537.36 (KHTML, like Gecko) Chrome/120.0.0.0 Safari/537.36"
145.223.130.90 - - [16/Apr/2026:18:31:08 +0000] "GET /gallery/display.php?x=52&i=10&password-protected=login&redirect_to=https%3A%2F%2Farchive.drivenbyboredom.com%2Fgallery%2Fdisplay.php%3Fx%3D52%26i%3D10 HTTP/1.1" 404 4554 "-" "Mozilla/5.0 (Macintosh; Intel Mac OS X 10_15_7) AppleWebKit/537.36 (KHTML, like Gecko) Chrome/120.0.0.0 Safari/537.36"
195.250.26.131 - - [16/Apr/2026:19:07:50 +0000] "POST /wp-cron.php?doing_wp_cron=1776366470.6289520263671875000000 HTTP/1.1" 200 0 "-" "WordPress/6.9.4; https://archive.drivenbyboredom.com"
144.76.19.75 - - [16/Apr/2026:19:07:50 +0000] "GET /robots.txt HTTP/1.1" 200 78 "-" "Mozilla/5.0 (compatible; SERankingBacklinksBot/1.0; +https://seranking.com/backlinks-crawler)"
144.76.19.75 - - [16/Apr/2026:19:07:51 +0000] "GET /Trash/100%20most%20frightening%20people.txt HTTP/1.1" 302 0 "-" "Mozilla/5.0 (compatible; SERankingBacklinksBot/1.0; +https://seranking.com/backlinks-crawler)"
144.76.19.75 - - [16/Apr/2026:19:07:51 +0000] "GET /Trash/100%20most%20frightening%20people.txt?password-protected=login&redirect_to=https%3A%2F%2Farchive.drivenbyboredom.com%2FTrash%2F100%2520most%2520frightening%2520people.txt HTTP/1.1" 404 4579 "-" "Mozilla/5.0 (compatible; SERankingBacklinksBot/1.0; +https://seranking.com/backlinks-crawler)"
216.244.66.198 - - [16/Apr/2026:19:07:55 +0000] "GET /robots.txt HTTP/1.1" 200 78 "-" "Mozilla/5.0 (compatible; DotBot/1.2; +https://opensiteexplorer.org/dotbot; help@moz.com)"
145.223.132.160 - - [16/Apr/2026:19:10:09 +0000] "GET /gallery/display.php?x=7&i=12 HTTP/1.1" 302 0 "-" "Mozilla/5.0 (Windows NT 10.0; rv:145.0) Gecko/20100101 Firefox/145.0"
145.223.132.160 - - [16/Apr/2026:19:10:09 +0000] "GET /gallery/display.php?x=7&i=12&password-protected=login&redirect_to=https%3A%2F%2Farchive.drivenbyboredom.com%2Fgallery%2Fdisplay.php%3Fx%3D7%26i%3D12 HTTP/1.1" 404 4551 "-" "Mozilla/5.0 (Windows NT 10.0; rv:145.0) Gecko/20100101 Firefox/145.0"
195.250.26.131 - - [16/Apr/2026:19:17:50 +0000] "POST /wp-cron.php?doing_wp_cron=1776367070.1049709320068359375000 HTTP/1.1" 200 0 "-" "WordPress/6.9.4; https://archive.drivenbyboredom.com"
145.223.130.164 - - [16/Apr/2026:19:17:50 +0000] "GET /gallery/display.php?x=27&i=4 HTTP/1.1" 302 0 "-" "Mozilla/5.0 (Macintosh; Intel Mac OS X 10_15_7) AppleWebKit/537.36 (KHTML, like Gecko) Chrome/120.0.0.0 Safari/537.36"
145.223.130.164 - - [16/Apr/2026:19:17:51 +0000] "GET /gallery/display.php?x=27&i=4&password-protected=login&redirect_to=https%3A%2F%2Farchive.drivenbyboredom.com%2Fgallery%2Fdisplay.php%3Fx%3D27%26i%3D4 HTTP/1.1" 404 4551 "-" "Mozilla/5.0 (Macintosh; Intel Mac OS X 10_15_7) AppleWebKit/537.36 (KHTML, like Gecko) Chrome/120.0.0.0 Safari/537.36"
195.250.26.131 - - [16/Apr/2026:19:19:30 +0000] "POST /wp-cron.php?doing_wp_cron=1776367170.4593930244445800781250 HTTP/1.1" 200 0 "-" "WordPress/6.9.4; https://archive.drivenbyboredom.com"
216.73.216.21 - - [16/Apr/2026:19:19:30 +0000] "GET /robots.txt HTTP/1.1" 200 78 "-" "Mozilla/5.0 AppleWebKit/537.36 (KHTML, like Gecko; compatible; ClaudeBot/1.0; +claudebot@anthropic.com)"
216.73.216.21 - - [16/Apr/2026:19:19:30 +0000] "GET / HTTP/1.1" 302 0 "-" "Mozilla/5.0 AppleWebKit/537.36 (KHTML, like Gecko; compatible; ClaudeBot/1.0; +claudebot@anthropic.com)"
216.73.216.21 - - [16/Apr/2026:19:19:30 +0000] "GET /?password-protected=login&redirect_to=https%3A%2F%2Farchive.drivenbyboredom.com%2F HTTP/1.1" 200 4442 "https://archive.drivenbyboredom.com/" "Mozilla/5.0 AppleWebKit/537.36 (KHTML, like Gecko; compatible; ClaudeBot/1.0; +claudebot@anthropic.com)"
216.244.66.198 - - [16/Apr/2026:19:23:31 +0000] "GET /category/dysfunctional-family-circus HTTP/1.1" 302 0 "-" "Mozilla/5.0 (compatible; DotBot/1.2; +https://opensiteexplorer.org/dotbot; help@moz.com)"
195.250.26.131 - - [16/Apr/2026:19:40:54 +0000] "POST /wp-cron.php?doing_wp_cron=1776368454.3178811073303222656250 HTTP/1.1" 200 0 "-" "WordPress/6.9.4; https://archive.drivenbyboredom.com"
145.223.131.51 - - [16/Apr/2026:19:40:54 +0000] "GET /gallery/display.php?x=7&i=20 HTTP/1.1" 302 0 "-" "Mozilla/5.0 (Macintosh; Intel Mac OS X 10.15; rv:{version}.0) Gecko/20100101 Firefox/135.0"
145.223.131.51 - - [16/Apr/2026:19:40:54 +0000] "GET /gallery/display.php?x=7&i=20&password-protected=login&redirect_to=https%3A%2F%2Farchive.drivenbyboredom.com%2Fgallery%2Fdisplay.php%3Fx%3D7%26i%3D20 HTTP/1.1" 404 4551 "-" "Mozilla/5.0 (Macintosh; Intel Mac OS X 10.15; rv:{version}.0) Gecko/20100101 Firefox/135.0"
47.242.15.213 - - [16/Apr/2026:19:41:40 +0000] "GET /gallery/40/thumbs/0.jpg HTTP/1.1" 302 0 "-" "Mozilla/5.0 (X11; Ubuntu; Linux x86_64; rv:72.0) Gecko/20100101 Firefox/72.0"
47.242.15.213 - - [16/Apr/2026:19:41:41 +0000] "GET /gallery/40/thumbs/0.jpg?password-protected=login&redirect_to=https%3A%2F%2Farchive.drivenbyboredom.com%2Fgallery%2F40%2Fthumbs%2F0.jpg HTTP/1.1" 404 4517 "-" "Mozilla/5.0 (X11; Ubuntu; Linux x86_64; rv:72.0) Gecko/20100101 Firefox/72.0"
47.242.15.213 - - [16/Apr/2026:19:41:42 +0000] "GET /gallery/40/thumbs/0.jpg HTTP/1.1" 302 0 "-" "Mozilla/5.0 (X11; Ubuntu; Linux x86_64; rv:72.0) Gecko/20100101 Firefox/72.0"
47.242.15.213 - - [16/Apr/2026:19:41:43 +0000] "GET /gallery/40/thumbs/0.jpg?password-protected=login&redirect_to=https%3A%2F%2Farchive.drivenbyboredom.com%2Fgallery%2F40%2Fthumbs%2F0.jpg HTTP/1.1" 404 4517 "-" "Mozilla/5.0 (X11; Ubuntu; Linux x86_64; rv:72.0) Gecko/20100101 Firefox/72.0"
47.242.15.213 - - [16/Apr/2026:19:41:44 +0000] "GET /gallery/40/thumbs/0.jpg HTTP/1.1" 302 0 "-" "Mozilla/5.0 (X11; Ubuntu; Linux x86_64; rv:72.0) Gecko/20100101 Firefox/72.0"
47.242.15.213 - - [16/Apr/2026:19:41:44 +0000] "GET /gallery/40/thumbs/0.jpg?password-protected=login&redirect_to=https%3A%2F%2Farchive.drivenbyboredom.com%2Fgallery%2F40%2Fthumbs%2F0.jpg HTTP/1.1" 404 4517 "-" "Mozilla/5.0 (X11; Ubuntu; Linux x86_64; rv:72.0) Gecko/20100101 Firefox/72.0"
195.250.26.131 - - [16/Apr/2026:20:09:43 +0000] "POST /wp-cron.php?doing_wp_cron=1776370183.0680201053619384765625 HTTP/1.1" 200 0 "-" "WordPress/6.9.4; https://archive.drivenbyboredom.com"
172.203.190.138 - - [16/Apr/2026:20:09:43 +0000] "GET /robots.txt HTTP/1.1" 200 78 "-" "Mozilla/5.0 (Macintosh; Intel Mac OS X 10_15_7) AppleWebKit/537.36 (KHTML, like Gecko) Chrome/131.0.0.0 Safari/537.36; compatible; OAI-SearchBot/1.0; +https://openai.com/searchbot"