195.250.26.131 - - [15/Apr/2026:12:04:16 +0000] "POST /wp-cron.php?doing_wp_cron=1776254656.5053570270538330078125 HTTP/1.1" 200 0 "-" "WordPress/6.9.4; http://dolfansnyc.com"
43.166.244.192 - - [15/Apr/2026:12:04:16 +0000] "GET /page/3/?filesrc=%2Fhome%2Fdrivenby%2Fdolfansnyc.com%2Fwp-links-opml.php&path=%2Fhome%2Fdrivenby%2Fdolfansnyc.com HTTP/1.1" 200 87625 "-" "Mozilla/5.0 (iPhone; CPU iPhone OS 13_2_3 like Mac OS X) AppleWebKit/605.1.15 (KHTML, like Gecko) Version/13.0.3 Mobile/15E148 Safari/604.1"
91.92.243.240 - - [15/Apr/2026:12:04:25 +0000] "POST /wp-login.php HTTP/1.1" 403 0 "-" "Mozilla/5.0"
91.92.243.240 - - [15/Apr/2026:12:04:25 +0000] "POST /wp-login.php HTTP/1.1" 403 0 "-" "Mozilla/5.0"
91.92.243.240 - - [15/Apr/2026:12:04:25 +0000] "POST /wp-login.php HTTP/1.1" 403 0 "-" "Mozilla/5.0"
91.92.243.240 - - [15/Apr/2026:12:04:26 +0000] "POST /wp-login.php HTTP/1.1" 403 0 "-" "Mozilla/5.0"
35.245.216.104 - - [15/Apr/2026:12:04:26 +0000] "GET /feed/ HTTP/1.1" 301 41784 "-" "Wget/1.18 (linux-gnu)"
35.245.216.104 - - [15/Apr/2026:12:04:26 +0000] "GET /feed/ HTTP/1.1" 200 84231 "-" "Wget/1.18 (linux-gnu)"
141.94.194.132 - - [15/Apr/2026:12:04:37 +0000] "GET /tag/pro-bowl/feed/ HTTP/1.1" 301 41784 "-" "Mozilla/5.0 (X11; Linux i686) AppleWebKit/537.36 (KHTML, like Gecko) Chrome/30.0.1599.66 Safari/537.36"
141.94.194.132 - - [15/Apr/2026:12:04:37 +0000] "GET /tag/pro-bowl/feed/ HTTP/1.1" 200 62605 "-" "Mozilla/5.0 (X11; Linux i686) AppleWebKit/537.36 (KHTML, like Gecko) Chrome/30.0.1599.66 Safari/537.36"
35.245.216.104 - - [15/Apr/2026:12:05:20 +0000] "GET /feed/ HTTP/1.1" 301 41784 "-" "Wget/1.18 (linux-gnu)"
35.245.216.104 - - [15/Apr/2026:12:05:20 +0000] "GET /feed/ HTTP/1.1" 200 84231 "-" "Wget/1.18 (linux-gnu)"
216.244.66.242 - - [15/Apr/2026:12:05:25 +0000] "GET /2010/11/02/pictures-from-bengals-week/ HTTP/1.1" 200 75858 "-" "Mozilla/5.0 (compatible; DotBot/1.2; +https://opensiteexplorer.org/dotbot; help@moz.com)"
216.244.66.242 - - [15/Apr/2026:12:05:31 +0000] "GET /2011/07/25/back-to-football/ HTTP/1.1" 200 76108 "-" "Mozilla/5.0 (compatible; DotBot/1.2; +https://opensiteexplorer.org/dotbot; help@moz.com)"
35.245.216.104 - - [15/Apr/2026:12:05:34 +0000] "GET /feed/ HTTP/1.1" 301 41784 "-" "Wget/1.18 (linux-gnu)"
35.245.216.104 - - [15/Apr/2026:12:05:34 +0000] "GET /feed/ HTTP/1.1" 200 84231 "-" "Wget/1.18 (linux-gnu)"
102.36.179.90 - - [15/Apr/2026:12:05:47 +0000] "GET http://dolfansnyc.com/tag/sailor-jerry/tel:2126836444 HTTP/1.1" 404 70241 "-" "Mozilla/5.0 (Macintosh; Intel Mac OS X 10_15_3) AppleWebKit/537.36 (KHTML, like Gecko) Chrome/97.0.4692.71 Safari/537.36"
51.83.9.87 - - [15/Apr/2026:12:05:57 +0000] "GET /robots.txt HTTP/1.1" 200 271 "-" "Mozilla/5.0 (compatible; MJ12bot/v1.4.8; http://mj12bot.com/)"
35.245.216.104 - - [15/Apr/2026:12:05:57 +0000] "GET /feed/ HTTP/1.1" 301 41784 "-" "Wget/1.18 (linux-gnu)"
35.245.216.104 - - [15/Apr/2026:12:05:57 +0000] "GET /feed/ HTTP/1.1" 200 84231 "-" "Wget/1.18 (linux-gnu)"
51.83.9.87 - - [15/Apr/2026:12:06:02 +0000] "GET /2011/09/27/dolfansnyc-podcast-episode-6-ben-volin/?cmd&path=/ HTTP/1.1" 200 67195 "-" "Mozilla/5.0 (compatible; MJ12bot/v1.4.8; http://mj12bot.com/)"
51.83.9.87 - - [15/Apr/2026:12:06:08 +0000] "GET /2011/09/27/dolfansnyc-podcast-episode-6-ben-volin/?mass_deface&path=/ HTTP/1.1" 200 67940 "-" "Mozilla/5.0 (compatible; MJ12bot/v1.4.8; http://mj12bot.com/)"
51.83.9.87 - - [15/Apr/2026:12:06:14 +0000] "GET /2011/09/29/dolfansnyc-podcast-episode-7-sam-madison-fantasy-week-4/?filebaru&path=/home/drivenby/dolfansnyc.com/wp-content HTTP/1.1" 200 54404 "-" "Mozilla/5.0 (compatible; MJ12bot/v1.4.8; http://mj12bot.com/)"
103.148.178.28 - - [15/Apr/2026:12:06:20 +0000] "GET http://www.dolfansnyc.com/feed/ HTTP/1.1" 301 41784 "-" "Mozilla/5.0 (Windows NT 10.0; Win64; x64) AppleWebKit/537.36 (KHTML, like Gecko) Chrome/71.0.3578.98 Safari/537.36"
51.83.9.87 - - [15/Apr/2026:12:06:20 +0000] "GET /2011/09/29/dolfansnyc-podcast-episode-7-sam-madison-fantasy-week-4/?filebaru&path=/home/drivenby/dolfansnyc.com/wp-includes HTTP/1.1" 200 411473 "-" "Mozilla/5.0 (compatible; MJ12bot/v1.4.8; http://mj12bot.com/)"
103.148.178.28 - - [15/Apr/2026:12:06:20 +0000] "GET http://dolfansnyc.com/feed/ HTTP/1.1" 200 84231 "-" "Mozilla/5.0 (Windows NT 10.0; Win64; x64) AppleWebKit/537.36 (KHTML, like Gecko) Chrome/71.0.3578.98 Safari/537.36"
51.83.9.87 - - [15/Apr/2026:12:06:26 +0000] "GET /2011/09/29/dolfansnyc-podcast-episode-7-sam-madison-fantasy-week-4/?filesrc=/home/drivenby/.lastlogin&path=/home/drivenby HTTP/1.1" 200 40173 "-" "Mozilla/5.0 (compatible; MJ12bot/v1.4.8; http://mj12bot.com/)"
51.83.9.87 - - [15/Apr/2026:12:06:31 +0000] "GET /2011/09/29/dolfansnyc-podcast-episode-7-sam-madison-fantasy-week-4/?filesrc=/home/drivenby/.myimunify_id&path=/home/drivenby HTTP/1.1" 200 39684 "-" "Mozilla/5.0 (compatible; MJ12bot/v1.4.8; http://mj12bot.com/)"
51.83.9.87 - - [15/Apr/2026:12:06:37 +0000] "GET /2011/09/29/dolfansnyc-podcast-episode-7-sam-madison-fantasy-week-4/?filesrc=/home/drivenby/.spamassassinboxenable&path=/home/drivenby HTTP/1.1" 200 39591 "-" "Mozilla/5.0 (compatible; MJ12bot/v1.4.8; http://mj12bot.com/)"
164.163.149.57 - - [15/Apr/2026:12:06:38 +0000] "GET /xmlrpc.php?rsd HTTP/1.1" 200 42573 "-" "Mozilla/5.0 (Macintosh; Intel Mac OS X 10_12_1 rv:3.0; szl-PL) AppleWebKit/531.13.6 (KHTML, like Gecko) Version/5.0 Safari/531.13.6"
99.100.159.126 - - [15/Apr/2026:12:06:38 +0000] "GET /2015/08/ HTTP/1.1" 200 74905 "-" "Mozilla/5.0 (Macintosh; U; PPC Mac OS X 10_10_8 rv:6.0; xh-ZA) AppleWebKit/532.9.5 (KHTML, like Gecko) Version/5.0.5 Safari/532.9.5"
51.83.9.87 - - [15/Apr/2026:12:06:43 +0000] "GET /2011/09/29/dolfansnyc-podcast-episode-7-sam-madison-fantasy-week-4/?filesrc=/home/drivenby/.spamassassinenable&path=/home/drivenby HTTP/1.1" 200 39588 "-" "Mozilla/5.0 (compatible; MJ12bot/v1.4.8; http://mj12bot.com/)"
51.83.9.87 - - [15/Apr/2026:12:06:48 +0000] "GET /2011/09/29/dolfansnyc-podcast-episode-7-sam-madison-fantasy-week-4/?filesrc=/home/drivenby/.wget-hsts&path=/home/drivenby HTTP/1.1" 200 39789 "-" "Mozilla/5.0 (compatible; MJ12bot/v1.4.8; http://mj12bot.com/)"
51.83.9.87 - - [15/Apr/2026:12:06:54 +0000] "GET /2011/09/29/dolfansnyc-podcast-episode-7-sam-madison-fantasy-week-4/?filesrc=/home/drivenby/.wp-toolkit-identifier&path=/home/drivenby HTTP/1.1" 200 40275 "-" "Mozilla/5.0 (compatible; MJ12bot/v1.4.8; http://mj12bot.com/)"
51.83.9.87 - - [15/Apr/2026:12:07:00 +0000] "GET /2011/09/29/dolfansnyc-podcast-episode-7-sam-madison-fantasy-week-4/?filesrc=/home/drivenby/dashboards.php&path=/home/drivenby HTTP/1.1" 200 71361 "-" "Mozilla/5.0 (compatible; MJ12bot/v1.4.8; http://mj12bot.com/)"
51.83.9.87 - - [15/Apr/2026:12:07:05 +0000] "GET /2011/09/29/dolfansnyc-podcast-episode-7-sam-madison-fantasy-week-4/?filesrc=/home/drivenby/dolfansnyc.com/.tmb/l1_d3AtY29udGVudC90aGVtZXMvZG9sZmFuc05ZQy9zY3JlZW5zaG90LnBuZw1382392871.png&path=/home/drivenby/dolfansnyc.com/.tmb HTTP/1.1" 200 45616 "-" "Mozilla/5.0 (compatible; MJ12bot/v1.4.8; http://mj12bot.com/)"
51.83.9.87 - - [15/Apr/2026:12:07:12 +0000] "GET /2011/09/29/dolfansnyc-podcast-episode-7-sam-madison-fantasy-week-4/?filesrc=/home/drivenby/dolfansnyc.com/.tmb/l1_d3AtY29udGVudC90aGVtZXMvZG9sZmFuc255Yy1uZXcvc2NyZWVuc2hvdC5wbmc1753443666.png&path=/home/drivenby/dolfansnyc.com/.tmb HTTP/1.1" 200 45062 "-" "Mozilla/5.0 (compatible; MJ12bot/v1.4.8; http://mj12bot.com/)"
51.83.9.87 - - [15/Apr/2026:12:07:18 +0000] "GET /2011/09/29/dolfansnyc-podcast-episode-7-sam-madison-fantasy-week-4/?filesrc=/home/drivenby/dolfansnyc.com/.well-known/dashboards.php&path=/home/drivenby/dolfansnyc.com/.well-known HTTP/1.1" 200 71693 "-" "Mozilla/5.0 (compatible; MJ12bot/v1.4.8; http://mj12bot.com/)"
51.83.9.87 - - [15/Apr/2026:12:07:24 +0000] "GET /2011/09/29/dolfansnyc-podcast-episode-7-sam-madison-fantasy-week-4/?filesrc=/home/drivenby/dolfansnyc.com/wp-content/db.php&path=/home/drivenby/dolfansnyc.com/wp-content HTTP/1.1" 200 250512 "-" "Mozilla/5.0 (compatible; MJ12bot/v1.4.8; http://mj12bot.com/)"
51.83.9.87 - - [15/Apr/2026:12:07:31 +0000] "GET /2011/09/29/dolfansnyc-podcast-episode-7-sam-madison-fantasy-week-4/?filesrc=/home/drivenby/dolfansnyc.com/wp-content/debug.log&path=/home/drivenby/dolfansnyc.com/wp-content HTTP/1.1" 200 5420894 "-" "Mozilla/5.0 (compatible; MJ12bot/v1.4.8; http://mj12bot.com/)"
51.83.9.87 - - [15/Apr/2026:12:07:37 +0000] "GET /2011/09/29/dolfansnyc-podcast-episode-7-sam-madison-fantasy-week-4/?filesrc=/home/drivenby/dolfansnyc.com/wp-content/index.php&path=/home/drivenby/dolfansnyc.com/wp-content HTTP/1.1" 200 39934 "-" "Mozilla/5.0 (compatible; MJ12bot/v1.4.8; http://mj12bot.com/)"
51.83.9.87 - - [15/Apr/2026:12:07:42 +0000] "GET /2011/09/29/dolfansnyc-podcast-episode-7-sam-madison-fantasy-week-4/?filesrc=/home/drivenby/dolfansnyc.com/wp-content/maintenance.php&path=/home/drivenby/dolfansnyc.com/wp-content HTTP/1.1" 200 43020 "-" "Mozilla/5.0 (compatible; MJ12bot/v1.4.8; http://mj12bot.com/)"
51.83.9.87 - - [15/Apr/2026:12:07:48 +0000] "GET /2011/09/29/dolfansnyc-podcast-episode-7-sam-madison-fantasy-week-4/?filesrc=/home/drivenby/dolfansnyc.com/wp-includes/abilities-api.php&path=/home/drivenby/dolfansnyc.com/wp-includes HTTP/1.1" 200 66151 "-" "Mozilla/5.0 (compatible; MJ12bot/v1.4.8; http://mj12bot.com/)"
51.83.9.87 - - [15/Apr/2026:12:07:54 +0000] "GET /2011/09/29/dolfansnyc-podcast-episode-7-sam-madison-fantasy-week-4/?filesrc=/home/drivenby/dolfansnyc.com/wp-includes/abilities.php&path=/home/drivenby/dolfansnyc.com/wp-includes HTTP/1.1" 200 50435 "-" "Mozilla/5.0 (compatible; MJ12bot/v1.4.8; http://mj12bot.com/)"
51.83.9.87 - - [15/Apr/2026:12:08:00 +0000] "GET /2011/09/29/dolfansnyc-podcast-episode-7-sam-madison-fantasy-week-4/?filesrc=/home/drivenby/dolfansnyc.com/wp-includes/admin-bar.php&path=/home/drivenby/dolfansnyc.com/wp-includes HTTP/1.1" 200 85698 "-" "Mozilla/5.0 (compatible; MJ12bot/v1.4.8; http://mj12bot.com/)"
35.245.216.104 - - [15/Apr/2026:12:08:03 +0000] "GET /feed/ HTTP/1.1" 301 41784 "-" "Wget/1.18 (linux-gnu)"
35.245.216.104 - - [15/Apr/2026:12:08:03 +0000] "GET /feed/ HTTP/1.1" 200 84231 "-" "Wget/1.18 (linux-gnu)"
51.83.9.87 - - [15/Apr/2026:12:08:05 +0000] "GET /2011/09/29/dolfansnyc-podcast-episode-7-sam-madison-fantasy-week-4/?filesrc=/home/drivenby/dolfansnyc.com/wp-includes/atomlib.php&path=/home/drivenby/dolfansnyc.com/wp-includes HTTP/1.1" 200 53599 "-" "Mozilla/5.0 (compatible; MJ12bot/v1.4.8; http://mj12bot.com/)"
195.250.26.131 - - [15/Apr/2026:12:08:11 +0000] "POST /wp-cron.php?doing_wp_cron=1776254891.6201570034027099609375 HTTP/1.1" 200 0 "-" "WordPress/6.9.4; http://dolfansnyc.com"
51.83.9.87 - - [15/Apr/2026:12:08:11 +0000] "GET /2011/09/29/dolfansnyc-podcast-episode-7-sam-madison-fantasy-week-4/?filesrc=/home/drivenby/dolfansnyc.com/wp-includes/author-template.php&path=/home/drivenby/dolfansnyc.com/wp-includes HTTP/1.1" 200 61462 "-" "Mozilla/5.0 (compatible; MJ12bot/v1.4.8; http://mj12bot.com/)"
51.83.9.87 - - [15/Apr/2026:12:08:17 +0000] "GET /2011/09/29/dolfansnyc-podcast-episode-7-sam-madison-fantasy-week-4/?filesrc=/home/drivenby/dolfansnyc.com/wp-includes/block-bindings.php&path=/home/drivenby/dolfansnyc.com/wp-includes HTTP/1.1" 200 47981 "-" "Mozilla/5.0 (compatible; MJ12bot/v1.4.8; http://mj12bot.com/)"
51.83.9.87 - - [15/Apr/2026:12:08:23 +0000] "GET /2011/09/29/dolfansnyc-podcast-episode-7-sam-madison-fantasy-week-4/?filesrc=/home/drivenby/dolfansnyc.com/wp-includes/block-editor.php&path=/home/drivenby/dolfansnyc.com/wp-includes HTTP/1.1" 200 73444 "-" "Mozilla/5.0 (compatible; MJ12bot/v1.4.8; http://mj12bot.com/)"
35.245.216.104 - - [15/Apr/2026:12:08:23 +0000] "GET /feed/ HTTP/1.1" 301 41784 "-" "Wget/1.18 (linux-gnu)"
35.245.216.104 - - [15/Apr/2026:12:08:23 +0000] "GET /feed/ HTTP/1.1" 200 84231 "-" "Wget/1.18 (linux-gnu)"
51.83.9.87 - - [15/Apr/2026:12:08:28 +0000] "GET /2011/09/29/dolfansnyc-podcast-episode-7-sam-madison-fantasy-week-4/?filesrc=/home/drivenby/dolfansnyc.com/wp-includes/block-i18n.json&path=/home/drivenby/dolfansnyc.com/wp-includes HTTP/1.1" 200 40392 "-" "Mozilla/5.0 (compatible; MJ12bot/v1.4.8; http://mj12bot.com/)"
51.83.9.87 - - [15/Apr/2026:12:08:34 +0000] "GET /2011/09/29/dolfansnyc-podcast-episode-7-sam-madison-fantasy-week-4/?filesrc=/home/drivenby/dolfansnyc.com/wp-includes/block-patterns.php&path=/home/drivenby/dolfansnyc.com/wp-includes HTTP/1.1" 200 55281 "-" "Mozilla/5.0 (compatible; MJ12bot/v1.4.8; http://mj12bot.com/)"
51.83.9.87 - - [15/Apr/2026:12:08:40 +0000] "GET /2011/09/29/dolfansnyc-podcast-episode-7-sam-madison-fantasy-week-4/?filesrc=/home/drivenby/dolfansnyc.com/wp-includes/block-template-utils.php&path=/home/drivenby/dolfansnyc.com/wp-includes HTTP/1.1" 200 109629 "-" "Mozilla/5.0 (compatible; MJ12bot/v1.4.8; http://mj12bot.com/)"
91.92.243.240 - - [15/Apr/2026:12:08:44 +0000] "POST /wp-login.php HTTP/1.1" 403 0 "-" "Mozilla/5.0"
91.92.243.240 - - [15/Apr/2026:12:08:44 +0000] "POST /wp-login.php HTTP/1.1" 403 0 "-" "Mozilla/5.0"
91.92.243.240 - - [15/Apr/2026:12:08:44 +0000] "POST /wp-login.php HTTP/1.1" 403 0 "-" "Mozilla/5.0"
91.92.243.240 - - [15/Apr/2026:12:08:44 +0000] "POST /wp-login.php HTTP/1.1" 403 0 "-" "Mozilla/5.0"
51.83.9.87 - - [15/Apr/2026:12:08:46 +0000] "GET /2011/09/29/dolfansnyc-podcast-episode-7-sam-madison-fantasy-week-4/?filesrc=/home/drivenby/dolfansnyc.com/wp-includes/block-template.php&path=/home/drivenby/dolfansnyc.com/wp-includes HTTP/1.1" 200 56369 "-" "Mozilla/5.0 (compatible; MJ12bot/v1.4.8; http://mj12bot.com/)"
51.83.9.87 - - [15/Apr/2026:12:08:52 +0000] "GET /2011/09/29/dolfansnyc-podcast-episode-7-sam-madison-fantasy-week-4/?filesrc=/home/drivenby/dolfansnyc.com/wp-includes/blocks.php&path=/home/drivenby/dolfansnyc.com/wp-includes HTTP/1.1" 200 163811 "-" "Mozilla/5.0 (compatible; MJ12bot/v1.4.8; http://mj12bot.com/)"
51.83.9.87 - - [15/Apr/2026:12:08:57 +0000] "GET /2011/09/29/dolfansnyc-podcast-episode-7-sam-madison-fantasy-week-4/?filesrc=/home/drivenby/dolfansnyc.com/wp-includes/bookmark-template.php&path=/home/drivenby/dolfansnyc.com/wp-includes HTTP/1.1" 200 55044 "-" "Mozilla/5.0 (compatible; MJ12bot/v1.4.8; http://mj12bot.com/)"
51.83.9.87 - - [15/Apr/2026:12:09:03 +0000] "GET /2011/09/29/dolfansnyc-podcast-episode-7-sam-madison-fantasy-week-4/?filesrc=/home/drivenby/dolfansnyc.com/wp-includes/bookmark.php&path=/home/drivenby/dolfansnyc.com/wp-includes HTTP/1.1" 200 57753 "-" "Mozilla/5.0 (compatible; MJ12bot/v1.4.8; http://mj12bot.com/)"
216.244.66.242 - - [15/Apr/2026:12:09:07 +0000] "GET /tag/james-brown/ HTTP/1.1" 200 73420 "-" "Mozilla/5.0 (compatible; DotBot/1.2; +https://opensiteexplorer.org/dotbot; help@moz.com)"
51.83.9.87 - - [15/Apr/2026:12:09:09 +0000] "GET /2011/09/29/dolfansnyc-podcast-episode-7-sam-madison-fantasy-week-4/?filesrc=/home/drivenby/dolfansnyc.com/wp-includes/cache-compat.php&path=/home/drivenby/dolfansnyc.com/wp-includes HTTP/1.1" 200 50470 "-" "Mozilla/5.0 (compatible; MJ12bot/v1.4.8; http://mj12bot.com/)"
195.250.26.131 - - [15/Apr/2026:12:09:15 +0000] "POST /wp-cron.php?doing_wp_cron=1776254955.3693730831146240234375 HTTP/1.1" 200 0 "-" "WordPress/6.9.4; http://dolfansnyc.com"
51.83.9.87 - - [15/Apr/2026:12:09:15 +0000] "GET /2011/09/29/dolfansnyc-podcast-episode-7-sam-madison-fantasy-week-4/?filesrc=/home/drivenby/dolfansnyc.com/wp-includes/cache.php&path=/home/drivenby/dolfansnyc.com/wp-includes HTTP/1.1" 200 53776 "-" "Mozilla/5.0 (compatible; MJ12bot/v1.4.8; http://mj12bot.com/)"
51.83.9.87 - - [15/Apr/2026:12:09:21 +0000] "GET /2011/09/29/dolfansnyc-podcast-episode-7-sam-madison-fantasy-week-4/?filesrc=/home/drivenby/dolfansnyc.com/wp-includes/canonical.php&path=/home/drivenby/dolfansnyc.com/wp-includes HTTP/1.1" 200 81030 "-" "Mozilla/5.0 (compatible; MJ12bot/v1.4.8; http://mj12bot.com/)"
51.83.9.87 - - [15/Apr/2026:12:09:26 +0000] "GET /2011/09/29/dolfansnyc-podcast-episode-7-sam-madison-fantasy-week-4/?filesrc=/home/drivenby/dolfansnyc.com/wp-includes/capabilities.php&path=/home/drivenby/dolfansnyc.com/wp-includes HTTP/1.1" 200 88246 "-" "Mozilla/5.0 (compatible; MJ12bot/v1.4.8; http://mj12bot.com/)"
51.83.9.87 - - [15/Apr/2026:12:09:32 +0000] "GET /2011/09/29/dolfansnyc-podcast-episode-7-sam-madison-fantasy-week-4/?filesrc=/home/drivenby/dolfansnyc.com/wp-includes/category-template.php&path=/home/drivenby/dolfansnyc.com/wp-includes HTTP/1.1" 200 103761 "-" "Mozilla/5.0 (compatible; MJ12bot/v1.4.8; http://mj12bot.com/)"
159.138.146.247 - - [15/Apr/2026:12:09:32 +0000] "GET /category/events/page/3/www.signupgenius.com/go/10c0a4faea72dabf94-monday HTTP/1.1" 404 70423 "-" "Mozilla/5.0 (Windows NT 10.0; Win64; x64) AppleWebKit/537.36 (KHTML, like Gecko) Chrome/145.0.0.0 Safari/537.36"
159.138.146.247 - - [15/Apr/2026:12:09:33 +0000] "GET /wp-content/themes/dolfansnyc-new/style.css?ver=1.0.0 HTTP/1.1" 200 16562 "-" "Mozilla/5.0 (Windows NT 10.0; Win64; x64) AppleWebKit/537.36 (KHTML, like Gecko) Chrome/145.0.0.0 Safari/537.36"
159.138.146.247 - - [15/Apr/2026:12:09:33 +0000] "GET /wp-content/themes/dolfansnyc-new/dolfansnyc.css?ver=1.0.0 HTTP/1.1" 200 10113 "-" "Mozilla/5.0 (Windows NT 10.0; Win64; x64) AppleWebKit/537.36 (KHTML, like Gecko) Chrome/145.0.0.0 Safari/537.36"
159.138.146.247 - - [15/Apr/2026:12:09:34 +0000] "GET /wp-content/themes/dolfansnyc-new/elevate-defaults.css?ver=1.0.0 HTTP/1.1" 200 12704 "-" "Mozilla/5.0 (Windows NT 10.0; Win64; x64) AppleWebKit/537.36 (KHTML, like Gecko) Chrome/145.0.0.0 Safari/537.36"
159.138.146.247 - - [15/Apr/2026:12:09:34 +0000] "GET /wp-content/themes/dolfansnyc-new/js/navigation.js?ver=1.0.0 HTTP/1.1" 200 2980 "-" "Mozilla/5.0 (Windows NT 10.0; Win64; x64) AppleWebKit/537.36 (KHTML, like Gecko) Chrome/145.0.0.0 Safari/537.36"
145.223.131.49 - - [15/Apr/2026:12:09:34 +0000] "GET /wp-content/uploads/2013/08/mike-wallace-miami-dolphins-300x204.jpg HTTP/1.1" 200 20896 "-" "Mozilla/5.0 (Macintosh; Intel Mac OS X 10_15_7) AppleWebKit/537.36 (KHTML, like Gecko) Chrome/120.0.0.0 Safari/537.36"
51.83.9.87 - - [15/Apr/2026:12:09:38 +0000] "GET /2011/09/29/dolfansnyc-podcast-episode-7-sam-madison-fantasy-week-4/?filesrc=/home/drivenby/dolfansnyc.com/wp-includes/category.php&path=/home/drivenby/dolfansnyc.com/wp-includes HTTP/1.1" 200 53764 "-" "Mozilla/5.0 (compatible; MJ12bot/v1.4.8; http://mj12bot.com/)"
51.83.9.87 - - [15/Apr/2026:12:09:44 +0000] "GET /2011/09/29/dolfansnyc-podcast-episode-7-sam-madison-fantasy-week-4/?filesrc=/home/drivenby/dolfansnyc.com/wp-includes/class-IXR.php&path=/home/drivenby/dolfansnyc.com/wp-includes HTTP/1.1" 200 42668 "-" "Mozilla/5.0 (compatible; MJ12bot/v1.4.8; http://mj12bot.com/)"
51.83.9.87 - - [15/Apr/2026:12:09:50 +0000] "GET /2011/09/29/dolfansnyc-podcast-episode-7-sam-madison-fantasy-week-4/?filesrc=/home/drivenby/dolfansnyc.com/wp-includes/class-avif-info.php&path=/home/drivenby/dolfansnyc.com/wp-includes HTTP/1.1" 200 71549 "-" "Mozilla/5.0 (compatible; MJ12bot/v1.4.8; http://mj12bot.com/)"
51.83.9.87 - - [15/Apr/2026:12:09:56 +0000] "GET /2011/09/29/dolfansnyc-podcast-episode-7-sam-madison-fantasy-week-4/?filesrc=/home/drivenby/dolfansnyc.com/wp-includes/class-feed.php&path=/home/drivenby/dolfansnyc.com/wp-includes HTTP/1.1" 200 40537 "-" "Mozilla/5.0 (compatible; MJ12bot/v1.4.8; http://mj12bot.com/)"
51.83.9.87 - - [15/Apr/2026:12:10:01 +0000] "GET /2011/09/29/dolfansnyc-podcast-episode-7-sam-madison-fantasy-week-4/?filesrc=/home/drivenby/dolfansnyc.com/wp-includes/class-http.php&path=/home/drivenby/dolfansnyc.com/wp-includes HTTP/1.1" 200 40325 "-" "Mozilla/5.0 (compatible; MJ12bot/v1.4.8; http://mj12bot.com/)"
51.83.9.87 - - [15/Apr/2026:12:10:07 +0000] "GET /2011/09/29/dolfansnyc-podcast-episode-7-sam-madison-fantasy-week-4/?filesrc=/home/drivenby/dolfansnyc.com/wp-includes/class-json.php&path=/home/drivenby/dolfansnyc.com/wp-includes HTTP/1.1" 200 86719 "-" "Mozilla/5.0 (compatible; MJ12bot/v1.4.8; http://mj12bot.com/)"
51.83.9.87 - - [15/Apr/2026:12:10:13 +0000] "GET /2011/09/29/dolfansnyc-podcast-episode-7-sam-madison-fantasy-week-4/?filesrc=/home/drivenby/dolfansnyc.com/wp-includes/class-oembed.php&path=/home/drivenby/dolfansnyc.com/wp-includes HTTP/1.1" 200 40361 "-" "Mozilla/5.0 (compatible; MJ12bot/v1.4.8; http://mj12bot.com/)"
51.83.9.87 - - [15/Apr/2026:12:10:18 +0000] "GET /2011/09/29/dolfansnyc-podcast-episode-7-sam-madison-fantasy-week-4/?filesrc=/home/drivenby/dolfansnyc.com/wp-includes/class-phpass.php&path=/home/drivenby/dolfansnyc.com/wp-includes HTTP/1.1" 200 47218 "-" "Mozilla/5.0 (compatible; MJ12bot/v1.4.8; http://mj12bot.com/)"
51.83.9.87 - - [15/Apr/2026:12:10:24 +0000] "GET /2011/09/29/dolfansnyc-podcast-episode-7-sam-madison-fantasy-week-4/?filesrc=/home/drivenby/dolfansnyc.com/wp-includes/class-phpmailer.php&path=/home/drivenby/dolfansnyc.com/wp-includes HTTP/1.1" 200 40667 "-" "Mozilla/5.0 (compatible; MJ12bot/v1.4.8; http://mj12bot.com/)"
51.83.9.87 - - [15/Apr/2026:12:10:30 +0000] "GET /2011/09/29/dolfansnyc-podcast-episode-7-sam-madison-fantasy-week-4/?filesrc=/home/drivenby/dolfansnyc.com/wp-includes/class-pop3.php&path=/home/drivenby/dolfansnyc.com/wp-includes HTTP/1.1" 200 63257 "-" "Mozilla/5.0 (compatible; MJ12bot/v1.4.8; http://mj12bot.com/)"
51.83.9.87 - - [15/Apr/2026:12:10:36 +0000] "GET /2011/09/29/dolfansnyc-podcast-episode-7-sam-madison-fantasy-week-4/?filesrc=/home/drivenby/dolfansnyc.com/wp-includes/class-requests.php&path=/home/drivenby/dolfansnyc.com/wp-includes HTTP/1.1" 200 42249 "-" "Mozilla/5.0 (compatible; MJ12bot/v1.4.8; http://mj12bot.com/)"
51.83.9.87 - - [15/Apr/2026:12:10:41 +0000] "GET /2011/09/29/dolfansnyc-podcast-episode-7-sam-madison-fantasy-week-4/?filesrc=/home/drivenby/dolfansnyc.com/wp-includes/class-simplepie.php&path=/home/drivenby/dolfansnyc.com/wp-includes HTTP/1.1" 200 40416 "-" "Mozilla/5.0 (compatible; MJ12bot/v1.4.8; http://mj12bot.com/)"
35.245.216.104 - - [15/Apr/2026:12:10:44 +0000] "GET /feed/ HTTP/1.1" 301 41784 "-" "Wget/1.18 (linux-gnu)"
35.245.216.104 - - [15/Apr/2026:12:10:44 +0000] "GET /feed/ HTTP/1.1" 200 84231 "-" "Wget/1.18 (linux-gnu)"
51.83.9.87 - - [15/Apr/2026:12:10:47 +0000] "GET /2011/09/29/dolfansnyc-podcast-episode-7-sam-madison-fantasy-week-4/?filesrc=/home/drivenby/dolfansnyc.com/wp-includes/class-smtp.php&path=/home/drivenby/dolfansnyc.com/wp-includes HTTP/1.1" 200 40425 "-" "Mozilla/5.0 (compatible; MJ12bot/v1.4.8; http://mj12bot.com/)"
51.83.9.87 - - [15/Apr/2026:12:10:53 +0000] "GET /2011/09/29/dolfansnyc-podcast-episode-7-sam-madison-fantasy-week-4/?filesrc=/home/drivenby/dolfansnyc.com/wp-includes/class-snoopy.php&path=/home/drivenby/dolfansnyc.com/wp-includes HTTP/1.1" 200 82880 "-" "Mozilla/5.0 (compatible; MJ12bot/v1.4.8; http://mj12bot.com/)"
51.83.9.87 - - [15/Apr/2026:12:10:59 +0000] "GET /2011/09/29/dolfansnyc-podcast-episode-7-sam-madison-fantasy-week-4/?filesrc=/home/drivenby/dolfansnyc.com/wp-includes/class-walker-category-dropdown.php&path=/home/drivenby/dolfansnyc.com/wp-includes HTTP/1.1" 200 42724 "-" "Mozilla/5.0 (compatible; MJ12bot/v1.4.8; http://mj12bot.com/)"
51.83.9.87 - - [15/Apr/2026:12:11:04 +0000] "GET /2011/09/29/dolfansnyc-podcast-episode-7-sam-madison-fantasy-week-4/?filesrc=/home/drivenby/dolfansnyc.com/wp-includes/class-walker-category.php&path=/home/drivenby/dolfansnyc.com/wp-includes HTTP/1.1" 200 49589 "-" "Mozilla/5.0 (compatible; MJ12bot/v1.4.8; http://mj12bot.com/)"
51.83.9.87 - - [15/Apr/2026:12:11:10 +0000] "GET /2011/09/29/dolfansnyc-podcast-episode-7-sam-madison-fantasy-week-4/?filesrc=/home/drivenby/dolfansnyc.com/wp-includes/class-walker-comment.php&path=/home/drivenby/dolfansnyc.com/wp-includes HTTP/1.1" 200 56544 "-" "Mozilla/5.0 (compatible; MJ12bot/v1.4.8; http://mj12bot.com/)"
195.250.26.131 - - [15/Apr/2026:12:11:14 +0000] "POST /wp-cron.php?doing_wp_cron=1776255074.2582418918609619140625 HTTP/1.1" 200 0 "-" "WordPress/6.9.4; http://dolfansnyc.com"
35.245.216.104 - - [15/Apr/2026:12:11:14 +0000] "GET /feed/ HTTP/1.1" 301 41784 "-" "Wget/1.18 (linux-gnu)"
35.245.216.104 - - [15/Apr/2026:12:11:14 +0000] "GET /feed/ HTTP/1.1" 200 84231 "-" "Wget/1.18 (linux-gnu)"
51.83.9.87 - - [15/Apr/2026:12:11:16 +0000] "GET /2011/09/29/dolfansnyc-podcast-episode-7-sam-madison-fantasy-week-4/?filesrc=/home/drivenby/dolfansnyc.com/wp-includes/class-walker-nav-menu.php&path=/home/drivenby/dolfansnyc.com/wp-includes HTTP/1.1" 200 53177 "-" "Mozilla/5.0 (compatible; MJ12bot/v1.4.8; http://mj12bot.com/)"
51.83.9.87 - - [15/Apr/2026:12:11:21 +0000] "GET /2011/09/29/dolfansnyc-podcast-episode-7-sam-madison-fantasy-week-4/?filesrc=/home/drivenby/dolfansnyc.com/wp-includes/class-walker-page-dropdown.php&path=/home/drivenby/dolfansnyc.com/wp-includes HTTP/1.1" 200 42945 "-" "Mozilla/5.0 (compatible; MJ12bot/v1.4.8; http://mj12bot.com/)"
51.83.9.87 - - [15/Apr/2026:12:11:27 +0000] "GET /2011/09/29/dolfansnyc-podcast-episode-7-sam-madison-fantasy-week-4/?filesrc=/home/drivenby/dolfansnyc.com/wp-includes/class-walker-page.php&path=/home/drivenby/dolfansnyc.com/wp-includes HTTP/1.1" 200 48589 "-" "Mozilla/5.0 (compatible; MJ12bot/v1.4.8; http://mj12bot.com/)"
51.83.9.87 - - [15/Apr/2026:12:11:33 +0000] "GET /2011/09/29/dolfansnyc-podcast-episode-7-sam-madison-fantasy-week-4/?filesrc=/home/drivenby/dolfansnyc.com/wp-includes/class-wp-admin-bar.php&path=/home/drivenby/dolfansnyc.com/wp-includes HTTP/1.1" 200 61129 "-" "Mozilla/5.0 (compatible; MJ12bot/v1.4.8; http://mj12bot.com/)"
35.245.216.104 - - [15/Apr/2026:12:11:38 +0000] "GET /feed/ HTTP/1.1" 301 41784 "-" "Wget/1.18 (linux-gnu)"
35.245.216.104 - - [15/Apr/2026:12:11:38 +0000] "GET /feed/ HTTP/1.1" 200 84231 "-" "Wget/1.18 (linux-gnu)"
51.83.9.87 - - [15/Apr/2026:12:11:39 +0000] "GET /2011/09/29/dolfansnyc-podcast-episode-7-sam-madison-fantasy-week-4/?filesrc=/home/drivenby/dolfansnyc.com/wp-includes/class-wp-ajax-response.php&path=/home/drivenby/dolfansnyc.com/wp-includes HTTP/1.1" 200 46111 "-" "Mozilla/5.0 (compatible; MJ12bot/v1.4.8; http://mj12bot.com/)"
51.83.9.87 - - [15/Apr/2026:12:11:44 +0000] "GET /2011/09/29/dolfansnyc-podcast-episode-7-sam-madison-fantasy-week-4/?filesrc=/home/drivenby/dolfansnyc.com/wp-includes/class-wp-application-passwords.php&path=/home/drivenby/dolfansnyc.com/wp-includes HTTP/1.1" 200 57761 "-" "Mozilla/5.0 (compatible; MJ12bot/v1.4.8; http://mj12bot.com/)"
51.83.9.87 - - [15/Apr/2026:12:11:50 +0000] "GET /2011/09/29/dolfansnyc-podcast-episode-7-sam-madison-fantasy-week-4/?filesrc=/home/drivenby/dolfansnyc.com/wp-includes/class-wp-block-bindings-registry.php&path=/home/drivenby/dolfansnyc.com/wp-includes HTTP/1.1" 200 48899 "-" "Mozilla/5.0 (compatible; MJ12bot/v1.4.8; http://mj12bot.com/)"
51.83.9.87 - - [15/Apr/2026:12:11:56 +0000] "GET /2011/09/29/dolfansnyc-podcast-episode-7-sam-madison-fantasy-week-4/?filesrc=/home/drivenby/dolfansnyc.com/wp-includes/class-wp-block-bindings-source.php&path=/home/drivenby/dolfansnyc.com/wp-includes HTTP/1.1" 200 43005 "-" "Mozilla/5.0 (compatible; MJ12bot/v1.4.8; http://mj12bot.com/)"
35.84.155.125 - - [15/Apr/2026:12:11:59 +0000] "GET /?sucurianticache=1433841436 HTTP/1.1" 200 124473 "-" "Sucuri Uptime Monitor"
35.82.208.243 - - [15/Apr/2026:12:12:00 +0000] "GET /?sucurianticache=1363283424 HTTP/1.1" 200 124473 "-" "Sucuri Uptime Monitor"
51.83.9.87 - - [15/Apr/2026:12:12:02 +0000] "GET /2011/09/29/dolfansnyc-podcast-episode-7-sam-madison-fantasy-week-4/?filesrc=/home/drivenby/dolfansnyc.com/wp-includes/class-wp-block-editor-context.php&path=/home/drivenby/dolfansnyc.com/wp-includes HTTP/1.1" 200 41393 "-" "Mozilla/5.0 (compatible; MJ12bot/v1.4.8; http://mj12bot.com/)"
51.83.9.87 - - [15/Apr/2026:12:12:07 +0000] "GET /2011/09/29/dolfansnyc-podcast-episode-7-sam-madison-fantasy-week-4/?filesrc=/home/drivenby/dolfansnyc.com/wp-includes/class-wp-block-list.php&path=/home/drivenby/dolfansnyc.com/wp-includes HTTP/1.1" 200 44702 "-" "Mozilla/5.0 (compatible; MJ12bot/v1.4.8; http://mj12bot.com/)"
195.250.26.131 - - [15/Apr/2026:12:12:13 +0000] "POST /wp-cron.php?doing_wp_cron=1776255133.7791879177093505859375 HTTP/1.1" 200 0 "-" "WordPress/6.9.4; http://dolfansnyc.com"
51.83.9.87 - - [15/Apr/2026:12:12:13 +0000] "GET /2011/09/29/dolfansnyc-podcast-episode-7-sam-madison-fantasy-week-4/?filesrc=/home/drivenby/dolfansnyc.com/wp-includes/class-wp-block-metadata-registry.php&path=/home/drivenby/dolfansnyc.com/wp-includes HTTP/1.1" 200 52423 "-" "Mozilla/5.0 (compatible; MJ12bot/v1.4.8; http://mj12bot.com/)"
51.83.9.87 - - [15/Apr/2026:12:12:19 +0000] "GET /2011/09/29/dolfansnyc-podcast-episode-7-sam-madison-fantasy-week-4/?filesrc=/home/drivenby/dolfansnyc.com/wp-includes/class-wp-block-parser-block.php&path=/home/drivenby/dolfansnyc.com/wp-includes HTTP/1.1" 200 42636 "-" "Mozilla/5.0 (compatible; MJ12bot/v1.4.8; http://mj12bot.com/)"
51.83.9.87 - - [15/Apr/2026:12:12:25 +0000] "GET /2011/09/29/dolfansnyc-podcast-episode-7-sam-madison-fantasy-week-4/?filesrc=/home/drivenby/dolfansnyc.com/wp-includes/class-wp-block-parser-frame.php&path=/home/drivenby/dolfansnyc.com/wp-includes HTTP/1.1" 200 41967 "-" "Mozilla/5.0 (compatible; MJ12bot/v1.4.8; http://mj12bot.com/)"
51.83.9.87 - - [15/Apr/2026:12:12:30 +0000] "GET /2011/09/29/dolfansnyc-podcast-episode-7-sam-madison-fantasy-week-4/?filesrc=/home/drivenby/dolfansnyc.com/wp-includes/class-wp-block-parser.php&path=/home/drivenby/dolfansnyc.com/wp-includes HTTP/1.1" 200 52127 "-" "Mozilla/5.0 (compatible; MJ12bot/v1.4.8; http://mj12bot.com/)"
51.83.9.87 - - [15/Apr/2026:12:12:36 +0000] "GET /2011/09/29/dolfansnyc-podcast-episode-7-sam-madison-fantasy-week-4/?filesrc=/home/drivenby/dolfansnyc.com/wp-includes/class-wp-block-pattern-categories-registry.php&path=/home/drivenby/dolfansnyc.com/wp-includes HTTP/1.1" 200 45517 "-" "Mozilla/5.0 (compatible; MJ12bot/v1.4.8; http://mj12bot.com/)"
51.83.9.87 - - [15/Apr/2026:12:12:42 +0000] "GET /2011/09/29/dolfansnyc-podcast-episode-7-sam-madison-fantasy-week-4/?filesrc=/home/drivenby/dolfansnyc.com/wp-includes/class-wp-block-patterns-registry.php&path=/home/drivenby/dolfansnyc.com/wp-includes HTTP/1.1" 200 51625 "-" "Mozilla/5.0 (compatible; MJ12bot/v1.4.8; http://mj12bot.com/)"
51.83.9.87 - - [15/Apr/2026:12:12:48 +0000] "GET /2011/09/29/dolfansnyc-podcast-episode-7-sam-madison-fantasy-week-4/?filesrc=/home/drivenby/dolfansnyc.com/wp-includes/class-wp-block-processor.php&path=/home/drivenby/dolfansnyc.com/wp-includes HTTP/1.1" 200 113139 "-" "Mozilla/5.0 (compatible; MJ12bot/v1.4.8; http://mj12bot.com/)"
51.83.9.87 - - [15/Apr/2026:12:12:54 +0000] "GET /2011/09/29/dolfansnyc-podcast-episode-7-sam-madison-fantasy-week-4/?filesrc=/home/drivenby/dolfansnyc.com/wp-includes/class-wp-block-styles-registry.php&path=/home/drivenby/dolfansnyc.com/wp-includes HTTP/1.1" 200 46652 "-" "Mozilla/5.0 (compatible; MJ12bot/v1.4.8; http://mj12bot.com/)"
35.245.216.104 - - [15/Apr/2026:12:12:58 +0000] "GET /feed/ HTTP/1.1" 301 41784 "-" "Wget/1.18 (linux-gnu)"
35.245.216.104 - - [15/Apr/2026:12:12:58 +0000] "GET /feed/ HTTP/1.1" 200 84231 "-" "Wget/1.18 (linux-gnu)"
51.83.9.87 - - [15/Apr/2026:12:12:59 +0000] "GET /2011/09/29/dolfansnyc-podcast-episode-7-sam-madison-fantasy-week-4/?filesrc=/home/drivenby/dolfansnyc.com/wp-includes/class-wp-block-supports.php&path=/home/drivenby/dolfansnyc.com/wp-includes HTTP/1.1" 200 45833 "-" "Mozilla/5.0 (compatible; MJ12bot/v1.4.8; http://mj12bot.com/)"
51.83.9.87 - - [15/Apr/2026:12:13:05 +0000] "GET /2011/09/29/dolfansnyc-podcast-episode-7-sam-madison-fantasy-week-4/?filesrc=/home/drivenby/dolfansnyc.com/wp-includes/class-wp-block-template.php&path=/home/drivenby/dolfansnyc.com/wp-includes HTTP/1.1" 200 42014 "-" "Mozilla/5.0 (compatible; MJ12bot/v1.4.8; http://mj12bot.com/)"
91.92.243.240 - - [15/Apr/2026:12:13:10 +0000] "POST /wp-login.php HTTP/1.1" 403 0 "-" "Mozilla/5.0"
91.92.243.240 - - [15/Apr/2026:12:13:11 +0000] "POST /wp-login.php HTTP/1.1" 403 0 "-" "Mozilla/5.0"
91.92.243.240 - - [15/Apr/2026:12:13:11 +0000] "POST /wp-login.php HTTP/1.1" 403 0 "-" "Mozilla/5.0"
91.92.243.240 - - [15/Apr/2026:12:13:11 +0000] "POST /wp-login.php HTTP/1.1" 403 0 "-" "Mozilla/5.0"
195.250.26.131 - - [15/Apr/2026:12:13:11 +0000] "POST /wp-cron.php?doing_wp_cron=1776255191.3930110931396484375000 HTTP/1.1" 200 0 "-" "WordPress/6.9.4; http://dolfansnyc.com"
51.83.9.87 - - [15/Apr/2026:12:13:11 +0000] "GET /2011/09/29/dolfansnyc-podcast-episode-7-sam-madison-fantasy-week-4/?filesrc=/home/drivenby/dolfansnyc.com/wp-includes/class-wp-block-templates-registry.php&path=/home/drivenby/dolfansnyc.com/wp-includes HTTP/1.1" 200 47676 "-" "Mozilla/5.0 (compatible; MJ12bot/v1.4.8; http://mj12bot.com/)"
35.245.216.104 - - [15/Apr/2026:12:13:13 +0000] "GET /feed/ HTTP/1.1" 301 41784 "-" "Wget/1.18 (linux-gnu)"
35.245.216.104 - - [15/Apr/2026:12:13:13 +0000] "GET /feed/ HTTP/1.1" 200 84231 "-" "Wget/1.18 (linux-gnu)"
51.83.9.87 - - [15/Apr/2026:12:13:17 +0000] "GET /2011/09/29/dolfansnyc-podcast-episode-7-sam-madison-fantasy-week-4/?filesrc=/home/drivenby/dolfansnyc.com/wp-includes/class-wp-block-type-registry.php&path=/home/drivenby/dolfansnyc.com/wp-includes HTTP/1.1" 200 45154 "-" "Mozilla/5.0 (compatible; MJ12bot/v1.4.8; http://mj12bot.com/)"
43.164.197.209 - - [15/Apr/2026:12:13:19 +0000] "GET /?upload&path=/home/drivenby/dolfansnyc.com/wp-content HTTP/1.1" 200 102028 "-" "Mozilla/5.0 (iPhone; CPU iPhone OS 13_2_3 like Mac OS X) AppleWebKit/605.1.15 (KHTML, like Gecko) Version/13.0.3 Mobile/15E148 Safari/604.1"
51.83.9.87 - - [15/Apr/2026:12:13:22 +0000] "GET /2011/09/29/dolfansnyc-podcast-episode-7-sam-madison-fantasy-week-4/?filesrc=/home/drivenby/dolfansnyc.com/wp-includes/class-wp-block-type.php&path=/home/drivenby/dolfansnyc.com/wp-includes HTTP/1.1" 200 57752 "-" "Mozilla/5.0 (compatible; MJ12bot/v1.4.8; http://mj12bot.com/)"
51.83.9.87 - - [15/Apr/2026:12:13:28 +0000] "GET /2011/09/29/dolfansnyc-podcast-episode-7-sam-madison-fantasy-week-4/?filesrc=/home/drivenby/dolfansnyc.com/wp-includes/class-wp-block.php&path=/home/drivenby/dolfansnyc.com/wp-includes HTTP/1.1" 200 66434 "-" "Mozilla/5.0 (compatible; MJ12bot/v1.4.8; http://mj12bot.com/)"
51.83.9.87 - - [15/Apr/2026:12:13:34 +0000] "GET /2011/09/29/dolfansnyc-podcast-episode-7-sam-madison-fantasy-week-4/?filesrc=/home/drivenby/dolfansnyc.com/wp-includes/class-wp-classic-to-block-menu-converter.php&path=/home/drivenby/dolfansnyc.com/wp-includes HTTP/1.1" 200 44437 "-" "Mozilla/5.0 (compatible; MJ12bot/v1.4.8; http://mj12bot.com/)"
51.83.9.87 - - [15/Apr/2026:12:13:40 +0000] "GET /2011/09/29/dolfansnyc-podcast-episode-7-sam-madison-fantasy-week-4/?filesrc=/home/drivenby/dolfansnyc.com/wp-includes/class-wp-comment-query.php&path=/home/drivenby/dolfansnyc.com/wp-includes HTTP/1.1" 200 95693 "-" "Mozilla/5.0 (compatible; MJ12bot/v1.4.8; http://mj12bot.com/)"
51.83.9.87 - - [15/Apr/2026:12:13:46 +0000] "GET /2011/09/29/dolfansnyc-podcast-episode-7-sam-madison-fantasy-week-4/?filesrc=/home/drivenby/dolfansnyc.com/wp-includes/class-wp-comment.php&path=/home/drivenby/dolfansnyc.com/wp-includes HTTP/1.1" 200 50351 "-" "Mozilla/5.0 (compatible; MJ12bot/v1.4.8; http://mj12bot.com/)"
51.83.9.87 - - [15/Apr/2026:12:13:51 +0000] "GET /2011/09/29/dolfansnyc-podcast-episode-7-sam-madison-fantasy-week-4/?filesrc=/home/drivenby/dolfansnyc.com/wp-includes/class-wp-customize-control.php&path=/home/drivenby/dolfansnyc.com/wp-includes HTTP/1.1" 200 69626 "-" "Mozilla/5.0 (compatible; MJ12bot/v1.4.8; http://mj12bot.com/)"
51.83.9.87 - - [15/Apr/2026:12:13:57 +0000] "GET /2011/09/29/dolfansnyc-podcast-episode-7-sam-madison-fantasy-week-4/?filesrc=/home/drivenby/dolfansnyc.com/wp-includes/class-wp-customize-manager.php&path=/home/drivenby/dolfansnyc.com/wp-includes HTTP/1.1" 200 270337 "-" "Mozilla/5.0 (compatible; MJ12bot/v1.4.8; http://mj12bot.com/)"
51.83.9.87 - - [15/Apr/2026:12:14:03 +0000] "GET /2011/09/29/dolfansnyc-podcast-episode-7-sam-madison-fantasy-week-4/?filesrc=/home/drivenby/dolfansnyc.com/wp-includes/class-wp-customize-nav-menus.php&path=/home/drivenby/dolfansnyc.com/wp-includes HTTP/1.1" 200 109040 "-" "Mozilla/5.0 (compatible; MJ12bot/v1.4.8; http://mj12bot.com/)"
51.83.9.87 - - [15/Apr/2026:12:14:09 +0000] "GET /2011/09/29/dolfansnyc-podcast-episode-7-sam-madison-fantasy-week-4/?filesrc=/home/drivenby/dolfansnyc.com/wp-includes/class-wp-customize-panel.php&path=/home/drivenby/dolfansnyc.com/wp-includes HTTP/1.1" 200 51602 "-" "Mozilla/5.0 (compatible; MJ12bot/v1.4.8; http://mj12bot.com/)"
195.250.26.131 - - [15/Apr/2026:12:14:13 +0000] "POST /wp-cron.php?doing_wp_cron=1776255253.5551578998565673828125 HTTP/1.1" 200 0 "-" "WordPress/6.9.4; http://dolfansnyc.com"
35.245.216.104 - - [15/Apr/2026:12:14:13 +0000] "GET /feed/ HTTP/1.1" 301 41784 "-" "Wget/1.18 (linux-gnu)"
35.245.216.104 - - [15/Apr/2026:12:14:13 +0000] "GET /feed/ HTTP/1.1" 200 84231 "-" "Wget/1.18 (linux-gnu)"
51.83.9.87 - - [15/Apr/2026:12:14:15 +0000] "GET /2011/09/29/dolfansnyc-podcast-episode-7-sam-madison-fantasy-week-4/?filesrc=/home/drivenby/dolfansnyc.com/wp-includes/class-wp-customize-section.php&path=/home/drivenby/dolfansnyc.com/wp-includes HTTP/1.1" 200 52136 "-" "Mozilla/5.0 (compatible; MJ12bot/v1.4.8; http://mj12bot.com/)"
51.83.9.87 - - [15/Apr/2026:12:14:21 +0000] "GET /2011/09/29/dolfansnyc-podcast-episode-7-sam-madison-fantasy-week-4/?filesrc=/home/drivenby/dolfansnyc.com/wp-includes/class-wp-customize-setting.php&path=/home/drivenby/dolfansnyc.com/wp-includes HTTP/1.1" 200 71882 "-" "Mozilla/5.0 (compatible; MJ12bot/v1.4.8; http://mj12bot.com/)"
51.83.9.87 - - [15/Apr/2026:12:14:26 +0000] "GET /2011/09/29/dolfansnyc-podcast-episode-7-sam-madison-fantasy-week-4/?filesrc=/home/drivenby/dolfansnyc.com/wp-includes/class-wp-customize-widgets.php&path=/home/drivenby/dolfansnyc.com/wp-includes HTTP/1.1" 200 120332 "-" "Mozilla/5.0 (compatible; MJ12bot/v1.4.8; http://mj12bot.com/)"
51.83.9.87 - - [15/Apr/2026:12:14:32 +0000] "GET /2011/09/29/dolfansnyc-podcast-episode-7-sam-madison-fantasy-week-4/?filesrc=/home/drivenby/dolfansnyc.com/wp-includes/class-wp-date-query.php&path=/home/drivenby/dolfansnyc.com/wp-includes HTTP/1.1" 200 81031 "-" "Mozilla/5.0 (compatible; MJ12bot/v1.4.8; http://mj12bot.com/)"
51.83.9.87 - - [15/Apr/2026:12:14:38 +0000] "GET /2011/09/29/dolfansnyc-podcast-episode-7-sam-madison-fantasy-week-4/?filesrc=/home/drivenby/dolfansnyc.com/wp-includes/class-wp-db-session.php&path=/home/drivenby/dolfansnyc.com/wp-includes HTTP/1.1" 200 250536 "-" "Mozilla/5.0 (compatible; MJ12bot/v1.4.8; http://mj12bot.com/)"
51.83.9.87 - - [15/Apr/2026:12:14:44 +0000] "GET /2011/09/29/dolfansnyc-podcast-episode-7-sam-madison-fantasy-week-4/?filesrc=/home/drivenby/dolfansnyc.com/wp-includes/class-wp-dependencies.php&path=/home/drivenby/dolfansnyc.com/wp-includes HTTP/1.1" 200 57568 "-" "Mozilla/5.0 (compatible; MJ12bot/v1.4.8; http://mj12bot.com/)"
103.150.62.69 - - [15/Apr/2026:12:14:46 +0000] "GET /wp-content/uploads/2012/09/Reggie-Bush.jpeg HTTP/1.1" 200 71704 "-" "Mozilla/5.0 (X11; Ubuntu; Linux x86_64; rv:72.0) Gecko/20100101 Firefox/72.0"
51.83.9.87 - - [15/Apr/2026:12:14:50 +0000] "GET /2011/09/29/dolfansnyc-podcast-episode-7-sam-madison-fantasy-week-4/?filesrc=/home/drivenby/dolfansnyc.com/wp-includes/class-wp-dependency.php&path=/home/drivenby/dolfansnyc.com/wp-includes HTTP/1.1" 200 42600 "-" "Mozilla/5.0 (compatible; MJ12bot/v1.4.8; http://mj12bot.com/)"
51.83.9.87 - - [15/Apr/2026:12:14:55 +0000] "GET /2011/09/29/dolfansnyc-podcast-episode-7-sam-madison-fantasy-week-4/?filesrc=/home/drivenby/dolfansnyc.com/wp-includes/class-wp-duotone.php&path=/home/drivenby/dolfansnyc.com/wp-includes HTTP/1.1" 200 84332 "-" "Mozilla/5.0 (compatible; MJ12bot/v1.4.8; http://mj12bot.com/)"
51.83.9.87 - - [15/Apr/2026:12:15:02 +0000] "GET /2011/09/29/dolfansnyc-podcast-episode-7-sam-madison-fantasy-week-4/?filesrc=/home/drivenby/dolfansnyc.com/wp-includes/class-wp-editor.php&path=/home/drivenby/dolfansnyc.com/wp-includes HTTP/1.1" 200 128120 "-" "Mozilla/5.0 (compatible; MJ12bot/v1.4.8; http://mj12bot.com/)"
35.245.216.104 - - [15/Apr/2026:12:15:03 +0000] "GET /feed/ HTTP/1.1" 301 41784 "-" "Wget/1.18 (linux-gnu)"
35.245.216.104 - - [15/Apr/2026:12:15:03 +0000] "GET /feed/ HTTP/1.1" 200 84231 "-" "Wget/1.18 (linux-gnu)"
141.94.194.132 - - [15/Apr/2026:12:15:06 +0000] "GET /tag/metlife/feed/ HTTP/1.1" 301 41784 "-" "Mozilla/5.0 (X11; Linux i686) AppleWebKit/537.36 (KHTML, like Gecko) Chrome/30.0.1599.66 Safari/537.36"
141.94.194.132 - - [15/Apr/2026:12:15:06 +0000] "GET /tag/metlife/feed/ HTTP/1.1" 200 55635 "-" "Mozilla/5.0 (X11; Linux i686) AppleWebKit/537.36 (KHTML, like Gecko) Chrome/30.0.1599.66 Safari/537.36"
51.83.9.87 - - [15/Apr/2026:12:15:08 +0000] "GET /2011/09/29/dolfansnyc-podcast-episode-7-sam-madison-fantasy-week-4/?filesrc=/home/drivenby/dolfansnyc.com/wp-includes/class-wp-embed.php&path=/home/drivenby/dolfansnyc.com/wp-includes HTTP/1.1" 200 57140 "-" "Mozilla/5.0 (compatible; MJ12bot/v1.4.8; http://mj12bot.com/)"
195.250.26.131 - - [15/Apr/2026:12:15:14 +0000] "POST /wp-cron.php?doing_wp_cron=1776255314.0097959041595458984375 HTTP/1.1" 200 0 "-" "WordPress/6.9.4; http://dolfansnyc.com"
51.83.9.87 - - [15/Apr/2026:12:15:14 +0000] "GET /2011/09/29/dolfansnyc-podcast-episode-7-sam-madison-fantasy-week-4/?filesrc=/home/drivenby/dolfansnyc.com/wp-includes/class-wp-error.php&path=/home/drivenby/dolfansnyc.com/wp-includes HTTP/1.1" 200 47646 "-" "Mozilla/5.0 (compatible; MJ12bot/v1.4.8; http://mj12bot.com/)"
51.83.9.87 - - [15/Apr/2026:12:15:19 +0000] "GET /2011/09/29/dolfansnyc-podcast-episode-7-sam-madison-fantasy-week-4/?filesrc=/home/drivenby/dolfansnyc.com/wp-includes/class-wp-exception.php&path=/home/drivenby/dolfansnyc.com/wp-includes HTTP/1.1" 200 40179 "-" "Mozilla/5.0 (compatible; MJ12bot/v1.4.8; http://mj12bot.com/)"
35.245.216.104 - - [15/Apr/2026:12:15:24 +0000] "GET /feed/ HTTP/1.1" 301 41784 "-" "Wget/1.18 (linux-gnu)"
35.245.216.104 - - [15/Apr/2026:12:15:24 +0000] "GET /feed/ HTTP/1.1" 200 84231 "-" "Wget/1.18 (linux-gnu)"
51.83.9.87 - - [15/Apr/2026:12:15:25 +0000] "GET /2011/09/29/dolfansnyc-podcast-episode-7-sam-madison-fantasy-week-4/?filesrc=/home/drivenby/dolfansnyc.com/wp-includes/class-wp-fatal-error-handler.php&path=/home/drivenby/dolfansnyc.com/wp-includes HTTP/1.1" 200 48592 "-" "Mozilla/5.0 (compatible; MJ12bot/v1.4.8; http://mj12bot.com/)"
35.245.216.104 - - [15/Apr/2026:12:15:26 +0000] "GET /feed/ HTTP/1.1" 301 41784 "-" "Wget/1.18 (linux-gnu)"
35.245.216.104 - - [15/Apr/2026:12:15:27 +0000] "GET /feed/ HTTP/1.1" 200 84231 "-" "Wget/1.18 (linux-gnu)"
51.83.9.87 - - [15/Apr/2026:12:15:31 +0000] "GET /2011/09/29/dolfansnyc-podcast-episode-7-sam-madison-fantasy-week-4/?filesrc=/home/drivenby/dolfansnyc.com/wp-includes/class-wp-feed-cache-transient.php&path=/home/drivenby/dolfansnyc.com/wp-includes HTTP/1.1" 200 43341 "-" "Mozilla/5.0 (compatible; MJ12bot/v1.4.8; http://mj12bot.com/)"
51.83.9.87 - - [15/Apr/2026:12:15:37 +0000] "GET /2011/09/29/dolfansnyc-podcast-episode-7-sam-madison-fantasy-week-4/?filesrc=/home/drivenby/dolfansnyc.com/wp-includes/class-wp-feed-cache.php&path=/home/drivenby/dolfansnyc.com/wp-includes HTTP/1.1" 200 40946 "-" "Mozilla/5.0 (compatible; MJ12bot/v1.4.8; http://mj12bot.com/)"
141.94.194.132 - - [15/Apr/2026:12:16:32 +0000] "GET /2012/10/22/dolfans-nyc-at-the-meadowlands-all-the-info-you-need/feed/ HTTP/1.1" 301 41784 "-" "Mozilla/5.0 (X11; Linux i686) AppleWebKit/537.36 (KHTML, like Gecko) Chrome/30.0.1599.66 Safari/537.36"
141.94.194.132 - - [15/Apr/2026:12:16:32 +0000] "GET /2012/10/22/dolfans-nyc-at-the-meadowlands-all-the-info-you-need/feed/ HTTP/1.1" 200 46949 "-" "Mozilla/5.0 (X11; Linux i686) AppleWebKit/537.36 (KHTML, like Gecko) Chrome/30.0.1599.66 Safari/537.36"
145.223.130.206 - - [15/Apr/2026:12:16:47 +0000] "GET /wp-content/uploads/2011/02/qb-bulder-warmer-150x150.jpg HTTP/1.1" 200 11414 "-" "Mozilla/5.0 (Macintosh; Intel Mac OS X 13_5) AppleWebKit/605.1.15 (KHTML, like Gecko) Version/17.0 Safari/184.1"
91.92.243.240 - - [15/Apr/2026:12:17:39 +0000] "POST /wp-login.php HTTP/1.1" 403 0 "-" "Mozilla/5.0"
91.92.243.240 - - [15/Apr/2026:12:17:39 +0000] "POST /wp-login.php HTTP/1.1" 403 0 "-" "Mozilla/5.0"
91.92.243.240 - - [15/Apr/2026:12:17:39 +0000] "POST /wp-login.php HTTP/1.1" 403 0 "-" "Mozilla/5.0"
91.92.243.240 - - [15/Apr/2026:12:17:39 +0000] "POST /wp-login.php HTTP/1.1" 403 0 "-" "Mozilla/5.0"
65.108.78.33 - - [15/Apr/2026:12:17:54 +0000] "GET /robots.txt HTTP/1.1" 200 271 "-" "Mozilla/5.0 (compatible; MJ12bot/v1.4.8; http://mj12bot.com/)"
65.108.78.33 - - [15/Apr/2026:12:18:00 +0000] "GET /2011/09/29/dolfansnyc-podcast-episode-7-sam-madison-fantasy-week-4/?filesrc=/home/drivenby/dolfansnyc.com/wp-includes/class-wp-hook.php&path=/home/drivenby/dolfansnyc.com/wp-includes HTTP/1.1" 200 57124 "-" "Mozilla/5.0 (compatible; MJ12bot/v1.4.8; http://mj12bot.com/)"
65.108.78.33 - - [15/Apr/2026:12:18:06 +0000] "GET /2011/09/29/dolfansnyc-podcast-episode-7-sam-madison-fantasy-week-4/?filesrc=/home/drivenby/dolfansnyc.com/wp-includes/class-wp-http-cookie.php&path=/home/drivenby/dolfansnyc.com/wp-includes HTTP/1.1" 200 48009 "-" "Mozilla/5.0 (compatible; MJ12bot/v1.4.8; http://mj12bot.com/)"
195.250.26.131 - - [15/Apr/2026:12:18:12 +0000] "POST /wp-cron.php?doing_wp_cron=1776255492.7041869163513183593750 HTTP/1.1" 200 0 "-" "WordPress/6.9.4; http://dolfansnyc.com"
65.108.78.33 - - [15/Apr/2026:12:18:12 +0000] "GET /2011/09/29/dolfansnyc-podcast-episode-7-sam-madison-fantasy-week-4/?filesrc=/home/drivenby/dolfansnyc.com/wp-includes/class-wp-http-curl.php&path=/home/drivenby/dolfansnyc.com/wp-includes HTTP/1.1" 200 54595 "-" "Mozilla/5.0 (compatible; MJ12bot/v1.4.8; http://mj12bot.com/)"
65.108.78.33 - - [15/Apr/2026:12:18:18 +0000] "GET /2011/09/29/dolfansnyc-podcast-episode-7-sam-madison-fantasy-week-4/?filesrc=/home/drivenby/dolfansnyc.com/wp-includes/class-wp-http-encoding.php&path=/home/drivenby/dolfansnyc.com/wp-includes HTTP/1.1" 200 46903 "-" "Mozilla/5.0 (compatible; MJ12bot/v1.4.8; http://mj12bot.com/)"
65.108.78.33 - - [15/Apr/2026:12:18:24 +0000] "GET /2011/09/29/dolfansnyc-podcast-episode-7-sam-madison-fantasy-week-4/?filesrc=/home/drivenby/dolfansnyc.com/wp-includes/class-wp-http-ixr-client.php&path=/home/drivenby/dolfansnyc.com/wp-includes HTTP/1.1" 200 43974 "-" "Mozilla/5.0 (compatible; MJ12bot/v1.4.8; http://mj12bot.com/)"
65.108.78.33 - - [15/Apr/2026:12:18:30 +0000] "GET /2011/09/29/dolfansnyc-podcast-episode-7-sam-madison-fantasy-week-4/?filesrc=/home/drivenby/dolfansnyc.com/wp-includes/class-wp-http-proxy.php&path=/home/drivenby/dolfansnyc.com/wp-includes HTTP/1.1" 200 46399 "-" "Mozilla/5.0 (compatible; MJ12bot/v1.4.8; http://mj12bot.com/)"
35.245.216.104 - - [15/Apr/2026:12:18:32 +0000] "GET /feed/ HTTP/1.1" 301 41784 "-" "Wget/1.18 (linux-gnu)"
35.245.216.104 - - [15/Apr/2026:12:18:32 +0000] "GET /feed/ HTTP/1.1" 200 84231 "-" "Wget/1.18 (linux-gnu)"
65.108.78.33 - - [15/Apr/2026:12:18:43 +0000] "GET /2011/09/29/dolfansnyc-podcast-episode-7-sam-madison-fantasy-week-4/?filesrc=/home/drivenby/dolfansnyc.com/wp-includes/class-wp-http-requests-hooks.php&path=/home/drivenby/dolfansnyc.com/wp-includes HTTP/1.1" 200 42012 "-" "Mozilla/5.0 (compatible; MJ12bot/v1.4.8; http://mj12bot.com/)"
35.245.216.104 - - [15/Apr/2026:12:18:48 +0000] "GET /feed/ HTTP/1.1" 301 41784 "-" "Wget/1.18 (linux-gnu)"
35.245.216.104 - - [15/Apr/2026:12:18:48 +0000] "GET /feed/ HTTP/1.1" 200 84231 "-" "Wget/1.18 (linux-gnu)"
65.108.78.33 - - [15/Apr/2026:12:18:49 +0000] "GET /2011/09/29/dolfansnyc-podcast-episode-7-sam-madison-fantasy-week-4/?filesrc=/home/drivenby/dolfansnyc.com/wp-includes/class-wp-http-requests-response.php&path=/home/drivenby/dolfansnyc.com/wp-includes HTTP/1.1" 200 44717 "-" "Mozilla/5.0 (compatible; MJ12bot/v1.4.8; http://mj12bot.com/)"
65.108.78.33 - - [15/Apr/2026:12:18:55 +0000] "GET /2011/09/29/dolfansnyc-podcast-episode-7-sam-madison-fantasy-week-4/?filesrc=/home/drivenby/dolfansnyc.com/wp-includes/class-wp-http-response.php&path=/home/drivenby/dolfansnyc.com/wp-includes HTTP/1.1" 200 42958 "-" "Mozilla/5.0 (compatible; MJ12bot/v1.4.8; http://mj12bot.com/)"
65.108.78.33 - - [15/Apr/2026:12:19:01 +0000] "GET /2011/09/29/dolfansnyc-podcast-episode-7-sam-madison-fantasy-week-4/?filesrc=/home/drivenby/dolfansnyc.com/wp-includes/class-wp-http-streams.php&path=/home/drivenby/dolfansnyc.com/wp-includes HTTP/1.1" 200 59443 "-" "Mozilla/5.0 (compatible; MJ12bot/v1.4.8; http://mj12bot.com/)"
65.108.78.33 - - [15/Apr/2026:12:19:07 +0000] "GET /2011/09/29/dolfansnyc-podcast-episode-7-sam-madison-fantasy-week-4/?filesrc=/home/drivenby/dolfansnyc.com/wp-includes/class-wp-http.php&path=/home/drivenby/dolfansnyc.com/wp-includes HTTP/1.1" 200 85240 "-" "Mozilla/5.0 (compatible; MJ12bot/v1.4.8; http://mj12bot.com/)"
195.250.26.131 - - [15/Apr/2026:12:19:13 +0000] "POST /wp-cron.php?doing_wp_cron=1776255553.6037359237670898437500 HTTP/1.1" 200 0 "-" "WordPress/6.9.4; http://dolfansnyc.com"
65.108.78.33 - - [15/Apr/2026:12:19:13 +0000] "GET /2011/09/29/dolfansnyc-podcast-episode-7-sam-madison-fantasy-week-4/?filesrc=/home/drivenby/dolfansnyc.com/wp-includes/class-wp-image-editor-gd.php&path=/home/drivenby/dolfansnyc.com/wp-includes HTTP/1.1" 200 62502 "-" "Mozilla/5.0 (compatible; MJ12bot/v1.4.8; http://mj12bot.com/)"
65.108.78.33 - - [15/Apr/2026:12:19:19 +0000] "GET /2011/09/29/dolfansnyc-podcast-episode-7-sam-madison-fantasy-week-4/?filesrc=/home/drivenby/dolfansnyc.com/wp-includes/class-wp-image-editor-imagick.php&path=/home/drivenby/dolfansnyc.com/wp-includes HTTP/1.1" 200 80280 "-" "Mozilla/5.0 (compatible; MJ12bot/v1.4.8; http://mj12bot.com/)"
65.108.78.33 - - [15/Apr/2026:12:19:25 +0000] "GET /2011/09/29/dolfansnyc-podcast-episode-7-sam-madison-fantasy-week-4/?filesrc=/home/drivenby/dolfansnyc.com/wp-includes/class-wp-image-editor.php&path=/home/drivenby/dolfansnyc.com/wp-includes HTTP/1.1" 200 58015 "-" "Mozilla/5.0 (compatible; MJ12bot/v1.4.8; http://mj12bot.com/)"
