43.160.214.137 - - [15/Apr/2026:12:26:49 +0000] "GET /wp-includes/js/dist/script-modules/interactivity/cmd.php HTTP/1.1" 404 70354 "-" "Mozilla/5.0 (iPhone; CPU iPhone OS 17_2 like Mac OS X) AppleWebKit/605.1.15 (KHTML, like Gecko) Version/17.2 Mobile/15E148 Safari/604.1"
43.160.214.137 - - [15/Apr/2026:12:26:50 +0000] "GET /wp-includes/js/dist/script-modules/interactivity/wso.php HTTP/1.1" 404 70354 "-" "Mozilla/5.0 (iPhone; CPU iPhone OS 17_2 like Mac OS X) AppleWebKit/605.1.15 (KHTML, like Gecko) Version/17.2 Mobile/15E148 Safari/604.1"
43.160.214.137 - - [15/Apr/2026:12:26:50 +0000] "GET /wp-includes/js/dist/script-modules/interactivity/c99.php HTTP/1.1" 404 70354 "-" "Mozilla/5.0 (iPhone; CPU iPhone OS 17_2 like Mac OS X) AppleWebKit/605.1.15 (KHTML, like Gecko) Version/17.2 Mobile/15E148 Safari/604.1"
43.160.214.137 - - [15/Apr/2026:12:26:50 +0000] "GET /wp-includes/sodium_compat/src/Core/Curve25519/Ge/ HTTP/1.1" 301 41780 "-" "Mozilla/5.0 (iPhone; CPU iPhone OS 17_2 like Mac OS X) AppleWebKit/605.1.15 (KHTML, like Gecko) Version/17.2 Mobile/15E148 Safari/604.1"
43.160.214.137 - - [15/Apr/2026:12:26:51 +0000] "GET /wp-includes/sodium_compat/src/Core32/SecretStream/ HTTP/1.1" 404 70322 "-" "Mozilla/5.0 (iPhone; CPU iPhone OS 17_2 like Mac OS X) AppleWebKit/605.1.15 (KHTML, like Gecko) Version/17.2 Mobile/15E148 Safari/604.1"
43.160.214.137 - - [15/Apr/2026:12:26:51 +0000] "GET /wp-content/themes/twentytwentyfive/styles/sections/ HTTP/1.1" 404 70326 "-" "Mozilla/5.0 (iPhone; CPU iPhone OS 17_2 like Mac OS X) AppleWebKit/605.1.15 (KHTML, like Gecko) Version/17.2 Mobile/15E148 Safari/604.1"
43.160.214.137 - - [15/Apr/2026:12:26:51 +0000] "GET /wp-includes/sodium_compat/namespaced/Core/ChaCha20/ HTTP/1.1" 404 70326 "-" "Mozilla/5.0 (iPhone; CPU iPhone OS 17_2 like Mac OS X) AppleWebKit/605.1.15 (KHTML, like Gecko) Version/17.2 Mobile/15E148 Safari/604.1"
43.160.214.137 - - [15/Apr/2026:12:26:52 +0000] "GET /wp-includes/sodium_compat/namespaced/Core/Poly1305/ HTTP/1.1" 404 70326 "-" "Mozilla/5.0 (iPhone; CPU iPhone OS 17_2 like Mac OS X) AppleWebKit/605.1.15 (KHTML, like Gecko) Version/17.2 Mobile/15E148 Safari/604.1"
43.160.214.137 - - [15/Apr/2026:12:26:52 +0000] "GET /wp-includes/sodium_compat/src/Core32/Curve25519/Ge/ HTTP/1.1" 301 41780 "-" "Mozilla/5.0 (iPhone; CPU iPhone OS 17_2 like Mac OS X) AppleWebKit/605.1.15 (KHTML, like Gecko) Version/17.2 Mobile/15E148 Safari/604.1"
43.160.214.137 - - [15/Apr/2026:12:26:52 +0000] "GET /wp-includes/SimplePie/library/SimplePie/Decode/HTML/ HTTP/1.1" 404 70334 "-" "Mozilla/5.0 (iPhone; CPU iPhone OS 17_2 like Mac OS X) AppleWebKit/605.1.15 (KHTML, like Gecko) Version/17.2 Mobile/15E148 Safari/604.1"
43.160.214.137 - - [15/Apr/2026:12:26:53 +0000] "GET /wp-content/themes/twentytwentyfive/styles/typography/ HTTP/1.1" 404 70334 "-" "Mozilla/5.0 (iPhone; CPU iPhone OS 17_2 like Mac OS X) AppleWebKit/605.1.15 (KHTML, like Gecko) Version/17.2 Mobile/15E148 Safari/604.1"
43.160.214.137 - - [15/Apr/2026:12:26:53 +0000] "GET /wp-content/themes/twentytwentyfour/assets/fonts/jost/ HTTP/1.1" 404 70338 "-" "Mozilla/5.0 (iPhone; CPU iPhone OS 17_2 like Mac OS X) AppleWebKit/605.1.15 (KHTML, like Gecko) Version/17.2 Mobile/15E148 Safari/604.1"
43.160.214.137 - - [15/Apr/2026:12:26:53 +0000] "GET /wp-includes/SimplePie/library/SimplePie/Content/Type/ HTTP/1.1" 404 70338 "-" "Mozilla/5.0 (iPhone; CPU iPhone OS 17_2 like Mac OS X) AppleWebKit/605.1.15 (KHTML, like Gecko) Version/17.2 Mobile/15E148 Safari/604.1"
43.160.214.137 - - [15/Apr/2026:12:26:54 +0000] "GET /wp-includes/sodium_compat/namespaced/Core/Curve25519/ HTTP/1.1" 404 70334 "-" "Mozilla/5.0 (iPhone; CPU iPhone OS 17_2 like Mac OS X) AppleWebKit/605.1.15 (KHTML, like Gecko) Version/17.2 Mobile/15E148 Safari/604.1"
43.160.214.137 - - [15/Apr/2026:12:26:54 +0000] "GET /wp-content/themes/twentytwentyfour/assets/fonts/cardo/ HTTP/1.1" 404 70342 "-" "Mozilla/5.0 (iPhone; CPU iPhone OS 17_2 like Mac OS X) AppleWebKit/605.1.15 (KHTML, like Gecko) Version/17.2 Mobile/15E148 Safari/604.1"
43.160.214.137 - - [15/Apr/2026:12:26:54 +0000] "GET /wp-content/themes/twentytwentyfour/assets/fonts/inter/ HTTP/1.1" 404 70342 "-" "Mozilla/5.0 (iPhone; CPU iPhone OS 17_2 like Mac OS X) AppleWebKit/605.1.15 (KHTML, like Gecko) Version/17.2 Mobile/15E148 Safari/604.1"
43.160.214.137 - - [15/Apr/2026:12:26:55 +0000] "GET /wp-includes/js/dist/script-modules/block-library/file/ HTTP/1.1" 404 70342 "-" "Mozilla/5.0 (iPhone; CPU iPhone OS 17_2 like Mac OS X) AppleWebKit/605.1.15 (KHTML, like Gecko) Version/17.2 Mobile/15E148 Safari/604.1"
43.160.214.137 - - [15/Apr/2026:12:26:55 +0000] "GET /wp-includes/js/dist/script-modules/block-library/form/ HTTP/1.1" 404 70342 "-" "Mozilla/5.0 (iPhone; CPU iPhone OS 17_2 like Mac OS X) AppleWebKit/605.1.15 (KHTML, like Gecko) Version/17.2 Mobile/15E148 Safari/604.1"
43.160.214.137 - - [15/Apr/2026:12:26:55 +0000] "GET /wp-content/themes/twentytwentythree/assets/fonts/inter/ HTTP/1.1" 404 70346 "-" "Mozilla/5.0 (iPhone; CPU iPhone OS 17_2 like Mac OS X) AppleWebKit/605.1.15 (KHTML, like Gecko) Version/17.2 Mobile/15E148 Safari/604.1"
43.160.214.137 - - [15/Apr/2026:12:26:56 +0000] "GET /wp-includes/js/dist/script-modules/block-library/image/ HTTP/1.1" 404 70346 "-" "Mozilla/5.0 (iPhone; CPU iPhone OS 17_2 like Mac OS X) AppleWebKit/605.1.15 (KHTML, like Gecko) Version/17.2 Mobile/15E148 Safari/604.1"
43.160.214.137 - - [15/Apr/2026:12:26:56 +0000] "GET /wp-includes/js/dist/script-modules/block-library/query/ HTTP/1.1" 404 70346 "-" "Mozilla/5.0 (iPhone; CPU iPhone OS 17_2 like Mac OS X) AppleWebKit/605.1.15 (KHTML, like Gecko) Version/17.2 Mobile/15E148 Safari/604.1"
43.160.214.137 - - [15/Apr/2026:12:26:56 +0000] "GET /wp-content/themes/twentytwentyfive/assets/fonts/beiruti/ HTTP/1.1" 404 70350 "-" "Mozilla/5.0 (iPhone; CPU iPhone OS 17_2 like Mac OS X) AppleWebKit/605.1.15 (KHTML, like Gecko) Version/17.2 Mobile/15E148 Safari/604.1"
43.160.214.137 - - [15/Apr/2026:12:26:57 +0000] "GET /wp-content/themes/twentytwentyfive/assets/fonts/manrope/ HTTP/1.1" 404 70350 "-" "Mozilla/5.0 (iPhone; CPU iPhone OS 17_2 like Mac OS X) AppleWebKit/605.1.15 (KHTML, like Gecko) Version/17.2 Mobile/15E148 Safari/604.1"
35.245.216.104 - - [15/Apr/2026:12:26:57 +0000] "GET /feed/ HTTP/1.1" 301 41784 "-" "Wget/1.18 (linux-gnu)"
43.160.214.137 - - [15/Apr/2026:12:26:57 +0000] "GET /wp-content/themes/twentytwentyfive/assets/fonts/platypi/ HTTP/1.1" 404 70350 "-" "Mozilla/5.0 (iPhone; CPU iPhone OS 17_2 like Mac OS X) AppleWebKit/605.1.15 (KHTML, like Gecko) Version/17.2 Mobile/15E148 Safari/604.1"
35.245.216.104 - - [15/Apr/2026:12:26:57 +0000] "GET /feed/ HTTP/1.1" 200 84231 "-" "Wget/1.18 (linux-gnu)"
43.160.214.137 - - [15/Apr/2026:12:26:57 +0000] "GET /wp-includes/SimplePie/library/SimplePie/XML/Declaration/ HTTP/1.1" 404 70350 "-" "Mozilla/5.0 (iPhone; CPU iPhone OS 17_2 like Mac OS X) AppleWebKit/605.1.15 (KHTML, like Gecko) Version/17.2 Mobile/15E148 Safari/604.1"
43.160.214.137 - - [15/Apr/2026:12:26:58 +0000] "GET /wp-includes/js/dist/script-modules/block-library/search/ HTTP/1.1" 404 70350 "-" "Mozilla/5.0 (iPhone; CPU iPhone OS 17_2 like Mac OS X) AppleWebKit/605.1.15 (KHTML, like Gecko) Version/17.2 Mobile/15E148 Safari/604.1"
43.160.214.137 - - [15/Apr/2026:12:26:58 +0000] "GET /wp-includes/js/dist/script-modules/interactivity-router/ HTTP/1.1" 200 47691 "-" "Mozilla/5.0 (iPhone; CPU iPhone OS 17_2 like Mac OS X) AppleWebKit/605.1.15 (KHTML, like Gecko) Version/17.2 Mobile/15E148 Safari/604.1"
43.160.214.137 - - [15/Apr/2026:12:26:58 +0000] "GET /wp-includes/js/dist/script-modules/interactivity-router/index.php HTTP/1.1" 301 41780 "-" "Mozilla/5.0 (iPhone; CPU iPhone OS 17_2 like Mac OS X) AppleWebKit/605.1.15 (KHTML, like Gecko) Version/17.2 Mobile/15E148 Safari/604.1"
43.160.214.137 - - [15/Apr/2026:12:26:59 +0000] "GET /wp-includes/js/dist/script-modules/interactivity-router/php.php HTTP/1.1" 404 70382 "-" "Mozilla/5.0 (iPhone; CPU iPhone OS 17_2 like Mac OS X) AppleWebKit/605.1.15 (KHTML, like Gecko) Version/17.2 Mobile/15E148 Safari/604.1"
43.160.214.137 - - [15/Apr/2026:12:26:59 +0000] "GET /wp-includes/js/dist/script-modules/interactivity-router/shell.php HTTP/1.1" 404 70390 "-" "Mozilla/5.0 (iPhone; CPU iPhone OS 17_2 like Mac OS X) AppleWebKit/605.1.15 (KHTML, like Gecko) Version/17.2 Mobile/15E148 Safari/604.1"
43.160.214.137 - - [15/Apr/2026:12:26:59 +0000] "GET /wp-includes/js/dist/script-modules/interactivity-router/cmd.php HTTP/1.1" 404 70382 "-" "Mozilla/5.0 (iPhone; CPU iPhone OS 17_2 like Mac OS X) AppleWebKit/605.1.15 (KHTML, like Gecko) Version/17.2 Mobile/15E148 Safari/604.1"
43.160.214.137 - - [15/Apr/2026:12:27:00 +0000] "GET /wp-includes/js/dist/script-modules/interactivity-router/wso.php HTTP/1.1" 404 70382 "-" "Mozilla/5.0 (iPhone; CPU iPhone OS 17_2 like Mac OS X) AppleWebKit/605.1.15 (KHTML, like Gecko) Version/17.2 Mobile/15E148 Safari/604.1"
43.160.214.137 - - [15/Apr/2026:12:27:00 +0000] "GET /wp-includes/js/dist/script-modules/interactivity-router/c99.php HTTP/1.1" 404 70382 "-" "Mozilla/5.0 (iPhone; CPU iPhone OS 17_2 like Mac OS X) AppleWebKit/605.1.15 (KHTML, like Gecko) Version/17.2 Mobile/15E148 Safari/604.1"
43.160.214.137 - - [15/Apr/2026:12:27:00 +0000] "GET /wp-includes/sodium_compat/namespaced/Core/Curve25519/Ge/ HTTP/1.1" 301 41780 "-" "Mozilla/5.0 (iPhone; CPU iPhone OS 17_2 like Mac OS X) AppleWebKit/605.1.15 (KHTML, like Gecko) Version/17.2 Mobile/15E148 Safari/604.1"
43.160.214.137 - - [15/Apr/2026:12:27:00 +0000] "GET /wp-content/themes/twentytwentyfive/assets/fonts/literata/ HTTP/1.1" 404 70354 "-" "Mozilla/5.0 (iPhone; CPU iPhone OS 17_2 like Mac OS X) AppleWebKit/605.1.15 (KHTML, like Gecko) Version/17.2 Mobile/15E148 Safari/604.1"
43.160.214.137 - - [15/Apr/2026:12:27:01 +0000] "GET /wp-content/themes/twentytwentyfive/assets/fonts/vollkorn/ HTTP/1.1" 404 70354 "-" "Mozilla/5.0 (iPhone; CPU iPhone OS 17_2 like Mac OS X) AppleWebKit/605.1.15 (KHTML, like Gecko) Version/17.2 Mobile/15E148 Safari/604.1"
43.160.214.137 - - [15/Apr/2026:12:27:01 +0000] "GET /wp-content/themes/twentytwentythree/assets/fonts/dm-sans/ HTTP/1.1" 404 70354 "-" "Mozilla/5.0 (iPhone; CPU iPhone OS 17_2 like Mac OS X) AppleWebKit/605.1.15 (KHTML, like Gecko) Version/17.2 Mobile/15E148 Safari/604.1"
43.160.214.137 - - [15/Apr/2026:12:27:02 +0000] "GET /wp-content/themes/twentytwentyfive/assets/fonts/fira-code/ HTTP/1.1" 404 70358 "-" "Mozilla/5.0 (iPhone; CPU iPhone OS 17_2 like Mac OS X) AppleWebKit/605.1.15 (KHTML, like Gecko) Version/17.2 Mobile/15E148 Safari/604.1"
43.160.214.137 - - [15/Apr/2026:12:27:02 +0000] "GET /wp-content/themes/twentytwentyfive/assets/fonts/fira-sans/ HTTP/1.1" 404 70358 "-" "Mozilla/5.0 (iPhone; CPU iPhone OS 17_2 like Mac OS X) AppleWebKit/605.1.15 (KHTML, like Gecko) Version/17.2 Mobile/15E148 Safari/604.1"
43.160.214.137 - - [15/Apr/2026:12:27:02 +0000] "GET /wp-content/themes/twentytwentyfive/assets/fonts/roboto-slab/ HTTP/1.1" 404 70366 "-" "Mozilla/5.0 (iPhone; CPU iPhone OS 17_2 like Mac OS X) AppleWebKit/605.1.15 (KHTML, like Gecko) Version/17.2 Mobile/15E148 Safari/604.1"
43.160.214.137 - - [15/Apr/2026:12:27:03 +0000] "GET /wp-includes/js/dist/script-modules/block-library/navigation/ HTTP/1.1" 404 70366 "-" "Mozilla/5.0 (iPhone; CPU iPhone OS 17_2 like Mac OS X) AppleWebKit/605.1.15 (KHTML, like Gecko) Version/17.2 Mobile/15E148 Safari/604.1"
43.160.214.137 - - [15/Apr/2026:12:27:03 +0000] "GET /wp-content/themes/twentytwentyfive/assets/fonts/ysabeau-office/ HTTP/1.1" 404 70378 "-" "Mozilla/5.0 (iPhone; CPU iPhone OS 17_2 like Mac OS X) AppleWebKit/605.1.15 (KHTML, like Gecko) Version/17.2 Mobile/15E148 Safari/604.1"
43.160.214.137 - - [15/Apr/2026:12:27:03 +0000] "GET /wp-content/themes/twentytwentythree/assets/fonts/ibm-plex-mono/ HTTP/1.1" 404 70378 "-" "Mozilla/5.0 (iPhone; CPU iPhone OS 17_2 like Mac OS X) AppleWebKit/605.1.15 (KHTML, like Gecko) Version/17.2 Mobile/15E148 Safari/604.1"
43.160.214.137 - - [15/Apr/2026:12:27:04 +0000] "GET /wp-content/themes/twentytwentyfour/assets/fonts/instrument-sans/ HTTP/1.1" 404 70382 "-" "Mozilla/5.0 (iPhone; CPU iPhone OS 17_2 like Mac OS X) AppleWebKit/605.1.15 (KHTML, like Gecko) Version/17.2 Mobile/15E148 Safari/604.1"
43.160.214.137 - - [15/Apr/2026:12:27:04 +0000] "GET /wp-content/themes/twentytwentythree/assets/fonts/source-serif-pro/ HTTP/1.1" 404 70390 "-" "Mozilla/5.0 (iPhone; CPU iPhone OS 17_2 like Mac OS X) AppleWebKit/605.1.15 (KHTML, like Gecko) Version/17.2 Mobile/15E148 Safari/604.1"
195.250.26.131 - - [15/Apr/2026:12:27:12 +0000] "POST /wp-cron.php?doing_wp_cron=1776256032.3746750354766845703125 HTTP/1.1" 200 0 "-" "WordPress/6.9.4; http://dolfansnyc.com"
74.7.227.164 - - [15/Apr/2026:12:27:12 +0000] "GET /item/dolfans-nyc-black-wool-hat/ HTTP/1.1" 404 70236 "http://www.dolfansnyc.com" "Mozilla/5.0 AppleWebKit/537.36 (KHTML, like Gecko; compatible; GPTBot/1.3; +https://openai.com/gptbot)"
35.245.216.104 - - [15/Apr/2026:12:27:36 +0000] "GET /feed/ HTTP/1.1" 301 41784 "-" "Wget/1.18 (linux-gnu)"
35.245.216.104 - - [15/Apr/2026:12:27:37 +0000] "GET /feed/ HTTP/1.1" 200 84231 "-" "Wget/1.18 (linux-gnu)"
195.250.26.131 - - [15/Apr/2026:12:28:12 +0000] "POST /wp-cron.php?doing_wp_cron=1776256092.5190730094909667968750 HTTP/1.1" 200 0 "-" "WordPress/6.9.4; http://dolfansnyc.com"
95.108.213.229 - - [15/Apr/2026:12:28:12 +0000] "GET /2011/06/28/dolfansnyc-interview-kory-sheets/ HTTP/1.1" 200 81130 "-" "Mozilla/5.0 (compatible; YandexBot/3.0; +http://yandex.com/bots)"
35.245.216.104 - - [15/Apr/2026:12:29:13 +0000] "GET /feed/ HTTP/1.1" 301 41784 "-" "Wget/1.18 (linux-gnu)"
35.245.216.104 - - [15/Apr/2026:12:29:13 +0000] "GET /feed/ HTTP/1.1" 200 84231 "-" "Wget/1.18 (linux-gnu)"
14.191.66.228 - - [15/Apr/2026:12:30:03 +0000] "GET http://dolfansnyc.com/tag/t-pain/tel:2126836444 HTTP/1.1" 404 70217 "-" "Mozilla/5.0 (Windows NT 10.0; ) AppleWebKit/537.36 (KHTML, like Gecko) Chrome/82.0.4085.4 Safari/537.36"
35.245.216.104 - - [15/Apr/2026:12:30:30 +0000] "GET /feed/ HTTP/1.1" 301 41784 "-" "Wget/1.18 (linux-gnu)"
35.245.216.104 - - [15/Apr/2026:12:30:30 +0000] "GET /feed/ HTTP/1.1" 200 84231 "-" "Wget/1.18 (linux-gnu)"
91.92.243.240 - - [15/Apr/2026:12:30:56 +0000] "POST /wp-login.php HTTP/1.1" 403 0 "-" "Mozilla/5.0"
91.92.243.240 - - [15/Apr/2026:12:30:56 +0000] "POST /wp-login.php HTTP/1.1" 403 0 "-" "Mozilla/5.0"
91.92.243.240 - - [15/Apr/2026:12:30:56 +0000] "POST /wp-login.php HTTP/1.1" 403 0 "-" "Mozilla/5.0"
91.92.243.240 - - [15/Apr/2026:12:30:56 +0000] "POST /wp-login.php HTTP/1.1" 403 0 "-" "Mozilla/5.0"
35.245.216.104 - - [15/Apr/2026:12:31:10 +0000] "GET /feed/ HTTP/1.1" 301 41784 "-" "Wget/1.18 (linux-gnu)"
35.245.216.104 - - [15/Apr/2026:12:31:10 +0000] "GET /feed/ HTTP/1.1" 200 84231 "-" "Wget/1.18 (linux-gnu)"
95.108.213.198 - - [15/Apr/2026:12:31:26 +0000] "GET /2011/09/08/announcement-dolfansnyc-giants-jets-tickets/ HTTP/1.1" 200 78445 "-" "Mozilla/5.0 (compatible; YandexBot/3.0; +http://yandex.com/bots)"
141.94.194.132 - - [15/Apr/2026:12:31:39 +0000] "GET /tag/mike-dee/feed/ HTTP/1.1" 301 41784 "-" "Mozilla/5.0 (X11; Linux i686) AppleWebKit/537.36 (KHTML, like Gecko) Chrome/30.0.1599.66 Safari/537.36"
141.94.194.132 - - [15/Apr/2026:12:31:39 +0000] "GET /tag/mike-dee/feed/ HTTP/1.1" 200 71921 "-" "Mozilla/5.0 (X11; Linux i686) AppleWebKit/537.36 (KHTML, like Gecko) Chrome/30.0.1599.66 Safari/537.36"
35.245.216.104 - - [15/Apr/2026:12:32:35 +0000] "GET /feed/ HTTP/1.1" 301 41784 "-" "Wget/1.18 (linux-gnu)"
35.245.216.104 - - [15/Apr/2026:12:32:35 +0000] "GET /feed/ HTTP/1.1" 200 84231 "-" "Wget/1.18 (linux-gnu)"
82.38.180.23 - - [15/Apr/2026:12:33:40 +0000] "GET /wp-content/uploads/2013/01/tempuspw_6968884-nfl_mezz_1280_1024-300x200.jpeg HTTP/1.1" 200 21084 "-" "Mozilla/5.0 (Linux; Android 13; Pixel 7) AppleWebKit/537.36 (KHTML, like Gecko) Chrome/120.0.0.0 Mobile Safari/537.36"
35.245.216.104 - - [15/Apr/2026:12:34:24 +0000] "GET /feed/ HTTP/1.1" 301 41784 "-" "Wget/1.18 (linux-gnu)"
35.245.216.104 - - [15/Apr/2026:12:34:24 +0000] "GET /feed/ HTTP/1.1" 200 84231 "-" "Wget/1.18 (linux-gnu)"
43.166.246.180 - - [15/Apr/2026:12:34:49 +0000] "GET /page/2/?path=%2F%2Fbackup HTTP/1.1" 200 84601 "-" "Mozilla/5.0 (iPhone; CPU iPhone OS 13_2_3 like Mac OS X) AppleWebKit/605.1.15 (KHTML, like Gecko) Version/13.0.3 Mobile/15E148 Safari/604.1"
35.245.216.104 - - [15/Apr/2026:12:35:29 +0000] "GET /feed/ HTTP/1.1" 301 41784 "-" "Wget/1.18 (linux-gnu)"
35.245.216.104 - - [15/Apr/2026:12:35:29 +0000] "GET /feed/ HTTP/1.1" 200 84231 "-" "Wget/1.18 (linux-gnu)"
91.92.243.240 - - [15/Apr/2026:12:35:42 +0000] "POST /wp-login.php HTTP/1.1" 403 0 "-" "Mozilla/5.0"
91.92.243.240 - - [15/Apr/2026:12:35:42 +0000] "POST /wp-login.php HTTP/1.1" 403 0 "-" "Mozilla/5.0"
91.92.243.240 - - [15/Apr/2026:12:35:42 +0000] "POST /wp-login.php HTTP/1.1" 403 0 "-" "Mozilla/5.0"
91.92.243.240 - - [15/Apr/2026:12:35:42 +0000] "POST /wp-login.php HTTP/1.1" 403 0 "-" "Mozilla/5.0"
35.245.216.104 - - [15/Apr/2026:12:36:02 +0000] "GET /feed/ HTTP/1.1" 301 41784 "-" "Wget/1.18 (linux-gnu)"
35.245.216.104 - - [15/Apr/2026:12:36:02 +0000] "GET /feed/ HTTP/1.1" 200 84231 "-" "Wget/1.18 (linux-gnu)"
15.235.27.117 - - [15/Apr/2026:12:36:09 +0000] "GET /2021/11/24/2021-metlifetakeover/ HTTP/1.1" 200 83321 "-" "Mozilla/5.0 (compatible; AhrefsBot/7.0; +http://ahrefs.com/robot/)"
87.250.224.224 - - [15/Apr/2026:12:36:13 +0000] "GET /tag/teach-me-how-to-dougie/ HTTP/1.1" 200 86532 "-" "Mozilla/5.0 (compatible; YandexBot/3.0; +http://yandex.com/bots)"
35.245.216.104 - - [15/Apr/2026:12:37:37 +0000] "GET /feed/ HTTP/1.1" 301 41784 "-" "Wget/1.18 (linux-gnu)"
35.245.216.104 - - [15/Apr/2026:12:37:37 +0000] "GET /feed/ HTTP/1.1" 200 84231 "-" "Wget/1.18 (linux-gnu)"
35.245.216.104 - - [15/Apr/2026:12:38:09 +0000] "GET /feed/ HTTP/1.1" 301 41784 "-" "Wget/1.18 (linux-gnu)"
35.245.216.104 - - [15/Apr/2026:12:38:09 +0000] "GET /feed/ HTTP/1.1" 200 84231 "-" "Wget/1.18 (linux-gnu)"
35.245.216.104 - - [15/Apr/2026:12:38:22 +0000] "GET /feed/ HTTP/1.1" 301 41784 "-" "Wget/1.18 (linux-gnu)"
35.245.216.104 - - [15/Apr/2026:12:38:22 +0000] "GET /feed/ HTTP/1.1" 200 84231 "-" "Wget/1.18 (linux-gnu)"
141.94.194.132 - - [15/Apr/2026:12:38:28 +0000] "GET /2011/09/15/dolfansnyc-podcast-episode-3-whats-your-fantasy-week-2-2011/feed/ HTTP/1.1" 301 41784 "-" "Mozilla/5.0 (X11; Linux i686) AppleWebKit/537.36 (KHTML, like Gecko) Chrome/30.0.1599.66 Safari/537.36"
141.94.194.132 - - [15/Apr/2026:12:38:28 +0000] "GET /2011/09/15/dolfansnyc-podcast-episode-3-whats-your-fantasy-week-2-2011/feed/ HTTP/1.1" 200 44799 "-" "Mozilla/5.0 (X11; Linux i686) AppleWebKit/537.36 (KHTML, like Gecko) Chrome/30.0.1599.66 Safari/537.36"
35.245.216.104 - - [15/Apr/2026:12:38:47 +0000] "GET /feed/ HTTP/1.1" 301 41784 "-" "Wget/1.18 (linux-gnu)"
35.245.216.104 - - [15/Apr/2026:12:38:47 +0000] "GET /feed/ HTTP/1.1" 200 84231 "-" "Wget/1.18 (linux-gnu)"
87.250.224.214 - - [15/Apr/2026:12:38:48 +0000] "GET /2025/07/24/welcome-to-the-new-dolfansnyc-com/ HTTP/1.1" 200 77516 "-" "Mozilla/5.0 (compatible; YandexBot/3.0; +http://yandex.com/bots)"
87.250.224.17 - - [15/Apr/2026:12:39:02 +0000] "GET /2011/09/22/dolfansnyc-third-long-on-showtimes-inside-the-nfl/ HTTP/1.1" 200 76717 "-" "Mozilla/5.0 (compatible; YandexBot/3.0; +http://yandex.com/bots)"
35.245.216.104 - - [15/Apr/2026:12:39:03 +0000] "GET /feed/ HTTP/1.1" 301 41784 "-" "Wget/1.18 (linux-gnu)"
35.245.216.104 - - [15/Apr/2026:12:39:03 +0000] "GET /feed/ HTTP/1.1" 200 84231 "-" "Wget/1.18 (linux-gnu)"
35.245.216.104 - - [15/Apr/2026:12:39:44 +0000] "GET /feed/ HTTP/1.1" 301 41784 "-" "Wget/1.18 (linux-gnu)"
35.245.216.104 - - [15/Apr/2026:12:39:44 +0000] "GET /feed/ HTTP/1.1" 200 84231 "-" "Wget/1.18 (linux-gnu)"
179.96.172.31 - - [15/Apr/2026:12:39:47 +0000] "GET http://dolfansnyc.com/tag/extreme-audio/tel:2126836444 HTTP/1.1" 404 70245 "-" "Mozilla/5.0 (Macintosh; Intel Mac OS X 10_13_6) AppleWebKit/537.36 (KHTML, like Gecko) Chrome/67.0.3396.99 Safari/537.36"
91.92.243.240 - - [15/Apr/2026:12:39:51 +0000] "POST /wp-login.php HTTP/1.1" 403 0 "-" "Mozilla/5.0"
91.92.243.240 - - [15/Apr/2026:12:39:52 +0000] "POST /wp-login.php HTTP/1.1" 403 0 "-" "Mozilla/5.0"
91.92.243.240 - - [15/Apr/2026:12:39:52 +0000] "POST /wp-login.php HTTP/1.1" 403 0 "-" "Mozilla/5.0"
91.92.243.240 - - [15/Apr/2026:12:39:52 +0000] "POST /wp-login.php HTTP/1.1" 403 0 "-" "Mozilla/5.0"
186.158.200.222 - - [15/Apr/2026:12:39:57 +0000] "GET http://www.dolfansnyc.com/wp-content/uploads/2012/09/Reggie-Bush.jpeg HTTP/1.1" 200 71704 "-" "Mozilla/5.0 (Macintosh; Intel Mac OS X 10_15_7) AppleWebKit/537.36 (KHTML, like Gecko) Chrome/104.0.5112.102 Safari/537.36"
5.255.231.129 - - [15/Apr/2026:12:40:00 +0000] "GET /wp-content/uploads/2025/07/40820028-2048x1358.jpg HTTP/1.1" 200 495668 "-" "Mozilla/5.0 (compatible; YandexImages/3.0; +http://yandex.com/bots)"
213.180.203.245 - - [15/Apr/2026:12:40:00 +0000] "GET /wp-content/uploads/2025/07/40820028-300x199.jpg HTTP/1.1" 200 20302 "-" "Mozilla/5.0 (compatible; YandexImages/3.0; +http://yandex.com/bots)"
95.108.213.138 - - [15/Apr/2026:12:40:01 +0000] "GET /wp-content/uploads/2025/07/40820028-768x509.jpg HTTP/1.1" 200 88422 "-" "Mozilla/5.0 (compatible; YandexImages/3.0; +http://yandex.com/bots)"
87.250.224.207 - - [15/Apr/2026:12:40:02 +0000] "GET /wp-content/uploads/2025/07/40820028-1536x1019.jpg HTTP/1.1" 200 283894 "-" "Mozilla/5.0 (compatible; YandexImages/3.0; +http://yandex.com/bots)"
87.250.224.235 - - [15/Apr/2026:12:40:03 +0000] "GET /wp-content/uploads/2025/07/cropped-dolfansnyc-banner.jpg HTTP/1.1" 404 70350 "-" "Mozilla/5.0 (compatible; YandexImages/3.0; +http://yandex.com/bots)"
5.255.231.121 - - [15/Apr/2026:12:40:41 +0000] "GET /tag/2021-nfl-draft/ HTTP/1.1" 200 78502 "-" "Mozilla/5.0 (compatible; YandexBot/3.0; +http://yandex.com/bots)"
209.182.219.153 - - [15/Apr/2026:12:41:06 +0000] "GET /wp-content/uploads/2010/10/1.jpg HTTP/1.1" 200 0 "-" "Java/11.0.15"
199.244.48.50 - - [15/Apr/2026:12:41:07 +0000] "GET /wp-content/uploads/2010/10/1.jpg HTTP/1.1" 200 39861 "-" "Mozilla/5.0 (Macintosh; Intel Mac OS X 10_8_0) AppleWebKit/537.36 (KHTML, like Gecko) Chrome/32.0.1664.3 Safari/537.36"
18.233.24.238 - - [15/Apr/2026:12:41:50 +0000] "GET /2011/12/08/dolfans-nyc-shout-out-from-keith-simms/comment-page-1/ HTTP/1.1" 200 75809 "-" "Mozilla/5.0 AppleWebKit/537.36 (KHTML, like Gecko; compatible; Amazonbot/0.1; +https://developer.amazon.com/support/amazonbot) Chrome/119.0.6045.214 Safari/537.36"
35.245.216.104 - - [15/Apr/2026:12:41:50 +0000] "GET /feed/ HTTP/1.1" 301 41784 "-" "Wget/1.18 (linux-gnu)"
35.245.216.104 - - [15/Apr/2026:12:41:50 +0000] "GET /feed/ HTTP/1.1" 200 84231 "-" "Wget/1.18 (linux-gnu)"
35.245.216.104 - - [15/Apr/2026:12:42:09 +0000] "GET /feed/ HTTP/1.1" 301 41784 "-" "Wget/1.18 (linux-gnu)"
35.245.216.104 - - [15/Apr/2026:12:42:09 +0000] "GET /feed/ HTTP/1.1" 200 84231 "-" "Wget/1.18 (linux-gnu)"
195.250.26.131 - - [15/Apr/2026:12:42:14 +0000] "POST /wp-cron.php?doing_wp_cron=1776256933.9080979824066162109375 HTTP/1.1" 200 0 "-" "WordPress/6.9.4; http://dolfansnyc.com"
89.19.42.160 - - [15/Apr/2026:12:42:14 +0000] "GET /tag/dion-jordan/ HTTP/1.1" 301 41782 "-" "Mozilla/5.0 (Macintosh; Intel Mac OS X 13_5) AppleWebKit/605.1.15 (KHTML, like Gecko) Version/17.0 Safari/180.1"
173.254.241.143 - - [15/Apr/2026:12:42:16 +0000] "GET /tag/dion-jordan/ HTTP/1.1" 200 73031 "-" "Mozilla/5.0 (Macintosh; Intel Mac OS X 13_5) AppleWebKit/605.1.15 (KHTML, like Gecko) Version/17.0 Safari/180.1"
95.108.213.165 - - [15/Apr/2026:12:42:34 +0000] "GET /2020/01/07/finatics-on-the-road-in-nyc/ HTTP/1.1" 200 77805 "-" "Mozilla/5.0 (compatible; YandexBot/3.0; +http://yandex.com/bots)"
35.245.216.104 - - [15/Apr/2026:12:42:42 +0000] "GET /feed/ HTTP/1.1" 301 41784 "-" "Wget/1.18 (linux-gnu)"
35.245.216.104 - - [15/Apr/2026:12:42:42 +0000] "GET /feed/ HTTP/1.1" 200 84231 "-" "Wget/1.18 (linux-gnu)"
144.76.32.190 - - [15/Apr/2026:12:42:45 +0000] "GET /robots.txt HTTP/1.1" 200 271 "-" "Mozilla/5.0 (compatible; SERankingBacklinksBot/1.0; +https://seranking.com/backlinks-crawler)"
144.76.32.190 - - [15/Apr/2026:12:42:45 +0000] "GET /2009/09/24/week-2-photos/ HTTP/1.1" 200 75361 "-" "Mozilla/5.0 (compatible; SERankingBacklinksBot/1.0; +https://seranking.com/backlinks-crawler)"
144.76.32.190 - - [15/Apr/2026:12:42:50 +0000] "GET /robots.txt HTTP/1.1" 200 271 "-" "Mozilla/5.0 (compatible; SERankingBacklinksBot/1.0; +https://seranking.com/backlinks-crawler)"
144.76.32.190 - - [15/Apr/2026:12:42:51 +0000] "GET /2009/10/04/kill-the-bills/ HTTP/1.1" 200 76308 "-" "Mozilla/5.0 (compatible; SERankingBacklinksBot/1.0; +https://seranking.com/backlinks-crawler)"
216.244.66.242 - - [15/Apr/2026:12:43:04 +0000] "GET /robots.txt HTTP/1.1" 200 271 "-" "Mozilla/5.0 (compatible; DotBot/1.2; +https://opensiteexplorer.org/dotbot; help@moz.com)"
216.244.66.242 - - [15/Apr/2026:12:43:05 +0000] "GET /robots.txt HTTP/1.1" 200 271 "-" "Mozilla/5.0 (compatible; DotBot/1.2; +https://opensiteexplorer.org/dotbot; help@moz.com)"
144.76.32.190 - - [15/Apr/2026:12:43:43 +0000] "GET /robots.txt HTTP/1.1" 200 271 "-" "Mozilla/5.0 (compatible; SERankingBacklinksBot/1.0; +https://seranking.com/backlinks-crawler)"
144.76.32.190 - - [15/Apr/2026:12:43:43 +0000] "GET /robots.txt HTTP/1.1" 200 271 "-" "Mozilla/5.0 (compatible; SERankingBacklinksBot/1.0; +https://seranking.com/backlinks-crawler)"
144.76.32.190 - - [15/Apr/2026:12:43:43 +0000] "GET /robots.txt HTTP/1.1" 200 271 "-" "Mozilla/5.0 (compatible; SERankingBacklinksBot/1.0; +https://seranking.com/backlinks-crawler)"
144.76.32.190 - - [15/Apr/2026:12:43:43 +0000] "GET /robots.txt HTTP/1.1" 200 271 "-" "Mozilla/5.0 (compatible; SERankingBacklinksBot/1.0; +https://seranking.com/backlinks-crawler)"
144.76.32.190 - - [15/Apr/2026:12:43:43 +0000] "GET /robots.txt HTTP/1.1" 200 271 "-" "Mozilla/5.0 (compatible; SERankingBacklinksBot/1.0; +https://seranking.com/backlinks-crawler)"
144.76.32.190 - - [15/Apr/2026:12:43:44 +0000] "GET /2010/09/22/what%E2%80%99s-your-fantasy-week-3-2010/ HTTP/1.1" 200 80261 "-" "Mozilla/5.0 (compatible; SERankingBacklinksBot/1.0; +https://seranking.com/backlinks-crawler)"
144.76.32.190 - - [15/Apr/2026:12:43:55 +0000] "GET /2010/09/14/free-photo-from-new-miami-dolphins-online-store/ HTTP/1.1" 200 78429 "-" "Mozilla/5.0 (compatible; SERankingBacklinksBot/1.0; +https://seranking.com/backlinks-crawler)"
91.92.243.240 - - [15/Apr/2026:12:44:23 +0000] "POST /wp-login.php HTTP/1.1" 403 0 "-" "Mozilla/5.0"
91.92.243.240 - - [15/Apr/2026:12:44:23 +0000] "POST /wp-login.php HTTP/1.1" 403 0 "-" "Mozilla/5.0"
91.92.243.240 - - [15/Apr/2026:12:44:23 +0000] "POST /wp-login.php HTTP/1.1" 403 0 "-" "Mozilla/5.0"
91.92.243.240 - - [15/Apr/2026:12:44:23 +0000] "POST /wp-login.php HTTP/1.1" 403 0 "-" "Mozilla/5.0"
35.245.216.104 - - [15/Apr/2026:12:44:29 +0000] "GET /feed/ HTTP/1.1" 301 41784 "-" "Wget/1.18 (linux-gnu)"
35.245.216.104 - - [15/Apr/2026:12:44:30 +0000] "GET /feed/ HTTP/1.1" 200 84231 "-" "Wget/1.18 (linux-gnu)"
35.245.216.104 - - [15/Apr/2026:12:45:39 +0000] "GET /feed/ HTTP/1.1" 301 41784 "-" "Wget/1.18 (linux-gnu)"
35.245.216.104 - - [15/Apr/2026:12:45:39 +0000] "GET /feed/ HTTP/1.1" 200 84231 "-" "Wget/1.18 (linux-gnu)"
47.79.251.178 - - [15/Apr/2026:12:45:52 +0000] "HEAD /2011/10/25/jets-week-photos/ HTTP/1.1" 200 0 "-" "Mozilla/5.0 (compatible; research-crawler/1.0)"
35.245.216.104 - - [15/Apr/2026:12:45:53 +0000] "GET /feed/ HTTP/1.1" 301 41784 "-" "Wget/1.18 (linux-gnu)"
35.245.216.104 - - [15/Apr/2026:12:45:53 +0000] "GET /feed/ HTTP/1.1" 200 84231 "-" "Wget/1.18 (linux-gnu)"
43.157.95.239 - - [15/Apr/2026:12:46:18 +0000] "GET / HTTP/1.1" 301 41783 "http://www.dolfans.nyc" "Mozilla/5.0 (iPhone; CPU iPhone OS 13_2_3 like Mac OS X) AppleWebKit/605.1.15 (KHTML, like Gecko) Version/13.0.3 Mobile/15E148 Safari/604.1"
43.157.95.239 - - [15/Apr/2026:12:46:20 +0000] "GET / HTTP/1.1" 200 124365 "http://www.dolfansnyc.com" "Mozilla/5.0 (iPhone; CPU iPhone OS 13_2_3 like Mac OS X) AppleWebKit/605.1.15 (KHTML, like Gecko) Version/13.0.3 Mobile/15E148 Safari/604.1"
35.245.216.104 - - [15/Apr/2026:12:46:24 +0000] "GET /feed/ HTTP/1.1" 301 41784 "-" "Wget/1.18 (linux-gnu)"
35.245.216.104 - - [15/Apr/2026:12:46:24 +0000] "GET /feed/ HTTP/1.1" 200 84231 "-" "Wget/1.18 (linux-gnu)"
35.245.216.104 - - [15/Apr/2026:12:48:38 +0000] "GET /feed/ HTTP/1.1" 301 41784 "-" "Wget/1.18 (linux-gnu)"
35.245.216.104 - - [15/Apr/2026:12:48:38 +0000] "GET /feed/ HTTP/1.1" 200 84231 "-" "Wget/1.18 (linux-gnu)"
35.245.216.104 - - [15/Apr/2026:12:48:43 +0000] "GET /feed/ HTTP/1.1" 301 41784 "-" "Wget/1.18 (linux-gnu)"
35.245.216.104 - - [15/Apr/2026:12:48:44 +0000] "GET /feed/ HTTP/1.1" 200 84231 "-" "Wget/1.18 (linux-gnu)"
91.92.243.240 - - [15/Apr/2026:12:48:45 +0000] "POST /wp-login.php HTTP/1.1" 403 0 "-" "Mozilla/5.0"
91.92.243.240 - - [15/Apr/2026:12:48:45 +0000] "POST /wp-login.php HTTP/1.1" 403 0 "-" "Mozilla/5.0"
91.92.243.240 - - [15/Apr/2026:12:48:45 +0000] "POST /wp-login.php HTTP/1.1" 403 0 "-" "Mozilla/5.0"
91.92.243.240 - - [15/Apr/2026:12:48:45 +0000] "POST /wp-login.php HTTP/1.1" 403 0 "-" "Mozilla/5.0"
141.94.194.132 - - [15/Apr/2026:12:49:08 +0000] "GET /category/getting-to-know-us/feed/ HTTP/1.1" 301 41784 "-" "Mozilla/5.0 (X11; Linux i686) AppleWebKit/537.36 (KHTML, like Gecko) Chrome/30.0.1599.66 Safari/537.36"
141.94.194.132 - - [15/Apr/2026:12:49:08 +0000] "GET /category/getting-to-know-us/feed/ HTTP/1.1" 200 78784 "-" "Mozilla/5.0 (X11; Linux i686) AppleWebKit/537.36 (KHTML, like Gecko) Chrome/30.0.1599.66 Safari/537.36"
5.255.231.179 - - [15/Apr/2026:12:49:31 +0000] "GET /robots.txt HTTP/1.1" 200 271 "-" "Mozilla/5.0 (compatible; YandexBot/3.0; +http://yandex.com/bots)"
95.108.213.93 - - [15/Apr/2026:12:49:32 +0000] "GET /tag/autographs/ HTTP/1.1" 200 80352 "-" "Mozilla/5.0 (compatible; YandexBot/3.0; +http://yandex.com/bots)"
216.244.66.242 - - [15/Apr/2026:12:50:49 +0000] "GET /2014/05/ HTTP/1.1" 301 41784 "-" "Mozilla/5.0 (compatible; DotBot/1.2; +https://opensiteexplorer.org/dotbot; help@moz.com)"
35.245.216.104 - - [15/Apr/2026:12:51:16 +0000] "GET /feed/ HTTP/1.1" 301 41784 "-" "Wget/1.18 (linux-gnu)"
35.245.216.104 - - [15/Apr/2026:12:51:16 +0000] "GET /feed/ HTTP/1.1" 200 84231 "-" "Wget/1.18 (linux-gnu)"
35.245.216.104 - - [15/Apr/2026:12:51:43 +0000] "GET /feed/ HTTP/1.1" 301 41784 "-" "Wget/1.18 (linux-gnu)"
35.245.216.104 - - [15/Apr/2026:12:51:43 +0000] "GET /feed/ HTTP/1.1" 200 84231 "-" "Wget/1.18 (linux-gnu)"
70.39.246.37 - - [15/Apr/2026:12:52:23 +0000] "GET /comments/feed/ HTTP/1.1" 301 41782 "-" "Mozilla/5.0 Moreover/5.1 (+http://www.moreover.com)"
70.39.246.37 - - [15/Apr/2026:12:52:23 +0000] "GET /comments/feed/ HTTP/1.1" 200 50324 "-" "Mozilla/5.0 Moreover/5.1 (+http://www.moreover.com)"
91.92.243.240 - - [15/Apr/2026:12:53:12 +0000] "POST /wp-login.php HTTP/1.1" 403 0 "-" "Mozilla/5.0"
91.92.243.240 - - [15/Apr/2026:12:53:12 +0000] "POST /wp-login.php HTTP/1.1" 403 0 "-" "Mozilla/5.0"
91.92.243.240 - - [15/Apr/2026:12:53:12 +0000] "POST /wp-login.php HTTP/1.1" 403 0 "-" "Mozilla/5.0"
91.92.243.240 - - [15/Apr/2026:12:53:12 +0000] "POST /wp-login.php HTTP/1.1" 403 0 "-" "Mozilla/5.0"
35.245.216.104 - - [15/Apr/2026:12:53:35 +0000] "GET /feed/ HTTP/1.1" 301 41784 "-" "Wget/1.18 (linux-gnu)"
35.245.216.104 - - [15/Apr/2026:12:53:35 +0000] "GET /feed/ HTTP/1.1" 200 84231 "-" "Wget/1.18 (linux-gnu)"
213.180.203.167 - - [15/Apr/2026:12:53:55 +0000] "GET /tag/10th-anniversary/ HTTP/1.1" 200 74912 "-" "Mozilla/5.0 (compatible; YandexBot/3.0; +http://yandex.com/bots)"
5.255.231.5 - - [15/Apr/2026:12:53:56 +0000] "GET /tag/club-news/ HTTP/1.1" 200 104174 "-" "Mozilla/5.0 (compatible; YandexBot/3.0; +http://yandex.com/bots)"
35.245.216.104 - - [15/Apr/2026:12:54:30 +0000] "GET /feed/ HTTP/1.1" 301 41784 "-" "Wget/1.18 (linux-gnu)"
35.245.216.104 - - [15/Apr/2026:12:54:30 +0000] "GET /feed/ HTTP/1.1" 200 84231 "-" "Wget/1.18 (linux-gnu)"
216.244.66.242 - - [15/Apr/2026:12:54:35 +0000] "GET /tag/sun-life-stadium/ HTTP/1.1" 200 71802 "-" "Mozilla/5.0 (compatible; DotBot/1.2; +https://opensiteexplorer.org/dotbot; help@moz.com)"
35.245.216.104 - - [15/Apr/2026:12:55:21 +0000] "GET /feed/ HTTP/1.1" 301 41784 "-" "Wget/1.18 (linux-gnu)"
35.245.216.104 - - [15/Apr/2026:12:55:21 +0000] "GET /feed/ HTTP/1.1" 200 84231 "-" "Wget/1.18 (linux-gnu)"
141.94.194.132 - - [15/Apr/2026:12:55:23 +0000] "GET /2013/12/02/metlifetakeover-wrap-up-pictures/feed/ HTTP/1.1" 301 41784 "-" "Mozilla/5.0 (X11; Linux i686) AppleWebKit/537.36 (KHTML, like Gecko) Chrome/30.0.1599.66 Safari/537.36"
141.94.194.132 - - [15/Apr/2026:12:55:23 +0000] "GET /2013/12/02/metlifetakeover-wrap-up-pictures/feed/ HTTP/1.1" 200 44467 "-" "Mozilla/5.0 (X11; Linux i686) AppleWebKit/537.36 (KHTML, like Gecko) Chrome/30.0.1599.66 Safari/537.36"
35.245.216.104 - - [15/Apr/2026:12:55:41 +0000] "GET /feed/ HTTP/1.1" 301 41784 "-" "Wget/1.18 (linux-gnu)"
35.245.216.104 - - [15/Apr/2026:12:55:41 +0000] "GET /feed/ HTTP/1.1" 200 84231 "-" "Wget/1.18 (linux-gnu)"
141.94.194.132 - - [15/Apr/2026:12:55:58 +0000] "GET /2013/01/26/pro-bowl-preview/feed/ HTTP/1.1" 301 41784 "-" "Mozilla/5.0 (X11; Linux i686) AppleWebKit/537.36 (KHTML, like Gecko) Chrome/30.0.1599.66 Safari/537.36"
141.94.194.132 - - [15/Apr/2026:12:55:58 +0000] "GET /2013/01/26/pro-bowl-preview/feed/ HTTP/1.1" 200 43741 "-" "Mozilla/5.0 (X11; Linux i686) AppleWebKit/537.36 (KHTML, like Gecko) Chrome/30.0.1599.66 Safari/537.36"
87.250.224.112 - - [15/Apr/2026:12:56:18 +0000] "GET /robots.txt HTTP/1.1" 200 271 "-" "Mozilla/5.0 (compatible; YandexBot/3.0; +http://yandex.com/bots)"
95.108.213.237 - - [15/Apr/2026:12:56:19 +0000] "GET /tag/jets/ HTTP/1.1" 200 103944 "-" "Mozilla/5.0 (compatible; YandexBot/3.0; +http://yandex.com/bots)"
35.245.216.104 - - [15/Apr/2026:12:57:13 +0000] "GET /feed/ HTTP/1.1" 301 41784 "-" "Wget/1.18 (linux-gnu)"
35.245.216.104 - - [15/Apr/2026:12:57:13 +0000] "GET /feed/ HTTP/1.1" 200 84231 "-" "Wget/1.18 (linux-gnu)"
91.92.243.240 - - [15/Apr/2026:12:57:41 +0000] "POST /wp-login.php HTTP/1.1" 403 0 "-" "Mozilla/5.0"
91.92.243.240 - - [15/Apr/2026:12:57:41 +0000] "POST /wp-login.php HTTP/1.1" 403 0 "-" "Mozilla/5.0"
91.92.243.240 - - [15/Apr/2026:12:57:41 +0000] "POST /wp-login.php HTTP/1.1" 403 0 "-" "Mozilla/5.0"
91.92.243.240 - - [15/Apr/2026:12:57:41 +0000] "POST /wp-login.php HTTP/1.1" 403 0 "-" "Mozilla/5.0"
35.245.216.104 - - [15/Apr/2026:12:57:46 +0000] "GET /feed/ HTTP/1.1" 301 41784 "-" "Wget/1.18 (linux-gnu)"
35.245.216.104 - - [15/Apr/2026:12:57:46 +0000] "GET /feed/ HTTP/1.1" 200 84231 "-" "Wget/1.18 (linux-gnu)"
195.250.26.131 - - [15/Apr/2026:12:58:12 +0000] "POST /wp-cron.php?doing_wp_cron=1776257892.3782439231872558593750 HTTP/1.1" 200 0 "-" "WordPress/6.9.4; http://dolfansnyc.com"
54.39.203.25 - - [15/Apr/2026:12:58:12 +0000] "GET /2021/06/28/2021-metlifetakeover-tickets-on-sale-now/ HTTP/1.1" 200 81046 "-" "Mozilla/5.0 (compatible; AhrefsBot/7.0; +http://ahrefs.com/robot/)"
35.245.216.104 - - [15/Apr/2026:12:59:30 +0000] "GET /feed/ HTTP/1.1" 301 41784 "-" "Wget/1.18 (linux-gnu)"
35.245.216.104 - - [15/Apr/2026:12:59:30 +0000] "GET /feed/ HTTP/1.1" 200 84231 "-" "Wget/1.18 (linux-gnu)"
35.245.216.104 - - [15/Apr/2026:12:59:46 +0000] "GET /feed/ HTTP/1.1" 301 41784 "-" "Wget/1.18 (linux-gnu)"
35.245.216.104 - - [15/Apr/2026:12:59:46 +0000] "GET /feed/ HTTP/1.1" 200 84231 "-" "Wget/1.18 (linux-gnu)"
213.180.203.242 - - [15/Apr/2026:12:59:52 +0000] "GET /2015/11/22/metlifetakeover-pre-party-announced/ HTTP/1.1" 200 78354 "-" "Mozilla/5.0 (compatible; YandexBot/3.0; +http://yandex.com/bots)"
35.245.216.104 - - [15/Apr/2026:13:00:31 +0000] "GET /feed/ HTTP/1.1" 301 41784 "-" "Wget/1.18 (linux-gnu)"
35.245.216.104 - - [15/Apr/2026:13:00:32 +0000] "GET /feed/ HTTP/1.1" 200 84231 "-" "Wget/1.18 (linux-gnu)"
43.135.36.201 - - [15/Apr/2026:13:00:41 +0000] "GET /?filesrc=/home/drivenby/dolfansnyc.com/dolfansnyc.jpg&path=/home/drivenby/dolfansnyc.com HTTP/1.1" 200 304620 "-" "Mozilla/5.0 (iPhone; CPU iPhone OS 13_2_3 like Mac OS X) AppleWebKit/605.1.15 (KHTML, like Gecko) Version/13.0.3 Mobile/15E148 Safari/604.1"
52.44.174.136 - - [15/Apr/2026:13:00:46 +0000] "GET /wp-json/oembed/1.0/embed?format=xml&url=http://dolfansnyc.com/2009/10/28/the-faces-of-dolfansnyc/ HTTP/1.1" 200 44252 "-" "Mozilla/5.0 AppleWebKit/537.36 (KHTML, like Gecko; compatible; Amazonbot/0.1; +https://developer.amazon.com/support/amazonbot) Chrome/119.0.6045.214 Safari/537.36"
5.255.231.104 - - [15/Apr/2026:13:01:06 +0000] "GET /robots.txt HTTP/1.1" 200 271 "-" "Mozilla/5.0 (compatible; YandexBot/3.0; +http://yandex.com/bots)"
87.250.224.108 - - [15/Apr/2026:13:01:08 +0000] "GET /2021/06/28/2021-metlifetakeover-tickets-on-sale-now/ HTTP/1.1" 200 81048 "-" "Mozilla/5.0 (compatible; YandexBot/3.0; +http://yandex.com/bots)"
213.180.203.161 - - [15/Apr/2026:13:01:11 +0000] "GET /tag/signed/ HTTP/1.1" 200 72703 "-" "Mozilla/5.0 (compatible; YandexBot/3.0; +http://yandex.com/bots)"
91.92.243.240 - - [15/Apr/2026:13:01:59 +0000] "POST /wp-login.php HTTP/1.1" 403 0 "-" "Mozilla/5.0"
91.92.243.240 - - [15/Apr/2026:13:01:59 +0000] "POST /wp-login.php HTTP/1.1" 403 0 "-" "Mozilla/5.0"
91.92.243.240 - - [15/Apr/2026:13:01:59 +0000] "POST /wp-login.php HTTP/1.1" 403 0 "-" "Mozilla/5.0"
91.92.243.240 - - [15/Apr/2026:13:01:59 +0000] "POST /wp-login.php HTTP/1.1" 403 0 "-" "Mozilla/5.0"
35.245.216.104 - - [15/Apr/2026:13:02:36 +0000] "GET /feed/ HTTP/1.1" 301 41784 "-" "Wget/1.18 (linux-gnu)"
35.245.216.104 - - [15/Apr/2026:13:02:36 +0000] "GET /feed/ HTTP/1.1" 200 84231 "-" "Wget/1.18 (linux-gnu)"
35.245.216.104 - - [15/Apr/2026:13:03:50 +0000] "GET /feed/ HTTP/1.1" 301 41784 "-" "Wget/1.18 (linux-gnu)"
35.245.216.104 - - [15/Apr/2026:13:03:50 +0000] "GET /feed/ HTTP/1.1" 200 84231 "-" "Wget/1.18 (linux-gnu)"
35.245.216.104 - - [15/Apr/2026:13:04:07 +0000] "GET /feed/ HTTP/1.1" 301 41784 "-" "Wget/1.18 (linux-gnu)"
35.245.216.104 - - [15/Apr/2026:13:04:07 +0000] "GET /feed/ HTTP/1.1" 200 84231 "-" "Wget/1.18 (linux-gnu)"
141.94.194.132 - - [15/Apr/2026:13:04:28 +0000] "GET /tag/chad-henne/feed/ HTTP/1.1" 301 41784 "-" "Mozilla/5.0 (X11; Linux i686) AppleWebKit/537.36 (KHTML, like Gecko) Chrome/30.0.1599.66 Safari/537.36"
141.94.194.132 - - [15/Apr/2026:13:04:29 +0000] "GET /tag/chad-henne/feed/ HTTP/1.1" 200 154638 "-" "Mozilla/5.0 (X11; Linux i686) AppleWebKit/537.36 (KHTML, like Gecko) Chrome/30.0.1599.66 Safari/537.36"
141.94.194.132 - - [15/Apr/2026:13:05:10 +0000] "GET /2011/11/02/dolfansnyc-on-inside-the-fins/feed/ HTTP/1.1" 301 41784 "-" "Mozilla/5.0 (X11; Linux i686) AppleWebKit/537.36 (KHTML, like Gecko) Chrome/30.0.1599.66 Safari/537.36"
141.94.194.132 - - [15/Apr/2026:13:05:10 +0000] "GET /2011/11/02/dolfansnyc-on-inside-the-fins/feed/ HTTP/1.1" 200 43517 "-" "Mozilla/5.0 (X11; Linux i686) AppleWebKit/537.36 (KHTML, like Gecko) Chrome/30.0.1599.66 Safari/537.36"
34.234.200.207 - - [15/Apr/2026:13:05:51 +0000] "GET /wp-json/oembed/1.0/embed?format=xml&url=http://dolfansnyc.com/2010/12/03/pictures-from-the-raiders-party/ HTTP/1.1" 200 44279 "-" "Mozilla/5.0 AppleWebKit/537.36 (KHTML, like Gecko; compatible; Amazonbot/0.1; +https://developer.amazon.com/support/amazonbot) Chrome/119.0.6045.214 Safari/537.36"
35.245.216.104 - - [15/Apr/2026:13:05:56 +0000] "GET /feed/ HTTP/1.1" 301 41784 "-" "Wget/1.18 (linux-gnu)"
35.245.216.104 - - [15/Apr/2026:13:05:56 +0000] "GET /feed/ HTTP/1.1" 200 84231 "-" "Wget/1.18 (linux-gnu)"
35.245.216.104 - - [15/Apr/2026:13:05:57 +0000] "GET /feed/ HTTP/1.1" 301 41784 "-" "Wget/1.18 (linux-gnu)"
35.245.216.104 - - [15/Apr/2026:13:05:58 +0000] "GET /feed/ HTTP/1.1" 200 84231 "-" "Wget/1.18 (linux-gnu)"
87.250.224.20 - - [15/Apr/2026:13:06:27 +0000] "GET /tag/julius-pruitt/ HTTP/1.1" 200 88895 "-" "Mozilla/5.0 (compatible; YandexBot/3.0; +http://yandex.com/bots)"
91.92.243.240 - - [15/Apr/2026:13:06:37 +0000] "POST /wp-login.php HTTP/1.1" 403 0 "-" "Mozilla/5.0"
91.92.243.240 - - [15/Apr/2026:13:06:37 +0000] "POST /wp-login.php HTTP/1.1" 403 0 "-" "Mozilla/5.0"
91.92.243.240 - - [15/Apr/2026:13:06:37 +0000] "POST /wp-login.php HTTP/1.1" 403 0 "-" "Mozilla/5.0"
91.92.243.240 - - [15/Apr/2026:13:06:37 +0000] "POST /wp-login.php HTTP/1.1" 403 0 "-" "Mozilla/5.0"
141.94.194.132 - - [15/Apr/2026:13:06:47 +0000] "GET /tag/new-york-jets/feed/ HTTP/1.1" 301 41784 "-" "Mozilla/5.0 (X11; Linux i686) AppleWebKit/537.36 (KHTML, like Gecko) Chrome/30.0.1599.66 Safari/537.36"
141.94.194.132 - - [15/Apr/2026:13:06:48 +0000] "GET /tag/new-york-jets/feed/ HTTP/1.1" 200 103016 "-" "Mozilla/5.0 (X11; Linux i686) AppleWebKit/537.36 (KHTML, like Gecko) Chrome/30.0.1599.66 Safari/537.36"
195.250.26.131 - - [15/Apr/2026:13:07:12 +0000] "POST /wp-cron.php?doing_wp_cron=1776258432.1289610862731933593750 HTTP/1.1" 200 0 "-" "WordPress/6.9.4; http://dolfansnyc.com"
35.245.216.104 - - [15/Apr/2026:13:07:12 +0000] "GET /feed/ HTTP/1.1" 301 41784 "-" "Wget/1.18 (linux-gnu)"
35.245.216.104 - - [15/Apr/2026:13:07:12 +0000] "GET /feed/ HTTP/1.1" 200 84231 "-" "Wget/1.18 (linux-gnu)"
145.223.132.191 - - [15/Apr/2026:13:07:24 +0000] "GET /tag/tracy-morgan/ HTTP/1.1" 301 41785 "-" "Mozilla/5.0 (Macintosh; Intel Mac OS X 10_15_7) AppleWebKit/537.36 (KHTML, like Gecko) Chrome/120.0.0.0 Safari/537.36"
145.223.132.191 - - [15/Apr/2026:13:07:26 +0000] "GET /tag/tracy-morgan/ HTTP/1.1" 200 84860 "-" "Mozilla/5.0 (Macintosh; Intel Mac OS X 10_15_7) AppleWebKit/537.36 (KHTML, like Gecko) Chrome/120.0.0.0 Safari/537.36"
66.249.79.170 - - [15/Apr/2026:13:07:38 +0000] "GET /?phpinfo&path=/home/drivenby/dolfansnyc.com HTTP/1.1" 200 100936 "-" "Mozilla/5.0 (Linux; Android 6.0.1; Nexus 5X Build/MMB29P) AppleWebKit/537.36 (KHTML, like Gecko) Chrome/146.0.7680.177 Mobile Safari/537.36 (compatible; GoogleOther)"
35.245.216.104 - - [15/Apr/2026:13:08:09 +0000] "GET /feed/ HTTP/1.1" 301 41784 "-" "Wget/1.18 (linux-gnu)"
35.245.216.104 - - [15/Apr/2026:13:08:09 +0000] "GET /feed/ HTTP/1.1" 200 84231 "-" "Wget/1.18 (linux-gnu)"
195.250.26.131 - - [15/Apr/2026:13:08:12 +0000] "POST /wp-cron.php?doing_wp_cron=1776258492.8665499687194824218750 HTTP/1.1" 200 0 "-" "WordPress/6.9.4; http://dolfansnyc.com"
35.245.216.104 - - [15/Apr/2026:13:08:12 +0000] "GET /feed/ HTTP/1.1" 301 41784 "-" "Wget/1.18 (linux-gnu)"
35.245.216.104 - - [15/Apr/2026:13:08:13 +0000] "GET /feed/ HTTP/1.1" 200 84231 "-" "Wget/1.18 (linux-gnu)"
5.255.231.244 - - [15/Apr/2026:13:08:18 +0000] "GET /2013/04/29/dolfans-nyc-draft-video/ HTTP/1.1" 200 75852 "-" "Mozilla/5.0 (compatible; YandexBot/3.0; +http://yandex.com/bots)"
213.180.203.84 - - [15/Apr/2026:13:08:19 +0000] "GET /2009/11/23/matt-long-on-hbo-tuesday/ HTTP/1.1" 200 76772 "-" "Mozilla/5.0 (compatible; YandexBot/3.0; +http://yandex.com/bots)"
87.250.224.2 - - [15/Apr/2026:13:08:20 +0000] "GET /tag/terry-kirby/ HTTP/1.1" 200 80642 "-" "Mozilla/5.0 (compatible; YandexBot/3.0; +http://yandex.com/bots)"
87.250.224.231 - - [15/Apr/2026:13:08:34 +0000] "GET /2011/02/15/qb-shopping-blame-it-on-the-henne/ HTTP/1.1" 200 92727 "-" "Mozilla/5.0 (compatible; YandexBot/3.0; +http://yandex.com/bots)"
35.245.216.104 - - [15/Apr/2026:13:08:49 +0000] "GET /feed/ HTTP/1.1" 301 41784 "-" "Wget/1.18 (linux-gnu)"
35.245.216.104 - - [15/Apr/2026:13:08:49 +0000] "GET /feed/ HTTP/1.1" 200 84231 "-" "Wget/1.18 (linux-gnu)"
35.245.216.104 - - [15/Apr/2026:13:10:30 +0000] "GET /feed/ HTTP/1.1" 301 41784 "-" "Wget/1.18 (linux-gnu)"
35.245.216.104 - - [15/Apr/2026:13:10:30 +0000] "GET /feed/ HTTP/1.1" 200 84231 "-" "Wget/1.18 (linux-gnu)"
91.92.243.240 - - [15/Apr/2026:13:10:52 +0000] "POST /wp-login.php HTTP/1.1" 403 0 "-" "Mozilla/5.0"
91.92.243.240 - - [15/Apr/2026:13:10:52 +0000] "POST /wp-login.php HTTP/1.1" 403 0 "-" "Mozilla/5.0"
91.92.243.240 - - [15/Apr/2026:13:10:52 +0000] "POST /wp-login.php HTTP/1.1" 403 0 "-" "Mozilla/5.0"
91.92.243.240 - - [15/Apr/2026:13:10:52 +0000] "POST /wp-login.php HTTP/1.1" 403 0 "-" "Mozilla/5.0"
35.245.216.104 - - [15/Apr/2026:13:10:53 +0000] "GET /feed/ HTTP/1.1" 301 41784 "-" "Wget/1.18 (linux-gnu)"
35.245.216.104 - - [15/Apr/2026:13:10:53 +0000] "GET /feed/ HTTP/1.1" 200 84231 "-" "Wget/1.18 (linux-gnu)"
173.252.82.21 - - [15/Apr/2026:13:11:10 +0000] "GET / HTTP/1.1" 200 124365 "-" "facebookexternalhit/1.1 (+http://www.facebook.com/externalhit_uatext.php)"
195.250.26.131 - - [15/Apr/2026:13:11:14 +0000] "POST /wp-cron.php?doing_wp_cron=1776258674.7634570598602294921875 HTTP/1.1" 200 0 "-" "WordPress/6.9.4; http://dolfansnyc.com"
141.94.194.132 - - [15/Apr/2026:13:11:14 +0000] "GET /tag/tyler-thigpen/feed/ HTTP/1.1" 301 41784 "-" "Mozilla/5.0 (X11; Linux i686) AppleWebKit/537.36 (KHTML, like Gecko) Chrome/30.0.1599.66 Safari/537.36"
141.94.194.132 - - [15/Apr/2026:13:11:15 +0000] "GET /tag/tyler-thigpen/feed/ HTTP/1.1" 200 102683 "-" "Mozilla/5.0 (X11; Linux i686) AppleWebKit/537.36 (KHTML, like Gecko) Chrome/30.0.1599.66 Safari/537.36"
35.245.216.104 - - [15/Apr/2026:13:11:23 +0000] "GET /feed/ HTTP/1.1" 301 41784 "-" "Wget/1.18 (linux-gnu)"
35.245.216.104 - - [15/Apr/2026:13:11:23 +0000] "GET /feed/ HTTP/1.1" 200 84231 "-" "Wget/1.18 (linux-gnu)"
43.132.214.228 - - [15/Apr/2026:13:11:29 +0000] "GET /?filesrc=/home/drivenby/dolfansnyc.com/wp-login.php&path=/home/drivenby/dolfansnyc.com HTTP/1.1" 200 150242 "-" "Mozilla/5.0 (iPhone; CPU iPhone OS 13_2_3 like Mac OS X) AppleWebKit/605.1.15 (KHTML, like Gecko) Version/13.0.3 Mobile/15E148 Safari/604.1"
216.73.216.138 - - [15/Apr/2026:13:11:53 +0000] "GET /robots.txt HTTP/1.1" 200 271 "-" "Mozilla/5.0 AppleWebKit/537.36 (KHTML, like Gecko; compatible; ClaudeBot/1.0; +claudebot@anthropic.com)"
216.73.216.138 - - [15/Apr/2026:13:11:53 +0000] "GET /robots.txt HTTP/1.1" 200 271 "-" ""
216.73.216.138 - - [15/Apr/2026:13:12:20 +0000] "GET /tag/nic-grigsby HTTP/1.1" 301 41791 "-" "Mozilla/5.0 AppleWebKit/537.36 (KHTML, like Gecko; compatible; ClaudeBot/1.0; +claudebot@anthropic.com)"
216.73.216.138 - - [15/Apr/2026:13:12:23 +0000] "GET /tag/nic-grigsby/ HTTP/1.1" 200 81276 "http://dolfansnyc.com/tag/nic-grigsby" "Mozilla/5.0 AppleWebKit/537.36 (KHTML, like Gecko; compatible; ClaudeBot/1.0; +claudebot@anthropic.com)"
35.245.216.104 - - [15/Apr/2026:13:12:59 +0000] "GET /feed/ HTTP/1.1" 301 41784 "-" "Wget/1.18 (linux-gnu)"
35.245.216.104 - - [15/Apr/2026:13:12:59 +0000] "GET /feed/ HTTP/1.1" 200 84231 "-" "Wget/1.18 (linux-gnu)"
141.94.194.132 - - [15/Apr/2026:13:13:10 +0000] "GET /tag/indianapolis-colts/feed/ HTTP/1.1" 301 41784 "-" "Mozilla/5.0 (X11; Linux i686) AppleWebKit/537.36 (KHTML, like Gecko) Chrome/30.0.1599.66 Safari/537.36"
195.250.26.131 - - [15/Apr/2026:13:13:11 +0000] "POST /wp-cron.php?doing_wp_cron=1776258791.0172979831695556640625 HTTP/1.1" 200 0 "-" "WordPress/6.9.4; http://dolfansnyc.com"
141.94.194.132 - - [15/Apr/2026:13:13:11 +0000] "GET /tag/indianapolis-colts/feed/ HTTP/1.1" 200 64747 "-" "Mozilla/5.0 (X11; Linux i686) AppleWebKit/537.36 (KHTML, like Gecko) Chrome/30.0.1599.66 Safari/537.36"
35.245.216.104 - - [15/Apr/2026:13:14:09 +0000] "GET /feed/ HTTP/1.1" 301 41784 "-" "Wget/1.18 (linux-gnu)"
35.245.216.104 - - [15/Apr/2026:13:14:09 +0000] "GET /feed/ HTTP/1.1" 200 84231 "-" "Wget/1.18 (linux-gnu)"
142.93.127.252 - - [15/Apr/2026:13:14:25 +0000] "GET /feed/ HTTP/1.1" 301 41793 "-" "Mozilla/5.0 (X11; Linux x86_64; rv:130.0) Gecko/20100101 Firefox/130.0"
142.93.127.252 - - [15/Apr/2026:13:14:28 +0000] "GET /feed/ HTTP/1.1" 200 84240 "-" "Mozilla/5.0 (X11; Linux x86_64; rv:130.0) Gecko/20100101 Firefox/130.0"
52.11.79.209 - - [15/Apr/2026:13:14:42 +0000] "GET /?sucurianticache=1757658841 HTTP/1.1" 200 124472 "-" "Sucuri Uptime Monitor"
50.116.47.181 - - [15/Apr/2026:13:14:45 +0000] "GET /?sucurianticache=1268658382 HTTP/1.1" 200 124473 "-" "Sucuri Uptime Monitor"
51.210.216.21 - - [15/Apr/2026:13:14:51 +0000] "GET / HTTP/1.1" 200 124365 "-" "Mozilla/5.0 (X11; Linux x86_64) AppleWebKit/537.36 (KHTML, like Gecko) Chrome/131.0.0.0 Safari/537.36"
35.245.216.104 - - [15/Apr/2026:13:15:04 +0000] "GET /feed/ HTTP/1.1" 301 41784 "-" "Wget/1.18 (linux-gnu)"
35.245.216.104 - - [15/Apr/2026:13:15:04 +0000] "GET /feed/ HTTP/1.1" 200 84231 "-" "Wget/1.18 (linux-gnu)"
91.92.243.240 - - [15/Apr/2026:13:15:31 +0000] "POST /wp-login.php HTTP/1.1" 403 0 "-" "Mozilla/5.0"
91.92.243.240 - - [15/Apr/2026:13:15:31 +0000] "POST /wp-login.php HTTP/1.1" 403 0 "-" "Mozilla/5.0"
91.92.243.240 - - [15/Apr/2026:13:15:31 +0000] "POST /wp-login.php HTTP/1.1" 403 0 "-" "Mozilla/5.0"
91.92.243.240 - - [15/Apr/2026:13:15:31 +0000] "POST /wp-login.php HTTP/1.1" 403 0 "-" "Mozilla/5.0"
95.108.213.101 - - [15/Apr/2026:13:15:51 +0000] "GET /robots.txt HTTP/1.1" 200 271 "-" "Mozilla/5.0 (compatible; YandexBot/3.0; +http://yandex.com/bots)"
5.255.231.249 - - [15/Apr/2026:13:15:52 +0000] "GET /2018/09/05/metlifetakeover-pre-party-nfl-experience/ HTTP/1.1" 200 79028 "-" "Mozilla/5.0 (compatible; YandexBot/3.0; +http://yandex.com/bots)"
51.210.216.21 - - [15/Apr/2026:13:16:22 +0000] "GET / HTTP/1.1" 200 124365 "-" "Mozilla/5.0 (X11; Linux x86_64) AppleWebKit/537.36 (KHTML, like Gecko) Chrome/131.0.0.0 Safari/537.36"
35.245.216.104 - - [15/Apr/2026:13:16:51 +0000] "GET /feed/ HTTP/1.1" 301 41784 "-" "Wget/1.18 (linux-gnu)"
35.245.216.104 - - [15/Apr/2026:13:16:51 +0000] "GET /feed/ HTTP/1.1" 200 84231 "-" "Wget/1.18 (linux-gnu)"
35.245.216.104 - - [15/Apr/2026:13:17:09 +0000] "GET /feed/ HTTP/1.1" 301 41784 "-" "Wget/1.18 (linux-gnu)"
35.245.216.104 - - [15/Apr/2026:13:17:09 +0000] "GET /feed/ HTTP/1.1" 200 84231 "-" "Wget/1.18 (linux-gnu)"
123.18.28.9 - - [15/Apr/2026:13:18:26 +0000] "GET http://dolfansnyc.com/2014/12/ HTTP/1.1" 200 86140 "-" "Mozilla/5.0 (compatible; MSIE 9.0; Windows NT 10.0; Trident/4.0)"
95.108.213.126 - - [15/Apr/2026:13:18:38 +0000] "GET /tag/roberto-wallace/ HTTP/1.1" 200 102959 "-" "Mozilla/5.0 (compatible; YandexBot/3.0; +http://yandex.com/bots)"
