195.250.26.131 - - [15/Apr/2026:13:19:15 +0000] "POST /wp-cron.php?doing_wp_cron=1776259155.9363958835601806640625 HTTP/1.1" 200 0 "-" "WordPress/6.9.4; http://dolfansnyc.com"
35.245.216.104 - - [15/Apr/2026:13:19:15 +0000] "GET /feed/ HTTP/1.1" 301 41784 "-" "Wget/1.18 (linux-gnu)"
35.245.216.104 - - [15/Apr/2026:13:19:16 +0000] "GET /feed/ HTTP/1.1" 200 84231 "-" "Wget/1.18 (linux-gnu)"
91.92.243.240 - - [15/Apr/2026:13:19:53 +0000] "POST /wp-login.php HTTP/1.1" 403 0 "-" "Mozilla/5.0"
91.92.243.240 - - [15/Apr/2026:13:19:53 +0000] "POST /wp-login.php HTTP/1.1" 403 0 "-" "Mozilla/5.0"
91.92.243.240 - - [15/Apr/2026:13:19:53 +0000] "POST /wp-login.php HTTP/1.1" 403 0 "-" "Mozilla/5.0"
91.92.243.240 - - [15/Apr/2026:13:19:53 +0000] "POST /wp-login.php HTTP/1.1" 403 0 "-" "Mozilla/5.0"
35.245.216.104 - - [15/Apr/2026:13:19:54 +0000] "GET /feed/ HTTP/1.1" 301 41784 "-" "Wget/1.18 (linux-gnu)"
35.245.216.104 - - [15/Apr/2026:13:19:54 +0000] "GET /feed/ HTTP/1.1" 200 84231 "-" "Wget/1.18 (linux-gnu)"
51.161.37.63 - - [15/Apr/2026:13:20:28 +0000] "GET /2013/07/31/how-worried-should-we-be-about-the-offensive-line/feed/ HTTP/1.1" 200 45075 "-" "Mozilla/5.0 (compatible; AhrefsBot/7.0; +http://ahrefs.com/robot/)"
195.250.26.131 - - [15/Apr/2026:13:21:12 +0000] "POST /wp-cron.php?doing_wp_cron=1776259272.7561709880828857421875 HTTP/1.1" 200 0 "-" "WordPress/6.9.4; http://dolfansnyc.com"
35.245.216.104 - - [15/Apr/2026:13:21:12 +0000] "GET /feed/ HTTP/1.1" 301 41784 "-" "Wget/1.18 (linux-gnu)"
35.245.216.104 - - [15/Apr/2026:13:21:12 +0000] "GET /feed/ HTTP/1.1" 200 84231 "-" "Wget/1.18 (linux-gnu)"
43.155.26.193 - - [15/Apr/2026:13:21:45 +0000] "GET /?filesrc=/home/drivenby/dolfansnyc.com/wp-sample.php&path=/home/drivenby/dolfansnyc.com HTTP/1.1" 200 103385 "-" "Mozilla/5.0 (iPhone; CPU iPhone OS 13_2_3 like Mac OS X) AppleWebKit/605.1.15 (KHTML, like Gecko) Version/13.0.3 Mobile/15E148 Safari/604.1"
35.245.216.104 - - [15/Apr/2026:13:21:58 +0000] "GET /feed/ HTTP/1.1" 301 41784 "-" "Wget/1.18 (linux-gnu)"
35.245.216.104 - - [15/Apr/2026:13:21:59 +0000] "GET /feed/ HTTP/1.1" 200 84231 "-" "Wget/1.18 (linux-gnu)"
159.138.10.227 - - [15/Apr/2026:13:22:09 +0000] "GET /category/events/page/5 HTTP/1.1" 301 41780 "-" "Mozilla/5.0 (Windows NT 10.0; Win64; x64) AppleWebKit/537.36 (KHTML, like Gecko) Chrome/143.0.0.0 Safari/537.36"
159.138.10.227 - - [15/Apr/2026:13:22:09 +0000] "GET /category/events/page/5/ HTTP/1.1" 200 123449 "-" "Mozilla/5.0 (Windows NT 10.0; Win64; x64) AppleWebKit/537.36 (KHTML, like Gecko) Chrome/143.0.0.0 Safari/537.36"
159.138.10.227 - - [15/Apr/2026:13:22:10 +0000] "GET /wp-content/themes/dolfansnyc-new/style.css?ver=1.0.0 HTTP/1.1" 200 16562 "-" "Mozilla/5.0 (Windows NT 10.0; Win64; x64) AppleWebKit/537.36 (KHTML, like Gecko) Chrome/143.0.0.0 Safari/537.36"
159.138.10.227 - - [15/Apr/2026:13:22:10 +0000] "GET /wp-content/themes/dolfansnyc-new/dolfansnyc.css?ver=1.0.0 HTTP/1.1" 200 10113 "-" "Mozilla/5.0 (Windows NT 10.0; Win64; x64) AppleWebKit/537.36 (KHTML, like Gecko) Chrome/143.0.0.0 Safari/537.36"
159.138.10.227 - - [15/Apr/2026:13:22:10 +0000] "GET /wp-content/themes/dolfansnyc-new/elevate-defaults.css?ver=1.0.0 HTTP/1.1" 200 12704 "-" "Mozilla/5.0 (Windows NT 10.0; Win64; x64) AppleWebKit/537.36 (KHTML, like Gecko) Chrome/143.0.0.0 Safari/537.36"
159.138.10.227 - - [15/Apr/2026:13:22:10 +0000] "GET /wp-content/themes/dolfansnyc-new/js/navigation.js?ver=1.0.0 HTTP/1.1" 200 2980 "-" "Mozilla/5.0 (Windows NT 10.0; Win64; x64) AppleWebKit/537.36 (KHTML, like Gecko) Chrome/143.0.0.0 Safari/537.36"
3.216.227.216 - - [15/Apr/2026:13:22:39 +0000] "GET /2009/11/28/over-500/feed/ HTTP/1.1" 200 43289 "-" "Mozilla/5.0 AppleWebKit/537.36 (KHTML, like Gecko; compatible; Amazonbot/0.1; +https://developer.amazon.com/support/amazonbot) Chrome/119.0.6045.214 Safari/537.36"
95.168.190.194 - - [15/Apr/2026:13:22:51 +0000] "GET /robots.txt HTTP/1.1" 200 271 "-" "Mozilla/5.0 (compatible; ORT/v1.0.0; visit ORTc.me )"
35.245.216.104 - - [15/Apr/2026:13:23:18 +0000] "GET /feed/ HTTP/1.1" 301 41784 "-" "Wget/1.18 (linux-gnu)"
35.245.216.104 - - [15/Apr/2026:13:23:18 +0000] "GET /feed/ HTTP/1.1" 200 84231 "-" "Wget/1.18 (linux-gnu)"
87.250.224.17 - - [15/Apr/2026:13:23:37 +0000] "GET /robots.txt HTTP/1.1" 200 271 "-" "Mozilla/5.0 (compatible; YandexBot/3.0; +http://yandex.com/bots)"
87.250.224.106 - - [15/Apr/2026:13:23:38 +0000] "GET /2010/07/09/wild-lol-cat/ HTTP/1.1" 200 77411 "-" "Mozilla/5.0 (compatible; YandexBot/3.0; +http://yandex.com/bots)"
95.108.213.184 - - [15/Apr/2026:13:23:39 +0000] "GET /2019/12/10/2019-metlifetakeover-photos-recap/ HTTP/1.1" 200 80611 "-" "Mozilla/5.0 (compatible; YandexBot/3.0; +http://yandex.com/bots)"
213.180.203.20 - - [15/Apr/2026:13:23:39 +0000] "GET /tag/met-life/ HTTP/1.1" 200 74794 "-" "Mozilla/5.0 (compatible; YandexBot/3.0; +http://yandex.com/bots)"
35.245.216.104 - - [15/Apr/2026:13:23:55 +0000] "GET /feed/ HTTP/1.1" 301 41784 "-" "Wget/1.18 (linux-gnu)"
35.245.216.104 - - [15/Apr/2026:13:23:56 +0000] "GET /feed/ HTTP/1.1" 200 84231 "-" "Wget/1.18 (linux-gnu)"
35.245.216.104 - - [15/Apr/2026:13:24:18 +0000] "GET /feed/ HTTP/1.1" 301 41784 "-" "Wget/1.18 (linux-gnu)"
35.245.216.104 - - [15/Apr/2026:13:24:18 +0000] "GET /feed/ HTTP/1.1" 200 84231 "-" "Wget/1.18 (linux-gnu)"
91.92.243.240 - - [15/Apr/2026:13:24:25 +0000] "POST /wp-login.php HTTP/1.1" 403 0 "-" "Mozilla/5.0"
91.92.243.240 - - [15/Apr/2026:13:24:25 +0000] "POST /wp-login.php HTTP/1.1" 403 0 "-" "Mozilla/5.0"
91.92.243.240 - - [15/Apr/2026:13:24:25 +0000] "POST /wp-login.php HTTP/1.1" 403 0 "-" "Mozilla/5.0"
91.92.243.240 - - [15/Apr/2026:13:24:25 +0000] "POST /wp-login.php HTTP/1.1" 403 0 "-" "Mozilla/5.0"
195.250.26.131 - - [15/Apr/2026:13:24:40 +0000] "POST /wp-cron.php?doing_wp_cron=1776259480.7781960964202880859375 HTTP/1.1" 200 0 "-" "WordPress/6.9.4; http://dolfansnyc.com"
181.26.198.238 - - [15/Apr/2026:13:24:41 +0000] "GET /2013/06/ HTTP/1.1" 200 81592 "-" "Opera/8.49.(Windows NT 6.0; pl-PL) Presto/2.9.188 Version/11.00"
151.245.206.21 - - [15/Apr/2026:13:25:37 +0000] "POST /xmlrpc.php HTTP/1.1" 200 42184 "-" "Mozilla/5.0 (iPhone; CPU iPhone OS 17_4_1 like Mac OS X) AppleWebKit/605.1.15 (KHTML, like Gecko) Version/17.4.1 Mobile/15E148 Safari/604.1"
154.6.128.27 - - [15/Apr/2026:13:25:38 +0000] "POST /xmlrpc.php HTTP/1.1" 200 42182 "-" "Mozilla/5.0 (X11; Linux x86_64) AppleWebKit/537.36 (KHTML, like Gecko) Chrome/123.0.0.0 Safari/537.36"
154.29.87.57 - - [15/Apr/2026:13:25:38 +0000] "POST /xmlrpc.php HTTP/1.1" 200 42182 "-" "Mozilla/5.0 (Windows NT 10.0; Win64; x64; rv:124.0) Gecko/20100101 Firefox/124.0"
135.181.213.219 - - [15/Apr/2026:13:25:40 +0000] "GET /robots.txt HTTP/1.1" 200 271 "-" "Mozilla/5.0 (compatible; MJ12bot/v1.4.8; http://mj12bot.com/)"
151.245.206.170 - - [15/Apr/2026:13:25:42 +0000] "POST /xmlrpc.php HTTP/1.1" 200 42185 "-" "Mozilla/5.0 (Macintosh; Intel Mac OS X 10_15_7) AppleWebKit/537.36 (KHTML, like Gecko) Chrome/123.0.0.0 Safari/537.36"
45.61.96.10 - - [15/Apr/2026:13:25:44 +0000] "POST /xmlrpc.php HTTP/1.1" 200 42181 "-" "Mozilla/5.0 (Windows NT 10.0; Win64; x64) AppleWebKit/537.36 (KHTML, like Gecko) Edge/123.0.0.0 Safari/537.36"
104.253.90.224 - - [15/Apr/2026:13:25:44 +0000] "POST /xmlrpc.php HTTP/1.1" 200 42184 "-" "Mozilla/5.0 (Windows NT 10.0; Win64; x64) AppleWebKit/537.36 (KHTML, like Gecko) Chrome/123.0.0.0 Safari/537.36"
135.181.213.219 - - [15/Apr/2026:13:25:46 +0000] "GET /2011/09/29/dolfansnyc-podcast-episode-7-sam-madison-fantasy-week-4/?path=/home/drivenby/dolfansnyc.com/wp-includes/abilities-api HTTP/1.1" 200 48087 "-" "Mozilla/5.0 (compatible; MJ12bot/v1.4.8; http://mj12bot.com/)"
194.5.3.98 - - [15/Apr/2026:13:25:47 +0000] "POST /xmlrpc.php HTTP/1.1" 200 42180 "-" "Mozilla/5.0 (Windows NT 10.0; Win64; x64) AppleWebKit/537.36 (KHTML, like Gecko) Chrome/123.0.0.0 Safari/537.36"
84.33.214.185 - - [15/Apr/2026:13:25:47 +0000] "POST /xmlrpc.php HTTP/1.1" 200 42183 "-" "Mozilla/5.0 (Windows NT 10.0; Win64; x64; rv:124.0) Gecko/20100101 Firefox/124.0"
46.202.79.102 - - [15/Apr/2026:13:25:47 +0000] "POST /xmlrpc.php HTTP/1.1" 200 42183 "-" "Mozilla/5.0 (Windows NT 10.0; Win64; x64; rv:124.0) Gecko/20100101 Firefox/124.0"
45.39.20.192 - - [15/Apr/2026:13:25:48 +0000] "POST /xmlrpc.php HTTP/1.1" 200 42182 "-" "Mozilla/5.0 (Windows NT 10.0; Win64; x64) AppleWebKit/537.36 (KHTML, like Gecko) Edge/123.0.0.0 Safari/537.36"
198.37.98.140 - - [15/Apr/2026:13:25:48 +0000] "POST /xmlrpc.php HTTP/1.1" 200 42183 "-" "Mozilla/5.0 (Windows NT 10.0; Win64; x64) AppleWebKit/537.36 (KHTML, like Gecko) Edge/123.0.0.0 Safari/537.36"
91.211.87.211 - - [15/Apr/2026:13:25:49 +0000] "POST /xmlrpc.php HTTP/1.1" 200 42183 "-" "Mozilla/5.0 (iPhone; CPU iPhone OS 17_4_1 like Mac OS X) AppleWebKit/605.1.15 (KHTML, like Gecko) Version/17.4.1 Mobile/15E148 Safari/604.1"
82.21.221.108 - - [15/Apr/2026:13:25:49 +0000] "POST /xmlrpc.php HTTP/1.1" 200 42183 "-" "Mozilla/5.0 (Macintosh; Intel Mac OS X 10_15_7) AppleWebKit/537.36 (KHTML, like Gecko) Chrome/123.0.0.0 Safari/537.36"
193.25.167.180 - - [15/Apr/2026:13:25:49 +0000] "POST /xmlrpc.php HTTP/1.1" 200 42184 "-" "Mozilla/5.0 (Windows NT 10.0; Win64; x64) AppleWebKit/537.36 (KHTML, like Gecko) Chrome/123.0.0.0 Safari/537.36"
45.43.70.232 - - [15/Apr/2026:13:25:49 +0000] "POST /xmlrpc.php HTTP/1.1" 200 42182 "-" "Mozilla/5.0 (Windows NT 10.0; Win64; x64) AppleWebKit/537.36 (KHTML, like Gecko) Chrome/123.0.0.0 Safari/537.36"
149.57.85.118 - - [15/Apr/2026:13:25:49 +0000] "POST /xmlrpc.php HTTP/1.1" 200 42183 "-" "Mozilla/5.0 (Windows NT 10.0; Win64; x64) AppleWebKit/537.36 (KHTML, like Gecko) Edge/123.0.0.0 Safari/537.36"
166.88.34.223 - - [15/Apr/2026:13:25:49 +0000] "POST /xmlrpc.php HTTP/1.1" 200 42183 "-" "Mozilla/5.0 (Windows NT 10.0; Win64; x64) AppleWebKit/537.36 (KHTML, like Gecko) Chrome/123.0.0.0 Safari/537.36"
135.181.213.219 - - [15/Apr/2026:13:25:52 +0000] "GET /2011/09/29/dolfansnyc-podcast-episode-7-sam-madison-fantasy-week-4/?path=/home/drivenby/dolfansnyc.com/wp-includes/assets HTTP/1.1" 200 53668 "-" "Mozilla/5.0 (compatible; MJ12bot/v1.4.8; http://mj12bot.com/)"
135.181.213.219 - - [15/Apr/2026:13:25:58 +0000] "GET /2011/09/29/dolfansnyc-podcast-episode-7-sam-madison-fantasy-week-4/?path=/home/drivenby/dolfansnyc.com/wp-includes/block-bindings HTTP/1.1" 200 49237 "-" "Mozilla/5.0 (compatible; MJ12bot/v1.4.8; http://mj12bot.com/)"
135.181.213.219 - - [15/Apr/2026:13:26:04 +0000] "GET /2011/09/29/dolfansnyc-podcast-episode-7-sam-madison-fantasy-week-4/?path=/home/drivenby/dolfansnyc.com/wp-includes/block-patterns HTTP/1.1" 200 53676 "-" "Mozilla/5.0 (compatible; MJ12bot/v1.4.8; http://mj12bot.com/)"
135.181.213.219 - - [15/Apr/2026:13:26:10 +0000] "GET /2011/09/29/dolfansnyc-podcast-episode-7-sam-madison-fantasy-week-4/?path=/home/drivenby/dolfansnyc.com/wp-includes/block-supports HTTP/1.1" 200 69942 "-" "Mozilla/5.0 (compatible; MJ12bot/v1.4.8; http://mj12bot.com/)"
135.181.213.219 - - [15/Apr/2026:13:26:16 +0000] "GET /2011/09/29/dolfansnyc-podcast-episode-7-sam-madison-fantasy-week-4/?path=/home/drivenby/dolfansnyc.com/wp-includes/blocks HTTP/1.1" 200 263207 "-" "Mozilla/5.0 (compatible; MJ12bot/v1.4.8; http://mj12bot.com/)"
135.181.213.219 - - [15/Apr/2026:13:26:22 +0000] "GET /2011/09/29/dolfansnyc-podcast-episode-7-sam-madison-fantasy-week-4/?path=/home/drivenby/dolfansnyc.com/wp-includes/certificates HTTP/1.1" 200 43673 "-" "Mozilla/5.0 (compatible; MJ12bot/v1.4.8; http://mj12bot.com/)"
135.181.213.219 - - [15/Apr/2026:13:26:28 +0000] "GET /2011/09/29/dolfansnyc-podcast-episode-7-sam-madison-fantasy-week-4/?path=/home/drivenby/dolfansnyc.com/wp-includes/css HTTP/1.1" 200 100400 "-" "Mozilla/5.0 (compatible; MJ12bot/v1.4.8; http://mj12bot.com/)"
135.181.213.219 - - [15/Apr/2026:13:26:34 +0000] "GET /2011/09/29/dolfansnyc-podcast-episode-7-sam-madison-fantasy-week-4/?path=/home/drivenby/dolfansnyc.com/wp-includes/customize HTTP/1.1" 200 96532 "-" "Mozilla/5.0 (compatible; MJ12bot/v1.4.8; http://mj12bot.com/)"
51.223.18.147 - - [15/Apr/2026:13:26:34 +0000] "GET /2011/12/ HTTP/1.1" 200 81553 "-" "Mozilla/5.0 (iPad; CPU iPad OS 17_1 like Mac OS X) AppleWebKit/535.1 (KHTML, like Gecko) FxiOS/18.2k8590.0 Mobile/20I723 Safari/535.1"
135.181.213.219 - - [15/Apr/2026:13:26:40 +0000] "GET /2011/09/29/dolfansnyc-podcast-episode-7-sam-madison-fantasy-week-4/?path=/home/drivenby/dolfansnyc.com/wp-includes/fonts HTTP/1.1" 200 55914 "-" "Mozilla/5.0 (compatible; MJ12bot/v1.4.8; http://mj12bot.com/)"
135.181.213.219 - - [15/Apr/2026:13:26:46 +0000] "GET /2011/09/29/dolfansnyc-podcast-episode-7-sam-madison-fantasy-week-4/?path=/home/drivenby/dolfansnyc.com/wp-includes/html-api HTTP/1.1" 200 63584 "-" "Mozilla/5.0 (compatible; MJ12bot/v1.4.8; http://mj12bot.com/)"
135.181.213.219 - - [15/Apr/2026:13:26:52 +0000] "GET /2011/09/29/dolfansnyc-podcast-episode-7-sam-madison-fantasy-week-4/?path=/home/drivenby/dolfansnyc.com/wp-includes/images HTTP/1.1" 200 79151 "-" "Mozilla/5.0 (compatible; MJ12bot/v1.4.8; http://mj12bot.com/)"
135.181.213.219 - - [15/Apr/2026:13:26:57 +0000] "GET /2011/09/29/dolfansnyc-podcast-episode-7-sam-madison-fantasy-week-4/?path=/home/drivenby/dolfansnyc.com/wp-includes/interactivity-api HTTP/1.1" 200 48166 "-" "Mozilla/5.0 (compatible; MJ12bot/v1.4.8; http://mj12bot.com/)"
35.245.216.104 - - [15/Apr/2026:13:27:00 +0000] "GET /feed/ HTTP/1.1" 301 41784 "-" "Wget/1.18 (linux-gnu)"
35.245.216.104 - - [15/Apr/2026:13:27:01 +0000] "GET /feed/ HTTP/1.1" 200 84231 "-" "Wget/1.18 (linux-gnu)"
135.181.213.219 - - [15/Apr/2026:13:27:04 +0000] "GET /2011/09/29/dolfansnyc-podcast-episode-7-sam-madison-fantasy-week-4/?path=/home/drivenby/dolfansnyc.com/wp-includes/js HTTP/1.1" 200 189097 "-" "Mozilla/5.0 (compatible; MJ12bot/v1.4.8; http://mj12bot.com/)"
35.245.216.104 - - [15/Apr/2026:13:27:07 +0000] "GET /feed/ HTTP/1.1" 301 41784 "-" "Wget/1.18 (linux-gnu)"
35.245.216.104 - - [15/Apr/2026:13:27:07 +0000] "GET /feed/ HTTP/1.1" 200 84231 "-" "Wget/1.18 (linux-gnu)"
135.181.213.219 - - [15/Apr/2026:13:27:10 +0000] "GET /2011/09/29/dolfansnyc-podcast-episode-7-sam-madison-fantasy-week-4/?path=/home/drivenby/dolfansnyc.com/wp-includes/l10n HTTP/1.1" 200 50571 "-" "Mozilla/5.0 (compatible; MJ12bot/v1.4.8; http://mj12bot.com/)"
135.181.213.219 - - [15/Apr/2026:13:27:16 +0000] "GET /2011/09/29/dolfansnyc-podcast-episode-7-sam-madison-fantasy-week-4/?path=/home/drivenby/dolfansnyc.com/wp-includes/php-compat HTTP/1.1" 200 43633 "-" "Mozilla/5.0 (compatible; MJ12bot/v1.4.8; http://mj12bot.com/)"
135.181.213.219 - - [15/Apr/2026:13:27:21 +0000] "GET /2011/09/29/dolfansnyc-podcast-episode-7-sam-madison-fantasy-week-4/?path=/home/drivenby/dolfansnyc.com/wp-includes/pomo HTTP/1.1" 200 50173 "-" "Mozilla/5.0 (compatible; MJ12bot/v1.4.8; http://mj12bot.com/)"
135.181.213.219 - - [15/Apr/2026:13:27:27 +0000] "GET /2011/09/29/dolfansnyc-podcast-episode-7-sam-madison-fantasy-week-4/?path=/home/drivenby/dolfansnyc.com/wp-includes/rest-api HTTP/1.1" 200 50820 "-" "Mozilla/5.0 (compatible; MJ12bot/v1.4.8; http://mj12bot.com/)"
135.181.213.219 - - [15/Apr/2026:13:27:33 +0000] "GET /2011/09/29/dolfansnyc-podcast-episode-7-sam-madison-fantasy-week-4/?path=/home/drivenby/dolfansnyc.com/wp-includes/sitemaps HTTP/1.1" 200 51761 "-" "Mozilla/5.0 (compatible; MJ12bot/v1.4.8; http://mj12bot.com/)"
52.70.123.241 - - [15/Apr/2026:13:27:34 +0000] "GET /wp-json/oembed/1.0/embed?url=http://dolfansnyc.com/2010/07/09/wild-lol-cat/ HTTP/1.1" 200 44055 "-" "Mozilla/5.0 AppleWebKit/537.36 (KHTML, like Gecko; compatible; Amazonbot/0.1; +https://developer.amazon.com/support/amazonbot) Chrome/119.0.6045.214 Safari/537.36"
216.244.66.242 - - [15/Apr/2026:13:27:38 +0000] "GET /robots.txt HTTP/1.1" 200 271 "-" "Mozilla/5.0 (compatible; DotBot/1.2; +https://opensiteexplorer.org/dotbot; help@moz.com)"
35.162.140.124 - - [15/Apr/2026:13:27:38 +0000] "GET /?rnd=1776259656254 HTTP/1.1" 200 99648 "-" "Sucuri-UptimeMonitoring"
135.181.213.219 - - [15/Apr/2026:13:27:39 +0000] "GET /2011/09/29/dolfansnyc-podcast-episode-7-sam-madison-fantasy-week-4/?path=/home/drivenby/dolfansnyc.com/wp-includes/sodium_compat HTTP/1.1" 200 50846 "-" "Mozilla/5.0 (compatible; MJ12bot/v1.4.8; http://mj12bot.com/)"
135.181.213.219 - - [15/Apr/2026:13:27:45 +0000] "GET /2011/09/29/dolfansnyc-podcast-episode-7-sam-madison-fantasy-week-4/?path=/home/drivenby/dolfansnyc.com/wp-includes/style-engine HTTP/1.1" 200 49604 "-" "Mozilla/5.0 (compatible; MJ12bot/v1.4.8; http://mj12bot.com/)"
141.94.194.132 - - [15/Apr/2026:13:27:46 +0000] "GET /tag/solo-d/feed/ HTTP/1.1" 301 41784 "-" "Mozilla/5.0 (X11; Linux i686) AppleWebKit/537.36 (KHTML, like Gecko) Chrome/30.0.1599.66 Safari/537.36"
141.94.194.132 - - [15/Apr/2026:13:27:46 +0000] "GET /tag/solo-d/feed/ HTTP/1.1" 200 98652 "-" "Mozilla/5.0 (X11; Linux i686) AppleWebKit/537.36 (KHTML, like Gecko) Chrome/30.0.1599.66 Safari/537.36"
135.181.213.219 - - [15/Apr/2026:13:27:51 +0000] "GET /2011/09/29/dolfansnyc-podcast-episode-7-sam-madison-fantasy-week-4/?path=/home/drivenby/dolfansnyc.com/wp-includes/theme-compat HTTP/1.1" 200 55973 "-" "Mozilla/5.0 (compatible; MJ12bot/v1.4.8; http://mj12bot.com/)"
135.181.213.219 - - [15/Apr/2026:13:27:57 +0000] "GET /2011/09/29/dolfansnyc-podcast-episode-7-sam-madison-fantasy-week-4/?path=/home/drivenby/dolfansnyc.com/wp-includes/widgets HTTP/1.1" 200 71807 "-" "Mozilla/5.0 (compatible; MJ12bot/v1.4.8; http://mj12bot.com/)"
135.181.213.219 - - [15/Apr/2026:13:28:03 +0000] "GET /2011/09/29/dolfansnyc-podcast-episode-7-sam-madison-fantasy-week-4/?path=/home/drivenby/drivenbyboredom.com HTTP/1.1" 200 40547 "-" "Mozilla/5.0 (compatible; MJ12bot/v1.4.8; http://mj12bot.com/)"
135.181.213.219 - - [15/Apr/2026:13:28:09 +0000] "GET /2011/09/29/dolfansnyc-podcast-episode-7-sam-madison-fantasy-week-4/?path=/home/drivenby/etc HTTP/1.1" 200 42562 "-" "Mozilla/5.0 (compatible; MJ12bot/v1.4.8; http://mj12bot.com/)"
135.181.213.219 - - [15/Apr/2026:13:28:15 +0000] "GET /2012/08/ HTTP/1.1" 200 95800 "-" "Mozilla/5.0 (compatible; MJ12bot/v1.4.8; http://mj12bot.com/)"
135.181.213.219 - - [15/Apr/2026:13:28:21 +0000] "GET /2013/11/28/happy-thanksgiving/ HTTP/1.1" 200 74483 "-" "Mozilla/5.0 (compatible; MJ12bot/v1.4.8; http://mj12bot.com/)"
37.236.31.38 - - [15/Apr/2026:13:28:26 +0000] "GET /2011/11/ HTTP/1.1" 200 109005 "-" "Mozilla/5.0 (iPod; U; CPU iPhone OS 3_3 like Mac OS X; li-NL) AppleWebKit/535.40.4 (KHTML, like Gecko) Version/4.0.5 Mobile/8B111 Safari/6535.40.4"
135.181.213.219 - - [15/Apr/2026:13:28:27 +0000] "GET /2013/12/ HTTP/1.1" 200 86938 "-" "Mozilla/5.0 (compatible; MJ12bot/v1.4.8; http://mj12bot.com/)"
135.181.213.219 - - [15/Apr/2026:13:28:33 +0000] "GET /2014/11/ HTTP/1.1" 200 103647 "-" "Mozilla/5.0 (compatible; MJ12bot/v1.4.8; http://mj12bot.com/)"
135.181.213.219 - - [15/Apr/2026:13:28:39 +0000] "GET /2015/05/ HTTP/1.1" 200 81490 "-" "Mozilla/5.0 (compatible; MJ12bot/v1.4.8; http://mj12bot.com/)"
135.181.213.219 - - [15/Apr/2026:13:28:45 +0000] "GET /2015/08/ HTTP/1.1" 200 74906 "-" "Mozilla/5.0 (compatible; MJ12bot/v1.4.8; http://mj12bot.com/)"
91.92.243.240 - - [15/Apr/2026:13:28:46 +0000] "POST /wp-login.php HTTP/1.1" 403 0 "-" "Mozilla/5.0"
91.92.243.240 - - [15/Apr/2026:13:28:46 +0000] "POST /wp-login.php HTTP/1.1" 403 0 "-" "Mozilla/5.0"
91.92.243.240 - - [15/Apr/2026:13:28:46 +0000] "POST /wp-login.php HTTP/1.1" 403 0 "-" "Mozilla/5.0"
91.92.243.240 - - [15/Apr/2026:13:28:46 +0000] "POST /wp-login.php HTTP/1.1" 403 0 "-" "Mozilla/5.0"
135.181.213.219 - - [15/Apr/2026:13:28:51 +0000] "GET /2015/10/19/new-dolfans-nyc-merch/ HTTP/1.1" 200 76819 "-" "Mozilla/5.0 (compatible; MJ12bot/v1.4.8; http://mj12bot.com/)"
135.181.213.219 - - [15/Apr/2026:13:28:57 +0000] "GET /2015/11/18/last-chance-to-get-tickets-to-the-metlifetakeover/ HTTP/1.1" 200 77590 "-" "Mozilla/5.0 (compatible; MJ12bot/v1.4.8; http://mj12bot.com/)"
35.245.216.104 - - [15/Apr/2026:13:28:57 +0000] "GET /feed/ HTTP/1.1" 301 41784 "-" "Wget/1.18 (linux-gnu)"
35.245.216.104 - - [15/Apr/2026:13:28:58 +0000] "GET /feed/ HTTP/1.1" 200 84231 "-" "Wget/1.18 (linux-gnu)"
135.181.213.219 - - [15/Apr/2026:13:29:03 +0000] "GET /2015/11/22/metlifetakeover-pre-party-announced/ HTTP/1.1" 200 78354 "-" "Mozilla/5.0 (compatible; MJ12bot/v1.4.8; http://mj12bot.com/)"
135.181.213.219 - - [15/Apr/2026:13:29:09 +0000] "GET /2015/12/ HTTP/1.1" 200 82889 "-" "Mozilla/5.0 (compatible; MJ12bot/v1.4.8; http://mj12bot.com/)"
135.181.213.219 - - [15/Apr/2026:13:29:15 +0000] "GET /2015/12/14/2015-metlifetakeover-video/ HTTP/1.1" 200 77324 "-" "Mozilla/5.0 (compatible; MJ12bot/v1.4.8; http://mj12bot.com/)"
135.181.213.219 - - [15/Apr/2026:13:29:21 +0000] "GET /2016/04/ HTTP/1.1" 200 72218 "-" "Mozilla/5.0 (compatible; MJ12bot/v1.4.8; http://mj12bot.com/)"
135.181.213.219 - - [15/Apr/2026:13:29:27 +0000] "GET /2018/04/ HTTP/1.1" 200 75078 "-" "Mozilla/5.0 (compatible; MJ12bot/v1.4.8; http://mj12bot.com/)"
64.233.172.163 - - [15/Apr/2026:13:29:33 +0000] "GET /wp-content/uploads/2020/04/2020-draft-1024x768.jpg HTTP/1.1" 200 175049 "-" "Mozilla/5.0 (Windows NT 5.1; rv:11.0) Gecko Firefox/11.0 (via ggpht.com GoogleImageProxy)"
135.181.213.219 - - [15/Apr/2026:13:29:33 +0000] "GET /2018/06/ HTTP/1.1" 200 72188 "-" "Mozilla/5.0 (compatible; MJ12bot/v1.4.8; http://mj12bot.com/)"
87.250.224.123 - - [15/Apr/2026:13:29:38 +0000] "GET /robots.txt HTTP/1.1" 200 271 "-" "Mozilla/5.0 (compatible; YandexBot/3.0; +http://yandex.com/bots)"
213.180.203.149 - - [15/Apr/2026:13:29:39 +0000] "GET /2014/09/25/helping-animals-vs-the-raiders/ HTTP/1.1" 200 77603 "-" "Mozilla/5.0 (compatible; YandexBot/3.0; +http://yandex.com/bots)"
135.181.213.219 - - [15/Apr/2026:13:29:39 +0000] "GET /2018/10/ HTTP/1.1" 200 74483 "-" "Mozilla/5.0 (compatible; MJ12bot/v1.4.8; http://mj12bot.com/)"
135.181.213.219 - - [15/Apr/2026:13:29:45 +0000] "GET /tag/j-p-losman/ HTTP/1.1" 200 76276 "-" "Mozilla/5.0 (compatible; MJ12bot/v1.4.8; http://mj12bot.com/)"
135.181.213.219 - - [15/Apr/2026:13:29:51 +0000] "GET /tag/new-york-jets/ HTTP/1.1" 200 134978 "-" "Mozilla/5.0 (compatible; MJ12bot/v1.4.8; http://mj12bot.com/)"
93.158.213.26 - - [15/Apr/2026:13:30:09 +0000] "GET /robots.txt HTTP/1.1" 200 271 "-" "Mozilla/5.0 (compatible; MJ12bot/v1.4.8; http://mj12bot.com/)"
93.158.213.26 - - [15/Apr/2026:13:30:15 +0000] "GET /2011/09/27/dolfansnyc-podcast-episode-6-ben-volin/?cmd&path=/home HTTP/1.1" 200 41210 "-" "Mozilla/5.0 (compatible; MJ12bot/v1.4.8; http://mj12bot.com/)"
93.158.213.26 - - [15/Apr/2026:13:30:20 +0000] "GET /2011/09/29/dolfansnyc-podcast-episode-7-sam-madison-fantasy-week-4/?filesrc=/home/drivenby/dolfansnyc.com/wp-includes/class.wp-dependencies.php&path=/home/drivenby/dolfansnyc.com/wp-includes HTTP/1.1" 200 40345 "-" "Mozilla/5.0 (compatible; MJ12bot/v1.4.8; http://mj12bot.com/)"
35.245.216.104 - - [15/Apr/2026:13:30:21 +0000] "GET /feed/ HTTP/1.1" 301 41784 "-" "Wget/1.18 (linux-gnu)"
35.245.216.104 - - [15/Apr/2026:13:30:22 +0000] "GET /feed/ HTTP/1.1" 200 84231 "-" "Wget/1.18 (linux-gnu)"
35.245.216.104 - - [15/Apr/2026:13:30:23 +0000] "GET /feed/ HTTP/1.1" 301 41784 "-" "Wget/1.18 (linux-gnu)"
35.245.216.104 - - [15/Apr/2026:13:30:23 +0000] "GET /feed/ HTTP/1.1" 200 84231 "-" "Wget/1.18 (linux-gnu)"
93.158.213.26 - - [15/Apr/2026:13:30:26 +0000] "GET /2011/09/29/dolfansnyc-podcast-episode-7-sam-madison-fantasy-week-4/?filesrc=/home/drivenby/dolfansnyc.com/wp-includes/class.wp-styles.php&path=/home/drivenby/dolfansnyc.com/wp-includes HTTP/1.1" 200 40304 "-" "Mozilla/5.0 (compatible; MJ12bot/v1.4.8; http://mj12bot.com/)"
93.158.213.26 - - [15/Apr/2026:13:30:32 +0000] "GET /2011/09/29/dolfansnyc-podcast-episode-7-sam-madison-fantasy-week-4/?filesrc=/home/drivenby/dolfansnyc.com/wp-includes/dashboards.php&path=/home/drivenby/dolfansnyc.com/wp-includes HTTP/1.1" 200 71696 "-" "Mozilla/5.0 (compatible; MJ12bot/v1.4.8; http://mj12bot.com/)"
93.158.213.26 - - [15/Apr/2026:13:30:38 +0000] "GET /2011/09/29/dolfansnyc-podcast-episode-7-sam-madison-fantasy-week-4/?filesrc=/home/drivenby/dolfansnyc.com/wp-includes/date.php&path=/home/drivenby/dolfansnyc.com/wp-includes HTTP/1.1" 200 40355 "-" "Mozilla/5.0 (compatible; MJ12bot/v1.4.8; http://mj12bot.com/)"
167.114.139.114 - - [15/Apr/2026:13:30:40 +0000] "GET /2022/06/11/2022-metlifetakeover-tickets-are-on-sale/ HTTP/1.1" 200 85199 "-" "Mozilla/5.0 (compatible; AhrefsBot/7.0; +http://ahrefs.com/robot/)"
93.158.213.26 - - [15/Apr/2026:13:30:44 +0000] "GET /2011/09/29/dolfansnyc-podcast-episode-7-sam-madison-fantasy-week-4/?filesrc=/home/drivenby/dolfansnyc.com/wp-includes/default-constants.php&path=/home/drivenby/dolfansnyc.com/wp-includes HTTP/1.1" 200 52913 "-" "Mozilla/5.0 (compatible; MJ12bot/v1.4.8; http://mj12bot.com/)"
93.158.213.26 - - [15/Apr/2026:13:30:50 +0000] "GET /2011/09/29/dolfansnyc-podcast-episode-7-sam-madison-fantasy-week-4/?filesrc=/home/drivenby/dolfansnyc.com/wp-includes/default-filters.php&path=/home/drivenby/dolfansnyc.com/wp-includes HTTP/1.1" 200 87751 "-" "Mozilla/5.0 (compatible; MJ12bot/v1.4.8; http://mj12bot.com/)"
93.158.213.26 - - [15/Apr/2026:13:30:56 +0000] "GET /2011/09/29/dolfansnyc-podcast-episode-7-sam-madison-fantasy-week-4/?filesrc=/home/drivenby/dolfansnyc.com/wp-includes/default-widgets.php&path=/home/drivenby/dolfansnyc.com/wp-includes HTTP/1.1" 200 42446 "-" "Mozilla/5.0 (compatible; MJ12bot/v1.4.8; http://mj12bot.com/)"
93.158.213.26 - - [15/Apr/2026:13:31:02 +0000] "GET /2011/09/29/dolfansnyc-podcast-episode-7-sam-madison-fantasy-week-4/?filesrc=/home/drivenby/dolfansnyc.com/wp-includes/deprecated.php&path=/home/drivenby/dolfansnyc.com/wp-includes HTTP/1.1" 200 252273 "-" "Mozilla/5.0 (compatible; MJ12bot/v1.4.8; http://mj12bot.com/)"
93.158.213.26 - - [15/Apr/2026:13:31:07 +0000] "GET /2011/09/29/dolfansnyc-podcast-episode-7-sam-madison-fantasy-week-4/?filesrc=/home/drivenby/dolfansnyc.com/wp-includes/embed-template.php&path=/home/drivenby/dolfansnyc.com/wp-includes HTTP/1.1" 200 40293 "-" "Mozilla/5.0 (compatible; MJ12bot/v1.4.8; http://mj12bot.com/)"
93.158.213.26 - - [15/Apr/2026:13:31:13 +0000] "GET /2011/09/29/dolfansnyc-podcast-episode-7-sam-madison-fantasy-week-4/?filesrc=/home/drivenby/dolfansnyc.com/wp-includes/embed.php&path=/home/drivenby/dolfansnyc.com/wp-includes HTTP/1.1" 200 83554 "-" "Mozilla/5.0 (compatible; MJ12bot/v1.4.8; http://mj12bot.com/)"
93.158.213.26 - - [15/Apr/2026:13:31:19 +0000] "GET /2011/09/29/dolfansnyc-podcast-episode-7-sam-madison-fantasy-week-4/?filesrc=/home/drivenby/dolfansnyc.com/wp-includes/error-protection.php&path=/home/drivenby/dolfansnyc.com/wp-includes HTTP/1.1" 200 44424 "-" "Mozilla/5.0 (compatible; MJ12bot/v1.4.8; http://mj12bot.com/)"
93.158.213.26 - - [15/Apr/2026:13:31:25 +0000] "GET /2011/09/29/dolfansnyc-podcast-episode-7-sam-madison-fantasy-week-4/?filesrc=/home/drivenby/dolfansnyc.com/wp-includes/error_log&path=/home/drivenby/dolfansnyc.com/wp-includes HTTP/1.1" 200 136844 "-" "Mozilla/5.0 (compatible; MJ12bot/v1.4.8; http://mj12bot.com/)"
93.158.213.26 - - [15/Apr/2026:13:31:31 +0000] "GET /2011/09/29/dolfansnyc-podcast-episode-7-sam-madison-fantasy-week-4/?filesrc=/home/drivenby/dolfansnyc.com/wp-includes/feed-atom-comments.php&path=/home/drivenby/dolfansnyc.com/wp-includes HTTP/1.1" 200 46908 "-" "Mozilla/5.0 (compatible; MJ12bot/v1.4.8; http://mj12bot.com/)"
93.158.213.26 - - [15/Apr/2026:13:31:37 +0000] "GET /2011/09/29/dolfansnyc-podcast-episode-7-sam-madison-fantasy-week-4/?filesrc=/home/drivenby/dolfansnyc.com/wp-includes/feed-atom.php&path=/home/drivenby/dolfansnyc.com/wp-includes HTTP/1.1" 200 44123 "-" "Mozilla/5.0 (compatible; MJ12bot/v1.4.8; http://mj12bot.com/)"
93.158.213.26 - - [15/Apr/2026:13:31:42 +0000] "GET /2011/09/29/dolfansnyc-podcast-episode-7-sam-madison-fantasy-week-4/?filesrc=/home/drivenby/dolfansnyc.com/wp-includes/feed-rdf.php&path=/home/drivenby/dolfansnyc.com/wp-includes HTTP/1.1" 200 43379 "-" "Mozilla/5.0 (compatible; MJ12bot/v1.4.8; http://mj12bot.com/)"
93.158.213.26 - - [15/Apr/2026:13:31:48 +0000] "GET /2011/09/29/dolfansnyc-podcast-episode-7-sam-madison-fantasy-week-4/?filesrc=/home/drivenby/dolfansnyc.com/wp-includes/feed-rss.php&path=/home/drivenby/dolfansnyc.com/wp-includes HTTP/1.1" 200 41509 "-" "Mozilla/5.0 (compatible; MJ12bot/v1.4.8; http://mj12bot.com/)"
93.158.213.26 - - [15/Apr/2026:13:31:54 +0000] "GET /2011/09/29/dolfansnyc-podcast-episode-7-sam-madison-fantasy-week-4/?filesrc=/home/drivenby/dolfansnyc.com/wp-includes/feed-rss2-comments.php&path=/home/drivenby/dolfansnyc.com/wp-includes HTTP/1.1" 200 44906 "-" "Mozilla/5.0 (compatible; MJ12bot/v1.4.8; http://mj12bot.com/)"
93.158.213.26 - - [15/Apr/2026:13:32:00 +0000] "GET /2011/09/29/dolfansnyc-podcast-episode-7-sam-madison-fantasy-week-4/?filesrc=/home/drivenby/dolfansnyc.com/wp-includes/feed.php&path=/home/drivenby/dolfansnyc.com/wp-includes HTTP/1.1" 200 67429 "-" "Mozilla/5.0 (compatible; MJ12bot/v1.4.8; http://mj12bot.com/)"
35.245.216.104 - - [15/Apr/2026:13:32:02 +0000] "GET /feed/ HTTP/1.1" 301 41784 "-" "Wget/1.18 (linux-gnu)"
35.245.216.104 - - [15/Apr/2026:13:32:02 +0000] "GET /feed/ HTTP/1.1" 200 84231 "-" "Wget/1.18 (linux-gnu)"
93.158.213.26 - - [15/Apr/2026:13:32:06 +0000] "GET /2011/09/29/dolfansnyc-podcast-episode-7-sam-madison-fantasy-week-4/?filesrc=/home/drivenby/dolfansnyc.com/wp-includes/fonts.php&path=/home/drivenby/dolfansnyc.com/wp-includes HTTP/1.1" 200 50520 "-" "Mozilla/5.0 (compatible; MJ12bot/v1.4.8; http://mj12bot.com/)"
124.156.179.141 - - [15/Apr/2026:13:32:10 +0000] "GET /?dirbaru&path=/home/drivenby/dolfansnyc.com HTTP/1.1" 200 125195 "-" "Mozilla/5.0 (iPhone; CPU iPhone OS 13_2_3 like Mac OS X) AppleWebKit/605.1.15 (KHTML, like Gecko) Version/13.0.3 Mobile/15E148 Safari/604.1"
195.250.26.131 - - [15/Apr/2026:13:32:12 +0000] "POST /wp-cron.php?doing_wp_cron=1776259932.5922338962554931640625 HTTP/1.1" 200 0 "-" "WordPress/6.9.4; http://dolfansnyc.com"
93.158.213.26 - - [15/Apr/2026:13:32:12 +0000] "GET /2011/09/29/dolfansnyc-podcast-episode-7-sam-madison-fantasy-week-4/?filesrc=/home/drivenby/dolfansnyc.com/wp-includes/formatting.php&path=/home/drivenby/dolfansnyc.com/wp-includes HTTP/1.1" 200 540473 "-" "Mozilla/5.0 (compatible; MJ12bot/v1.4.8; http://mj12bot.com/)"
93.158.213.26 - - [15/Apr/2026:13:32:18 +0000] "GET /2011/09/29/dolfansnyc-podcast-episode-7-sam-madison-fantasy-week-4/?filesrc=/home/drivenby/dolfansnyc.com/wp-includes/functions.php&path=/home/drivenby/dolfansnyc.com/wp-includes HTTP/1.1" 200 356656 "-" "Mozilla/5.0 (compatible; MJ12bot/v1.4.8; http://mj12bot.com/)"
93.158.213.26 - - [15/Apr/2026:13:32:24 +0000] "GET /2011/09/29/dolfansnyc-podcast-episode-7-sam-madison-fantasy-week-4/?filesrc=/home/drivenby/dolfansnyc.com/wp-includes/functions.wp-scripts.php&path=/home/drivenby/dolfansnyc.com/wp-includes HTTP/1.1" 200 56531 "-" "Mozilla/5.0 (compatible; MJ12bot/v1.4.8; http://mj12bot.com/)"
93.158.213.26 - - [15/Apr/2026:13:32:30 +0000] "GET /2011/09/29/dolfansnyc-podcast-episode-7-sam-madison-fantasy-week-4/?filesrc=/home/drivenby/dolfansnyc.com/wp-includes/functions.wp-styles.php&path=/home/drivenby/dolfansnyc.com/wp-includes HTTP/1.1" 200 49152 "-" "Mozilla/5.0 (compatible; MJ12bot/v1.4.8; http://mj12bot.com/)"
93.158.213.26 - - [15/Apr/2026:13:32:36 +0000] "GET /2011/09/29/dolfansnyc-podcast-episode-7-sam-madison-fantasy-week-4/?filesrc=/home/drivenby/dolfansnyc.com/wp-includes/general-template.php&path=/home/drivenby/dolfansnyc.com/wp-includes HTTP/1.1" 200 236686 "-" "Mozilla/5.0 (compatible; MJ12bot/v1.4.8; http://mj12bot.com/)"
93.158.213.26 - - [15/Apr/2026:13:32:42 +0000] "GET /2011/09/29/dolfansnyc-podcast-episode-7-sam-madison-fantasy-week-4/?filesrc=/home/drivenby/dolfansnyc.com/wp-includes/global-styles-and-settings.php&path=/home/drivenby/dolfansnyc.com/wp-includes HTTP/1.1" 200 62989 "-" "Mozilla/5.0 (compatible; MJ12bot/v1.4.8; http://mj12bot.com/)"
93.158.213.26 - - [15/Apr/2026:13:32:48 +0000] "GET /2011/09/29/dolfansnyc-podcast-episode-7-sam-madison-fantasy-week-4/?filesrc=/home/drivenby/dolfansnyc.com/wp-includes/http.php&path=/home/drivenby/dolfansnyc.com/wp-includes HTTP/1.1" 200 67048 "-" "Mozilla/5.0 (compatible; MJ12bot/v1.4.8; http://mj12bot.com/)"
93.158.213.26 - - [15/Apr/2026:13:32:54 +0000] "GET /2011/09/29/dolfansnyc-podcast-episode-7-sam-madison-fantasy-week-4/?filesrc=/home/drivenby/dolfansnyc.com/wp-includes/https-detection.php&path=/home/drivenby/dolfansnyc.com/wp-includes HTTP/1.1" 200 46204 "-" "Mozilla/5.0 (compatible; MJ12bot/v1.4.8; http://mj12bot.com/)"
93.158.213.26 - - [15/Apr/2026:13:33:00 +0000] "GET /2011/09/29/dolfansnyc-podcast-episode-7-sam-madison-fantasy-week-4/?filesrc=/home/drivenby/dolfansnyc.com/wp-includes/https-migration.php&path=/home/drivenby/dolfansnyc.com/wp-includes HTTP/1.1" 200 45008 "-" "Mozilla/5.0 (compatible; MJ12bot/v1.4.8; http://mj12bot.com/)"
93.158.213.26 - - [15/Apr/2026:13:33:06 +0000] "GET /2011/09/29/dolfansnyc-podcast-episode-7-sam-madison-fantasy-week-4/?filesrc=/home/drivenby/dolfansnyc.com/wp-includes/kses.php&path=/home/drivenby/dolfansnyc.com/wp-includes HTTP/1.1" 200 138286 "-" "Mozilla/5.0 (compatible; MJ12bot/v1.4.8; http://mj12bot.com/)"
93.158.213.26 - - [15/Apr/2026:13:33:12 +0000] "GET /2011/09/29/dolfansnyc-podcast-episode-7-sam-madison-fantasy-week-4/?filesrc=/home/drivenby/dolfansnyc.com/wp-includes/l10n.php&path=/home/drivenby/dolfansnyc.com/wp-includes HTTP/1.1" 200 113437 "-" "Mozilla/5.0 (compatible; MJ12bot/v1.4.8; http://mj12bot.com/)"
91.92.243.240 - - [15/Apr/2026:13:33:16 +0000] "POST /wp-login.php HTTP/1.1" 403 0 "-" "Mozilla/5.0"
91.92.243.240 - - [15/Apr/2026:13:33:16 +0000] "POST /wp-login.php HTTP/1.1" 403 0 "-" "Mozilla/5.0"
91.92.243.240 - - [15/Apr/2026:13:33:16 +0000] "POST /wp-login.php HTTP/1.1" 403 0 "-" "Mozilla/5.0"
91.92.243.240 - - [15/Apr/2026:13:33:16 +0000] "POST /wp-login.php HTTP/1.1" 403 0 "-" "Mozilla/5.0"
93.158.213.26 - - [15/Apr/2026:13:33:18 +0000] "GET /2011/09/29/dolfansnyc-podcast-episode-7-sam-madison-fantasy-week-4/?filesrc=/home/drivenby/dolfansnyc.com/wp-includes/link-template.php&path=/home/drivenby/dolfansnyc.com/wp-includes HTTP/1.1" 200 215985 "-" "Mozilla/5.0 (compatible; MJ12bot/v1.4.8; http://mj12bot.com/)"
93.158.213.26 - - [15/Apr/2026:13:33:24 +0000] "GET /2011/09/29/dolfansnyc-podcast-episode-7-sam-madison-fantasy-week-4/?filesrc=/home/drivenby/dolfansnyc.com/wp-includes/load.php&path=/home/drivenby/dolfansnyc.com/wp-includes HTTP/1.1" 200 102047 "-" "Mozilla/5.0 (compatible; MJ12bot/v1.4.8; http://mj12bot.com/)"
35.245.216.104 - - [15/Apr/2026:13:33:29 +0000] "GET /feed/ HTTP/1.1" 301 41784 "-" "Wget/1.18 (linux-gnu)"
35.245.216.104 - - [15/Apr/2026:13:33:29 +0000] "GET /feed/ HTTP/1.1" 200 84231 "-" "Wget/1.18 (linux-gnu)"
93.158.213.26 - - [15/Apr/2026:13:33:30 +0000] "GET /2011/09/29/dolfansnyc-podcast-episode-7-sam-madison-fantasy-week-4/?filesrc=/home/drivenby/dolfansnyc.com/wp-includes/locale.php&path=/home/drivenby/dolfansnyc.com/wp-includes HTTP/1.1" 200 40089 "-" "Mozilla/5.0 (compatible; MJ12bot/v1.4.8; http://mj12bot.com/)"
35.245.216.104 - - [15/Apr/2026:13:33:31 +0000] "GET /feed/ HTTP/1.1" 301 41784 "-" "Wget/1.18 (linux-gnu)"
35.245.216.104 - - [15/Apr/2026:13:33:31 +0000] "GET /feed/ HTTP/1.1" 200 84231 "-" "Wget/1.18 (linux-gnu)"
93.158.213.26 - - [15/Apr/2026:13:33:36 +0000] "GET /2011/09/29/dolfansnyc-podcast-episode-7-sam-madison-fantasy-week-4/?filesrc=/home/drivenby/dolfansnyc.com/wp-includes/media-template.php&path=/home/drivenby/dolfansnyc.com/wp-includes HTTP/1.1" 200 125904 "-" "Mozilla/5.0 (compatible; MJ12bot/v1.4.8; http://mj12bot.com/)"
93.158.213.26 - - [15/Apr/2026:13:33:42 +0000] "GET /2011/09/29/dolfansnyc-podcast-episode-7-sam-madison-fantasy-week-4/?filesrc=/home/drivenby/dolfansnyc.com/wp-includes/media.php&path=/home/drivenby/dolfansnyc.com/wp-includes HTTP/1.1" 200 288655 "-" "Mozilla/5.0 (compatible; MJ12bot/v1.4.8; http://mj12bot.com/)"
93.158.213.26 - - [15/Apr/2026:13:33:48 +0000] "GET /2011/09/29/dolfansnyc-podcast-episode-7-sam-madison-fantasy-week-4/?filesrc=/home/drivenby/dolfansnyc.com/wp-includes/meta.php&path=/home/drivenby/dolfansnyc.com/wp-includes HTTP/1.1" 200 110655 "-" "Mozilla/5.0 (compatible; MJ12bot/v1.4.8; http://mj12bot.com/)"
93.158.213.26 - - [15/Apr/2026:13:33:54 +0000] "GET /2011/09/29/dolfansnyc-podcast-episode-7-sam-madison-fantasy-week-4/?filesrc=/home/drivenby/dolfansnyc.com/wp-includes/ms-blogs.php&path=/home/drivenby/dolfansnyc.com/wp-includes HTTP/1.1" 200 68121 "-" "Mozilla/5.0 (compatible; MJ12bot/v1.4.8; http://mj12bot.com/)"
107.20.224.184 - - [15/Apr/2026:13:33:58 +0000] "GET /2009/10/28/moving-forward/ HTTP/1.1" 200 76939 "-" "Mozilla/5.0 AppleWebKit/537.36 (KHTML, like Gecko; compatible; Amazonbot/0.1; +https://developer.amazon.com/support/amazonbot) Chrome/119.0.6045.214 Safari/537.36"
93.158.213.26 - - [15/Apr/2026:13:34:00 +0000] "GET /2011/09/29/dolfansnyc-podcast-episode-7-sam-madison-fantasy-week-4/?filesrc=/home/drivenby/dolfansnyc.com/wp-includes/ms-default-constants.php&path=/home/drivenby/dolfansnyc.com/wp-includes HTTP/1.1" 200 45575 "-" "Mozilla/5.0 (compatible; MJ12bot/v1.4.8; http://mj12bot.com/)"
93.158.213.26 - - [15/Apr/2026:13:34:06 +0000] "GET /2011/09/29/dolfansnyc-podcast-episode-7-sam-madison-fantasy-week-4/?filesrc=/home/drivenby/dolfansnyc.com/wp-includes/ms-default-filters.php&path=/home/drivenby/dolfansnyc.com/wp-includes HTTP/1.1" 200 48140 "-" "Mozilla/5.0 (compatible; MJ12bot/v1.4.8; http://mj12bot.com/)"
93.158.213.26 - - [15/Apr/2026:13:34:12 +0000] "GET /2011/09/29/dolfansnyc-podcast-episode-7-sam-madison-fantasy-week-4/?filesrc=/home/drivenby/dolfansnyc.com/wp-includes/ms-deprecated.php&path=/home/drivenby/dolfansnyc.com/wp-includes HTTP/1.1" 200 64073 "-" "Mozilla/5.0 (compatible; MJ12bot/v1.4.8; http://mj12bot.com/)"
35.245.216.104 - - [15/Apr/2026:13:34:18 +0000] "GET /feed/ HTTP/1.1" 301 41784 "-" "Wget/1.18 (linux-gnu)"
93.158.213.26 - - [15/Apr/2026:13:34:18 +0000] "GET /2011/09/29/dolfansnyc-podcast-episode-7-sam-madison-fantasy-week-4/?filesrc=/home/drivenby/dolfansnyc.com/wp-includes/ms-files.php&path=/home/drivenby/dolfansnyc.com/wp-includes HTTP/1.1" 200 43277 "-" "Mozilla/5.0 (compatible; MJ12bot/v1.4.8; http://mj12bot.com/)"