35.245.216.104 - - [16/Apr/2026:16:09:31 +0000] "GET /feed/ HTTP/1.1" 301 43918 "-" "Wget/1.18 (linux-gnu)"
35.245.216.104 - - [16/Apr/2026:16:09:32 +0000] "GET /feed/ HTTP/1.1" 200 86365 "-" "Wget/1.18 (linux-gnu)"
216.73.216.138 - - [16/Apr/2026:16:09:33 +0000] "GET /tag/practice/?filesrc=%2F%2Fsys%2Fdev%2Fchar%2F4%3A8%2Fdev&path=%2F%2Fsys%2Fdev%2Fchar%2F4%3A8 HTTP/1.1" 200 39517 "-" "Mozilla/5.0 AppleWebKit/537.36 (KHTML, like Gecko; compatible; ClaudeBot/1.0; +claudebot@anthropic.com)"
65.108.2.171 - - [16/Apr/2026:16:09:38 +0000] "GET /2010/10/08/what%E2%80%99s-your-fantasy-week-5-2010/feed/?filesrc=/home/drivenby/dolfansnyc.com/wp-includes/class-wp-block-bindings-source.php&path=/home/drivenby/dolfansnyc.com/wp-includes HTTP/1.1" 301 7755 "-" "Mozilla/5.0 (compatible; MJ12bot/v1.4.8; http://mj12bot.com/)"
216.73.216.138 - - [16/Apr/2026:16:09:38 +0000] "GET /tag/mnf/?filesrc=%2F%2Fscripts%2Fsecuremysql&path=%2F%2Fscripts HTTP/1.1" 200 47247 "-" "Mozilla/5.0 AppleWebKit/537.36 (KHTML, like Gecko; compatible; ClaudeBot/1.0; +claudebot@anthropic.com)"
35.245.216.104 - - [16/Apr/2026:16:09:41 +0000] "GET /feed/ HTTP/1.1" 301 43918 "-" "Wget/1.18 (linux-gnu)"
35.245.216.104 - - [16/Apr/2026:16:09:41 +0000] "GET /feed/ HTTP/1.1" 200 86365 "-" "Wget/1.18 (linux-gnu)"
216.73.216.138 - - [16/Apr/2026:16:09:43 +0000] "GET /tag/nic-grigsby/?filesrc=%2F%2Flib64%2Fpython2.7%2Femail%2F_parseaddr.pyo&path=%2F%2Flib64%2Fpython2.7%2Femail HTTP/1.1" 200 58674 "-" "Mozilla/5.0 AppleWebKit/537.36 (KHTML, like Gecko; compatible; ClaudeBot/1.0; +claudebot@anthropic.com)"
65.108.2.171 - - [16/Apr/2026:16:09:43 +0000] "GET /2010/10/08/what%E2%80%99s-your-fantasy-week-5-2010/feed/?filesrc=%2Fhome%2Fdrivenby%2Fdolfansnyc.com%2Fwp-includes%2Fclass-wp-block-bindings-source.php&path=%2Fhome%2Fdrivenby%2Fdolfansnyc.com%2Fwp-includes HTTP/1.1" 200 8781 "-" "Mozilla/5.0 (compatible; MJ12bot/v1.4.8; http://mj12bot.com/)"
216.73.216.138 - - [16/Apr/2026:16:09:48 +0000] "GET /tag/metlifetakover/?filesrc=%2F%2Fusr%2Finclude%2Fpython3.6m%2Fnode.h&path=%2F%2Fusr%2Finclude%2Fpython3.6m HTTP/1.1" 200 36129 "-" "Mozilla/5.0 AppleWebKit/537.36 (KHTML, like Gecko; compatible; ClaudeBot/1.0; +claudebot@anthropic.com)"
91.92.243.240 - - [16/Apr/2026:16:09:50 +0000] "POST /wp-login.php HTTP/1.1" 403 0 "-" "Mozilla/5.0"
91.92.243.240 - - [16/Apr/2026:16:09:50 +0000] "POST /wp-login.php HTTP/1.1" 403 0 "-" "Mozilla/5.0"
91.92.243.240 - - [16/Apr/2026:16:09:50 +0000] "POST /wp-login.php HTTP/1.1" 403 0 "-" "Mozilla/5.0"
91.92.243.240 - - [16/Apr/2026:16:09:50 +0000] "POST /wp-login.php HTTP/1.1" 403 0 "-" "Mozilla/5.0"
216.73.216.138 - - [16/Apr/2026:16:09:53 +0000] "GET /tag/metlifetakover/?filesrc=%2F%2Fusr%2Finclude%2Fpython3.6m%2Fobjimpl.h&path=%2F%2Fusr%2Finclude%2Fpython3.6m HTTP/1.1" 200 49641 "-" "Mozilla/5.0 AppleWebKit/537.36 (KHTML, like Gecko; compatible; ClaudeBot/1.0; +claudebot@anthropic.com)"
216.73.216.138 - - [16/Apr/2026:16:09:58 +0000] "GET /tag/practice/?filesrc=%2F%2Fsys%2Fblock%2Floop0%2Fqueue%2Fwrite_cache&path=%2F%2Fsys%2Fblock%2Floop0%2Fqueue HTTP/1.1" 200 39572 "-" "Mozilla/5.0 AppleWebKit/537.36 (KHTML, like Gecko; compatible; ClaudeBot/1.0; +claudebot@anthropic.com)"
65.108.2.171 - - [16/Apr/2026:16:10:02 +0000] "GET /2010/10/08/what%E2%80%99s-your-fantasy-week-5-2010/feed/?filesrc=/home/drivenby/dolfansnyc.com/wp-includes/class-wp-block-editor-context.php&path=/home/drivenby/dolfansnyc.com/wp-includes HTTP/1.1" 301 6143 "-" "Mozilla/5.0 (compatible; MJ12bot/v1.4.8; http://mj12bot.com/)"
216.73.216.138 - - [16/Apr/2026:16:10:03 +0000] "GET /tag/metlifetakover/?filesrc=%2F%2Fusr%2Finclude%2Fpython2.7%2Fbytesobject.h&path=%2F%2Fusr%2Finclude%2Fpython2.7 HTTP/1.1" 200 36245 "-" "Mozilla/5.0 AppleWebKit/537.36 (KHTML, like Gecko; compatible; ClaudeBot/1.0; +claudebot@anthropic.com)"
65.108.2.171 - - [16/Apr/2026:16:10:08 +0000] "GET /2010/10/08/what%E2%80%99s-your-fantasy-week-5-2010/feed/?filesrc=%2Fhome%2Fdrivenby%2Fdolfansnyc.com%2Fwp-includes%2Fclass-wp-block-editor-context.php&path=%2Fhome%2Fdrivenby%2Fdolfansnyc.com%2Fwp-includes HTTP/1.1" 200 7168 "-" "Mozilla/5.0 (compatible; MJ12bot/v1.4.8; http://mj12bot.com/)"
216.73.216.138 - - [16/Apr/2026:16:10:09 +0000] "GET /tag/metlifetakover/?filesrc=%2F%2Fusr%2Finclude%2Fpython2.7%2Fopcode.h&path=%2F%2Fusr%2Finclude%2Fpython2.7 HTTP/1.1" 200 40043 "-" "Mozilla/5.0 AppleWebKit/537.36 (KHTML, like Gecko; compatible; ClaudeBot/1.0; +claudebot@anthropic.com)"
216.73.216.138 - - [16/Apr/2026:16:10:13 +0000] "GET /tag/metlifetakover/?filesrc=%2F%2Fusr%2Finclude%2Fpython2.7%2Fcomplexobject.h&path=%2F%2Fusr%2Finclude%2Fpython2.7 HTTP/1.1" 200 36966 "-" "Mozilla/5.0 AppleWebKit/537.36 (KHTML, like Gecko; compatible; ClaudeBot/1.0; +claudebot@anthropic.com)"
3.221.222.168 - - [16/Apr/2026:16:10:14 +0000] "GET /2013/06/21/introducing-the-new-dolfans-nyc-logo/comment-page-1/?filesrc=/home/drivenby/dolfansnyc.com/license.txt&path=/home/drivenby/dolfansnyc.com HTTP/1.1" 301 24582 "-" "Mozilla/5.0 AppleWebKit/537.36 (KHTML, like Gecko; compatible; Amazonbot/0.1; +https://developer.amazon.com/support/amazonbot) Chrome/119.0.6045.214 Safari/537.36"
18.214.186.220 - - [16/Apr/2026:16:10:14 +0000] "GET /2013/06/21/introducing-the-new-dolfans-nyc-logo/comment-page-1/?filesrc=/home/drivenby/dolfansnyc.com/license.txt&path=/home/drivenby/dolfansnyc.com HTTP/1.1" 301 24583 "-" "Mozilla/5.0 AppleWebKit/537.36 (KHTML, like Gecko; compatible; Amazonbot/0.1; +https://developer.amazon.com/support/amazonbot) Chrome/119.0.6045.214 Safari/537.36"
43.167.245.18 - - [16/Apr/2026:16:10:17 +0000] "GET /?filesrc=/home/drivenby/dolfansnyc.com/wp-cron.php&path=/home/drivenby/dolfansnyc.com HTTP/1.1" 200 93644 "-" "Mozilla/5.0 (iPhone; CPU iPhone OS 13_2_3 like Mac OS X) AppleWebKit/605.1.15 (KHTML, like Gecko) Version/13.0.3 Mobile/15E148 Safari/604.1"
216.73.216.138 - - [16/Apr/2026:16:10:18 +0000] "GET /tag/metlifetakover/?filesrc=%2F%2Fusr%2Finclude%2Fpython2.7%2Fnode.h&path=%2F%2Fusr%2Finclude%2Fpython2.7 HTTP/1.1" 200 36050 "-" "Mozilla/5.0 AppleWebKit/537.36 (KHTML, like Gecko; compatible; ClaudeBot/1.0; +claudebot@anthropic.com)"
216.73.216.138 - - [16/Apr/2026:16:10:23 +0000] "GET /tag/metlifetakover/?filesrc=%2F%2Fusr%2Finclude%2Fpython2.7%2Fobjimpl.h&path=%2F%2Fusr%2Finclude%2Fpython2.7 HTTP/1.1" 200 49705 "-" "Mozilla/5.0 AppleWebKit/537.36 (KHTML, like Gecko; compatible; ClaudeBot/1.0; +claudebot@anthropic.com)"
65.108.2.171 - - [16/Apr/2026:16:10:26 +0000] "GET /2010/10/08/what%E2%80%99s-your-fantasy-week-5-2010/feed/?filesrc=/home/drivenby/dolfansnyc.com/wp-includes/class-wp-block-list.php&path=/home/drivenby/dolfansnyc.com/wp-includes HTTP/1.1" 301 9452 "-" "Mozilla/5.0 (compatible; MJ12bot/v1.4.8; http://mj12bot.com/)"
216.73.216.138 - - [16/Apr/2026:16:10:29 +0000] "GET /tag/metlifetakover/?filesrc=%2F%2Fusr%2Finclude%2Fpython2.7%2Fenumobject.h&path=%2F%2Fusr%2Finclude%2Fpython2.7 HTTP/1.1" 200 35355 "-" "Mozilla/5.0 AppleWebKit/537.36 (KHTML, like Gecko; compatible; ClaudeBot/1.0; +claudebot@anthropic.com)"
65.108.2.171 - - [16/Apr/2026:16:10:31 +0000] "GET /2010/10/08/what%E2%80%99s-your-fantasy-week-5-2010/feed/?filesrc=%2Fhome%2Fdrivenby%2Fdolfansnyc.com%2Fwp-includes%2Fclass-wp-block-list.php&path=%2Fhome%2Fdrivenby%2Fdolfansnyc.com%2Fwp-includes HTTP/1.1" 200 10467 "-" "Mozilla/5.0 (compatible; MJ12bot/v1.4.8; http://mj12bot.com/)"
216.73.216.138 - - [16/Apr/2026:16:10:39 +0000] "GET /tag/practice/?filesrc=%2F%2Fsys%2Fblock%2Floop0%2Falignment_offset&path=%2F%2Fsys%2Fblock%2Floop0 HTTP/1.1" 200 39459 "-" "Mozilla/5.0 AppleWebKit/537.36 (KHTML, like Gecko; compatible; ClaudeBot/1.0; +claudebot@anthropic.com)"
216.73.216.138 - - [16/Apr/2026:16:10:44 +0000] "GET /tag/practice/?filesrc=%2F%2Fsys%2Fblock%2Floop0%2Fqueue%2Frotational&path=%2F%2Fsys%2Fblock%2Floop0%2Fqueue HTTP/1.1" 200 39562 "-" "Mozilla/5.0 AppleWebKit/537.36 (KHTML, like Gecko; compatible; ClaudeBot/1.0; +claudebot@anthropic.com)"
65.108.2.171 - - [16/Apr/2026:16:10:49 +0000] "GET /2010/10/08/what%E2%80%99s-your-fantasy-week-5-2010/feed/?filesrc=/home/drivenby/dolfansnyc.com/wp-includes/class-wp-block-metadata-registry.php&path=/home/drivenby/dolfansnyc.com/wp-includes HTTP/1.1" 301 17173 "-" "Mozilla/5.0 (compatible; MJ12bot/v1.4.8; http://mj12bot.com/)"
216.73.216.138 - - [16/Apr/2026:16:10:49 +0000] "GET /tag/practice/?filesrc=%2F%2Fsys%2Fclass%2Fblock%2Floop0%2Fqueue%2Fscheduler&path=%2F%2Fsys%2Fclass%2Fblock%2Floop0%2Fqueue HTTP/1.1" 200 39703 "-" "Mozilla/5.0 AppleWebKit/537.36 (KHTML, like Gecko; compatible; ClaudeBot/1.0; +claudebot@anthropic.com)"
216.73.216.138 - - [16/Apr/2026:16:10:54 +0000] "GET /tag/practice/?filesrc=%2F%2Fsys%2Fclass%2Fblock%2Floop0%2Fqueue%2Frotational&path=%2F%2Fsys%2Fclass%2Fblock%2Floop0%2Fqueue HTTP/1.1" 200 39677 "-" "Mozilla/5.0 AppleWebKit/537.36 (KHTML, like Gecko; compatible; ClaudeBot/1.0; +claudebot@anthropic.com)"
65.108.2.171 - - [16/Apr/2026:16:10:55 +0000] "GET /2010/10/08/what%E2%80%99s-your-fantasy-week-5-2010/feed/?filesrc=%2Fhome%2Fdrivenby%2Fdolfansnyc.com%2Fwp-includes%2Fclass-wp-block-metadata-registry.php&path=%2Fhome%2Fdrivenby%2Fdolfansnyc.com%2Fwp-includes HTTP/1.1" 200 18201 "-" "Mozilla/5.0 (compatible; MJ12bot/v1.4.8; http://mj12bot.com/)"
216.73.216.138 - - [16/Apr/2026:16:10:59 +0000] "GET /tag/practice/?filesrc=%2F%2Fsys%2Fclass%2Fblock%2Floop0%2Falignment_offset&path=%2F%2Fsys%2Fclass%2Fblock%2Floop0 HTTP/1.1" 200 39568 "-" "Mozilla/5.0 AppleWebKit/537.36 (KHTML, like Gecko; compatible; ClaudeBot/1.0; +claudebot@anthropic.com)"
65.108.2.171 - - [16/Apr/2026:16:11:01 +0000] "GET /2010/10/08/what%E2%80%99s-your-fantasy-week-5-2010/feed/?filesrc=/home/drivenby/dolfansnyc.com/wp-includes/class-wp-block-parser-block.php&path=/home/drivenby/dolfansnyc.com/wp-includes HTTP/1.1" 301 7386 "-" "Mozilla/5.0 (compatible; MJ12bot/v1.4.8; http://mj12bot.com/)"
216.73.216.138 - - [16/Apr/2026:16:11:04 +0000] "GET /tag/practice/?filesrc=%2F%2Fsys%2Fclass%2Fblock%2Floop0%2Fqueue%2Fmax_integrity_segments&path=%2F%2Fsys%2Fclass%2Fblock%2Floop0%2Fqueue HTTP/1.1" 200 39689 "-" "Mozilla/5.0 AppleWebKit/537.36 (KHTML, like Gecko; compatible; ClaudeBot/1.0; +claudebot@anthropic.com)"
35.245.216.104 - - [16/Apr/2026:16:11:06 +0000] "GET /feed/ HTTP/1.1" 301 43918 "-" "Wget/1.18 (linux-gnu)"
35.245.216.104 - - [16/Apr/2026:16:11:06 +0000] "GET /feed/ HTTP/1.1" 200 86365 "-" "Wget/1.18 (linux-gnu)"
65.108.2.171 - - [16/Apr/2026:16:11:07 +0000] "GET /2010/10/08/what%E2%80%99s-your-fantasy-week-5-2010/feed/?filesrc=%2Fhome%2Fdrivenby%2Fdolfansnyc.com%2Fwp-includes%2Fclass-wp-block-parser-block.php&path=%2Fhome%2Fdrivenby%2Fdolfansnyc.com%2Fwp-includes HTTP/1.1" 200 8409 "-" "Mozilla/5.0 (compatible; MJ12bot/v1.4.8; http://mj12bot.com/)"
216.73.216.138 - - [16/Apr/2026:16:11:09 +0000] "GET /tag/practice/?filesrc=%2F%2Fscripts%2Fcompilers&path=%2F%2Fscripts HTTP/1.1" 200 42539 "-" "Mozilla/5.0 AppleWebKit/537.36 (KHTML, like Gecko; compatible; ClaudeBot/1.0; +claudebot@anthropic.com)"
65.108.2.171 - - [16/Apr/2026:16:11:12 +0000] "GET /2010/10/08/what%E2%80%99s-your-fantasy-week-5-2010/feed/?filesrc=/home/drivenby/dolfansnyc.com/wp-includes/class-wp-block-parser-frame.php&path=/home/drivenby/dolfansnyc.com/wp-includes HTTP/1.1" 301 6717 "-" "Mozilla/5.0 (compatible; MJ12bot/v1.4.8; http://mj12bot.com/)"
216.73.216.138 - - [16/Apr/2026:16:11:14 +0000] "GET /tag/practice/?filesrc=%2F%2Fscripts%2Finstallpkg&path=%2F%2Fscripts HTTP/1.1" 200 39883 "-" "Mozilla/5.0 AppleWebKit/537.36 (KHTML, like Gecko; compatible; ClaudeBot/1.0; +claudebot@anthropic.com)"
65.108.2.171 - - [16/Apr/2026:16:11:18 +0000] "GET /2010/10/08/what%E2%80%99s-your-fantasy-week-5-2010/feed/?filesrc=%2Fhome%2Fdrivenby%2Fdolfansnyc.com%2Fwp-includes%2Fclass-wp-block-parser-frame.php&path=%2Fhome%2Fdrivenby%2Fdolfansnyc.com%2Fwp-includes HTTP/1.1" 200 7740 "-" "Mozilla/5.0 (compatible; MJ12bot/v1.4.8; http://mj12bot.com/)"
216.73.216.138 - - [16/Apr/2026:16:11:19 +0000] "GET /tag/practice/?filesrc=%2F%2Fsys%2Fclass%2Fblock%2Floop0%2Fqueue%2Fnr_requests&path=%2F%2Fsys%2Fclass%2Fblock%2Floop0%2Fqueue HTTP/1.1" 200 39680 "-" "Mozilla/5.0 AppleWebKit/537.36 (KHTML, like Gecko; compatible; ClaudeBot/1.0; +claudebot@anthropic.com)"
216.73.216.138 - - [16/Apr/2026:16:11:24 +0000] "GET /tag/practice/?filesrc=%2F%2Fsys%2Fblock%2Floop0%2Fqueue%2Fio_poll_delay&path=%2F%2Fsys%2Fblock%2Floop0%2Fqueue HTTP/1.1" 200 39566 "-" "Mozilla/5.0 AppleWebKit/537.36 (KHTML, like Gecko; compatible; ClaudeBot/1.0; +claudebot@anthropic.com)"
216.73.216.138 - - [16/Apr/2026:16:11:29 +0000] "GET /tag/practice/?filesrc=%2F%2Fscripts%2Ffixheaders&path=%2F%2Fscripts HTTP/1.1" 200 39890 "-" "Mozilla/5.0 AppleWebKit/537.36 (KHTML, like Gecko; compatible; ClaudeBot/1.0; +claudebot@anthropic.com)"
216.73.216.138 - - [16/Apr/2026:16:11:38 +0000] "GET /tag/practice/?path=%2F%2Fsys%2Fdevices%2Fsystem%2Fmemory%2Fmemory23%2Fpower HTTP/1.1" 200 47191 "-" "Mozilla/5.0 AppleWebKit/537.36 (KHTML, like Gecko; compatible; ClaudeBot/1.0; +claudebot@anthropic.com)"
35.245.216.104 - - [16/Apr/2026:16:11:44 +0000] "GET /feed/ HTTP/1.1" 301 43918 "-" "Wget/1.18 (linux-gnu)"
35.245.216.104 - - [16/Apr/2026:16:11:44 +0000] "GET /feed/ HTTP/1.1" 200 86365 "-" "Wget/1.18 (linux-gnu)"
216.73.216.138 - - [16/Apr/2026:16:11:45 +0000] "GET /tag/practice/?path=%2F%2Fsys%2Fclass%2Finput%2Finput0%2Fdevice%2Fwakeup HTTP/1.1" 200 41553 "-" "Mozilla/5.0 AppleWebKit/537.36 (KHTML, like Gecko; compatible; ClaudeBot/1.0; +claudebot@anthropic.com)"
65.108.2.171 - - [16/Apr/2026:16:11:48 +0000] "GET /2010/10/08/what%E2%80%99s-your-fantasy-week-5-2010/feed/?filesrc=/home/drivenby/dolfansnyc.com/wp-includes/class-wp-block-pattern-categories-registry.php&path=/home/drivenby/dolfansnyc.com/wp-includes HTTP/1.1" 301 10267 "-" "Mozilla/5.0 (compatible; MJ12bot/v1.4.8; http://mj12bot.com/)"
216.73.216.138 - - [16/Apr/2026:16:11:50 +0000] "GET /tag/metlifetakover/?filesrc=%2F%2Fsys%2Fmodule%2Fprocessor%2Fparameters%2Flatency_factor&path=%2F%2Fsys%2Fmodule%2Fprocessor%2Fparameters HTTP/1.1" 200 35237 "-" "Mozilla/5.0 AppleWebKit/537.36 (KHTML, like Gecko; compatible; ClaudeBot/1.0; +claudebot@anthropic.com)"
65.108.2.171 - - [16/Apr/2026:16:11:54 +0000] "GET /2010/10/08/what%E2%80%99s-your-fantasy-week-5-2010/feed/?filesrc=%2Fhome%2Fdrivenby%2Fdolfansnyc.com%2Fwp-includes%2Fclass-wp-block-pattern-categories-registry.php&path=%2Fhome%2Fdrivenby%2Fdolfansnyc.com%2Fwp-includes HTTP/1.1" 200 11305 "-" "Mozilla/5.0 (compatible; MJ12bot/v1.4.8; http://mj12bot.com/)"
216.73.216.138 - - [16/Apr/2026:16:11:55 +0000] "GET /tag/practice/?path=%2F%2Fsys%2Fmodule%2Fnf_log_syslog%2Fsections HTTP/1.1" 200 60899 "-" "Mozilla/5.0 AppleWebKit/537.36 (KHTML, like Gecko; compatible; ClaudeBot/1.0; +claudebot@anthropic.com)"
216.73.216.138 - - [16/Apr/2026:16:12:00 +0000] "GET /tag/practice/?filesrc=%2F%2Fsys%2Fclass%2Fblock%2Floop0%2Fqueue%2Fiosched%2Fread_expire&path=%2F%2Fsys%2Fclass%2Fblock%2Floop0%2Fqueue%2Fiosched HTTP/1.1" 200 39815 "-" "Mozilla/5.0 AppleWebKit/537.36 (KHTML, like Gecko; compatible; ClaudeBot/1.0; +claudebot@anthropic.com)"
216.73.216.138 - - [16/Apr/2026:16:12:05 +0000] "GET /tag/practice/?path=%2F%2Fsys%2Fclass%2Finput%2Fmouse1%2Fdevice%2Fdevice HTTP/1.1" 200 59167 "-" "Mozilla/5.0 AppleWebKit/537.36 (KHTML, like Gecko; compatible; ClaudeBot/1.0; +claudebot@anthropic.com)"
216.73.216.138 - - [16/Apr/2026:16:12:10 +0000] "GET /tag/practice/?filesrc=%2F%2Fsys%2Fmodule%2Fjbd2%2Fsrcversion&path=%2F%2Fsys%2Fmodule%2Fjbd2 HTTP/1.1" 200 39476 "-" "Mozilla/5.0 AppleWebKit/537.36 (KHTML, like Gecko; compatible; ClaudeBot/1.0; +claudebot@anthropic.com)"
65.108.2.171 - - [16/Apr/2026:16:12:12 +0000] "GET /2010/10/08/what%E2%80%99s-your-fantasy-week-5-2010/feed/?filesrc=/home/drivenby/dolfansnyc.com/wp-includes/class-wp-block-patterns-registry.php&path=/home/drivenby/dolfansnyc.com/wp-includes HTTP/1.1" 301 16375 "-" "Mozilla/5.0 (compatible; MJ12bot/v1.4.8; http://mj12bot.com/)"
216.73.216.138 - - [16/Apr/2026:16:12:16 +0000] "GET /tag/practice/?filesrc=%2Fhome%2Fdrivenby%2Fdolfansnyc.com%2Fwp-includes%2FSimplePie%2Fsrc%2FParser.php&path=%2Fhome%2Fdrivenby%2Fdolfansnyc.com%2Fwp-includes%2FSimplePie%2Fsrc HTTP/1.1" 200 84391 "-" "Mozilla/5.0 AppleWebKit/537.36 (KHTML, like Gecko; compatible; ClaudeBot/1.0; +claudebot@anthropic.com)"
65.108.2.171 - - [16/Apr/2026:16:12:18 +0000] "GET /2010/10/08/what%E2%80%99s-your-fantasy-week-5-2010/feed/?filesrc=%2Fhome%2Fdrivenby%2Fdolfansnyc.com%2Fwp-includes%2Fclass-wp-block-patterns-registry.php&path=%2Fhome%2Fdrivenby%2Fdolfansnyc.com%2Fwp-includes HTTP/1.1" 200 17403 "-" "Mozilla/5.0 (compatible; MJ12bot/v1.4.8; http://mj12bot.com/)"
216.73.216.138 - - [16/Apr/2026:16:12:21 +0000] "GET /tag/metlifetakover/?filesrc=%2F%2Fsys%2Fmodule%2Fiptable_mangle%2Fsrcversion&path=%2F%2Fsys%2Fmodule%2Fiptable_mangle HTTP/1.1" 200 35141 "-" "Mozilla/5.0 AppleWebKit/537.36 (KHTML, like Gecko; compatible; ClaudeBot/1.0; +claudebot@anthropic.com)"
216.73.216.138 - - [16/Apr/2026:16:12:30 +0000] "GET /tag/metlifetakover/?path=%2F%2Fsys%2Fmodule%2Fvirtio_console%2Fnotes HTTP/1.1" 200 37283 "-" "Mozilla/5.0 AppleWebKit/537.36 (KHTML, like Gecko; compatible; ClaudeBot/1.0; +claudebot@anthropic.com)"
57.141.20.32 - - [16/Apr/2026:16:12:35 +0000] "GET /2025/12/10/2025-metlifetakeover-photos-recap/?cmd&path=/home/drivenby/access-logs HTTP/1.1" 200 53215 "-" "meta-externalagent/1.1 (+https://developers.facebook.com/docs/sharing/webmasters/crawler)"
216.73.216.138 - - [16/Apr/2026:16:12:35 +0000] "GET /tag/robert-rose/?filesrc=%2F%2Fusr%2Finclude%2Fbits%2Flink_lavcurrent.h&path=%2F%2Fusr%2Finclude%2Fbits HTTP/1.1" 200 42204 "-" "Mozilla/5.0 AppleWebKit/537.36 (KHTML, like Gecko; compatible; ClaudeBot/1.0; +claudebot@anthropic.com)"
65.108.2.171 - - [16/Apr/2026:16:12:36 +0000] "GET /2010/10/08/what%E2%80%99s-your-fantasy-week-5-2010/feed/?filesrc=/home/drivenby/dolfansnyc.com/wp-includes/class-wp-block-processor.php&path=/home/drivenby/dolfansnyc.com/wp-includes HTTP/1.1" 301 77889 "-" "Mozilla/5.0 (compatible; MJ12bot/v1.4.8; http://mj12bot.com/)"
35.245.216.104 - - [16/Apr/2026:16:12:39 +0000] "GET /feed/ HTTP/1.1" 301 43918 "-" "Wget/1.18 (linux-gnu)"
35.245.216.104 - - [16/Apr/2026:16:12:39 +0000] "GET /feed/ HTTP/1.1" 200 86365 "-" "Wget/1.18 (linux-gnu)"
216.73.216.138 - - [16/Apr/2026:16:12:40 +0000] "GET /tag/practice/?filesrc=%2F%2Fsys%2Fclass%2Finput%2Fmouse1%2Fdevice%2Fcapabilities%2Fsnd&path=%2F%2Fsys%2Fclass%2Finput%2Fmouse1%2Fdevice%2Fcapabilities HTTP/1.1" 200 39857 "-" "Mozilla/5.0 AppleWebKit/537.36 (KHTML, like Gecko; compatible; ClaudeBot/1.0; +claudebot@anthropic.com)"
65.108.2.171 - - [16/Apr/2026:16:12:41 +0000] "GET /2010/10/08/what%E2%80%99s-your-fantasy-week-5-2010/feed/?filesrc=%2Fhome%2Fdrivenby%2Fdolfansnyc.com%2Fwp-includes%2Fclass-wp-block-processor.php&path=%2Fhome%2Fdrivenby%2Fdolfansnyc.com%2Fwp-includes HTTP/1.1" 200 78909 "-" "Mozilla/5.0 (compatible; MJ12bot/v1.4.8; http://mj12bot.com/)"
216.73.216.138 - - [16/Apr/2026:16:12:45 +0000] "GET /tag/practice/?filesrc=%2F%2Fsys%2Fdevices%2Fsystem%2Fmemory%2Fmemory38%2Fremovable&path=%2F%2Fsys%2Fdevices%2Fsystem%2Fmemory%2Fmemory38 HTTP/1.1" 200 39734 "-" "Mozilla/5.0 AppleWebKit/537.36 (KHTML, like Gecko; compatible; ClaudeBot/1.0; +claudebot@anthropic.com)"
216.73.216.138 - - [16/Apr/2026:16:12:50 +0000] "GET /tag/robert-rose/?filesrc=%2F%2Fusr%2Finclude%2Fbits%2Fposix_opt.h&path=%2F%2Fusr%2Finclude%2Fbits HTTP/1.1" 200 46873 "-" "Mozilla/5.0 AppleWebKit/537.36 (KHTML, like Gecko; compatible; ClaudeBot/1.0; +claudebot@anthropic.com)"
216.73.216.138 - - [16/Apr/2026:16:12:55 +0000] "GET /tag/practice/?path=%2F%2Fsys%2Fmodule%2Ft10_pi HTTP/1.1" 200 52316 "-" "Mozilla/5.0 AppleWebKit/537.36 (KHTML, like Gecko; compatible; ClaudeBot/1.0; +claudebot@anthropic.com)"
65.108.2.171 - - [16/Apr/2026:16:13:00 +0000] "GET /2010/10/08/what%E2%80%99s-your-fantasy-week-5-2010/feed/?filesrc=/home/drivenby/dolfansnyc.com/wp-includes/class-wp-block-styles-registry.php&path=/home/drivenby/dolfansnyc.com/wp-includes HTTP/1.1" 301 11402 "-" "Mozilla/5.0 (compatible; MJ12bot/v1.4.8; http://mj12bot.com/)"
216.73.216.138 - - [16/Apr/2026:16:13:00 +0000] "GET /tag/robert-rose/?filesrc=%2F%2Fusr%2Finclude%2Fgnu-versions.h&path=%2F%2Fusr%2Finclude HTTP/1.1" 200 43354 "-" "Mozilla/5.0 AppleWebKit/537.36 (KHTML, like Gecko; compatible; ClaudeBot/1.0; +claudebot@anthropic.com)"
216.244.66.242 - - [16/Apr/2026:16:13:04 +0000] "GET /robots.txt HTTP/1.1" 200 271 "-" "Mozilla/5.0 (compatible; DotBot/1.2; +https://opensiteexplorer.org/dotbot; help@moz.com)"
216.73.216.138 - - [16/Apr/2026:16:13:05 +0000] "GET /tag/practice/?filesrc=%2F%2Fsys%2Fdevices%2Fsystem%2Fmemory%2Fmemory23%2Fremovable&path=%2F%2Fsys%2Fdevices%2Fsystem%2Fmemory%2Fmemory23 HTTP/1.1" 200 39734 "-" "Mozilla/5.0 AppleWebKit/537.36 (KHTML, like Gecko; compatible; ClaudeBot/1.0; +claudebot@anthropic.com)"
192.110.213.58 - - [16/Apr/2026:16:13:05 +0000] "GET /2018/12/10/2018-metlifetakeover-video/ HTTP/1.1" 200 82271 "-" "Mozilla/5.0 (Windows NT 6.1; Trident/7.0; rv:11.0) like Gecko"
65.108.2.171 - - [16/Apr/2026:16:13:05 +0000] "GET /2010/10/08/what%E2%80%99s-your-fantasy-week-5-2010/feed/?filesrc=%2Fhome%2Fdrivenby%2Fdolfansnyc.com%2Fwp-includes%2Fclass-wp-block-styles-registry.php&path=%2Fhome%2Fdrivenby%2Fdolfansnyc.com%2Fwp-includes HTTP/1.1" 200 12428 "-" "Mozilla/5.0 (compatible; MJ12bot/v1.4.8; http://mj12bot.com/)"
192.110.213.58 - - [16/Apr/2026:16:13:06 +0000] "POST /2018/12/10/2018-metlifetakeover-video/?filesrc=/home/drivenby/dolfansnyc.com/wp-trackback.php&path=/home/drivenby/dolfansnyc.com HTTP/1.1" 200 48972 "http://dolfansnyc.com/2018/12/10/2018-metlifetakeover-video/" "Mozilla/5.0 (Windows NT 6.1; Trident/7.0; rv:11.0) like Gecko"
216.73.216.138 - - [16/Apr/2026:16:13:10 +0000] "GET /tag/practice/?filesrc=%2F%2Fsys%2Fdevices%2Fsystem%2Fmemory%2Fmemory18%2Fremovable&path=%2F%2Fsys%2Fdevices%2Fsystem%2Fmemory%2Fmemory18 HTTP/1.1" 200 39734 "-" "Mozilla/5.0 AppleWebKit/537.36 (KHTML, like Gecko; compatible; ClaudeBot/1.0; +claudebot@anthropic.com)"
141.94.194.132 - - [16/Apr/2026:16:13:11 +0000] "GET /tag/dan-marino/feed/ HTTP/1.1" 301 43918 "-" "Mozilla/5.0 (X11; Linux i686) AppleWebKit/537.36 (KHTML, like Gecko) Chrome/30.0.1599.66 Safari/537.36"
65.108.2.171 - - [16/Apr/2026:16:13:11 +0000] "GET /2010/10/08/what%E2%80%99s-your-fantasy-week-5-2010/feed/?filesrc=/home/drivenby/dolfansnyc.com/wp-includes/class-wp-block-supports.php&path=/home/drivenby/dolfansnyc.com/wp-includes HTTP/1.1" 301 10583 "-" "Mozilla/5.0 (compatible; MJ12bot/v1.4.8; http://mj12bot.com/)"
141.94.194.132 - - [16/Apr/2026:16:13:11 +0000] "GET /tag/dan-marino/feed/ HTTP/1.1" 200 118173 "-" "Mozilla/5.0 (X11; Linux i686) AppleWebKit/537.36 (KHTML, like Gecko) Chrome/30.0.1599.66 Safari/537.36"
216.73.216.138 - - [16/Apr/2026:16:13:15 +0000] "GET /tag/practice/?filesrc=%2F%2Fsys%2Fmodule%2Flibcrc32c%2Fsrcversion&path=%2F%2Fsys%2Fmodule%2Flibcrc32c HTTP/1.1" 200 39511 "-" "Mozilla/5.0 AppleWebKit/537.36 (KHTML, like Gecko; compatible; ClaudeBot/1.0; +claudebot@anthropic.com)"
65.108.2.171 - - [16/Apr/2026:16:13:17 +0000] "GET /2010/10/08/what%E2%80%99s-your-fantasy-week-5-2010/feed/?filesrc=%2Fhome%2Fdrivenby%2Fdolfansnyc.com%2Fwp-includes%2Fclass-wp-block-supports.php&path=%2Fhome%2Fdrivenby%2Fdolfansnyc.com%2Fwp-includes HTTP/1.1" 200 11602 "-" "Mozilla/5.0 (compatible; MJ12bot/v1.4.8; http://mj12bot.com/)"
216.73.216.138 - - [16/Apr/2026:16:13:20 +0000] "GET /tag/practice/?filesrc=%2F%2Fsys%2Fdevices%2Fsystem%2Fmemory%2Fmemory39%2Fphys_index&path=%2F%2Fsys%2Fdevices%2Fsystem%2Fmemory%2Fmemory39 HTTP/1.1" 200 39742 "-" "Mozilla/5.0 AppleWebKit/537.36 (KHTML, like Gecko; compatible; ClaudeBot/1.0; +claudebot@anthropic.com)"
35.245.216.104 - - [16/Apr/2026:16:13:21 +0000] "GET /feed/ HTTP/1.1" 301 43918 "-" "Wget/1.18 (linux-gnu)"
35.245.216.104 - - [16/Apr/2026:16:13:21 +0000] "GET /feed/ HTTP/1.1" 200 86365 "-" "Wget/1.18 (linux-gnu)"
216.73.216.138 - - [16/Apr/2026:16:13:25 +0000] "GET /tag/practice/?filesrc=%2F%2Fsys%2Fdevices%2Fsystem%2Fmemory%2Fmemory38%2Fphys_index&path=%2F%2Fsys%2Fdevices%2Fsystem%2Fmemory%2Fmemory38 HTTP/1.1" 200 39742 "-" "Mozilla/5.0 AppleWebKit/537.36 (KHTML, like Gecko; compatible; ClaudeBot/1.0; +claudebot@anthropic.com)"
216.73.216.138 - - [16/Apr/2026:16:13:30 +0000] "GET /tag/robert-rose/?filesrc=%2F%2Fusr%2Finclude%2Ftermcap.h&path=%2F%2Fusr%2Finclude HTTP/1.1" 200 44508 "-" "Mozilla/5.0 AppleWebKit/537.36 (KHTML, like Gecko; compatible; ClaudeBot/1.0; +claudebot@anthropic.com)"
65.108.2.171 - - [16/Apr/2026:16:13:34 +0000] "GET /2010/10/08/what%E2%80%99s-your-fantasy-week-5-2010/feed/?filesrc=/home/drivenby/dolfansnyc.com/wp-includes/class-wp-block-template.php&path=/home/drivenby/dolfansnyc.com/wp-includes HTTP/1.1" 301 6764 "-" "Mozilla/5.0 (compatible; MJ12bot/v1.4.8; http://mj12bot.com/)"
35.245.216.104 - - [16/Apr/2026:16:13:35 +0000] "GET /feed/ HTTP/1.1" 301 43918 "-" "Wget/1.18 (linux-gnu)"
35.245.216.104 - - [16/Apr/2026:16:13:35 +0000] "GET /feed/ HTTP/1.1" 200 86365 "-" "Wget/1.18 (linux-gnu)"
216.73.216.138 - - [16/Apr/2026:16:13:35 +0000] "GET /tag/practice/?filesrc=%2F%2Fsys%2Fdevices%2Fsystem%2Fmemory%2Fmemory23%2Fphys_index&path=%2F%2Fsys%2Fdevices%2Fsystem%2Fmemory%2Fmemory23 HTTP/1.1" 200 39742 "-" "Mozilla/5.0 AppleWebKit/537.36 (KHTML, like Gecko; compatible; ClaudeBot/1.0; +claudebot@anthropic.com)"
3.230.224.6 - - [16/Apr/2026:16:13:38 +0000] "GET /2010/11/27/the-raiders/?filesrc=/home/drivenby/dolfansnyc.com/wp-sample.php&path=/home/drivenby/dolfansnyc.com HTTP/1.1" 200 54747 "-" "Mozilla/5.0 AppleWebKit/537.36 (KHTML, like Gecko; compatible; Amazonbot/0.1; +https://developer.amazon.com/support/amazonbot) Chrome/119.0.6045.214 Safari/537.36"
65.108.2.171 - - [16/Apr/2026:16:13:40 +0000] "GET /2010/10/08/what%E2%80%99s-your-fantasy-week-5-2010/feed/?filesrc=%2Fhome%2Fdrivenby%2Fdolfansnyc.com%2Fwp-includes%2Fclass-wp-block-template.php&path=%2Fhome%2Fdrivenby%2Fdolfansnyc.com%2Fwp-includes HTTP/1.1" 200 7783 "-" "Mozilla/5.0 (compatible; MJ12bot/v1.4.8; http://mj12bot.com/)"
216.73.216.138 - - [16/Apr/2026:16:13:40 +0000] "GET /tag/practice/?filesrc=%2F%2Fsys%2Fdevices%2Fsystem%2Fmemory%2Fmemory18%2Fphys_index&path=%2F%2Fsys%2Fdevices%2Fsystem%2Fmemory%2Fmemory18 HTTP/1.1" 200 39742 "-" "Mozilla/5.0 AppleWebKit/537.36 (KHTML, like Gecko; compatible; ClaudeBot/1.0; +claudebot@anthropic.com)"
216.73.216.138 - - [16/Apr/2026:16:13:45 +0000] "GET /tag/practice/?filesrc=%2F%2Fsys%2Fdev%2Fchar%2F4%3A7%2Fsubsystem%2Ftty%2Fpower%2Fruntime_active_time&path=%2F%2Fsys%2Fdev%2Fchar%2F4%3A7%2Fsubsystem%2Ftty%2Fpower HTTP/1.1" 200 39899 "-" "Mozilla/5.0 AppleWebKit/537.36 (KHTML, like Gecko; compatible; ClaudeBot/1.0; +claudebot@anthropic.com)"
216.73.216.138 - - [16/Apr/2026:16:13:50 +0000] "GET /tag/robert-rose/?filesrc=%2F%2Fusr%2Finclude%2Fregex.h&path=%2F%2Fusr%2Finclude HTTP/1.1" 200 66571 "-" "Mozilla/5.0 AppleWebKit/537.36 (KHTML, like Gecko; compatible; ClaudeBot/1.0; +claudebot@anthropic.com)"
216.73.216.138 - - [16/Apr/2026:16:13:55 +0000] "GET /tag/practice/?filesrc=%2F%2Fsys%2Fclass%2Finput%2Fmouse1%2Fdevice%2Fuevent&path=%2F%2Fsys%2Fclass%2Finput%2Fmouse1%2Fdevice HTTP/1.1" 200 39891 "-" "Mozilla/5.0 AppleWebKit/537.36 (KHTML, like Gecko; compatible; ClaudeBot/1.0; +claudebot@anthropic.com)"
65.108.2.171 - - [16/Apr/2026:16:13:58 +0000] "GET /2010/10/08/what%E2%80%99s-your-fantasy-week-5-2010/feed/?filesrc=/home/drivenby/dolfansnyc.com/wp-includes/class-wp-block-templates-registry.php&path=/home/drivenby/dolfansnyc.com/wp-includes HTTP/1.1" 301 12426 "-" "Mozilla/5.0 (compatible; MJ12bot/v1.4.8; http://mj12bot.com/)"
216.73.216.138 - - [16/Apr/2026:16:14:00 +0000] "GET /tag/robert-rose/?filesrc=%2F%2Fusr%2Finclude%2Ffeatures.h&path=%2F%2Fusr%2Finclude HTTP/1.1" 200 57570 "-" "Mozilla/5.0 AppleWebKit/537.36 (KHTML, like Gecko; compatible; ClaudeBot/1.0; +claudebot@anthropic.com)"
65.108.2.171 - - [16/Apr/2026:16:14:04 +0000] "GET /2010/10/08/what%E2%80%99s-your-fantasy-week-5-2010/feed/?filesrc=%2Fhome%2Fdrivenby%2Fdolfansnyc.com%2Fwp-includes%2Fclass-wp-block-templates-registry.php&path=%2Fhome%2Fdrivenby%2Fdolfansnyc.com%2Fwp-includes HTTP/1.1" 200 13455 "-" "Mozilla/5.0 (compatible; MJ12bot/v1.4.8; http://mj12bot.com/)"
3.215.59.93 - - [16/Apr/2026:16:14:06 +0000] "GET /2010/11/27/the-raiders/?filesrc=/home/drivenby/dolfansnyc.com/wp-mail.php&path=/home/drivenby/dolfansnyc.com HTTP/1.1" 200 48949 "-" "Mozilla/5.0 AppleWebKit/537.36 (KHTML, like Gecko; compatible; Amazonbot/0.1; +https://developer.amazon.com/support/amazonbot) Chrome/119.0.6045.214 Safari/537.36"
216.73.216.138 - - [16/Apr/2026:16:14:09 +0000] "GET /tag/robert-rose/?filesrc=%2F%2Fusr%2Finclude%2Fform.h&path=%2F%2Fusr%2Finclude HTTP/1.1" 200 59617 "-" "Mozilla/5.0 AppleWebKit/537.36 (KHTML, like Gecko; compatible; ClaudeBot/1.0; +claudebot@anthropic.com)"
216.73.216.138 - - [16/Apr/2026:16:14:14 +0000] "GET /tag/practice/?filesrc=%2F%2Fsys%2Fdev%2Fchar%2F4%3A7%2Fsubsystem%2FttyS2%2Fpower%2Fcontrol&path=%2F%2Fsys%2Fdev%2Fchar%2F4%3A7%2Fsubsystem%2FttyS2%2Fpower HTTP/1.1" 200 39906 "-" "Mozilla/5.0 AppleWebKit/537.36 (KHTML, like Gecko; compatible; ClaudeBot/1.0; +claudebot@anthropic.com)"
216.73.216.138 - - [16/Apr/2026:16:14:19 +0000] "GET /tag/practice/?filesrc=%2F%2Fsys%2Fdev%2Fchar%2F4%3A7%2Fuevent&path=%2F%2Fsys%2Fdev%2Fchar%2F4%3A7 HTTP/1.1" 200 39545 "-" "Mozilla/5.0 AppleWebKit/537.36 (KHTML, like Gecko; compatible; ClaudeBot/1.0; +claudebot@anthropic.com)"
65.108.2.171 - - [16/Apr/2026:16:14:21 +0000] "GET /2010/10/08/what%E2%80%99s-your-fantasy-week-5-2010/feed/?filesrc=/home/drivenby/dolfansnyc.com/wp-includes/class-wp-block-type-registry.php&path=/home/drivenby/dolfansnyc.com/wp-includes HTTP/1.1" 301 9904 "-" "Mozilla/5.0 (compatible; MJ12bot/v1.4.8; http://mj12bot.com/)"
216.73.216.138 - - [16/Apr/2026:16:14:24 +0000] "GET /tag/practice/?filesrc=%2F%2Fsys%2Fmodule%2Fvirtio_net%2Frefcnt&path=%2F%2Fsys%2Fmodule%2Fvirtio_net HTTP/1.1" 200 39492 "-" "Mozilla/5.0 AppleWebKit/537.36 (KHTML, like Gecko; compatible; ClaudeBot/1.0; +claudebot@anthropic.com)"
65.108.2.171 - - [16/Apr/2026:16:14:27 +0000] "GET /2010/10/08/what%E2%80%99s-your-fantasy-week-5-2010/feed/?filesrc=%2Fhome%2Fdrivenby%2Fdolfansnyc.com%2Fwp-includes%2Fclass-wp-block-type-registry.php&path=%2Fhome%2Fdrivenby%2Fdolfansnyc.com%2Fwp-includes HTTP/1.1" 200 10928 "-" "Mozilla/5.0 (compatible; MJ12bot/v1.4.8; http://mj12bot.com/)"
216.73.216.138 - - [16/Apr/2026:16:14:29 +0000] "GET /tag/robert-rose/?filesrc=%2F%2Fusr%2Finclude%2Ffstab.h&path=%2F%2Fusr%2Finclude HTTP/1.1" 200 44206 "-" "Mozilla/5.0 AppleWebKit/537.36 (KHTML, like Gecko; compatible; ClaudeBot/1.0; +claudebot@anthropic.com)"
216.73.216.138 - - [16/Apr/2026:16:14:34 +0000] "GET /tag/practice/?filesrc=%2F%2Fsys%2Fdevices%2Fsystem%2Fmemory%2Fmemory36%2Fonline&path=%2F%2Fsys%2Fdevices%2Fsystem%2Fmemory%2Fmemory36 HTTP/1.1" 200 39731 "-" "Mozilla/5.0 AppleWebKit/537.36 (KHTML, like Gecko; compatible; ClaudeBot/1.0; +claudebot@anthropic.com)"
216.73.216.138 - - [16/Apr/2026:16:14:39 +0000] "GET /tag/robert-rose/?filesrc=%2F%2Fusr%2Finclude%2Ftermios.h&path=%2F%2Fusr%2Finclude HTTP/1.1" 200 44666 "-" "Mozilla/5.0 AppleWebKit/537.36 (KHTML, like Gecko; compatible; ClaudeBot/1.0; +claudebot@anthropic.com)"
216.73.216.138 - - [16/Apr/2026:16:14:44 +0000] "GET /tag/robert-rose/?path=%2F%2Fusr%2Finclude%2Fnetipx HTTP/1.1" 200 42990 "-" "Mozilla/5.0 AppleWebKit/537.36 (KHTML, like Gecko; compatible; ClaudeBot/1.0; +claudebot@anthropic.com)"
65.108.2.171 - - [16/Apr/2026:16:14:45 +0000] "GET /2010/10/08/what%E2%80%99s-your-fantasy-week-5-2010/feed/?filesrc=/home/drivenby/dolfansnyc.com/wp-includes/class-wp-comment-query.php&path=/home/drivenby/dolfansnyc.com/wp-includes HTTP/1.1" 301 60442 "-" "Mozilla/5.0 (compatible; MJ12bot/v1.4.8; http://mj12bot.com/)"
35.245.216.104 - - [16/Apr/2026:16:14:49 +0000] "GET /feed/ HTTP/1.1" 301 43918 "-" "Wget/1.18 (linux-gnu)"
35.245.216.104 - - [16/Apr/2026:16:14:49 +0000] "GET /feed/ HTTP/1.1" 200 86365 "-" "Wget/1.18 (linux-gnu)"
65.108.2.171 - - [16/Apr/2026:16:14:50 +0000] "GET /2010/10/08/what%E2%80%99s-your-fantasy-week-5-2010/feed/?filesrc=%2Fhome%2Fdrivenby%2Fdolfansnyc.com%2Fwp-includes%2Fclass-wp-comment-query.php&path=%2Fhome%2Fdrivenby%2Fdolfansnyc.com%2Fwp-includes HTTP/1.1" 200 61460 "-" "Mozilla/5.0 (compatible; MJ12bot/v1.4.8; http://mj12bot.com/)"
35.245.216.104 - - [16/Apr/2026:16:15:03 +0000] "GET /feed/ HTTP/1.1" 301 43918 "-" "Wget/1.18 (linux-gnu)"
35.245.216.104 - - [16/Apr/2026:16:15:03 +0000] "GET /feed/ HTTP/1.1" 200 86365 "-" "Wget/1.18 (linux-gnu)"
65.108.2.171 - - [16/Apr/2026:16:15:10 +0000] "GET /2010/10/08/what%E2%80%99s-your-fantasy-week-5-2010/feed/?filesrc=/home/drivenby/dolfansnyc.com/wp-includes/class-wp-dependencies.php&path=/home/drivenby/dolfansnyc.com/wp-includes HTTP/1.1" 301 22318 "-" "Mozilla/5.0 (compatible; MJ12bot/v1.4.8; http://mj12bot.com/)"
65.108.2.171 - - [16/Apr/2026:16:15:16 +0000] "GET /2010/10/08/what%E2%80%99s-your-fantasy-week-5-2010/feed/?filesrc=%2Fhome%2Fdrivenby%2Fdolfansnyc.com%2Fwp-includes%2Fclass-wp-dependencies.php&path=%2Fhome%2Fdrivenby%2Fdolfansnyc.com%2Fwp-includes HTTP/1.1" 200 23335 "-" "Mozilla/5.0 (compatible; MJ12bot/v1.4.8; http://mj12bot.com/)"
154.92.16.251 - - [16/Apr/2026:16:15:38 +0000] "GET / HTTP/1.1" 301 43917 "http://www.dolfansnyc.com" "Mozilla/5.0 (Windows NT 10.0; Win64; x64) AppleWebKit/537.36 (KHTML, like Gecko) Chrome/131.0.0.0 Safari/537.36"
154.92.16.251 - - [16/Apr/2026:16:15:40 +0000] "GET / HTTP/1.1" 200 126499 "http://www.dolfansnyc.com" "Mozilla/5.0 (Windows NT 10.0; Win64; x64) AppleWebKit/537.36 (KHTML, like Gecko) Chrome/131.0.0.0 Safari/537.36"
57.141.20.42 - - [16/Apr/2026:16:15:55 +0000] "GET /2025/12/10/2025-metlifetakeover-photos-recap/?path=/home/drivenby/.htpasswds/public_html HTTP/1.1" 200 42491 "-" "meta-externalagent/1.1 (+https://developers.facebook.com/docs/sharing/webmasters/crawler)"
141.94.194.132 - - [16/Apr/2026:16:15:57 +0000] "GET /2012/04/27/dolfansnyc-reacts-to-dolphins-drafting-tannehill/feed/ HTTP/1.1" 301 43918 "-" "Mozilla/5.0 (X11; Linux i686) AppleWebKit/537.36 (KHTML, like Gecko) Chrome/30.0.1599.66 Safari/537.36"
141.94.194.132 - - [16/Apr/2026:16:15:57 +0000] "GET /2012/04/27/dolfansnyc-reacts-to-dolphins-drafting-tannehill/feed/ HTTP/1.1" 200 46578 "-" "Mozilla/5.0 (X11; Linux i686) AppleWebKit/537.36 (KHTML, like Gecko) Chrome/30.0.1599.66 Safari/537.36"
23.21.175.228 - - [16/Apr/2026:16:16:19 +0000] "GET /2009/10/28/moving-forward/?filesrc=/home/drivenby/dolfansnyc.com/license.txt&path=/home/drivenby/dolfansnyc.com HTTP/1.1" 200 59740 "-" "Mozilla/5.0 AppleWebKit/537.36 (KHTML, like Gecko; compatible; Amazonbot/0.1; +https://developer.amazon.com/support/amazonbot) Chrome/119.0.6045.214 Safari/537.36"
3.217.82.254 - - [16/Apr/2026:16:16:23 +0000] "GET /2010/11/27/the-raiders/?filesrc=/home/drivenby/dolfansnyc.com/wp-comments-post.php&path=/home/drivenby/dolfansnyc.com HTTP/1.1" 200 41731 "-" "Mozilla/5.0 AppleWebKit/537.36 (KHTML, like Gecko; compatible; Amazonbot/0.1; +https://developer.amazon.com/support/amazonbot) Chrome/119.0.6045.214 Safari/537.36"
35.174.253.85 - - [16/Apr/2026:16:16:55 +0000] "GET /2013/06/21/introducing-the-new-dolfans-nyc-logo/comment-page-1/?filesrc=/home/drivenby/dolfansnyc.com/dolfansnyc.jpg&path=/home/drivenby/dolfansnyc.com HTTP/1.1" 301 221427 "-" "Mozilla/5.0 AppleWebKit/537.36 (KHTML, like Gecko; compatible; Amazonbot/0.1; +https://developer.amazon.com/support/amazonbot) Chrome/119.0.6045.214 Safari/537.36"
23.20.178.124 - - [16/Apr/2026:16:16:55 +0000] "GET /2013/06/21/introducing-the-new-dolfans-nyc-logo/comment-page-1/?filesrc=/home/drivenby/dolfansnyc.com/dolfansnyc.jpg&path=/home/drivenby/dolfansnyc.com HTTP/1.1" 301 221418 "-" "Mozilla/5.0 AppleWebKit/537.36 (KHTML, like Gecko; compatible; Amazonbot/0.1; +https://developer.amazon.com/support/amazonbot) Chrome/119.0.6045.214 Safari/537.36"
65.108.2.171 - - [16/Apr/2026:16:16:59 +0000] "GET /2010/10/08/what%E2%80%99s-your-fantasy-week-5-2010/feed/?filesrc=/home/drivenby/dolfansnyc.com/wp-includes/class-wp-dependency.php&path=/home/drivenby/dolfansnyc.com/wp-includes HTTP/1.1" 301 7350 "-" "Mozilla/5.0 (compatible; MJ12bot/v1.4.8; http://mj12bot.com/)"
91.92.243.240 - - [16/Apr/2026:16:17:02 +0000] "POST /wp-login.php HTTP/1.1" 403 0 "-" "Mozilla/5.0"
91.92.243.240 - - [16/Apr/2026:16:17:02 +0000] "POST /wp-login.php HTTP/1.1" 403 0 "-" "Mozilla/5.0"
91.92.243.240 - - [16/Apr/2026:16:17:02 +0000] "POST /wp-login.php HTTP/1.1" 403 0 "-" "Mozilla/5.0"
91.92.243.240 - - [16/Apr/2026:16:17:02 +0000] "POST /wp-login.php HTTP/1.1" 403 0 "-" "Mozilla/5.0"
65.108.2.171 - - [16/Apr/2026:16:17:05 +0000] "GET /2010/10/08/what%E2%80%99s-your-fantasy-week-5-2010/feed/?filesrc=%2Fhome%2Fdrivenby%2Fdolfansnyc.com%2Fwp-includes%2Fclass-wp-dependency.php&path=%2Fhome%2Fdrivenby%2Fdolfansnyc.com%2Fwp-includes HTTP/1.1" 200 8365 "-" "Mozilla/5.0 (compatible; MJ12bot/v1.4.8; http://mj12bot.com/)"
57.141.20.59 - - [16/Apr/2026:16:17:10 +0000] "GET /2025/12/10/2025-metlifetakeover-photos-recap/?filesrc=/home/drivenby/www/wp-admin/css/l10n.css&path=/home/drivenby/www/wp-admin/css HTTP/1.1" 200 46367 "-" "meta-externalagent/1.1 (+https://developers.facebook.com/docs/sharing/webmasters/crawler)"
57.141.20.49 - - [16/Apr/2026:16:17:11 +0000] "GET /2025/12/10/2025-metlifetakeover-photos-recap/?filesrc=/home/drivenby/www/wp-admin/css/color-picker.css&path=/home/drivenby/www/wp-admin/css HTTP/1.1" 200 45582 "-" "meta-externalagent/1.1 (+https://developers.facebook.com/docs/sharing/webmasters/crawler)"
57.141.20.26 - - [16/Apr/2026:16:17:11 +0000] "GET /2025/12/10/2025-metlifetakeover-photos-recap/?filesrc=/home/drivenby/www/wp-admin/css/about-rtl.css&path=/home/drivenby/www/wp-admin/css HTTP/1.1" 200 89684 "-" "meta-externalagent/1.1 (+https://developers.facebook.com/docs/sharing/webmasters/crawler)"
57.141.20.1 - - [16/Apr/2026:16:17:12 +0000] "GET /2025/12/10/2025-metlifetakeover-photos-recap/?filesrc=/home/drivenby/www/wp-admin/css/customize-widgets-rtl.min.css&path=/home/drivenby/www/wp-admin/css HTTP/1.1" 200 53171 "-" "meta-externalagent/1.1 (+https://developers.facebook.com/docs/sharing/webmasters/crawler)"
57.141.20.38 - - [16/Apr/2026:16:17:13 +0000] "GET /2025/12/10/2025-metlifetakeover-photos-recap/?filesrc=/home/drivenby/www/wp-admin/css/l10n.min.css&path=/home/drivenby/www/wp-admin/css HTTP/1.1" 200 44945 "-" "meta-externalagent/1.1 (+https://developers.facebook.com/docs/sharing/webmasters/crawler)"
57.141.20.2 - - [16/Apr/2026:16:17:13 +0000] "GET /2025/12/10/2025-metlifetakeover-photos-recap/?filesrc=/home/drivenby/www/wp-admin/js/post.js&path=/home/drivenby/www/wp-admin/js HTTP/1.1" 200 87817 "-" "meta-externalagent/1.1 (+https://developers.facebook.com/docs/sharing/webmasters/crawler)"
57.141.20.51 - - [16/Apr/2026:16:17:13 +0000] "GET /2025/12/10/2025-metlifetakeover-photos-recap/?filesrc=/home/drivenby/www/wp-admin/css/list-tables.min.css&path=/home/drivenby/www/wp-admin/css HTTP/1.1" 200 78246 "-" "meta-externalagent/1.1 (+https://developers.facebook.com/docs/sharing/webmasters/crawler)"
57.141.20.8 - - [16/Apr/2026:16:17:14 +0000] "GET /2025/12/10/2025-metlifetakeover-photos-recap/?filesrc=/home/drivenby/www/wp-admin/js/password-strength-meter.min.js&path=/home/drivenby/www/wp-admin/js HTTP/1.1" 200 43110 "-" "meta-externalagent/1.1 (+https://developers.facebook.com/docs/sharing/webmasters/crawler)"
57.141.20.7 - - [16/Apr/2026:16:17:15 +0000] "GET /2025/12/10/2025-metlifetakeover-photos-recap/?filesrc=/home/drivenby/www/wp-admin/css/site-health.min.css&path=/home/drivenby/www/wp-admin/css HTTP/1.1" 200 47231 "-" "meta-externalagent/1.1 (+https://developers.facebook.com/docs/sharing/webmasters/crawler)"
57.141.20.14 - - [16/Apr/2026:16:17:15 +0000] "GET /2025/12/10/2025-metlifetakeover-photos-recap/?filesrc=/home/drivenby/www/wp-admin/css/wp-admin.min.css&path=/home/drivenby/www/wp-admin/css HTTP/1.1" 200 42239 "-" "meta-externalagent/1.1 (+https://developers.facebook.com/docs/sharing/webmasters/crawler)"
57.141.20.64 - - [16/Apr/2026:16:17:15 +0000] "GET /2025/12/10/2025-metlifetakeover-photos-recap/?filesrc=/home/drivenby/www/wp-admin/css/farbtastic-rtl.css&path=/home/drivenby/www/wp-admin/css HTTP/1.1" 200 42398 "-" "meta-externalagent/1.1 (+https://developers.facebook.com/docs/sharing/webmasters/crawler)"
57.141.20.58 - - [16/Apr/2026:16:17:16 +0000] "GET /2025/12/10/2025-metlifetakeover-photos-recap/?filesrc=/home/drivenby/www/wp-admin/css/install.css&path=/home/drivenby/www/wp-admin/css HTTP/1.1" 200 47969 "-" "meta-externalagent/1.1 (+https://developers.facebook.com/docs/sharing/webmasters/crawler)"
57.141.20.2 - - [16/Apr/2026:16:17:16 +0000] "GET /2025/12/10/2025-metlifetakeover-photos-recap/?filesrc=/home/drivenby/www/wp-admin/css/install-rtl.css&path=/home/drivenby/www/wp-admin/css HTTP/1.1" 200 48005 "-" "meta-externalagent/1.1 (+https://developers.facebook.com/docs/sharing/webmasters/crawler)"
57.141.20.18 - - [16/Apr/2026:16:17:16 +0000] "GET /2025/12/10/2025-metlifetakeover-photos-recap/?filesrc=/home/drivenby/www/wp-admin/css/list-tables-rtl.min.css&path=/home/drivenby/www/wp-admin/css HTTP/1.1" 200 78275 "-" "meta-externalagent/1.1 (+https://developers.facebook.com/docs/sharing/webmasters/crawler)"
57.141.20.65 - - [16/Apr/2026:16:17:17 +0000] "GET /2025/12/10/2025-metlifetakeover-photos-recap/?filesrc=/home/drivenby/www/wp-admin/css/farbtastic.min.css&path=/home/drivenby/www/wp-admin/css HTTP/1.1" 200 42288 "-" "meta-externalagent/1.1 (+https://developers.facebook.com/docs/sharing/webmasters/crawler)"
57.141.20.32 - - [16/Apr/2026:16:17:17 +0000] "GET /2025/12/10/2025-metlifetakeover-photos-recap/?filesrc=/home/drivenby/www/wp-admin/css/themes-rtl.min.css&path=/home/drivenby/www/wp-admin/css HTTP/1.1" 200 75277 "-" "meta-externalagent/1.1 (+https://developers.facebook.com/docs/sharing/webmasters/crawler)"
57.141.20.9 - - [16/Apr/2026:16:17:18 +0000] "GET /2025/12/10/2025-metlifetakeover-photos-recap/?filesrc=/home/drivenby/www/wp-admin/js/user-profile.min.js&path=/home/drivenby/www/wp-admin/js HTTP/1.1" 200 52521 "-" "meta-externalagent/1.1 (+https://developers.facebook.com/docs/sharing/webmasters/crawler)"
57.141.20.8 - - [16/Apr/2026:16:17:18 +0000] "GET /2025/12/10/2025-metlifetakeover-photos-recap/?filesrc=/home/drivenby/www/wp-admin/css/revisions.css&path=/home/drivenby/www/wp-admin/css HTTP/1.1" 200 52681 "-" "meta-externalagent/1.1 (+https://developers.facebook.com/docs/sharing/webmasters/crawler)"
57.141.20.63 - - [16/Apr/2026:16:17:19 +0000] "GET /2025/12/10/2025-metlifetakeover-photos-recap/?filesrc=/home/drivenby/www/wp-admin/css/code-editor.css&path=/home/drivenby/www/wp-admin/css HTTP/1.1" 200 43387 "-" "meta-externalagent/1.1 (+https://developers.facebook.com/docs/sharing/webmasters/crawler)"
57.141.20.3 - - [16/Apr/2026:16:17:20 +0000] "GET /2025/12/10/2025-metlifetakeover-photos-recap/?filesrc=/home/drivenby/www/wp-admin/css/media.css&path=/home/drivenby/www/wp-admin/css HTTP/1.1" 200 69306 "-" "meta-externalagent/1.1 (+https://developers.facebook.com/docs/sharing/webmasters/crawler)"
57.141.20.45 - - [16/Apr/2026:16:17:20 +0000] "GET /2025/12/10/2025-metlifetakeover-photos-recap/?filesrc=/home/drivenby/www/wp-admin/css/customize-controls-rtl.css&path=/home/drivenby/www/wp-admin/css HTTP/1.1" 200 115540 "-" "meta-externalagent/1.1 (+https://developers.facebook.com/docs/sharing/webmasters/crawler)"
57.141.20.60 - - [16/Apr/2026:16:17:21 +0000] "GET /2025/12/10/2025-metlifetakeover-photos-recap/?filesrc=/home/drivenby/www/wp-admin/css/wp-admin.css&path=/home/drivenby/www/wp-admin/css HTTP/1.1" 200 42140 "-" "meta-externalagent/1.1 (+https://developers.facebook.com/docs/sharing/webmasters/crawler)"
57.141.20.28 - - [16/Apr/2026:16:17:21 +0000] "GET /2025/12/10/2025-metlifetakeover-photos-recap/?filesrc=/home/drivenby/www/wp-admin/js/tags.js&path=/home/drivenby/www/wp-admin/js HTTP/1.1" 200 48790 "-" "meta-externalagent/1.1 (+https://developers.facebook.com/docs/sharing/webmasters/crawler)"
57.141.20.61 - - [16/Apr/2026:16:17:21 +0000] "GET /2025/12/10/2025-metlifetakeover-photos-recap/?filesrc=/home/drivenby/www/wp-admin/css/login.min.css&path=/home/drivenby/www/wp-admin/css HTTP/1.1" 200 48147 "-" "meta-externalagent/1.1 (+https://developers.facebook.com/docs/sharing/webmasters/crawler)"
57.141.20.62 - - [16/Apr/2026:16:17:21 +0000] "GET /2025/12/10/2025-metlifetakeover-photos-recap/?filesrc=/home/drivenby/www/wp-admin/js/site-icon.min.js&path=/home/drivenby/www/wp-admin/js HTTP/1.1" 200 44571 "-" "meta-externalagent/1.1 (+https://developers.facebook.com/docs/sharing/webmasters/crawler)"
57.141.20.54 - - [16/Apr/2026:16:17:22 +0000] "GET /2025/12/10/2025-metlifetakeover-photos-recap/?filesrc=/home/drivenby/www/wp-admin/css/widgets.min.css&path=/home/drivenby/www/wp-admin/css HTTP/1.1" 200 56228 "-" "meta-externalagent/1.1 (+https://developers.facebook.com/docs/sharing/webmasters/crawler)"
57.141.20.10 - - [16/Apr/2026:16:17:22 +0000] "GET /2025/12/10/2025-metlifetakeover-photos-recap/?path=/home/drivenby/www/wp-admin/js/widgets HTTP/1.1" 200 61454 "-" "meta-externalagent/1.1 (+https://developers.facebook.com/docs/sharing/webmasters/crawler)"
57.141.20.65 - - [16/Apr/2026:16:17:23 +0000] "GET /2025/12/10/2025-metlifetakeover-photos-recap/?filesrc=/home/drivenby/www/wp-admin/js/customize-nav-menus.min.js&path=/home/drivenby/www/wp-admin/js HTTP/1.1" 200 98792 "-" "meta-externalagent/1.1 (+https://developers.facebook.com/docs/sharing/webmasters/crawler)"
57.141.20.45 - - [16/Apr/2026:16:17:23 +0000] "GET /2025/12/10/2025-metlifetakeover-photos-recap/?filesrc=/home/drivenby/www/wp-admin/css/customize-nav-menus.min.css&path=/home/drivenby/www/wp-admin/css HTTP/1.1" 200 60411 "-" "meta-externalagent/1.1 (+https://developers.facebook.com/docs/sharing/webmasters/crawler)"
65.108.2.171 - - [16/Apr/2026:16:17:23 +0000] "GET /2010/10/08/what%E2%80%99s-your-fantasy-week-5-2010/feed/?filesrc=/home/drivenby/dolfansnyc.com/wp-includes/class-wp-duotone.php&path=/home/drivenby/dolfansnyc.com/wp-includes HTTP/1.1" 301 49081 "-" "Mozilla/5.0 (compatible; MJ12bot/v1.4.8; http://mj12bot.com/)"
57.141.20.61 - - [16/Apr/2026:16:17:24 +0000] "GET /2025/12/10/2025-metlifetakeover-photos-recap/?filesrc=/home/drivenby/www/wp-admin/css/widgets-rtl.min.css&path=/home/drivenby/www/wp-admin/css HTTP/1.1" 200 56234 "-" "meta-externalagent/1.1 (+https://developers.facebook.com/docs/sharing/webmasters/crawler)"
57.141.20.70 - - [16/Apr/2026:16:17:24 +0000] "GET /2025/12/10/2025-metlifetakeover-photos-recap/?filesrc=/home/drivenby/www/wp-admin/css/farbtastic-rtl.min.css&path=/home/drivenby/www/wp-admin/css HTTP/1.1" 200 42293 "-" "meta-externalagent/1.1 (+https://developers.facebook.com/docs/sharing/webmasters/crawler)"
57.141.20.7 - - [16/Apr/2026:16:17:24 +0000] "GET /2025/12/10/2025-metlifetakeover-photos-recap/?filesrc=/home/drivenby/www/wp-admin/css/customize-widgets-rtl.css&path=/home/drivenby/www/wp-admin/css HTTP/1.1" 200 56996 "-" "meta-externalagent/1.1 (+https://developers.facebook.com/docs/sharing/webmasters/crawler)"
57.141.20.56 - - [16/Apr/2026:16:17:24 +0000] "GET /2025/12/10/2025-metlifetakeover-photos-recap/?filesrc=/home/drivenby/www/wp-admin/js/media.min.js&path=/home/drivenby/www/wp-admin/js HTTP/1.1" 200 44853 "-" "meta-externalagent/1.1 (+https://developers.facebook.com/docs/sharing/webmasters/crawler)"
57.141.20.67 - - [16/Apr/2026:16:17:25 +0000] "GET /2025/12/10/2025-metlifetakeover-photos-recap/?filesrc=/home/drivenby/www/wp-admin/js/word-count.js&path=/home/drivenby/www/wp-admin/js HTTP/1.1" 200 49788 "-" "meta-externalagent/1.1 (+https://developers.facebook.com/docs/sharing/webmasters/crawler)"
57.141.20.32 - - [16/Apr/2026:16:17:25 +0000] "GET /2025/12/10/2025-metlifetakeover-photos-recap/?filesrc=/home/drivenby/www/wp-admin/includes/update.php&path=/home/drivenby/www/wp-admin/includes HTTP/1.1" 200 81354 "-" "meta-externalagent/1.1 (+https://developers.facebook.com/docs/sharing/webmasters/crawler)"
57.141.20.52 - - [16/Apr/2026:16:17:26 +0000] "GET /2025/12/10/2025-metlifetakeover-photos-recap/?filesrc=/home/drivenby/www/wp-admin/css/customize-controls.css&path=/home/drivenby/www/wp-admin/css HTTP/1.1" 200 115454 "-" "meta-externalagent/1.1 (+https://developers.facebook.com/docs/sharing/webmasters/crawler)"
57.141.20.63 - - [16/Apr/2026:16:17:26 +0000] "GET /2025/12/10/2025-metlifetakeover-photos-recap/?filesrc=/home/drivenby/www/wp-admin/includes/class-walker-nav-menu-checklist.php&path=/home/drivenby/www/wp-admin/includes HTTP/1.1" 200 48687 "-" "meta-externalagent/1.1 (+https://developers.facebook.com/docs/sharing/webmasters/crawler)"
57.141.20.54 - - [16/Apr/2026:16:17:26 +0000] "GET /2025/12/10/2025-metlifetakeover-photos-recap/?filesrc=/home/drivenby/www/wp-admin/js/privacy-tools.min.js&path=/home/drivenby/www/wp-admin/js HTTP/1.1" 200 48192 "-" "meta-externalagent/1.1 (+https://developers.facebook.com/docs/sharing/webmasters/crawler)"
57.141.20.52 - - [16/Apr/2026:16:17:26 +0000] "GET /2025/12/10/2025-metlifetakeover-photos-recap/?filesrc=/home/drivenby/www/wp-admin/includes/continents-cities.php&path=/home/drivenby/www/wp-admin/includes HTTP/1.1" 200 72893 "-" "meta-externalagent/1.1 (+https://developers.facebook.com/docs/sharing/webmasters/crawler)"
57.141.20.0 - - [16/Apr/2026:16:17:27 +0000] "GET /2025/12/10/2025-metlifetakeover-photos-recap/?filesrc=/home/drivenby/www/wp-admin/includes/user.php&path=/home/drivenby/www/wp-admin/includes HTTP/1.1" 200 68410 "-" "meta-externalagent/1.1 (+https://developers.facebook.com/docs/sharing/webmasters/crawler)"
