57.141.20.38 - - [16/Apr/2026:12:54:12 +0000] "GET /2025/12/10/2025-metlifetakeover-photos-recap/?filebaru&path=//sys/block HTTP/1.1" 200 45265 "-" "meta-externalagent/1.1 (+https://developers.facebook.com/docs/sharing/webmasters/crawler)"
57.141.20.5 - - [16/Apr/2026:12:54:13 +0000] "GET /2025/12/10/2025-metlifetakeover-photos-recap/?path=//sys/bus/serio HTTP/1.1" 200 47528 "-" "meta-externalagent/1.1 (+https://developers.facebook.com/docs/sharing/webmasters/crawler)"
57.141.20.20 - - [16/Apr/2026:12:54:13 +0000] "GET /2025/12/10/2025-metlifetakeover-photos-recap/?dirbaru&path=//sys/kernel HTTP/1.1" 200 66366 "-" "meta-externalagent/1.1 (+https://developers.facebook.com/docs/sharing/webmasters/crawler)"
57.141.20.16 - - [16/Apr/2026:12:54:14 +0000] "GET /2025/12/10/2025-metlifetakeover-photos-recap/?dirbaru&path=//sys/bus HTTP/1.1" 200 69884 "-" "meta-externalagent/1.1 (+https://developers.facebook.com/docs/sharing/webmasters/crawler)"
57.141.20.43 - - [16/Apr/2026:12:54:15 +0000] "GET /2025/12/10/2025-metlifetakeover-photos-recap/?path=//sys/devices/uprobe HTTP/1.1" 200 48521 "-" "meta-externalagent/1.1 (+https://developers.facebook.com/docs/sharing/webmasters/crawler)"
57.141.20.26 - - [16/Apr/2026:12:54:15 +0000] "GET /2025/12/10/2025-metlifetakeover-photos-recap/?path=//sys/module/sysimgblt HTTP/1.1" 200 54511 "-" "meta-externalagent/1.1 (+https://developers.facebook.com/docs/sharing/webmasters/crawler)"
57.141.20.4 - - [16/Apr/2026:12:54:16 +0000] "GET /2025/12/10/2025-metlifetakeover-photos-recap/?path=//sys/devices/pnp0 HTTP/1.1" 200 47784 "-" "meta-externalagent/1.1 (+https://developers.facebook.com/docs/sharing/webmasters/crawler)"
216.73.216.138 - - [16/Apr/2026:12:54:16 +0000] "GET /tag/tom-brady/?filesrc=%2Fhome%2Fdrivenby%2Fdolfansnyc.com%2Fwp-admin%2Fnetwork%2Fupgrade.php&path=%2Fhome%2Fdrivenby%2Fdolfansnyc.com%2Fwp-admin%2Fnetwork HTTP/1.1" 200 49029 "-" "Mozilla/5.0 AppleWebKit/537.36 (KHTML, like Gecko; compatible; ClaudeBot/1.0; +claudebot@anthropic.com)"
57.141.20.33 - - [16/Apr/2026:12:54:16 +0000] "GET /2025/12/10/2025-metlifetakeover-photos-recap/?path=//sys/module/ata_piix HTTP/1.1" 200 56540 "-" "meta-externalagent/1.1 (+https://developers.facebook.com/docs/sharing/webmasters/crawler)"
57.141.20.7 - - [16/Apr/2026:12:54:16 +0000] "GET /2025/12/10/2025-metlifetakeover-photos-recap/?path=//sys/bus/container HTTP/1.1" 200 47636 "-" "meta-externalagent/1.1 (+https://developers.facebook.com/docs/sharing/webmasters/crawler)"
57.141.20.27 - - [16/Apr/2026:12:54:17 +0000] "GET /2025/12/10/2025-metlifetakeover-photos-recap/?path=//sys/module/tcp_cubic HTTP/1.1" 200 45567 "-" "meta-externalagent/1.1 (+https://developers.facebook.com/docs/sharing/webmasters/crawler)"
57.141.20.8 - - [16/Apr/2026:12:54:17 +0000] "GET /2025/12/10/2025-metlifetakeover-photos-recap/?path=//sys/module/usbhid HTTP/1.1" 200 45217 "-" "meta-externalagent/1.1 (+https://developers.facebook.com/docs/sharing/webmasters/crawler)"
57.141.20.0 - - [16/Apr/2026:12:54:18 +0000] "GET /2025/12/10/2025-metlifetakeover-photos-recap/?path=//sys/bus/clocksource HTTP/1.1" 200 47690 "-" "meta-externalagent/1.1 (+https://developers.facebook.com/docs/sharing/webmasters/crawler)"
57.141.20.16 - - [16/Apr/2026:12:54:18 +0000] "GET /2025/12/10/2025-metlifetakeover-photos-recap/?path=//sys/kernel/mm HTTP/1.1" 200 46622 "-" "meta-externalagent/1.1 (+https://developers.facebook.com/docs/sharing/webmasters/crawler)"
57.141.20.65 - - [16/Apr/2026:12:54:18 +0000] "GET /2025/12/10/2025-metlifetakeover-photos-recap/?path=//sys/module/acpiphp HTTP/1.1" 200 44346 "-" "meta-externalagent/1.1 (+https://developers.facebook.com/docs/sharing/webmasters/crawler)"
57.141.20.39 - - [16/Apr/2026:12:54:19 +0000] "GET /2025/12/10/2025-metlifetakeover-photos-recap/?path=//sys/module/shpchp HTTP/1.1" 200 45218 "-" "meta-externalagent/1.1 (+https://developers.facebook.com/docs/sharing/webmasters/crawler)"
57.141.20.37 - - [16/Apr/2026:12:54:19 +0000] "GET /2025/12/10/2025-metlifetakeover-photos-recap/?path=//sys/devices/msr HTTP/1.1" 200 49309 "-" "meta-externalagent/1.1 (+https://developers.facebook.com/docs/sharing/webmasters/crawler)"
57.141.20.62 - - [16/Apr/2026:12:54:21 +0000] "GET /2025/12/10/2025-metlifetakeover-photos-recap/?path=//sys/module/random HTTP/1.1" 200 44330 "-" "meta-externalagent/1.1 (+https://developers.facebook.com/docs/sharing/webmasters/crawler)"
57.141.20.63 - - [16/Apr/2026:12:54:21 +0000] "GET /2025/12/10/2025-metlifetakeover-photos-recap/?upload&path=//sys/block HTTP/1.1" 200 45055 "-" "meta-externalagent/1.1 (+https://developers.facebook.com/docs/sharing/webmasters/crawler)"
216.73.216.138 - - [16/Apr/2026:12:54:21 +0000] "GET /tag/robert-rose/?path=%2F%2Fdev%2Fdisk%2Fby-partuuid HTTP/1.1" 200 41826 "-" "Mozilla/5.0 AppleWebKit/537.36 (KHTML, like Gecko; compatible; ClaudeBot/1.0; +claudebot@anthropic.com)"
57.141.20.27 - - [16/Apr/2026:12:54:21 +0000] "GET /2025/12/10/2025-metlifetakeover-photos-recap/?path=//sys/module/i2c_piix4 HTTP/1.1" 200 55408 "-" "meta-externalagent/1.1 (+https://developers.facebook.com/docs/sharing/webmasters/crawler)"
57.141.20.53 - - [16/Apr/2026:12:54:22 +0000] "GET /2025/12/10/2025-metlifetakeover-photos-recap/?cmd&path=//sys/block HTTP/1.1" 200 45047 "-" "meta-externalagent/1.1 (+https://developers.facebook.com/docs/sharing/webmasters/crawler)"
57.141.20.68 - - [16/Apr/2026:12:54:22 +0000] "GET /2025/12/10/2025-metlifetakeover-photos-recap/?path=//sys/bus/event_source HTTP/1.1" 200 47718 "-" "meta-externalagent/1.1 (+https://developers.facebook.com/docs/sharing/webmasters/crawler)"
57.141.20.32 - - [16/Apr/2026:12:54:23 +0000] "GET /2025/12/10/2025-metlifetakeover-photos-recap/?path=//sys/module/edac_core HTTP/1.1" 200 44378 "-" "meta-externalagent/1.1 (+https://developers.facebook.com/docs/sharing/webmasters/crawler)"
57.141.20.8 - - [16/Apr/2026:12:54:24 +0000] "GET /2025/12/10/2025-metlifetakeover-photos-recap/?path=//sys/module/virtio_pci HTTP/1.1" 200 46486 "-" "meta-externalagent/1.1 (+https://developers.facebook.com/docs/sharing/webmasters/crawler)"
57.141.20.17 - - [16/Apr/2026:12:54:25 +0000] "GET /2025/12/10/2025-metlifetakeover-photos-recap/?path=//sys/module/drm HTTP/1.1" 200 55102 "-" "meta-externalagent/1.1 (+https://developers.facebook.com/docs/sharing/webmasters/crawler)"
57.141.20.44 - - [16/Apr/2026:12:54:25 +0000] "GET /2025/12/10/2025-metlifetakeover-photos-recap/?upload&path=//sys/devices HTTP/1.1" 200 53835 "-" "meta-externalagent/1.1 (+https://developers.facebook.com/docs/sharing/webmasters/crawler)"
57.141.20.42 - - [16/Apr/2026:12:54:26 +0000] "GET /2025/12/10/2025-metlifetakeover-photos-recap/?mass_deface&path=//sys/devices HTTP/1.1" 200 54584 "-" "meta-externalagent/1.1 (+https://developers.facebook.com/docs/sharing/webmasters/crawler)"
216.73.216.138 - - [16/Apr/2026:12:54:26 +0000] "GET /tag/practice/?path=%2F%2Fproc%2F3785107 HTTP/1.1" 200 40077 "-" "Mozilla/5.0 AppleWebKit/537.36 (KHTML, like Gecko; compatible; ClaudeBot/1.0; +claudebot@anthropic.com)"
57.141.20.39 - - [16/Apr/2026:12:54:27 +0000] "GET /2025/12/10/2025-metlifetakeover-photos-recap/?path=//sys/class/pps HTTP/1.1" 200 42200 "-" "meta-externalagent/1.1 (+https://developers.facebook.com/docs/sharing/webmasters/crawler)"
57.141.20.4 - - [16/Apr/2026:12:54:28 +0000] "GET /2025/12/10/2025-metlifetakeover-photos-recap/?path=//sys/module/xt_set HTTP/1.1" 200 54360 "-" "meta-externalagent/1.1 (+https://developers.facebook.com/docs/sharing/webmasters/crawler)"
35.245.216.104 - - [16/Apr/2026:12:54:29 +0000] "GET /feed/ HTTP/1.1" 301 43918 "-" "Wget/1.18 (linux-gnu)"
57.141.20.5 - - [16/Apr/2026:12:54:29 +0000] "GET /2025/12/10/2025-metlifetakeover-photos-recap/?dirbaru&path=//sys/dev HTTP/1.1" 200 44206 "-" "meta-externalagent/1.1 (+https://developers.facebook.com/docs/sharing/webmasters/crawler)"
35.245.216.104 - - [16/Apr/2026:12:54:29 +0000] "GET /feed/ HTTP/1.1" 200 86365 "-" "Wget/1.18 (linux-gnu)"
57.141.20.5 - - [16/Apr/2026:12:54:29 +0000] "GET /2025/12/10/2025-metlifetakeover-photos-recap/?path=//sys/module/kvm_amd HTTP/1.1" 200 55313 "-" "meta-externalagent/1.1 (+https://developers.facebook.com/docs/sharing/webmasters/crawler)"
35.245.216.104 - - [16/Apr/2026:12:54:30 +0000] "GET /feed/ HTTP/1.1" 301 43918 "-" "Wget/1.18 (linux-gnu)"
35.245.216.104 - - [16/Apr/2026:12:54:30 +0000] "GET /feed/ HTTP/1.1" 200 86365 "-" "Wget/1.18 (linux-gnu)"
57.141.20.12 - - [16/Apr/2026:12:54:31 +0000] "GET /2025/12/10/2025-metlifetakeover-photos-recap/?path=//sys/devices/LNXSYSTM:00 HTTP/1.1" 200 51648 "-" "meta-externalagent/1.1 (+https://developers.facebook.com/docs/sharing/webmasters/crawler)"
57.141.20.55 - - [16/Apr/2026:12:54:33 +0000] "GET /2025/12/10/2025-metlifetakeover-photos-recap/?phpinfo&path=//sys/bus HTTP/1.1" 200 101117 "-" "meta-externalagent/1.1 (+https://developers.facebook.com/docs/sharing/webmasters/crawler)"
216.73.216.138 - - [16/Apr/2026:12:54:33 +0000] "GET /tag/practice/?filesrc=%2F%2Fsys%2Fdev%2Fchar%2F4%3A64%2Fpower%2Fruntime_status&path=%2F%2Fsys%2Fdev%2Fchar%2F4%3A64%2Fpower HTTP/1.1" 200 39654 "-" "Mozilla/5.0 AppleWebKit/537.36 (KHTML, like Gecko; compatible; ClaudeBot/1.0; +claudebot@anthropic.com)"
57.141.20.41 - - [16/Apr/2026:12:54:33 +0000] "GET /2025/12/10/2025-metlifetakeover-photos-recap/?phpinfo&path=//sys/fs HTTP/1.1" 200 101104 "-" "meta-externalagent/1.1 (+https://developers.facebook.com/docs/sharing/webmasters/crawler)"
57.141.20.9 - - [16/Apr/2026:12:54:34 +0000] "GET /2025/12/10/2025-metlifetakeover-photos-recap/?path=//sys/module/crc32c_intel HTTP/1.1" 200 54660 "-" "meta-externalagent/1.1 (+https://developers.facebook.com/docs/sharing/webmasters/crawler)"
57.141.20.54 - - [16/Apr/2026:12:54:34 +0000] "GET /2025/12/10/2025-metlifetakeover-photos-recap/?path=//sys/module/rng_core HTTP/1.1" 200 44362 "-" "meta-externalagent/1.1 (+https://developers.facebook.com/docs/sharing/webmasters/crawler)"
57.141.20.59 - - [16/Apr/2026:12:54:36 +0000] "GET /2025/12/10/2025-metlifetakeover-photos-recap/?path=//sys/module/cpuidle HTTP/1.1" 200 44346 "-" "meta-externalagent/1.1 (+https://developers.facebook.com/docs/sharing/webmasters/crawler)"
57.141.20.67 - - [16/Apr/2026:12:54:36 +0000] "GET /2025/12/10/2025-metlifetakeover-photos-recap/?path=//sys/module/pciehp HTTP/1.1" 200 44330 "-" "meta-externalagent/1.1 (+https://developers.facebook.com/docs/sharing/webmasters/crawler)"
57.141.20.29 - - [16/Apr/2026:12:54:37 +0000] "GET /2025/12/10/2025-metlifetakeover-photos-recap/?cmd&path=//sys/kernel HTTP/1.1" 200 66332 "-" "meta-externalagent/1.1 (+https://developers.facebook.com/docs/sharing/webmasters/crawler)"
57.141.20.66 - - [16/Apr/2026:12:54:37 +0000] "GET /2025/12/10/2025-metlifetakeover-photos-recap/?path=//sys/module/scsi_dh_rdac HTTP/1.1" 200 45627 "-" "meta-externalagent/1.1 (+https://developers.facebook.com/docs/sharing/webmasters/crawler)"
57.141.20.59 - - [16/Apr/2026:12:54:38 +0000] "GET /2025/12/10/2025-metlifetakeover-photos-recap/?path=//sys/devices/virtual HTTP/1.1" 200 57304 "-" "meta-externalagent/1.1 (+https://developers.facebook.com/docs/sharing/webmasters/crawler)"
216.73.216.138 - - [16/Apr/2026:12:54:38 +0000] "GET /tag/practice/?filesrc=%2F%2Fsys%2Fdev%2Fchar%2F4%3A9%2Fpower%2Fruntime_status&path=%2F%2Fsys%2Fdev%2Fchar%2F4%3A9%2Fpower HTTP/1.1" 200 39646 "-" "Mozilla/5.0 AppleWebKit/537.36 (KHTML, like Gecko; compatible; ClaudeBot/1.0; +claudebot@anthropic.com)"
57.141.20.9 - - [16/Apr/2026:12:54:39 +0000] "GET /2025/12/10/2025-metlifetakeover-photos-recap/?path=//sys/module/xz_dec HTTP/1.1" 200 44606 "-" "meta-externalagent/1.1 (+https://developers.facebook.com/docs/sharing/webmasters/crawler)"
57.141.20.10 - - [16/Apr/2026:12:54:40 +0000] "GET /2025/12/10/2025-metlifetakeover-photos-recap/?path=//sys/module/net_failover HTTP/1.1" 200 54661 "-" "meta-externalagent/1.1 (+https://developers.facebook.com/docs/sharing/webmasters/crawler)"
57.141.20.12 - - [16/Apr/2026:12:54:40 +0000] "GET /2025/12/10/2025-metlifetakeover-photos-recap/?path=//sys/bus/scsi HTTP/1.1" 200 47502 "-" "meta-externalagent/1.1 (+https://developers.facebook.com/docs/sharing/webmasters/crawler)"
57.141.20.32 - - [16/Apr/2026:12:54:42 +0000] "GET /2025/12/10/2025-metlifetakeover-photos-recap/?path=//sys/firmware/qemu_fw_cfg HTTP/1.1" 200 45327 "-" "meta-externalagent/1.1 (+https://developers.facebook.com/docs/sharing/webmasters/crawler)"
216.73.216.138 - - [16/Apr/2026:12:54:43 +0000] "GET /tag/practice/?filesrc=%2F%2Fsys%2Fdev%2Fchar%2F1%3A5%2Fpower%2Fruntime_status&path=%2F%2Fsys%2Fdev%2Fchar%2F1%3A5%2Fpower HTTP/1.1" 200 39646 "-" "Mozilla/5.0 AppleWebKit/537.36 (KHTML, like Gecko; compatible; ClaudeBot/1.0; +claudebot@anthropic.com)"
57.141.20.37 - - [16/Apr/2026:12:54:44 +0000] "GET /2025/12/10/2025-metlifetakeover-photos-recap/?dirbaru&path=//sys/power HTTP/1.1" 200 58759 "-" "meta-externalagent/1.1 (+https://developers.facebook.com/docs/sharing/webmasters/crawler)"
57.141.20.0 - - [16/Apr/2026:12:54:44 +0000] "GET /2025/12/10/2025-metlifetakeover-photos-recap/?path=//sys/bus/pnp HTTP/1.1" 200 47474 "-" "meta-externalagent/1.1 (+https://developers.facebook.com/docs/sharing/webmasters/crawler)"
57.141.20.54 - - [16/Apr/2026:12:54:44 +0000] "GET /2025/12/10/2025-metlifetakeover-photos-recap/?path=//sys/kernel/tracing HTTP/1.1" 200 42247 "-" "meta-externalagent/1.1 (+https://developers.facebook.com/docs/sharing/webmasters/crawler)"
57.141.20.4 - - [16/Apr/2026:12:54:45 +0000] "GET /2025/12/10/2025-metlifetakeover-photos-recap/?path=//sys/module/module HTTP/1.1" 200 44329 "-" "meta-externalagent/1.1 (+https://developers.facebook.com/docs/sharing/webmasters/crawler)"
57.141.20.69 - - [16/Apr/2026:12:54:45 +0000] "GET /2025/12/10/2025-metlifetakeover-photos-recap/?path=//sys/module/ip_tables HTTP/1.1" 200 54511 "-" "meta-externalagent/1.1 (+https://developers.facebook.com/docs/sharing/webmasters/crawler)"
57.141.20.55 - - [16/Apr/2026:12:54:47 +0000] "GET /2025/12/10/2025-metlifetakeover-photos-recap/?path=//sys/module/iptable_mangle HTTP/1.1" 200 54761 "-" "meta-externalagent/1.1 (+https://developers.facebook.com/docs/sharing/webmasters/crawler)"
57.141.20.34 - - [16/Apr/2026:12:54:47 +0000] "GET /2025/12/10/2025-metlifetakeover-photos-recap/?path=//sys/module/cryptomgr HTTP/1.1" 200 44378 "-" "meta-externalagent/1.1 (+https://developers.facebook.com/docs/sharing/webmasters/crawler)"
216.73.216.138 - - [16/Apr/2026:12:54:48 +0000] "GET /tag/mnf/?path=%2Fhome%2Fdrivenby%2Fdolfansnyc.com%2Fwp-includes%2Fsodium_compat%2Fsrc%2FCore32%2FSecretStream HTTP/1.1" 200 47349 "-" "Mozilla/5.0 AppleWebKit/537.36 (KHTML, like Gecko; compatible; ClaudeBot/1.0; +claudebot@anthropic.com)"
57.141.20.33 - - [16/Apr/2026:12:54:49 +0000] "GET /2025/12/10/2025-metlifetakeover-photos-recap/?path=//sys/module/intel_rapl_msr HTTP/1.1" 200 55673 "-" "meta-externalagent/1.1 (+https://developers.facebook.com/docs/sharing/webmasters/crawler)"
145.223.130.173 - - [16/Apr/2026:12:54:51 +0000] "GET /tag/new-york-city-miami-dolphins/ HTTP/1.1" 301 43919 "-" "Mozilla/5.0 (Macintosh; Intel Mac OS X 10_15_7) AppleWebKit/537.36 (KHTML, like Gecko) Chrome/120.0.0.0 Safari/537.36"
57.141.20.18 - - [16/Apr/2026:12:54:52 +0000] "GET /2025/12/10/2025-metlifetakeover-photos-recap/?upload&path=//sys/bus HTTP/1.1" 200 69858 "-" "meta-externalagent/1.1 (+https://developers.facebook.com/docs/sharing/webmasters/crawler)"
145.223.130.173 - - [16/Apr/2026:12:54:52 +0000] "GET /tag/new-york-city-miami-dolphins/ HTTP/1.1" 200 73469 "-" "Mozilla/5.0 (Macintosh; Intel Mac OS X 10_15_7) AppleWebKit/537.36 (KHTML, like Gecko) Chrome/120.0.0.0 Safari/537.36"
216.73.216.138 - - [16/Apr/2026:12:54:53 +0000] "GET /tag/nic-grigsby/?path=%2F%2Flib64%2Fpython2.7%2FDemo%2Fmetaclasses HTTP/1.1" 200 69848 "-" "Mozilla/5.0 AppleWebKit/537.36 (KHTML, like Gecko; compatible; ClaudeBot/1.0; +claudebot@anthropic.com)"
57.141.20.59 - - [16/Apr/2026:12:54:53 +0000] "GET /2025/12/10/2025-metlifetakeover-photos-recap/?path=//sys/block/sda HTTP/1.1" 200 71301 "-" "meta-externalagent/1.1 (+https://developers.facebook.com/docs/sharing/webmasters/crawler)"
57.141.20.35 - - [16/Apr/2026:12:54:57 +0000] "GET /2025/12/10/2025-metlifetakeover-photos-recap/?path=//sys/module/libcrc32c HTTP/1.1" 200 54511 "-" "meta-externalagent/1.1 (+https://developers.facebook.com/docs/sharing/webmasters/crawler)"
57.141.20.26 - - [16/Apr/2026:12:54:57 +0000] "GET /2025/12/10/2025-metlifetakeover-photos-recap/?path=//sys/module/hid_magicmouse HTTP/1.1" 200 45370 "-" "meta-externalagent/1.1 (+https://developers.facebook.com/docs/sharing/webmasters/crawler)"
57.141.20.32 - - [16/Apr/2026:12:54:57 +0000] "GET /2025/12/10/2025-metlifetakeover-photos-recap/?path=//sys/class/msr HTTP/1.1" 200 43928 "-" "meta-externalagent/1.1 (+https://developers.facebook.com/docs/sharing/webmasters/crawler)"
216.73.216.138 - - [16/Apr/2026:12:54:58 +0000] "GET /tag/practice/?path=%2F%2Fsys%2Fdevices%2Fvirtual%2Fmem%2Frandom%2Fpower HTTP/1.1" 200 47066 "-" "Mozilla/5.0 AppleWebKit/537.36 (KHTML, like Gecko; compatible; ClaudeBot/1.0; +claudebot@anthropic.com)"
57.141.20.28 - - [16/Apr/2026:12:54:58 +0000] "GET /2025/12/10/2025-metlifetakeover-photos-recap/?path=//sys/block/loop0 HTTP/1.1" 200 69771 "-" "meta-externalagent/1.1 (+https://developers.facebook.com/docs/sharing/webmasters/crawler)"
57.141.20.32 - - [16/Apr/2026:12:54:59 +0000] "GET /2025/12/10/2025-metlifetakeover-photos-recap/?path=//sys/bus/mdio_bus HTTP/1.1" 200 47610 "-" "meta-externalagent/1.1 (+https://developers.facebook.com/docs/sharing/webmasters/crawler)"
57.141.20.1 - - [16/Apr/2026:12:55:02 +0000] "GET /2025/12/10/2025-metlifetakeover-photos-recap/?path=//sys/module/netpoll HTTP/1.1" 200 44345 "-" "meta-externalagent/1.1 (+https://developers.facebook.com/docs/sharing/webmasters/crawler)"
57.141.20.69 - - [16/Apr/2026:12:55:02 +0000] "GET /2025/12/10/2025-metlifetakeover-photos-recap/?path=//sys/module/irqbypass HTTP/1.1" 200 54511 "-" "meta-externalagent/1.1 (+https://developers.facebook.com/docs/sharing/webmasters/crawler)"
57.141.20.53 - - [16/Apr/2026:12:55:03 +0000] "GET /2025/12/10/2025-metlifetakeover-photos-recap/?path=//sys/class/scsi_device HTTP/1.1" 200 44072 "-" "meta-externalagent/1.1 (+https://developers.facebook.com/docs/sharing/webmasters/crawler)"
57.141.20.0 - - [16/Apr/2026:12:55:04 +0000] "GET /2025/12/10/2025-metlifetakeover-photos-recap/?path=//sys/block/sr0 HTTP/1.1" 200 69572 "-" "meta-externalagent/1.1 (+https://developers.facebook.com/docs/sharing/webmasters/crawler)"
57.141.20.27 - - [16/Apr/2026:12:55:04 +0000] "GET /2025/12/10/2025-metlifetakeover-photos-recap/?phpinfo&path=//sys/devices HTTP/1.1" 200 101169 "-" "meta-externalagent/1.1 (+https://developers.facebook.com/docs/sharing/webmasters/crawler)"
57.141.20.64 - - [16/Apr/2026:12:55:05 +0000] "GET /2025/12/10/2025-metlifetakeover-photos-recap/?path=//sys/fs/pstore HTTP/1.1" 200 42194 "-" "meta-externalagent/1.1 (+https://developers.facebook.com/docs/sharing/webmasters/crawler)"
195.250.26.131 - - [16/Apr/2026:12:55:06 +0000] "POST /wp-cron.php?doing_wp_cron=1776344106.5575730800628662109375 HTTP/1.1" 200 0 "-" "WordPress/6.9.4; http://dolfansnyc.com"
57.141.20.42 - - [16/Apr/2026:12:55:06 +0000] "GET /2025/12/10/2025-metlifetakeover-photos-recap/?path=//sys/devices/software HTTP/1.1" 200 47688 "-" "meta-externalagent/1.1 (+https://developers.facebook.com/docs/sharing/webmasters/crawler)"
57.141.20.61 - - [16/Apr/2026:12:55:09 +0000] "GET /2025/12/10/2025-metlifetakeover-photos-recap/?path=//sys/module/sysfillrect HTTP/1.1" 200 54611 "-" "meta-externalagent/1.1 (+https://developers.facebook.com/docs/sharing/webmasters/crawler)"
57.141.20.25 - - [16/Apr/2026:12:55:10 +0000] "GET /2025/12/10/2025-metlifetakeover-photos-recap/?path=//sys/class/input HTTP/1.1" 200 56258 "-" "meta-externalagent/1.1 (+https://developers.facebook.com/docs/sharing/webmasters/crawler)"
57.141.20.70 - - [16/Apr/2026:12:55:16 +0000] "GET /2025/12/10/2025-metlifetakeover-photos-recap/?filebaru&path=//sys/class HTTP/1.1" 200 92730 "-" "meta-externalagent/1.1 (+https://developers.facebook.com/docs/sharing/webmasters/crawler)"
57.141.20.53 - - [16/Apr/2026:12:55:18 +0000] "GET /2025/12/10/2025-metlifetakeover-photos-recap/?path=//sys/module/tpm_tis HTTP/1.1" 200 45527 "-" "meta-externalagent/1.1 (+https://developers.facebook.com/docs/sharing/webmasters/crawler)"
57.141.20.65 - - [16/Apr/2026:12:55:19 +0000] "GET /2025/12/10/2025-metlifetakeover-photos-recap/?filesrc=//sys/kernel/profiling&path=//sys/kernel HTTP/1.1" 200 41401 "-" "meta-externalagent/1.1 (+https://developers.facebook.com/docs/sharing/webmasters/crawler)"
57.141.20.66 - - [16/Apr/2026:12:55:20 +0000] "GET /2025/12/10/2025-metlifetakeover-photos-recap/?path=//sys/class/tpm HTTP/1.1" 200 42200 "-" "meta-externalagent/1.1 (+https://developers.facebook.com/docs/sharing/webmasters/crawler)"
57.141.20.31 - - [16/Apr/2026:12:55:21 +0000] "GET /2025/12/10/2025-metlifetakeover-photos-recap/?path=//sys/class/typec HTTP/1.1" 200 42218 "-" "meta-externalagent/1.1 (+https://developers.facebook.com/docs/sharing/webmasters/crawler)"
57.141.20.26 - - [16/Apr/2026:12:55:21 +0000] "GET /2025/12/10/2025-metlifetakeover-photos-recap/?path=//sys/module/hid HTTP/1.1" 200 44282 "-" "meta-externalagent/1.1 (+https://developers.facebook.com/docs/sharing/webmasters/crawler)"
57.141.20.25 - - [16/Apr/2026:12:55:21 +0000] "GET /2025/12/10/2025-metlifetakeover-photos-recap/?path=//sys/devices/pci0000:00 HTTP/1.1" 200 58198 "-" "meta-externalagent/1.1 (+https://developers.facebook.com/docs/sharing/webmasters/crawler)"
57.141.20.39 - - [16/Apr/2026:12:55:24 +0000] "GET /2025/12/10/2025-metlifetakeover-photos-recap/?mass_deface&path=//sys/firmware HTTP/1.1" 200 46756 "-" "meta-externalagent/1.1 (+https://developers.facebook.com/docs/sharing/webmasters/crawler)"
57.141.20.14 - - [16/Apr/2026:12:55:25 +0000] "GET /2025/12/10/2025-metlifetakeover-photos-recap/?mass_deface&path=//sys/bus HTTP/1.1" 200 70603 "-" "meta-externalagent/1.1 (+https://developers.facebook.com/docs/sharing/webmasters/crawler)"
57.141.20.43 - - [16/Apr/2026:12:55:27 +0000] "GET /2025/12/10/2025-metlifetakeover-photos-recap/?path=//sys/bus/xen HTTP/1.1" 200 47475 "-" "meta-externalagent/1.1 (+https://developers.facebook.com/docs/sharing/webmasters/crawler)"
57.141.20.25 - - [16/Apr/2026:12:55:31 +0000] "GET /2025/12/10/2025-metlifetakeover-photos-recap/?path=//sys/class/usb_role HTTP/1.1" 200 42245 "-" "meta-externalagent/1.1 (+https://developers.facebook.com/docs/sharing/webmasters/crawler)"
57.141.20.2 - - [16/Apr/2026:12:55:32 +0000] "GET /2025/12/10/2025-metlifetakeover-photos-recap/?path=//sys/module/pcmcia_core HTTP/1.1" 200 44409 "-" "meta-externalagent/1.1 (+https://developers.facebook.com/docs/sharing/webmasters/crawler)"
57.141.20.58 - - [16/Apr/2026:12:55:33 +0000] "GET /2025/12/10/2025-metlifetakeover-photos-recap/?filebaru&path=//sys/bus HTTP/1.1" 200 70068 "-" "meta-externalagent/1.1 (+https://developers.facebook.com/docs/sharing/webmasters/crawler)"
57.141.20.16 - - [16/Apr/2026:12:55:36 +0000] "GET /2025/12/10/2025-metlifetakeover-photos-recap/?path=//sys/module/iptable_filter HTTP/1.1" 200 54761 "-" "meta-externalagent/1.1 (+https://developers.facebook.com/docs/sharing/webmasters/crawler)"
57.141.20.28 - - [16/Apr/2026:12:55:38 +0000] "GET /2025/12/10/2025-metlifetakeover-photos-recap/?mass_deface&path=//sys/fs HTTP/1.1" 200 46642 "-" "meta-externalagent/1.1 (+https://developers.facebook.com/docs/sharing/webmasters/crawler)"
57.141.20.52 - - [16/Apr/2026:12:55:39 +0000] "GET /2025/12/10/2025-metlifetakeover-photos-recap/?path=//sys/fs/ext4 HTTP/1.1" 200 44770 "-" "meta-externalagent/1.1 (+https://developers.facebook.com/docs/sharing/webmasters/crawler)"
57.141.20.42 - - [16/Apr/2026:12:55:40 +0000] "GET /2025/12/10/2025-metlifetakeover-photos-recap/?path=//sys/module/cpufreq HTTP/1.1" 200 44346 "-" "meta-externalagent/1.1 (+https://developers.facebook.com/docs/sharing/webmasters/crawler)"
57.141.20.10 - - [16/Apr/2026:12:55:44 +0000] "GET /2025/12/10/2025-metlifetakeover-photos-recap/?filesrc=//sys/power/wakeup_count&path=//sys/power HTTP/1.1" 200 41400 "-" "meta-externalagent/1.1 (+https://developers.facebook.com/docs/sharing/webmasters/crawler)"
57.141.20.42 - - [16/Apr/2026:12:55:48 +0000] "GET /2025/12/10/2025-metlifetakeover-photos-recap/?path=//sys/module/battery HTTP/1.1" 200 44346 "-" "meta-externalagent/1.1 (+https://developers.facebook.com/docs/sharing/webmasters/crawler)"
57.141.20.28 - - [16/Apr/2026:12:55:49 +0000] "GET /2025/12/10/2025-metlifetakeover-photos-recap/?path=//sys/module/zswap HTTP/1.1" 200 44314 "-" "meta-externalagent/1.1 (+https://developers.facebook.com/docs/sharing/webmasters/crawler)"
57.141.20.56 - - [16/Apr/2026:12:55:52 +0000] "GET /2025/12/10/2025-metlifetakeover-photos-recap/?cmd&path=//sys/bus HTTP/1.1" 200 69850 "-" "meta-externalagent/1.1 (+https://developers.facebook.com/docs/sharing/webmasters/crawler)"
57.141.20.13 - - [16/Apr/2026:12:55:53 +0000] "GET /2025/12/10/2025-metlifetakeover-photos-recap/?filesrc=//sys/kernel/kexec_loaded&path=//sys/kernel HTTP/1.1" 200 41404 "-" "meta-externalagent/1.1 (+https://developers.facebook.com/docs/sharing/webmasters/crawler)"
57.141.20.70 - - [16/Apr/2026:12:55:55 +0000] "GET /2025/12/10/2025-metlifetakeover-photos-recap/?dirbaru&path=//sys/hypervisor HTTP/1.1" 200 42574 "-" "meta-externalagent/1.1 (+https://developers.facebook.com/docs/sharing/webmasters/crawler)"
57.141.20.64 - - [16/Apr/2026:12:55:56 +0000] "GET /2025/12/10/2025-metlifetakeover-photos-recap/?path=//sys/devices/tracepoint HTTP/1.1" 200 47742 "-" "meta-externalagent/1.1 (+https://developers.facebook.com/docs/sharing/webmasters/crawler)"
57.141.20.69 - - [16/Apr/2026:12:55:59 +0000] "GET /2025/12/10/2025-metlifetakeover-photos-recap/?path=//sys/module/page_alloc HTTP/1.1" 200 44394 "-" "meta-externalagent/1.1 (+https://developers.facebook.com/docs/sharing/webmasters/crawler)"
57.141.20.29 - - [16/Apr/2026:12:56:04 +0000] "GET /2025/12/10/2025-metlifetakeover-photos-recap/?filesrc=//lib64/libmariadbclient.a&path=//lib64 HTTP/1.1" 200 778570 "-" "meta-externalagent/1.1 (+https://developers.facebook.com/docs/sharing/webmasters/crawler)"
57.141.20.13 - - [16/Apr/2026:12:56:04 +0000] "GET /2025/12/10/2025-metlifetakeover-photos-recap/?path=//sys/module/rcutree HTTP/1.1" 200 44346 "-" "meta-externalagent/1.1 (+https://developers.facebook.com/docs/sharing/webmasters/crawler)"
57.141.20.66 - - [16/Apr/2026:12:56:08 +0000] "GET /2025/12/10/2025-metlifetakeover-photos-recap/?filebaru&path=//sys/fs HTTP/1.1" 200 46108 "-" "meta-externalagent/1.1 (+https://developers.facebook.com/docs/sharing/webmasters/crawler)"
57.141.20.47 - - [16/Apr/2026:12:56:22 +0000] "GET /2025/12/10/2025-metlifetakeover-photos-recap/?path=//sys/class/cpuid HTTP/1.1" 200 43958 "-" "meta-externalagent/1.1 (+https://developers.facebook.com/docs/sharing/webmasters/crawler)"
57.141.20.4 - - [16/Apr/2026:12:56:25 +0000] "GET /2025/12/10/2025-metlifetakeover-photos-recap/?filesrc=//sys/kernel/kexec_crash_size&path=//sys/kernel HTTP/1.1" 200 41415 "-" "meta-externalagent/1.1 (+https://developers.facebook.com/docs/sharing/webmasters/crawler)"
57.141.20.25 - - [16/Apr/2026:12:56:25 +0000] "GET /2025/12/10/2025-metlifetakeover-photos-recap/?filesrc=//sys/kernel/rcu_expedited&path=//sys/kernel HTTP/1.1" 200 41405 "-" "meta-externalagent/1.1 (+https://developers.facebook.com/docs/sharing/webmasters/crawler)"
57.141.20.63 - - [16/Apr/2026:12:56:26 +0000] "GET /2025/12/10/2025-metlifetakeover-photos-recap/?path=//sys/class/ptp HTTP/1.1" 200 42200 "-" "meta-externalagent/1.1 (+https://developers.facebook.com/docs/sharing/webmasters/crawler)"
57.141.20.47 - - [16/Apr/2026:12:56:30 +0000] "GET /2025/12/10/2025-metlifetakeover-photos-recap/?path=//sys/module/block HTTP/1.1" 200 44314 "-" "meta-externalagent/1.1 (+https://developers.facebook.com/docs/sharing/webmasters/crawler)"
57.141.20.32 - - [16/Apr/2026:12:56:32 +0000] "GET /2025/12/10/2025-metlifetakeover-photos-recap/?mass_delete&path=//sys/firmware HTTP/1.1" 200 46203 "-" "meta-externalagent/1.1 (+https://developers.facebook.com/docs/sharing/webmasters/crawler)"
57.141.20.25 - - [16/Apr/2026:12:56:32 +0000] "GET /2025/12/10/2025-metlifetakeover-photos-recap/?path=//sys/module/xt_REDIRECT HTTP/1.1" 200 54611 "-" "meta-externalagent/1.1 (+https://developers.facebook.com/docs/sharing/webmasters/crawler)"
57.141.20.62 - - [16/Apr/2026:12:56:33 +0000] "GET /2025/12/10/2025-metlifetakeover-photos-recap/?path=//sys/bus/platform HTTP/1.1" 200 47610 "-" "meta-externalagent/1.1 (+https://developers.facebook.com/docs/sharing/webmasters/crawler)"
35.245.216.104 - - [16/Apr/2026:12:56:35 +0000] "GET /feed/ HTTP/1.1" 301 43918 "-" "Wget/1.18 (linux-gnu)"
35.245.216.104 - - [16/Apr/2026:12:56:36 +0000] "GET /feed/ HTTP/1.1" 200 86365 "-" "Wget/1.18 (linux-gnu)"
57.141.20.28 - - [16/Apr/2026:12:56:37 +0000] "GET /2025/12/10/2025-metlifetakeover-photos-recap/?path=//sys/module/virtio_scsi HTTP/1.1" 200 55514 "-" "meta-externalagent/1.1 (+https://developers.facebook.com/docs/sharing/webmasters/crawler)"
57.141.20.52 - - [16/Apr/2026:12:56:40 +0000] "GET /2025/12/10/2025-metlifetakeover-photos-recap/?path=//sys/class/ata_device HTTP/1.1" 200 45835 "-" "meta-externalagent/1.1 (+https://developers.facebook.com/docs/sharing/webmasters/crawler)"
57.141.20.44 - - [16/Apr/2026:12:56:40 +0000] "GET /2025/12/10/2025-metlifetakeover-photos-recap/?path=//sys/module/nf_nat HTTP/1.1" 200 54361 "-" "meta-externalagent/1.1 (+https://developers.facebook.com/docs/sharing/webmasters/crawler)"
35.245.216.104 - - [16/Apr/2026:12:56:51 +0000] "GET /feed/ HTTP/1.1" 301 43918 "-" "Wget/1.18 (linux-gnu)"
35.245.216.104 - - [16/Apr/2026:12:56:52 +0000] "GET /feed/ HTTP/1.1" 200 86365 "-" "Wget/1.18 (linux-gnu)"
91.92.243.240 - - [16/Apr/2026:12:57:18 +0000] "POST /wp-login.php HTTP/1.1" 403 0 "-" "Mozilla/5.0"
91.92.243.240 - - [16/Apr/2026:12:57:18 +0000] "POST /wp-login.php HTTP/1.1" 403 0 "-" "Mozilla/5.0"
91.92.243.240 - - [16/Apr/2026:12:57:18 +0000] "POST /wp-login.php HTTP/1.1" 403 0 "-" "Mozilla/5.0"
91.92.243.240 - - [16/Apr/2026:12:57:18 +0000] "POST /wp-login.php HTTP/1.1" 403 0 "-" "Mozilla/5.0"
57.141.20.62 - - [16/Apr/2026:12:57:28 +0000] "GET /2025/12/10/2025-metlifetakeover-photos-recap/?path=//sys/module/kcare HTTP/1.1" 200 56381 "-" "meta-externalagent/1.1 (+https://developers.facebook.com/docs/sharing/webmasters/crawler)"
57.141.20.62 - - [16/Apr/2026:12:57:43 +0000] "GET /2025/12/10/2025-metlifetakeover-photos-recap/?path=//sys/module/joydev HTTP/1.1" 200 54361 "-" "meta-externalagent/1.1 (+https://developers.facebook.com/docs/sharing/webmasters/crawler)"
141.94.194.132 - - [16/Apr/2026:12:57:45 +0000] "GET /2009/12/19/tackle-the-titans/feed/ HTTP/1.1" 301 43918 "-" "Mozilla/5.0 (X11; Linux i686) AppleWebKit/537.36 (KHTML, like Gecko) Chrome/30.0.1599.66 Safari/537.36"
141.94.194.132 - - [16/Apr/2026:12:57:46 +0000] "GET /2009/12/19/tackle-the-titans/feed/ HTTP/1.1" 200 45408 "-" "Mozilla/5.0 (X11; Linux i686) AppleWebKit/537.36 (KHTML, like Gecko) Chrome/30.0.1599.66 Safari/537.36"
35.245.216.104 - - [16/Apr/2026:12:58:49 +0000] "GET /feed/ HTTP/1.1" 301 43918 "-" "Wget/1.18 (linux-gnu)"
35.245.216.104 - - [16/Apr/2026:12:58:49 +0000] "GET /feed/ HTTP/1.1" 200 86365 "-" "Wget/1.18 (linux-gnu)"
57.141.20.28 - - [16/Apr/2026:12:58:52 +0000] "GET /2025/12/10/2025-metlifetakeover-photos-recap/?filesrc=//lib64/libxml2.so.2.9.7&path=//lib64 HTTP/1.1" 200 2388286 "-" "meta-externalagent/1.1 (+https://developers.facebook.com/docs/sharing/webmasters/crawler)"
57.141.20.20 - - [16/Apr/2026:12:58:59 +0000] "GET /wp-content/themes/dolfansnyc-new/images/mlt-banner.jpg HTTP/1.1" 200 145008 "http://dolfansnyc.com/2025/12/10/2025-metlifetakeover-photos-recap/?filesrc=//lib64/libxml2.so.2.9.7&path=//lib64" "meta-externalagent/1.1 (+https://developers.facebook.com/docs/sharing/webmasters/crawler)"
57.141.20.61 - - [16/Apr/2026:12:58:59 +0000] "GET /wp-content/uploads/2025/07/cropped-dolfansnyc-banner.jpg HTTP/1.1" 404 72482 "http://dolfansnyc.com/2025/12/10/2025-metlifetakeover-photos-recap/?filesrc=//lib64/libxml2.so.2.9.7&path=//lib64" "meta-externalagent/1.1 (+https://developers.facebook.com/docs/sharing/webmasters/crawler)"
216.73.216.138 - - [16/Apr/2026:12:59:03 +0000] "GET /tag/practice/?filesrc=%2F%2Fproc%2Fkeys&path=%2F%2Fproc HTTP/1.1" 200 39615 "-" "Mozilla/5.0 AppleWebKit/537.36 (KHTML, like Gecko; compatible; ClaudeBot/1.0; +claudebot@anthropic.com)"
216.73.216.138 - - [16/Apr/2026:12:59:08 +0000] "GET /tag/practice/?path=%2Fhome%2Fdrivenby%2F.spamassassin HTTP/1.1" 200 41534 "-" "Mozilla/5.0 AppleWebKit/537.36 (KHTML, like Gecko; compatible; ClaudeBot/1.0; +claudebot@anthropic.com)"
216.73.216.138 - - [16/Apr/2026:12:59:13 +0000] "GET /tag/mnf/?filesrc=%2F%2Fusr%2Fbin%2Fsystemd-cat&path=%2F%2Fusr%2Fbin HTTP/1.1" 200 62418 "-" "Mozilla/5.0 AppleWebKit/537.36 (KHTML, like Gecko; compatible; ClaudeBot/1.0; +claudebot@anthropic.com)"
216.73.216.138 - - [16/Apr/2026:12:59:18 +0000] "GET /tag/mnf/?filesrc=%2F%2Fusr%2Fbin%2Fzcmp&path=%2F%2Fusr%2Fbin HTTP/1.1" 200 44245 "-" "Mozilla/5.0 AppleWebKit/537.36 (KHTML, like Gecko; compatible; ClaudeBot/1.0; +claudebot@anthropic.com)"
216.73.216.138 - - [16/Apr/2026:12:59:23 +0000] "GET /tag/mnf/?filesrc=%2F%2Fusr%2Fbin%2Fdb_log_verify&path=%2F%2Fusr%2Fbin HTTP/1.1" 200 63678 "-" "Mozilla/5.0 AppleWebKit/537.36 (KHTML, like Gecko; compatible; ClaudeBot/1.0; +claudebot@anthropic.com)"
216.73.216.138 - - [16/Apr/2026:12:59:28 +0000] "GET /tag/mnf/?path=%2Fhome%2Fdrivenby%2Fpublic_html%2Fwp-content HTTP/1.1" 200 64411 "-" "Mozilla/5.0 AppleWebKit/537.36 (KHTML, like Gecko; compatible; ClaudeBot/1.0; +claudebot@anthropic.com)"
57.141.20.60 - - [16/Apr/2026:12:59:31 +0000] "GET /2025/12/10/2025-metlifetakeover-photos-recap/?mass_delete&path=//sys/module HTTP/1.1" 200 185976 "-" "meta-externalagent/1.1 (+https://developers.facebook.com/docs/sharing/webmasters/crawler)"
216.73.216.138 - - [16/Apr/2026:12:59:33 +0000] "GET /tag/mnf/?filesrc=%2F%2Fusr%2Fbin%2Fintel-speed-select&path=%2F%2Fusr%2Fbin HTTP/1.1" 200 177999 "-" "Mozilla/5.0 AppleWebKit/537.36 (KHTML, like Gecko; compatible; ClaudeBot/1.0; +claudebot@anthropic.com)"
216.73.216.138 - - [16/Apr/2026:12:59:38 +0000] "GET /tag/mnf/?filesrc=%2F%2Fusr%2Fbin%2Fdotty&path=%2F%2Fusr%2Fbin HTTP/1.1" 200 45071 "-" "Mozilla/5.0 AppleWebKit/537.36 (KHTML, like Gecko; compatible; ClaudeBot/1.0; +claudebot@anthropic.com)"
216.73.216.138 - - [16/Apr/2026:12:59:43 +0000] "GET /tag/mnf/?filesrc=%2F%2Fusr%2Fbin%2Fprezip-bin&path=%2F%2Fusr%2Fbin HTTP/1.1" 200 57814 "-" "Mozilla/5.0 AppleWebKit/537.36 (KHTML, like Gecko; compatible; ClaudeBot/1.0; +claudebot@anthropic.com)"
216.73.216.138 - - [16/Apr/2026:12:59:48 +0000] "GET /tag/robert-rose/?path=%2F%2Fusr%2Flib%2Fexim%2Fbin HTTP/1.1" 200 47733 "-" "Mozilla/5.0 AppleWebKit/537.36 (KHTML, like Gecko; compatible; ClaudeBot/1.0; +claudebot@anthropic.com)"
216.73.216.138 - - [16/Apr/2026:12:59:53 +0000] "GET /tag/mnf/?filesrc=%2F%2Fusr%2Fbin%2Fndptool&path=%2F%2Fusr%2Fbin HTTP/1.1" 200 75047 "-" "Mozilla/5.0 AppleWebKit/537.36 (KHTML, like Gecko; compatible; ClaudeBot/1.0; +claudebot@anthropic.com)"
216.73.216.138 - - [16/Apr/2026:12:59:58 +0000] "GET /tag/mnf/?filesrc=%2F%2Fbin%2Fwrite&path=%2F%2Fbin HTTP/1.1" 200 69694 "-" "Mozilla/5.0 AppleWebKit/537.36 (KHTML, like Gecko; compatible; ClaudeBot/1.0; +claudebot@anthropic.com)"
43.153.102.138 - - [16/Apr/2026:13:00:01 +0000] "GET / HTTP/1.1" 301 43918 "http://dolfans.nyc" "Mozilla/5.0 (iPhone; CPU iPhone OS 13_2_3 like Mac OS X) AppleWebKit/605.1.15 (KHTML, like Gecko) Version/13.0.3 Mobile/15E148 Safari/604.1"
43.153.102.138 - - [16/Apr/2026:13:00:03 +0000] "GET / HTTP/1.1" 200 126500 "http://www.dolfansnyc.com" "Mozilla/5.0 (iPhone; CPU iPhone OS 13_2_3 like Mac OS X) AppleWebKit/605.1.15 (KHTML, like Gecko) Version/13.0.3 Mobile/15E148 Safari/604.1"
216.73.216.138 - - [16/Apr/2026:13:00:08 +0000] "GET /tag/mnf/?path=%2Fhome%2Fdrivenby%2Fdolfansnyc.com%2Fwp-content%2Fuploads%2F2019 HTTP/1.1" 200 57269 "-" "Mozilla/5.0 AppleWebKit/537.36 (KHTML, like Gecko; compatible; ClaudeBot/1.0; +claudebot@anthropic.com)"
57.141.20.25 - - [16/Apr/2026:13:00:09 +0000] "GET /2025/12/10/2025-metlifetakeover-photos-recap/?filesrc=//lib64/graphviz/libgvplugin_neato_layout.so.6.0.0&path=//lib64/graphviz HTTP/1.1" 200 1196341 "-" "meta-externalagent/1.1 (+https://developers.facebook.com/docs/sharing/webmasters/crawler)"
35.245.216.104 - - [16/Apr/2026:13:00:10 +0000] "GET /feed/ HTTP/1.1" 301 43918 "-" "Wget/1.18 (linux-gnu)"
35.245.216.104 - - [16/Apr/2026:13:00:10 +0000] "GET /feed/ HTTP/1.1" 200 86365 "-" "Wget/1.18 (linux-gnu)"
216.73.216.138 - - [16/Apr/2026:13:00:13 +0000] "GET /tag/mnf/?filesrc=%2F%2Fbin%2Fea-php73&path=%2F%2Fbin HTTP/1.1" 200 7796812 "-" "Mozilla/5.0 AppleWebKit/537.36 (KHTML, like Gecko; compatible; ClaudeBot/1.0; +claudebot@anthropic.com)"
216.73.216.138 - - [16/Apr/2026:13:00:18 +0000] "GET /tag/practice/?filesrc=%2Fhome%2Fdrivenby%2Fdolfansnyc.com%2Fwp-content%2Fuploads%2F2013%2Fdashboards.php&path=%2Fhome%2Fdrivenby%2Fdolfansnyc.com%2Fwp-content%2Fuploads%2F2013 HTTP/1.1" 200 71756 "-" "Mozilla/5.0 AppleWebKit/537.36 (KHTML, like Gecko; compatible; ClaudeBot/1.0; +claudebot@anthropic.com)"
216.73.216.138 - - [16/Apr/2026:13:00:23 +0000] "GET /tag/brian-hartline/?filesrc=%2F%2Fscripts%2Femail_archive_maintenance&path=%2F%2Fscripts HTTP/1.1" 200 121332 "-" "Mozilla/5.0 AppleWebKit/537.36 (KHTML, like Gecko; compatible; ClaudeBot/1.0; +claudebot@anthropic.com)"
114.119.138.207 - - [16/Apr/2026:13:00:24 +0000] "GET /category/recaps/page/7 HTTP/1.1" 301 43915 "http://dolfansnyc.com/category/recaps/page/6" "Mozilla/5.0 (Linux; Android 7.0;) AppleWebKit/537.36 (KHTML, like Gecko) Mobile Safari/537.36 (compatible; PetalBot;+https://webmaster.petalsearch.com/site/petalbot)"
216.73.216.138 - - [16/Apr/2026:13:00:28 +0000] "GET /tag/nic-grigsby/?filesrc=%2F%2Flib64%2Fpython3.6%2Fencodings%2Fcp857.py&path=%2F%2Flib64%2Fpython3.6%2Fencodings HTTP/1.1" 200 81315 "-" "Mozilla/5.0 AppleWebKit/537.36 (KHTML, like Gecko; compatible; ClaudeBot/1.0; +claudebot@anthropic.com)"
114.119.138.207 - - [16/Apr/2026:13:00:29 +0000] "GET /category/recaps/page/7/ HTTP/1.1" 200 104847 "http://dolfansnyc.com/category/recaps/page/6" "Mozilla/5.0 (Linux; Android 7.0;) AppleWebKit/537.36 (KHTML, like Gecko) Mobile Safari/537.36 (compatible; PetalBot;+https://webmaster.petalsearch.com/site/petalbot)"
167.172.85.85 - - [16/Apr/2026:13:00:29 +0000] "GET /wp-content/uploads/2021/05/IMG_6312.jpg HTTP/1.1" 200 189214 "http://dolfansnyc.com/" "Mozilla/5.0 (Windows NT 10.0; Win64; x64) AppleWebKit/537.36 (KHTML, like Gecko) Chrome/133.0.0.0 Safari/537.36"
216.73.216.138 - - [16/Apr/2026:13:00:33 +0000] "GET /tag/mnf/?filesrc=%2F%2Fusr%2Fbin%2Fdnf&path=%2F%2Fusr%2Fbin HTTP/1.1" 200 44619 "-" "Mozilla/5.0 AppleWebKit/537.36 (KHTML, like Gecko; compatible; ClaudeBot/1.0; +claudebot@anthropic.com)"
216.73.216.138 - - [16/Apr/2026:13:00:38 +0000] "GET /tag/mnf/?path=%2Fhome%2Fdrivenby%2F.memcached HTTP/1.1" 200 45230 "-" "Mozilla/5.0 AppleWebKit/537.36 (KHTML, like Gecko; compatible; ClaudeBot/1.0; +claudebot@anthropic.com)"
216.73.216.138 - - [16/Apr/2026:13:00:43 +0000] "GET /tag/robert-rose/?path=%2F%2Fusr%2Flib%2Fkbd HTTP/1.1" 200 45263 "-" "Mozilla/5.0 AppleWebKit/537.36 (KHTML, like Gecko; compatible; ClaudeBot/1.0; +claudebot@anthropic.com)"
216.73.216.138 - - [16/Apr/2026:13:00:48 +0000] "GET /tag/robert-rose/?path=%2F%2Fproc%2F14 HTTP/1.1" 200 96881 "-" "Mozilla/5.0 AppleWebKit/537.36 (KHTML, like Gecko; compatible; ClaudeBot/1.0; +claudebot@anthropic.com)"
216.73.216.138 - - [16/Apr/2026:13:00:53 +0000] "GET /tag/mnf/?filesrc=%2F%2Fusr%2Fbin%2Fbusctl&path=%2F%2Fusr%2Fbin HTTP/1.1" 200 161191 "-" "Mozilla/5.0 AppleWebKit/537.36 (KHTML, like Gecko; compatible; ClaudeBot/1.0; +claudebot@anthropic.com)"
216.73.216.138 - - [16/Apr/2026:13:00:58 +0000] "GET /tag/mnf/?filesrc=%2F%2Fbin%2Fgrub2-syslinux2cfg&path=%2F%2Fbin HTTP/1.1" 200 1523352 "-" "Mozilla/5.0 AppleWebKit/537.36 (KHTML, like Gecko; compatible; ClaudeBot/1.0; +claudebot@anthropic.com)"
216.73.216.138 - - [16/Apr/2026:13:01:03 +0000] "GET /tag/mnf/?filesrc=%2F%2Fusr%2Fbin%2Fea-php82-pecl&path=%2F%2Fusr%2Fbin HTTP/1.1" 200 42784 "-" "Mozilla/5.0 AppleWebKit/537.36 (KHTML, like Gecko; compatible; ClaudeBot/1.0; +claudebot@anthropic.com)"
35.245.216.104 - - [16/Apr/2026:13:01:06 +0000] "GET /feed/ HTTP/1.1" 301 43918 "-" "Wget/1.18 (linux-gnu)"
35.245.216.104 - - [16/Apr/2026:13:01:06 +0000] "GET /feed/ HTTP/1.1" 200 86365 "-" "Wget/1.18 (linux-gnu)"
57.141.20.52 - - [16/Apr/2026:13:01:08 +0000] "GET /2025/12/10/2025-metlifetakeover-photos-recap/?filesrc=/home/drivenby/www/wp-includes/comment-template.php&path=/home/drivenby/www/wp-includes HTTP/1.1" 200 155685 "-" "meta-externalagent/1.1 (+https://developers.facebook.com/docs/sharing/webmasters/crawler)"
216.73.216.138 - - [16/Apr/2026:13:01:08 +0000] "GET /tag/mnf/?filesrc=%2F%2Fusr%2Fbin%2Fnetaddr3&path=%2F%2Fusr%2Fbin HTTP/1.1" 200 43699 "-" "Mozilla/5.0 AppleWebKit/537.36 (KHTML, like Gecko; compatible; ClaudeBot/1.0; +claudebot@anthropic.com)"
216.73.216.138 - - [16/Apr/2026:13:01:13 +0000] "GET /tag/brian-hartline/?filesrc=%2F%2Fscripts%2Fsync_child_accounts&path=%2F%2Fscripts HTTP/1.1" 200 116578 "-" "Mozilla/5.0 AppleWebKit/537.36 (KHTML, like Gecko; compatible; ClaudeBot/1.0; +claudebot@anthropic.com)"
35.245.216.104 - - [16/Apr/2026:13:01:15 +0000] "GET /feed/ HTTP/1.1" 301 43918 "-" "Wget/1.18 (linux-gnu)"
35.245.216.104 - - [16/Apr/2026:13:01:16 +0000] "GET /feed/ HTTP/1.1" 200 86365 "-" "Wget/1.18 (linux-gnu)"
216.73.216.138 - - [16/Apr/2026:13:01:18 +0000] "GET /tag/mnf/?filesrc=%2F%2Fbin%2Fregshell&path=%2F%2Fbin HTTP/1.1" 200 85207 "-" "Mozilla/5.0 AppleWebKit/537.36 (KHTML, like Gecko; compatible; ClaudeBot/1.0; +claudebot@anthropic.com)"
216.73.216.138 - - [16/Apr/2026:13:01:23 +0000] "GET /tag/nic-grigsby/?filesrc=%2F%2Flib64%2Fpython3.6%2Fencodings%2Fcp273.py&path=%2F%2Flib64%2Fpython3.6%2Fencodings HTTP/1.1" 200 61538 "-" "Mozilla/5.0 AppleWebKit/537.36 (KHTML, like Gecko; compatible; ClaudeBot/1.0; +claudebot@anthropic.com)"
216.73.216.138 - - [16/Apr/2026:13:01:28 +0000] "GET /tag/mnf/?path=%2Fhome%2Fdrivenby%2Fdolfansnyc.com%2Fwp-includes%2Fblocks%2Fmedia-text HTTP/1.1" 200 57899 "-" "Mozilla/5.0 AppleWebKit/537.36 (KHTML, like Gecko; compatible; ClaudeBot/1.0; +claudebot@anthropic.com)"
143.14.6.181 - - [16/Apr/2026:13:01:29 +0000] "GET /2012/04/04/coach-joe-philbin-talks-to-dolphins-season-ticket-holders/feed/ HTTP/1.1" 200 44835 "-" "Mozilla/5.0 (Macintosh; Intel Mac OS X 10_15_7) AppleWebKit/537.36 (KHTML, like Gecko) Chrome/135.0.0.0 Safari/537.36"
91.92.243.240 - - [16/Apr/2026:13:01:30 +0000] "POST /wp-login.php HTTP/1.1" 403 0 "-" "Mozilla/5.0"
91.92.243.240 - - [16/Apr/2026:13:01:30 +0000] "POST /wp-login.php HTTP/1.1" 403 0 "-" "Mozilla/5.0"
91.92.243.240 - - [16/Apr/2026:13:01:30 +0000] "POST /wp-login.php HTTP/1.1" 403 0 "-" "Mozilla/5.0"
91.92.243.240 - - [16/Apr/2026:13:01:30 +0000] "POST /wp-login.php HTTP/1.1" 403 0 "-" "Mozilla/5.0"
216.73.216.138 - - [16/Apr/2026:13:01:33 +0000] "GET /tag/nic-grigsby/?filesrc=%2F%2Flib64%2Fpython3.6%2Fencodings%2Fcp1256.py&path=%2F%2Flib64%2Fpython3.6%2Fencodings HTTP/1.1" 200 60221 "-" "Mozilla/5.0 AppleWebKit/537.36 (KHTML, like Gecko; compatible; ClaudeBot/1.0; +claudebot@anthropic.com)"
216.73.216.138 - - [16/Apr/2026:13:01:38 +0000] "GET /tag/robert-rose/?path=%2F%2Frun%2Fbackuply HTTP/1.1" 200 41689 "-" "Mozilla/5.0 AppleWebKit/537.36 (KHTML, like Gecko; compatible; ClaudeBot/1.0; +claudebot@anthropic.com)"
216.73.216.138 - - [16/Apr/2026:13:01:43 +0000] "GET /tag/mnf/?filesrc=%2F%2Fusr%2Fbin%2Fopenssl&path=%2F%2Fusr%2Fbin HTTP/1.1" 200 1152879 "-" "Mozilla/5.0 AppleWebKit/537.36 (KHTML, like Gecko; compatible; ClaudeBot/1.0; +claudebot@anthropic.com)"
216.73.216.138 - - [16/Apr/2026:13:01:48 +0000] "GET /tag/robert-rose/?path=%2F%2Fproc%2F362%2Fnet HTTP/1.1" 200 103315 "-" "Mozilla/5.0 AppleWebKit/537.36 (KHTML, like Gecko; compatible; ClaudeBot/1.0; +claudebot@anthropic.com)"
103.54.56.121 - - [16/Apr/2026:13:01:49 +0000] "GET /wp-content/uploads/2014/09/hank.jpg HTTP/1.1" 200 0 "-" "Java/11.0.15"
194.37.80.193 - - [16/Apr/2026:13:01:50 +0000] "GET /wp-content/uploads/2014/09/hank.jpg HTTP/1.1" 200 453754 "-" "Mozilla/5.0 (Windows NT 6.1; WOW64) AppleWebKit/537.36 (KHTML, like Gecko) Chrome/70.0.3538.93 Safari/537.36"
216.73.216.138 - - [16/Apr/2026:13:01:53 +0000] "GET /tag/robert-rose/?path=%2F%2Fproc%2F17%2Fnet HTTP/1.1" 200 103092 "-" "Mozilla/5.0 AppleWebKit/537.36 (KHTML, like Gecko; compatible; ClaudeBot/1.0; +claudebot@anthropic.com)"
27.106.115.62 - - [16/Apr/2026:13:01:55 +0000] "HEAD /wp-content/uploads/2012/11/metlifetakeover.jpeg HTTP/1.1" 200 0 "-" "Mozilla/5.0 (Windows NT 10.0; Win64; x64) AppleWebKit/537.36 (KHTML, like Gecko) Chrome/143.0.0.0 Safari/537.36"
27.106.115.62 - - [16/Apr/2026:13:01:55 +0000] "GET /wp-content/uploads/2012/11/metlifetakeover.jpeg HTTP/1.1" 206 1 "-" "Mozilla/5.0 (Windows NT 10.0; Win64; x64) AppleWebKit/537.36 (KHTML, like Gecko) Chrome/143.0.0.0 Safari/537.36"
27.106.115.62 - - [16/Apr/2026:13:01:57 +0000] "GET /wp-content/uploads/2012/11/metlifetakeover.jpeg HTTP/1.1" 200 301693 "-" "Mozilla/5.0 (Windows NT 10.0; Win64; x64) AppleWebKit/537.36 (KHTML, like Gecko) Chrome/143.0.0.0 Safari/537.36"
216.73.216.138 - - [16/Apr/2026:13:01:58 +0000] "GET /tag/mnf/?filesrc=%2Fhome%2Fdrivenby%2Fdolfansnyc.com%2Fwp-includes%2Fblocks%2Fvideo%2Feditor.min.css&path=%2Fhome%2Fdrivenby%2Fdolfansnyc.com%2Fwp-includes%2Fblocks%2Fvideo HTTP/1.1" 200 44229 "-" "Mozilla/5.0 AppleWebKit/537.36 (KHTML, like Gecko; compatible; ClaudeBot/1.0; +claudebot@anthropic.com)"
35.245.216.104 - - [16/Apr/2026:13:01:58 +0000] "GET /feed/ HTTP/1.1" 301 43918 "-" "Wget/1.18 (linux-gnu)"
35.245.216.104 - - [16/Apr/2026:13:01:59 +0000] "GET /feed/ HTTP/1.1" 200 86365 "-" "Wget/1.18 (linux-gnu)"
216.73.216.138 - - [16/Apr/2026:13:02:03 +0000] "GET /tag/robert-rose/?path=%2F%2Fproc%2F172 HTTP/1.1" 200 97083 "-" "Mozilla/5.0 AppleWebKit/537.36 (KHTML, like Gecko; compatible; ClaudeBot/1.0; +claudebot@anthropic.com)"
216.73.216.138 - - [16/Apr/2026:13:02:08 +0000] "GET /tag/robert-rose/?filesrc=%2F%2Fproc%2F361%2Fcpu_resctrl_groups&path=%2F%2Fproc%2F361 HTTP/1.1" 200 40970 "-" "Mozilla/5.0 AppleWebKit/537.36 (KHTML, like Gecko; compatible; ClaudeBot/1.0; +claudebot@anthropic.com)"
35.245.216.104 - - [16/Apr/2026:13:02:13 +0000] "GET /feed/ HTTP/1.1" 301 43918 "-" "Wget/1.18 (linux-gnu)"
35.245.216.104 - - [16/Apr/2026:13:02:13 +0000] "GET /feed/ HTTP/1.1" 200 86365 "-" "Wget/1.18 (linux-gnu)"
216.73.216.138 - - [16/Apr/2026:13:02:13 +0000] "GET /tag/mnf/?filesrc=%2F%2Fusr%2Fbin%2Fea-php83-pecl&path=%2F%2Fusr%2Fbin HTTP/1.1" 200 42784 "-" "Mozilla/5.0 AppleWebKit/537.36 (KHTML, like Gecko; compatible; ClaudeBot/1.0; +claudebot@anthropic.com)"
216.73.216.138 - - [16/Apr/2026:13:02:18 +0000] "GET /tag/mnf/?filesrc=%2F%2Fusr%2Fbin%2Fsetmetamode&path=%2F%2Fusr%2Fbin HTTP/1.1" 200 58068 "-" "Mozilla/5.0 AppleWebKit/537.36 (KHTML, like Gecko; compatible; ClaudeBot/1.0; +claudebot@anthropic.com)"
185.99.33.71 - - [16/Apr/2026:13:02:32 +0000] "GET http://dolfansnyc.com/tag/waterboys/tel:2126836444 HTTP/1.1" 404 72362 "-" "Mozilla/5.0 (Macintosh; Intel Mac OS X 10_14_6) AppleWebKit/537.36 (KHTML, like Gecko) Brave Chrome/81.0.4044.113 Safari/537.36"
141.94.194.132 - - [16/Apr/2026:13:02:41 +0000] "GET /2010/12/10/web-weekend-pictures/feed/ HTTP/1.1" 301 43918 "-" "Mozilla/5.0 (X11; Linux i686) AppleWebKit/537.36 (KHTML, like Gecko) Chrome/30.0.1599.66 Safari/537.36"
141.94.194.132 - - [16/Apr/2026:13:02:42 +0000] "GET /2010/12/10/web-weekend-pictures/feed/ HTTP/1.1" 200 45549 "-" "Mozilla/5.0 (X11; Linux i686) AppleWebKit/537.36 (KHTML, like Gecko) Chrome/30.0.1599.66 Safari/537.36"
154.37.106.143 - - [16/Apr/2026:13:03:36 +0000] "GET /2013/04/11/dolfansnyc-draft-info/ HTTP/1.1" 301 43918 "-" "Mozilla/5.0 (Macintosh; Intel Mac OS X 13_5) AppleWebKit/605.1.15 (KHTML, like Gecko) Version/17.0 Safari/170.1"
62.241.61.185 - - [16/Apr/2026:13:03:38 +0000] "GET /2013/04/11/dolfansnyc-draft-info/ HTTP/1.1" 200 74878 "-" "Mozilla/5.0 (Macintosh; Intel Mac OS X 13_5) AppleWebKit/605.1.15 (KHTML, like Gecko) Version/17.0 Safari/170.1"
35.245.216.104 - - [16/Apr/2026:13:04:17 +0000] "GET /feed/ HTTP/1.1" 301 43918 "-" "Wget/1.18 (linux-gnu)"
35.245.216.104 - - [16/Apr/2026:13:04:17 +0000] "GET /feed/ HTTP/1.1" 200 86365 "-" "Wget/1.18 (linux-gnu)"
216.73.216.138 - - [16/Apr/2026:13:04:34 +0000] "GET /tag/mnf/?filesrc=%2Fhome%2Fdrivenby%2Fdolfansnyc.com%2Fwp-includes%2Fhttp.php&path=%2Fhome%2Fdrivenby%2Fdolfansnyc.com%2Fwp-includes HTTP/1.1" 200 69964 "-" "Mozilla/5.0 AppleWebKit/537.36 (KHTML, like Gecko; compatible; ClaudeBot/1.0; +claudebot@anthropic.com)"
216.73.216.138 - - [16/Apr/2026:13:04:39 +0000] "GET /tag/mnf/?filesrc=%2Fhome%2Fdrivenby%2Fdolfansnyc.com%2Fwp-includes%2Fcss%2Fdashicons.css&path=%2Fhome%2Fdrivenby%2Fdolfansnyc.com%2Fwp-includes%2Fcss HTTP/1.1" 200 108859 "-" "Mozilla/5.0 AppleWebKit/537.36 (KHTML, like Gecko; compatible; ClaudeBot/1.0; +claudebot@anthropic.com)"
216.73.216.138 - - [16/Apr/2026:13:04:44 +0000] "GET /tag/robert-rose/?filesrc=%2F%2Fusr%2Finclude%2Ficonv.h&path=%2F%2Fusr%2Finclude HTTP/1.1" 200 42844 "-" "Mozilla/5.0 AppleWebKit/537.36 (KHTML, like Gecko; compatible; ClaudeBot/1.0; +claudebot@anthropic.com)"
216.73.216.138 - - [16/Apr/2026:13:04:54 +0000] "GET /tag/nic-grigsby/?path=%2F%2Fopt%2Falt%2Fpython311%2Flib64 HTTP/1.1" 200 48179 "-" "Mozilla/5.0 AppleWebKit/537.36 (KHTML, like Gecko; compatible; ClaudeBot/1.0; +claudebot@anthropic.com)"
35.245.216.104 - - [16/Apr/2026:13:04:58 +0000] "GET /feed/ HTTP/1.1" 301 43918 "-" "Wget/1.18 (linux-gnu)"
