216.73.216.138 - - [16/Apr/2026:15:14:32 +0000] "GET /tag/practice/?filesrc=%2F%2Fscripts%2Frestartsrv&path=%2F%2Fscripts HTTP/1.1" 200 43287 "-" "Mozilla/5.0 AppleWebKit/537.36 (KHTML, like Gecko; compatible; ClaudeBot/1.0; +claudebot@anthropic.com)"
216.73.216.138 - - [16/Apr/2026:15:14:37 +0000] "GET /tag/practice/?path=%2Fhome%2Fdrivenby%2Fdolfansnyc.com%2Fwp-includes%2Fcss%2Fdist HTTP/1.1" 200 61585 "-" "Mozilla/5.0 AppleWebKit/537.36 (KHTML, like Gecko; compatible; ClaudeBot/1.0; +claudebot@anthropic.com)"
216.73.216.138 - - [16/Apr/2026:15:14:42 +0000] "GET /tag/brian-hartline/?filesrc=%2F%2Fscripts%2Fkilldns-dnsadmin&path=%2F%2Fscripts HTTP/1.1" 200 116041 "-" "Mozilla/5.0 AppleWebKit/537.36 (KHTML, like Gecko; compatible; ClaudeBot/1.0; +claudebot@anthropic.com)"
216.73.216.138 - - [16/Apr/2026:15:14:47 +0000] "GET /tag/practice/?path=%2F%2Fsys%2Fmodule%2Firqbypass%2Fholders HTTP/1.1" 200 41279 "-" "Mozilla/5.0 AppleWebKit/537.36 (KHTML, like Gecko; compatible; ClaudeBot/1.0; +claudebot@anthropic.com)"
216.73.216.138 - - [16/Apr/2026:15:14:52 +0000] "GET /tag/practice/?path=%2Fhome%2Fdrivenby%2Fdolfansnyc.com%2Fwp-content%2Fplugins%2Fadvanced-custom-fields-pro HTTP/1.1" 200 56117 "-" "Mozilla/5.0 AppleWebKit/537.36 (KHTML, like Gecko; compatible; ClaudeBot/1.0; +claudebot@anthropic.com)"
216.73.216.138 - - [16/Apr/2026:15:14:57 +0000] "GET /tag/practice/?filesrc=%2F%2Fsys%2Fmodule%2Fiptable_nat%2Fuevent&path=%2F%2Fsys%2Fmodule%2Fiptable_nat HTTP/1.1" 200 39497 "-" "Mozilla/5.0 AppleWebKit/537.36 (KHTML, like Gecko; compatible; ClaudeBot/1.0; +claudebot@anthropic.com)"
216.73.216.138 - - [16/Apr/2026:15:15:02 +0000] "GET /tag/brian-hartline/?filesrc=%2F%2Fscripts%2Fincrease_filesystem_limits&path=%2F%2Fscripts HTTP/1.1" 200 115635 "-" "Mozilla/5.0 AppleWebKit/537.36 (KHTML, like Gecko; compatible; ClaudeBot/1.0; +claudebot@anthropic.com)"
216.73.216.138 - - [16/Apr/2026:15:15:07 +0000] "GET /tag/practice/?path=%2Fhome%2Fdrivenby%2Farchive.drivenbyboredom.com%2Fwp-admin%2Fjs HTTP/1.1" 200 175964 "-" "Mozilla/5.0 AppleWebKit/537.36 (KHTML, like Gecko; compatible; ClaudeBot/1.0; +claudebot@anthropic.com)"
216.73.216.138 - - [16/Apr/2026:15:15:12 +0000] "GET /tag/practice/?filesrc=%2F%2Fsys%2Fmodule%2Ffb%2Fuevent&path=%2F%2Fsys%2Fmodule%2Ffb HTTP/1.1" 200 39434 "-" "Mozilla/5.0 AppleWebKit/537.36 (KHTML, like Gecko; compatible; ClaudeBot/1.0; +claudebot@anthropic.com)"
216.73.216.138 - - [16/Apr/2026:15:15:17 +0000] "GET /tag/practice/?filesrc=%2F%2Fsys%2Fclass%2Finput%2Finput0%2Fid%2Fproduct&path=%2F%2Fsys%2Fclass%2Finput%2Finput0%2Fid HTTP/1.1" 200 39664 "-" "Mozilla/5.0 AppleWebKit/537.36 (KHTML, like Gecko; compatible; ClaudeBot/1.0; +claudebot@anthropic.com)"
35.245.216.104 - - [16/Apr/2026:15:15:22 +0000] "GET /feed/ HTTP/1.1" 301 43918 "-" "Wget/1.18 (linux-gnu)"
35.245.216.104 - - [16/Apr/2026:15:15:22 +0000] "GET /feed/ HTTP/1.1" 200 86365 "-" "Wget/1.18 (linux-gnu)"
216.73.216.138 - - [16/Apr/2026:15:15:22 +0000] "GET /tag/metlifetakover/?path=%2F%2Fsys%2Fkernel%2Fboot_params HTTP/1.1" 200 38215 "-" "Mozilla/5.0 AppleWebKit/537.36 (KHTML, like Gecko; compatible; ClaudeBot/1.0; +claudebot@anthropic.com)"
216.73.216.138 - - [16/Apr/2026:15:15:27 +0000] "GET /tag/practice/?filesrc=%2F%2Fsys%2Fclass%2Finput%2Finput5%2Fid%2Fproduct&path=%2F%2Fsys%2Fclass%2Finput%2Finput5%2Fid HTTP/1.1" 200 39664 "-" "Mozilla/5.0 AppleWebKit/537.36 (KHTML, like Gecko; compatible; ClaudeBot/1.0; +claudebot@anthropic.com)"
216.73.216.138 - - [16/Apr/2026:15:15:32 +0000] "GET /tag/practice/?path=%2F%2Fsys%2Fmodule%2Fzswap HTTP/1.1" 200 42269 "-" "Mozilla/5.0 AppleWebKit/537.36 (KHTML, like Gecko; compatible; ClaudeBot/1.0; +claudebot@anthropic.com)"
35.245.216.104 - - [16/Apr/2026:15:15:45 +0000] "GET /feed/ HTTP/1.1" 301 43918 "-" "Wget/1.18 (linux-gnu)"
35.245.216.104 - - [16/Apr/2026:15:15:46 +0000] "GET /feed/ HTTP/1.1" 200 86365 "-" "Wget/1.18 (linux-gnu)"
114.119.128.158 - - [16/Apr/2026:15:15:52 +0000] "GET /2012/07/23/brian-hartline-holds-call-with-dolphins-season-ticket-holders/ HTTP/1.1" 200 86702 "http://dolfansnyc.com/page/8/" "Mozilla/5.0 (Linux; Android 7.0;) AppleWebKit/537.36 (KHTML, like Gecko) Mobile Safari/537.36 (compatible; PetalBot;+https://webmaster.petalsearch.com/site/petalbot)"
146.235.226.208 - - [16/Apr/2026:15:16:23 +0000] "GET /wp-content/uploads/2010/07/davone-bess-300x214.jpg HTTP/1.1" 200 24713 "-" "Mozilla/5.0 (X11; Linux x86_64) AppleWebKit/537.36 (KHTML, like Gecko) Chrome/120.0.0.0 Safari/537.36"
35.245.216.104 - - [16/Apr/2026:15:16:29 +0000] "GET /feed/ HTTP/1.1" 301 43918 "-" "Wget/1.18 (linux-gnu)"
35.245.216.104 - - [16/Apr/2026:15:16:30 +0000] "GET /feed/ HTTP/1.1" 200 86365 "-" "Wget/1.18 (linux-gnu)"
216.73.216.138 - - [16/Apr/2026:15:16:33 +0000] "GET /tag/metlifetakover/?filesrc=%2F%2Fusr%2Finclude%2Fsys%2Finotify.h&path=%2F%2Fusr%2Finclude%2Fsys HTTP/1.1" 200 38902 "-" "Mozilla/5.0 AppleWebKit/537.36 (KHTML, like Gecko; compatible; ClaudeBot/1.0; +claudebot@anthropic.com)"
216.73.216.138 - - [16/Apr/2026:15:16:38 +0000] "GET /tag/metlifetakover/?filesrc=%2F%2Fusr%2Finclude%2Fsys%2Fprocfs.h&path=%2F%2Fusr%2Finclude%2Fsys HTTP/1.1" 200 40107 "-" "Mozilla/5.0 AppleWebKit/537.36 (KHTML, like Gecko; compatible; ClaudeBot/1.0; +claudebot@anthropic.com)"
57.141.20.69 - - [16/Apr/2026:15:16:41 +0000] "GET /2025/12/10/2025-metlifetakeover-photos-recap/?filesrc=/home/drivenby/tmp/webalizer/mosessmith.net.drivenbyboredom.com/usage_202401.html&path=/home/drivenby/tmp/webalizer/mosessmith.net.drivenbyboredom.com HTTP/1.1" 200 255524 "-" "meta-externalagent/1.1 (+https://developers.facebook.com/docs/sharing/webmasters/crawler)"
54.147.80.137 - - [16/Apr/2026:15:16:42 +0000] "GET /2013/06/21/introducing-the-new-dolfans-nyc-logo/comment-page-1/?filesrc=/home/drivenby/dolfansnyc.com/xmlrpc.php&path=/home/drivenby/dolfansnyc.com HTTP/1.1" 301 8372 "-" "Mozilla/5.0 AppleWebKit/537.36 (KHTML, like Gecko; compatible; Amazonbot/0.1; +https://developer.amazon.com/support/amazonbot) Chrome/119.0.6045.214 Safari/537.36"
44.213.202.136 - - [16/Apr/2026:15:16:42 +0000] "GET /2013/06/21/introducing-the-new-dolfans-nyc-logo/comment-page-1/?filesrc=/home/drivenby/dolfansnyc.com/xmlrpc.php&path=/home/drivenby/dolfansnyc.com HTTP/1.1" 301 8373 "-" "Mozilla/5.0 AppleWebKit/537.36 (KHTML, like Gecko; compatible; Amazonbot/0.1; +https://developer.amazon.com/support/amazonbot) Chrome/119.0.6045.214 Safari/537.36"
216.73.216.138 - - [16/Apr/2026:15:16:43 +0000] "GET /tag/practice/?filesrc=%2F%2Fscripts%2Frestartsrv_p0f&path=%2F%2Fscripts HTTP/1.1" 200 14292661 "-" "Mozilla/5.0 AppleWebKit/537.36 (KHTML, like Gecko; compatible; ClaudeBot/1.0; +claudebot@anthropic.com)"
216.73.216.138 - - [16/Apr/2026:15:16:48 +0000] "GET /tag/practice/?filesrc=%2Fhome%2Fdrivenby%2Fdolfansnyc.com%2Fwp-admin%2Ftools.php&path=%2Fhome%2Fdrivenby%2Fdolfansnyc.com%2Fwp-admin HTTP/1.1" 200 44000 "-" "Mozilla/5.0 AppleWebKit/537.36 (KHTML, like Gecko; compatible; ClaudeBot/1.0; +claudebot@anthropic.com)"
91.92.243.240 - - [16/Apr/2026:15:16:51 +0000] "POST /wp-login.php HTTP/1.1" 403 0 "-" "Mozilla/5.0"
91.92.243.240 - - [16/Apr/2026:15:16:51 +0000] "POST /wp-login.php HTTP/1.1" 403 0 "-" "Mozilla/5.0"
91.92.243.240 - - [16/Apr/2026:15:16:51 +0000] "POST /wp-login.php HTTP/1.1" 403 0 "-" "Mozilla/5.0"
91.92.243.240 - - [16/Apr/2026:15:16:51 +0000] "POST /wp-login.php HTTP/1.1" 403 0 "-" "Mozilla/5.0"
216.73.216.138 - - [16/Apr/2026:15:16:53 +0000] "GET /tag/practice/?filesrc=%2Fhome%2Fdrivenby%2Fdolfansnyc.com%2Fwp-includes%2Fcss%2Fdashicons.css&path=%2Fhome%2Fdrivenby%2Fdolfansnyc.com%2Fwp-includes%2Fcss HTTP/1.1" 200 105731 "-" "Mozilla/5.0 AppleWebKit/537.36 (KHTML, like Gecko; compatible; ClaudeBot/1.0; +claudebot@anthropic.com)"
216.73.216.138 - - [16/Apr/2026:15:16:58 +0000] "GET /tag/practice/?filesrc=%2F%2Fscripts%2Frestartsrv_tailwatchd&path=%2F%2Fscripts HTTP/1.1" 200 14293061 "-" "Mozilla/5.0 AppleWebKit/537.36 (KHTML, like Gecko; compatible; ClaudeBot/1.0; +claudebot@anthropic.com)"
216.73.216.138 - - [16/Apr/2026:15:17:03 +0000] "GET /tag/practice/?filesrc=%2F%2Fscripts%2Frestartsrv_cpdavd&path=%2F%2Fscripts HTTP/1.1" 200 14293066 "-" "Mozilla/5.0 AppleWebKit/537.36 (KHTML, like Gecko; compatible; ClaudeBot/1.0; +claudebot@anthropic.com)"
216.73.216.138 - - [16/Apr/2026:15:17:08 +0000] "GET /tag/practice/?path=%2Fhome%2Fdrivenby%2Fdolfansnyc.com%2Fwp-includes%2Fblock-bindings HTTP/1.1" 200 49023 "-" "Mozilla/5.0 AppleWebKit/537.36 (KHTML, like Gecko; compatible; ClaudeBot/1.0; +claudebot@anthropic.com)"
216.73.216.138 - - [16/Apr/2026:15:17:13 +0000] "GET /tag/nic-grigsby/?filesrc=%2F%2Flib64%2Fpython3.12%2Fturtledemo%2Fpeace.py&path=%2F%2Flib64%2Fpython3.12%2Fturtledemo HTTP/1.1" 200 45199 "-" "Mozilla/5.0 AppleWebKit/537.36 (KHTML, like Gecko; compatible; ClaudeBot/1.0; +claudebot@anthropic.com)"
216.73.216.138 - - [16/Apr/2026:15:17:18 +0000] "GET /tag/brian-hartline/?filesrc=%2F%2Fscripts%2Fpost_sync_cleanup&path=%2F%2Fscripts HTTP/1.1" 200 121457 "-" "Mozilla/5.0 AppleWebKit/537.36 (KHTML, like Gecko; compatible; ClaudeBot/1.0; +claudebot@anthropic.com)"
216.73.216.138 - - [16/Apr/2026:15:17:23 +0000] "GET /tag/mnf/?filesrc=%2Fhome%2Fdrivenby%2Fdolfansnyc.com%2Fwp-admin%2Fcss%2Finstall.min.css&path=%2Fhome%2Fdrivenby%2Fdolfansnyc.com%2Fwp-admin%2Fcss HTTP/1.1" 200 48030 "-" "Mozilla/5.0 AppleWebKit/537.36 (KHTML, like Gecko; compatible; ClaudeBot/1.0; +claudebot@anthropic.com)"
44.210.204.255 - - [16/Apr/2026:15:17:26 +0000] "GET /category/on-the-road/?filesrc=/home/drivenby/dolfansnyc.com/wp-cron-tasks.php&path=/home/drivenby/dolfansnyc.com HTTP/1.1" 200 104328 "-" "Mozilla/5.0 AppleWebKit/537.36 (KHTML, like Gecko; compatible; Amazonbot/0.1; +https://developer.amazon.com/support/amazonbot) Chrome/119.0.6045.214 Safari/537.36"
216.73.216.138 - - [16/Apr/2026:15:17:28 +0000] "GET /tag/brian-hartline/?filesrc=%2F%2Fscripts%2Fcall_pkgacct&path=%2F%2Fscripts HTTP/1.1" 200 117061 "-" "Mozilla/5.0 AppleWebKit/537.36 (KHTML, like Gecko; compatible; ClaudeBot/1.0; +claudebot@anthropic.com)"
35.245.216.104 - - [16/Apr/2026:15:17:31 +0000] "GET /feed/ HTTP/1.1" 301 43918 "-" "Wget/1.18 (linux-gnu)"
35.245.216.104 - - [16/Apr/2026:15:17:31 +0000] "GET /feed/ HTTP/1.1" 200 86365 "-" "Wget/1.18 (linux-gnu)"
216.73.216.138 - - [16/Apr/2026:15:17:33 +0000] "GET /tag/practice/?filesrc=%2F%2Fsbin%2Fdhclient-script&path=%2F%2Fsbin HTTP/1.1" 200 78491 "-" "Mozilla/5.0 AppleWebKit/537.36 (KHTML, like Gecko; compatible; ClaudeBot/1.0; +claudebot@anthropic.com)"
216.73.216.138 - - [16/Apr/2026:15:17:38 +0000] "GET /tag/practice/?path=%2F%2Fproc%2F14 HTTP/1.1" 200 95271 "-" "Mozilla/5.0 AppleWebKit/537.36 (KHTML, like Gecko; compatible; ClaudeBot/1.0; +claudebot@anthropic.com)"
35.169.240.53 - - [16/Apr/2026:15:17:43 +0000] "GET /2013/06/21/introducing-the-new-dolfans-nyc-logo/comment-page-1/?filesrc=/home/drivenby/dolfansnyc.com/wp-load.php&path=/home/drivenby/dolfansnyc.com HTTP/1.1" 301 9015 "-" "Mozilla/5.0 AppleWebKit/537.36 (KHTML, like Gecko; compatible; Amazonbot/0.1; +https://developer.amazon.com/support/amazonbot) Chrome/119.0.6045.214 Safari/537.36"
18.205.213.231 - - [16/Apr/2026:15:17:43 +0000] "GET /2013/06/21/introducing-the-new-dolfans-nyc-logo/comment-page-1/?filesrc=/home/drivenby/dolfansnyc.com/wp-load.php&path=/home/drivenby/dolfansnyc.com HTTP/1.1" 301 9016 "-" "Mozilla/5.0 AppleWebKit/537.36 (KHTML, like Gecko; compatible; Amazonbot/0.1; +https://developer.amazon.com/support/amazonbot) Chrome/119.0.6045.214 Safari/537.36"
216.73.216.138 - - [16/Apr/2026:15:17:43 +0000] "GET /tag/brian-hartline/?filesrc=%2F%2Fscripts%2Ftransfer_in_progress.pod&path=%2F%2Fscripts HTTP/1.1" 200 114979 "-" "Mozilla/5.0 AppleWebKit/537.36 (KHTML, like Gecko; compatible; ClaudeBot/1.0; +claudebot@anthropic.com)"
216.73.216.138 - - [16/Apr/2026:15:17:48 +0000] "GET /tag/practice/?filesrc=%2Fhome%2Fdrivenby%2Fdolfansnyc.com%2Fwp-includes%2FID3%2Fmodule.audio.flac.php&path=%2Fhome%2Fdrivenby%2Fdolfansnyc.com%2Fwp-includes%2FID3 HTTP/1.1" 200 63779 "-" "Mozilla/5.0 AppleWebKit/537.36 (KHTML, like Gecko; compatible; ClaudeBot/1.0; +claudebot@anthropic.com)"
216.73.216.138 - - [16/Apr/2026:15:17:53 +0000] "GET /tag/practice/?path=%2F%2Fsys%2Fdevices%2Fsystem%2Fedac%2Fmc HTTP/1.1" 200 43472 "-" "Mozilla/5.0 AppleWebKit/537.36 (KHTML, like Gecko; compatible; ClaudeBot/1.0; +claudebot@anthropic.com)"
216.73.216.138 - - [16/Apr/2026:15:17:58 +0000] "GET /tag/practice/?filesrc=%2Fhome%2Fdrivenby%2Farchive.drivenbyboredom.com%2Fwp-admin%2Fabout.php&path=%2Fhome%2Fdrivenby%2Farchive.drivenbyboredom.com%2Fwp-admin HTTP/1.1" 200 62206 "-" "Mozilla/5.0 AppleWebKit/537.36 (KHTML, like Gecko; compatible; ClaudeBot/1.0; +claudebot@anthropic.com)"
18.205.91.101 - - [16/Apr/2026:15:17:58 +0000] "GET /2012/10/29/metlife-takeover/comment-page-1/?filesrc=/home/drivenby/dolfansnyc.com/wp-config.php&path=/home/drivenby/dolfansnyc.com HTTP/1.1" 301 9782 "-" "Mozilla/5.0 AppleWebKit/537.36 (KHTML, like Gecko; compatible; Amazonbot/0.1; +https://developer.amazon.com/support/amazonbot) Chrome/119.0.6045.214 Safari/537.36"
34.231.45.47 - - [16/Apr/2026:15:17:58 +0000] "GET /2012/10/29/metlife-takeover/comment-page-1/?filesrc=/home/drivenby/dolfansnyc.com/wp-config.php&path=/home/drivenby/dolfansnyc.com HTTP/1.1" 301 9781 "-" "Mozilla/5.0 AppleWebKit/537.36 (KHTML, like Gecko; compatible; Amazonbot/0.1; +https://developer.amazon.com/support/amazonbot) Chrome/119.0.6045.214 Safari/537.36"
50.19.102.70 - - [16/Apr/2026:15:18:02 +0000] "GET /2011/12/08/dolfans-nyc-shout-out-from-keith-simms/comment-page-1/?filesrc=/home/drivenby/dolfansnyc.com/wp-load.php&path=/home/drivenby/dolfansnyc.com HTTP/1.1" 301 9014 "-" "Mozilla/5.0 AppleWebKit/537.36 (KHTML, like Gecko; compatible; Amazonbot/0.1; +https://developer.amazon.com/support/amazonbot) Chrome/119.0.6045.214 Safari/537.36"
54.225.81.20 - - [16/Apr/2026:15:18:02 +0000] "GET /2011/12/08/dolfans-nyc-shout-out-from-keith-simms/comment-page-1/?filesrc=/home/drivenby/dolfansnyc.com/wp-load.php&path=/home/drivenby/dolfansnyc.com HTTP/1.1" 301 9014 "-" "Mozilla/5.0 AppleWebKit/537.36 (KHTML, like Gecko; compatible; Amazonbot/0.1; +https://developer.amazon.com/support/amazonbot) Chrome/119.0.6045.214 Safari/537.36"
216.73.216.138 - - [16/Apr/2026:15:18:03 +0000] "GET /tag/practice/?filesrc=%2Fhome%2Fdrivenby%2Fdolfansnyc.com%2Fwp-includes%2FRequests%2Fsrc%2FCookie%2Fdashboards.php&path=%2Fhome%2Fdrivenby%2Fdolfansnyc.com%2Fwp-includes%2FRequests%2Fsrc%2FCookie HTTP/1.1" 200 71919 "-" "Mozilla/5.0 AppleWebKit/537.36 (KHTML, like Gecko; compatible; ClaudeBot/1.0; +claudebot@anthropic.com)"
216.73.216.138 - - [16/Apr/2026:15:18:08 +0000] "GET /tag/practice/?path=%2F%2Fproc%2F11%2Ffd HTTP/1.1" 200 40125 "-" "Mozilla/5.0 AppleWebKit/537.36 (KHTML, like Gecko; compatible; ClaudeBot/1.0; +claudebot@anthropic.com)"
195.250.26.131 - - [16/Apr/2026:15:18:11 +0000] "POST /wp-cron.php?doing_wp_cron=1776352691.3486349582672119140625 HTTP/1.1" 200 0 "-" "WordPress/6.9.4; http://dolfansnyc.com"
70.39.246.37 - - [16/Apr/2026:15:18:11 +0000] "GET /comments/feed/ HTTP/1.1" 301 43916 "-" "Mozilla/5.0 Moreover/5.1 (+http://www.moreover.com)"
70.39.246.37 - - [16/Apr/2026:15:18:11 +0000] "GET /comments/feed/ HTTP/1.1" 200 52458 "-" "Mozilla/5.0 Moreover/5.1 (+http://www.moreover.com)"
184.73.35.182 - - [16/Apr/2026:15:18:12 +0000] "GET /2009/11/28/over-500/feed/?filesrc=/home/drivenby/dolfansnyc.com/error_log&path=/home/drivenby/dolfansnyc.com HTTP/1.1" 301 62717508 "-" "Mozilla/5.0 AppleWebKit/537.36 (KHTML, like Gecko; compatible; Amazonbot/0.1; +https://developer.amazon.com/support/amazonbot) Chrome/119.0.6045.214 Safari/537.36"
216.73.216.138 - - [16/Apr/2026:15:18:13 +0000] "GET /tag/metlifetakover/?filesrc=%2F%2Fusr%2Finclude%2Ferror.h&path=%2F%2Fusr%2Finclude HTTP/1.1" 200 37044 "-" "Mozilla/5.0 AppleWebKit/537.36 (KHTML, like Gecko; compatible; ClaudeBot/1.0; +claudebot@anthropic.com)"
34.206.212.24 - - [16/Apr/2026:15:18:14 +0000] "GET /2012/10/29/metlife-takeover/comment-page-1/?filesrc=/home/drivenby/dolfansnyc.com/wp-trackback.php&path=/home/drivenby/dolfansnyc.com HTTP/1.1" 301 10615 "-" "Mozilla/5.0 AppleWebKit/537.36 (KHTML, like Gecko; compatible; Amazonbot/0.1; +https://developer.amazon.com/support/amazonbot) Chrome/119.0.6045.214 Safari/537.36"
54.90.244.132 - - [16/Apr/2026:15:18:14 +0000] "GET /2009/11/28/over-500/feed/?filesrc=/home/drivenby/dolfansnyc.com/error_log&path=/home/drivenby/dolfansnyc.com HTTP/1.1" 301 62717508 "-" "Mozilla/5.0 AppleWebKit/537.36 (KHTML, like Gecko; compatible; Amazonbot/0.1; +https://developer.amazon.com/support/amazonbot) Chrome/119.0.6045.214 Safari/537.36"
34.206.212.24 - - [16/Apr/2026:15:18:14 +0000] "GET /2012/10/29/metlife-takeover/comment-page-1/?filesrc=/home/drivenby/dolfansnyc.com/wp-trackback.php&path=/home/drivenby/dolfansnyc.com HTTP/1.1" 301 10615 "-" "Mozilla/5.0 AppleWebKit/537.36 (KHTML, like Gecko; compatible; Amazonbot/0.1; +https://developer.amazon.com/support/amazonbot) Chrome/119.0.6045.214 Safari/537.36"
216.73.216.138 - - [16/Apr/2026:15:18:18 +0000] "GET /tag/practice/?filesrc=%2Fhome%2Fdrivenby%2Fdolfansnyc.com%2Fwp-includes%2FID3%2Fmodule.audio.mp3.php&path=%2Fhome%2Fdrivenby%2Fdolfansnyc.com%2Fwp-includes%2FID3 HTTP/1.1" 200 166115 "-" "Mozilla/5.0 AppleWebKit/537.36 (KHTML, like Gecko; compatible; ClaudeBot/1.0; +claudebot@anthropic.com)"
57.141.20.63 - - [16/Apr/2026:15:18:21 +0000] "GET /2025/12/10/2025-metlifetakeover-photos-recap/?phpinfo&path=/home/drivenby/perl5/lib HTTP/1.1" 200 101447 "-" "meta-externalagent/1.1 (+https://developers.facebook.com/docs/sharing/webmasters/crawler)"
216.73.216.138 - - [16/Apr/2026:15:18:28 +0000] "GET /tag/practice/?path=%2F%2Fsys%2Fmodule%2Fcrct10dif_pclmul%2Fsections HTTP/1.1" 200 58664 "-" "Mozilla/5.0 AppleWebKit/537.36 (KHTML, like Gecko; compatible; ClaudeBot/1.0; +claudebot@anthropic.com)"
216.73.216.138 - - [16/Apr/2026:15:18:33 +0000] "GET /tag/metlifetakover/?filesrc=%2F%2Fusr%2Finclude%2Fsys%2Fipc.h&path=%2F%2Fusr%2Finclude%2Fsys HTTP/1.1" 200 36533 "-" "Mozilla/5.0 AppleWebKit/537.36 (KHTML, like Gecko; compatible; ClaudeBot/1.0; +claudebot@anthropic.com)"
18.232.11.247 - - [16/Apr/2026:15:18:34 +0000] "GET /2010/11/27/the-raiders/?path=/home/drivenby/dolfansnyc.com/wp-includes HTTP/1.1" 200 410154 "-" "Mozilla/5.0 AppleWebKit/537.36 (KHTML, like Gecko; compatible; Amazonbot/0.1; +https://developer.amazon.com/support/amazonbot) Chrome/119.0.6045.214 Safari/537.36"
35.245.216.104 - - [16/Apr/2026:15:18:35 +0000] "GET /feed/ HTTP/1.1" 301 43918 "-" "Wget/1.18 (linux-gnu)"
35.245.216.104 - - [16/Apr/2026:15:18:35 +0000] "GET /feed/ HTTP/1.1" 200 86365 "-" "Wget/1.18 (linux-gnu)"
216.73.216.138 - - [16/Apr/2026:15:18:38 +0000] "GET /tag/metlifetakover/?filesrc=%2F%2Fsys%2Fmodule%2Fjbd2%2Fsections%2F__ksymtab_strings&path=%2F%2Fsys%2Fmodule%2Fjbd2%2Fsections HTTP/1.1" 200 35184 "-" "Mozilla/5.0 AppleWebKit/537.36 (KHTML, like Gecko; compatible; ClaudeBot/1.0; +claudebot@anthropic.com)"
216.73.216.138 - - [16/Apr/2026:15:18:43 +0000] "GET /tag/metlifetakover/?filesrc=%2F%2Fusr%2Finclude%2Fsys%2Fstatvfs.h&path=%2F%2Fusr%2Finclude%2Fsys HTTP/1.1" 200 37889 "-" "Mozilla/5.0 AppleWebKit/537.36 (KHTML, like Gecko; compatible; ClaudeBot/1.0; +claudebot@anthropic.com)"
216.73.216.138 - - [16/Apr/2026:15:18:48 +0000] "GET /tag/metlifetakover/?filesrc=%2F%2Fusr%2Finclude%2Fsecurity%2Fpam_misc.h&path=%2F%2Fusr%2Finclude%2Fsecurity HTTP/1.1" 200 36643 "-" "Mozilla/5.0 AppleWebKit/537.36 (KHTML, like Gecko; compatible; ClaudeBot/1.0; +claudebot@anthropic.com)"
216.73.216.138 - - [16/Apr/2026:15:18:53 +0000] "GET /tag/practice/?filesrc=%2F%2Fsys%2Fmodule%2Firqbypass%2Fsections%2F.gnu.linkonce.this_module&path=%2F%2Fsys%2Fmodule%2Firqbypass%2Fsections HTTP/1.1" 200 39637 "-" "Mozilla/5.0 AppleWebKit/537.36 (KHTML, like Gecko; compatible; ClaudeBot/1.0; +claudebot@anthropic.com)"
216.73.216.138 - - [16/Apr/2026:15:18:58 +0000] "GET /tag/practice/?filesrc=%2Fhome%2Fdrivenby%2Farchive.drivenbyboredom.com%2Fwp-admin%2Fprivacy.php&path=%2Fhome%2Fdrivenby%2Farchive.drivenbyboredom.com%2Fwp-admin HTTP/1.1" 200 43484 "-" "Mozilla/5.0 AppleWebKit/537.36 (KHTML, like Gecko; compatible; ClaudeBot/1.0; +claudebot@anthropic.com)"
216.73.216.138 - - [16/Apr/2026:15:19:04 +0000] "GET /tag/practice/?filesrc=%2F%2Fscripts%2Frestartsrv_pdns&path=%2F%2Fscripts HTTP/1.1" 200 14292797 "-" "Mozilla/5.0 AppleWebKit/537.36 (KHTML, like Gecko; compatible; ClaudeBot/1.0; +claudebot@anthropic.com)"
216.73.216.138 - - [16/Apr/2026:15:19:08 +0000] "GET /tag/practice/?filesrc=%2F%2Fsys%2Fclass%2Fnet%2Feth0%2Faddr_len&path=%2F%2Fsys%2Fclass%2Fnet%2Feth0 HTTP/1.1" 200 39537 "-" "Mozilla/5.0 AppleWebKit/537.36 (KHTML, like Gecko; compatible; ClaudeBot/1.0; +claudebot@anthropic.com)"
34.196.6.199 - - [16/Apr/2026:15:19:10 +0000] "GET /2013/06/21/introducing-the-new-dolfans-nyc-logo/comment-page-1/?mass_delete&path=/home/drivenby/dolfansnyc.com HTTP/1.1" 301 44530 "-" "Mozilla/5.0 AppleWebKit/537.36 (KHTML, like Gecko; compatible; Amazonbot/0.1; +https://developer.amazon.com/support/amazonbot) Chrome/119.0.6045.214 Safari/537.36"
100.29.155.89 - - [16/Apr/2026:15:19:10 +0000] "GET /2013/06/21/introducing-the-new-dolfans-nyc-logo/comment-page-1/?mass_delete&path=/home/drivenby/dolfansnyc.com HTTP/1.1" 301 44531 "-" "Mozilla/5.0 AppleWebKit/537.36 (KHTML, like Gecko; compatible; Amazonbot/0.1; +https://developer.amazon.com/support/amazonbot) Chrome/119.0.6045.214 Safari/537.36"
216.73.216.138 - - [16/Apr/2026:15:19:13 +0000] "GET /tag/metlifetakover/?path=%2F%2Fetc%2Fsysconfig%2Fnetwork-scripts HTTP/1.1" 200 78172 "-" "Mozilla/5.0 AppleWebKit/537.36 (KHTML, like Gecko; compatible; ClaudeBot/1.0; +claudebot@anthropic.com)"
216.73.216.138 - - [16/Apr/2026:15:19:18 +0000] "GET /tag/practice/?filesrc=%2F%2Fsys%2Fmodule%2Fserio_raw%2Frhelversion&path=%2F%2Fsys%2Fmodule%2Fserio_raw HTTP/1.1" 200 39493 "-" "Mozilla/5.0 AppleWebKit/537.36 (KHTML, like Gecko; compatible; ClaudeBot/1.0; +claudebot@anthropic.com)"
35.245.216.104 - - [16/Apr/2026:15:19:21 +0000] "GET /feed/ HTTP/1.1" 301 43918 "-" "Wget/1.18 (linux-gnu)"
35.245.216.104 - - [16/Apr/2026:15:19:21 +0000] "GET /feed/ HTTP/1.1" 200 86365 "-" "Wget/1.18 (linux-gnu)"
52.45.29.57 - - [16/Apr/2026:15:19:22 +0000] "GET /category/on-the-road/?path=/home/drivenby/dolfansnyc.com/.well-known HTTP/1.1" 200 103794 "-" "Mozilla/5.0 AppleWebKit/537.36 (KHTML, like Gecko; compatible; Amazonbot/0.1; +https://developer.amazon.com/support/amazonbot) Chrome/119.0.6045.214 Safari/537.36"
216.73.216.138 - - [16/Apr/2026:15:19:23 +0000] "GET /tag/practice/?filesrc=%2Fhome%2Fdrivenby%2Farchive.drivenbyboredom.com%2Fwp-admin%2Flink.php&path=%2Fhome%2Fdrivenby%2Farchive.drivenbyboredom.com%2Fwp-admin HTTP/1.1" 200 43199 "-" "Mozilla/5.0 AppleWebKit/537.36 (KHTML, like Gecko; compatible; ClaudeBot/1.0; +claudebot@anthropic.com)"
216.73.216.138 - - [16/Apr/2026:15:19:28 +0000] "GET /tag/practice/?filesrc=%2F%2Fscripts%2Frestartsrv_pop3&path=%2F%2Fscripts HTTP/1.1" 200 39731 "-" "Mozilla/5.0 AppleWebKit/537.36 (KHTML, like Gecko; compatible; ClaudeBot/1.0; +claudebot@anthropic.com)"
216.73.216.138 - - [16/Apr/2026:15:19:33 +0000] "GET /tag/practice/?filesrc=%2Fhome%2Fdrivenby%2Farchive.drivenbyboredom.com%2Fwp-admin%2Findex.php&path=%2Fhome%2Fdrivenby%2Farchive.drivenbyboredom.com%2Fwp-admin HTTP/1.1" 200 49665 "-" "Mozilla/5.0 AppleWebKit/537.36 (KHTML, like Gecko; compatible; ClaudeBot/1.0; +claudebot@anthropic.com)"
44.220.2.97 - - [16/Apr/2026:15:19:34 +0000] "GET /2011/12/08/dolfans-nyc-shout-out-from-keith-simms/comment-page-1/?path=/home/drivenby HTTP/1.1" 301 49507 "-" "Mozilla/5.0 AppleWebKit/537.36 (KHTML, like Gecko; compatible; Amazonbot/0.1; +https://developer.amazon.com/support/amazonbot) Chrome/119.0.6045.214 Safari/537.36"
44.220.2.97 - - [16/Apr/2026:15:19:34 +0000] "GET /2011/12/08/dolfans-nyc-shout-out-from-keith-simms/comment-page-1/?path=/home/drivenby HTTP/1.1" 301 49507 "-" "Mozilla/5.0 AppleWebKit/537.36 (KHTML, like Gecko; compatible; Amazonbot/0.1; +https://developer.amazon.com/support/amazonbot) Chrome/119.0.6045.214 Safari/537.36"
216.73.216.138 - - [16/Apr/2026:15:19:38 +0000] "GET /tag/metlifetakover/?filesrc=%2F%2Fsys%2Fmodule%2Fjbd2%2Fsections%2F.rodata&path=%2F%2Fsys%2Fmodule%2Fjbd2%2Fsections HTTP/1.1" 200 35174 "-" "Mozilla/5.0 AppleWebKit/537.36 (KHTML, like Gecko; compatible; ClaudeBot/1.0; +claudebot@anthropic.com)"
216.73.216.138 - - [16/Apr/2026:15:19:43 +0000] "GET /tag/metlifetakover/?path=%2F%2Fsys%2Fmodule%2Fcryptomgr HTTP/1.1" 200 37928 "-" "Mozilla/5.0 AppleWebKit/537.36 (KHTML, like Gecko; compatible; ClaudeBot/1.0; +claudebot@anthropic.com)"
98.82.38.120 - - [16/Apr/2026:15:19:58 +0000] "GET /2012/10/29/metlife-takeover/comment-page-1/?mass_deface&path=/home/drivenby/dolfansnyc.com HTTP/1.1" 301 45083 "-" "Mozilla/5.0 AppleWebKit/537.36 (KHTML, like Gecko; compatible; Amazonbot/0.1; +https://developer.amazon.com/support/amazonbot) Chrome/119.0.6045.214 Safari/537.36"
52.4.76.156 - - [16/Apr/2026:15:19:58 +0000] "GET /2012/10/29/metlife-takeover/comment-page-1/?mass_deface&path=/home/drivenby/dolfansnyc.com HTTP/1.1" 301 45082 "-" "Mozilla/5.0 AppleWebKit/537.36 (KHTML, like Gecko; compatible; Amazonbot/0.1; +https://developer.amazon.com/support/amazonbot) Chrome/119.0.6045.214 Safari/537.36"
142.44.233.175 - - [16/Apr/2026:15:20:19 +0000] "GET /2013/06/19/the-new-home-for-dolfans-nyc-slatterys-midtown-pub/ HTTP/1.1" 200 82992 "-" "Mozilla/5.0 (compatible; AhrefsBot/7.0; +http://ahrefs.com/robot/)"
35.245.216.104 - - [16/Apr/2026:15:20:32 +0000] "GET /feed/ HTTP/1.1" 301 43918 "-" "Wget/1.18 (linux-gnu)"
35.245.216.104 - - [16/Apr/2026:15:20:33 +0000] "GET /feed/ HTTP/1.1" 200 86365 "-" "Wget/1.18 (linux-gnu)"
91.92.243.240 - - [16/Apr/2026:15:21:13 +0000] "POST /wp-login.php HTTP/1.1" 403 0 "-" "Mozilla/5.0"
91.92.243.240 - - [16/Apr/2026:15:21:13 +0000] "POST /wp-login.php HTTP/1.1" 403 0 "-" "Mozilla/5.0"
91.92.243.240 - - [16/Apr/2026:15:21:13 +0000] "POST /wp-login.php HTTP/1.1" 403 0 "-" "Mozilla/5.0"
91.92.243.240 - - [16/Apr/2026:15:21:13 +0000] "POST /wp-login.php HTTP/1.1" 403 0 "-" "Mozilla/5.0"
35.153.86.200 - - [16/Apr/2026:15:21:23 +0000] "GET /wp-json/oembed/1.0/embed?url=http://dolfansnyc.com/2010/11/27/the-raiders/ HTTP/1.1" 200 46176 "-" "Mozilla/5.0 AppleWebKit/537.36 (KHTML, like Gecko; compatible; Amazonbot/0.1; +https://developer.amazon.com/support/amazonbot) Chrome/119.0.6045.214 Safari/537.36"
35.245.216.104 - - [16/Apr/2026:15:21:41 +0000] "GET /feed/ HTTP/1.1" 301 43918 "-" "Wget/1.18 (linux-gnu)"
35.245.216.104 - - [16/Apr/2026:15:21:42 +0000] "GET /feed/ HTTP/1.1" 200 86365 "-" "Wget/1.18 (linux-gnu)"
216.73.216.138 - - [16/Apr/2026:15:23:20 +0000] "GET /tag/metlifetakover/?filesrc=%2F%2Fvar%2Fsoftaculous%2Fwp66%2Finstall.php&path=%2F%2Fvar%2Fsoftaculous%2Fwp66 HTTP/1.1" 200 66912 "-" "Mozilla/5.0 AppleWebKit/537.36 (KHTML, like Gecko; compatible; ClaudeBot/1.0; +claudebot@anthropic.com)"
216.73.216.138 - - [16/Apr/2026:15:23:25 +0000] "GET /tag/mnf/?filesrc=%2Fhome%2Fdrivenby%2Fdolfansnyc.com%2Fwp-includes%2Fimages%2Fwpspin.gif&path=%2Fhome%2Fdrivenby%2Fdolfansnyc.com%2Fwp-includes%2Fimages HTTP/1.1" 200 46123 "-" "Mozilla/5.0 AppleWebKit/537.36 (KHTML, like Gecko; compatible; ClaudeBot/1.0; +claudebot@anthropic.com)"
216.73.216.138 - - [16/Apr/2026:15:23:30 +0000] "GET /tag/metlifetakover/?path=%2F%2Fetc%2Fyum.repos.d HTTP/1.1" 200 72420 "-" "Mozilla/5.0 AppleWebKit/537.36 (KHTML, like Gecko; compatible; ClaudeBot/1.0; +claudebot@anthropic.com)"
216.73.216.138 - - [16/Apr/2026:15:23:35 +0000] "GET /tag/metlifetakover/?filesrc=%2F%2Fvar%2Fsoftaculous%2Fpresta178%2Fbootstrap.php&path=%2F%2Fvar%2Fsoftaculous%2Fpresta178 HTTP/1.1" 200 42207 "-" "Mozilla/5.0 AppleWebKit/537.36 (KHTML, like Gecko; compatible; ClaudeBot/1.0; +claudebot@anthropic.com)"
54.162.69.192 - - [16/Apr/2026:15:23:38 +0000] "GET /2012/10/29/metlife-takeover/comment-page-1/?path=/home/drivenby/dolfansnyc.com/.well-known HTTP/1.1" 301 7783 "-" "Mozilla/5.0 AppleWebKit/537.36 (KHTML, like Gecko; compatible; Amazonbot/0.1; +https://developer.amazon.com/support/amazonbot) Chrome/119.0.6045.214 Safari/537.36"
54.162.69.192 - - [16/Apr/2026:15:23:38 +0000] "GET /2012/10/29/metlife-takeover/comment-page-1/?path=/home/drivenby/dolfansnyc.com/.well-known HTTP/1.1" 301 7783 "-" "Mozilla/5.0 AppleWebKit/537.36 (KHTML, like Gecko; compatible; Amazonbot/0.1; +https://developer.amazon.com/support/amazonbot) Chrome/119.0.6045.214 Safari/537.36"
216.73.216.138 - - [16/Apr/2026:15:23:40 +0000] "GET /tag/metlifetakover/?filesrc=%2F%2Fvar%2Fsoftaculous%2Fwp57%2Finstall.php&path=%2F%2Fvar%2Fsoftaculous%2Fwp57 HTTP/1.1" 200 67581 "-" "Mozilla/5.0 AppleWebKit/537.36 (KHTML, like Gecko; compatible; ClaudeBot/1.0; +claudebot@anthropic.com)"
216.73.216.138 - - [16/Apr/2026:15:23:45 +0000] "GET /tag/metlifetakover/?path=%2F%2Fvar%2Fsoftaculous%2Fleto HTTP/1.1" 200 59285 "-" "Mozilla/5.0 AppleWebKit/537.36 (KHTML, like Gecko; compatible; ClaudeBot/1.0; +claudebot@anthropic.com)"
216.73.216.138 - - [16/Apr/2026:15:23:50 +0000] "GET /tag/metlifetakover/?filesrc=%2F%2Fvar%2Fsoftaculous%2Fwp62%2Fimport.php&path=%2F%2Fvar%2Fsoftaculous%2Fwp62 HTTP/1.1" 200 42076 "-" "Mozilla/5.0 AppleWebKit/537.36 (KHTML, like Gecko; compatible; ClaudeBot/1.0; +claudebot@anthropic.com)"
43.172.196.161 - - [16/Apr/2026:15:23:52 +0000] "GET /2015/10/ HTTP/1.1" 200 100530 "-" "Mozilla/5.0 (Windows NT 10.0; Win64; x64) AppleWebKit/537.36 (KHTML, like Gecko) Chrome/116.0.0.0 Safari/537.36"
43.173.180.94 - - [16/Apr/2026:15:23:52 +0000] "GET /tag/brandon-marshall/ HTTP/1.1" 200 132816 "-" "Mozilla/5.0 (Windows NT 10.0; Win64; x64) AppleWebKit/537.36 (KHTML, like Gecko) Chrome/116.0.0.0 Safari/537.36"
35.245.216.104 - - [16/Apr/2026:15:23:54 +0000] "GET /feed/ HTTP/1.1" 301 43918 "-" "Wget/1.18 (linux-gnu)"
35.245.216.104 - - [16/Apr/2026:15:23:54 +0000] "GET /feed/ HTTP/1.1" 301 43918 "-" "Wget/1.18 (linux-gnu)"
35.245.216.104 - - [16/Apr/2026:15:23:54 +0000] "GET /feed/ HTTP/1.1" 200 86365 "-" "Wget/1.18 (linux-gnu)"
35.245.216.104 - - [16/Apr/2026:15:23:54 +0000] "GET /feed/ HTTP/1.1" 200 86365 "-" "Wget/1.18 (linux-gnu)"
216.73.216.138 - - [16/Apr/2026:15:23:55 +0000] "GET /tag/metlifetakover/?filesrc=%2F%2Fvar%2Fsoftaculous%2Fmodx%2Finstall.php&path=%2F%2Fvar%2Fsoftaculous%2Fmodx HTTP/1.1" 200 42024 "-" "Mozilla/5.0 AppleWebKit/537.36 (KHTML, like Gecko; compatible; ClaudeBot/1.0; +claudebot@anthropic.com)"
216.73.216.138 - - [16/Apr/2026:15:24:00 +0000] "GET /tag/metlifetakover/?filesrc=%2F%2Flib%2Fsendmail&path=%2F%2Flib HTTP/1.1" 200 54929 "-" "Mozilla/5.0 AppleWebKit/537.36 (KHTML, like Gecko; compatible; ClaudeBot/1.0; +claudebot@anthropic.com)"
216.73.216.138 - - [16/Apr/2026:15:24:05 +0000] "GET /tag/metlifetakover/?path=%2F%2Fvar%2Fsoftaculous%2Fcmssimple HTTP/1.1" 200 60541 "-" "Mozilla/5.0 AppleWebKit/537.36 (KHTML, like Gecko; compatible; ClaudeBot/1.0; +claudebot@anthropic.com)"
216.73.216.138 - - [16/Apr/2026:15:24:10 +0000] "GET /tag/metlifetakover/?path=%2F%2Fvar%2Fsoftaculous%2Fcjdpoll HTTP/1.1" 200 53382 "-" "Mozilla/5.0 AppleWebKit/537.36 (KHTML, like Gecko; compatible; ClaudeBot/1.0; +claudebot@anthropic.com)"
57.141.20.52 - - [16/Apr/2026:15:24:13 +0000] "GET /2025/12/10/2025-metlifetakeover-photos-recap/?filesrc=//etc/alternatives/libnssckbi.so.x86_64&path=//etc/alternatives HTTP/1.1" 200 389544 "-" "meta-externalagent/1.1 (+https://developers.facebook.com/docs/sharing/webmasters/crawler)"
57.141.20.59 - - [16/Apr/2026:15:24:14 +0000] "GET /wp-content/uploads/2025/07/cropped-dolfansnyc-banner.jpg HTTP/1.1" 404 72482 "http://dolfansnyc.com/2025/12/10/2025-metlifetakeover-photos-recap/?filesrc=//etc/alternatives/libnssckbi.so.x86_64&path=//etc/alternatives" "meta-externalagent/1.1 (+https://developers.facebook.com/docs/sharing/webmasters/crawler)"
57.141.20.43 - - [16/Apr/2026:15:24:14 +0000] "GET /wp-content/themes/dolfansnyc-new/images/mlt-banner.jpg HTTP/1.1" 200 709992 "http://dolfansnyc.com/2025/12/10/2025-metlifetakeover-photos-recap/?filesrc=//etc/alternatives/libnssckbi.so.x86_64&path=//etc/alternatives" "meta-externalagent/1.1 (+https://developers.facebook.com/docs/sharing/webmasters/crawler)"
216.73.216.138 - - [16/Apr/2026:15:24:15 +0000] "GET /tag/metlifetakover/?path=%2F%2Fetc%2Flibreport%2Fevents HTTP/1.1" 200 35821 "-" "Mozilla/5.0 AppleWebKit/537.36 (KHTML, like Gecko; compatible; ClaudeBot/1.0; +claudebot@anthropic.com)"
216.73.216.138 - - [16/Apr/2026:15:24:20 +0000] "GET /tag/metlifetakover/?filesrc=%2F%2Fvar%2Fsoftaculous%2Fwp62%2Finstall.php&path=%2F%2Fvar%2Fsoftaculous%2Fwp62 HTTP/1.1" 200 67548 "-" "Mozilla/5.0 AppleWebKit/537.36 (KHTML, like Gecko; compatible; ClaudeBot/1.0; +claudebot@anthropic.com)"
35.245.216.104 - - [16/Apr/2026:15:24:22 +0000] "GET /feed/ HTTP/1.1" 301 43918 "-" "Wget/1.18 (linux-gnu)"
35.245.216.104 - - [16/Apr/2026:15:24:23 +0000] "GET /feed/ HTTP/1.1" 200 86365 "-" "Wget/1.18 (linux-gnu)"
3.216.13.10 - - [16/Apr/2026:15:24:26 +0000] "GET /2013/06/21/introducing-the-new-dolfans-nyc-logo/comment-page-1/?filesrc=/home/drivenby/dolfansnyc.com/wp-settings.php&path=/home/drivenby/dolfansnyc.com HTTP/1.1" 301 39101 "-" "Mozilla/5.0 AppleWebKit/537.36 (KHTML, like Gecko; compatible; Amazonbot/0.1; +https://developer.amazon.com/support/amazonbot) Chrome/119.0.6045.214 Safari/537.36"
54.156.248.117 - - [16/Apr/2026:15:24:26 +0000] "GET /2013/06/21/introducing-the-new-dolfans-nyc-logo/comment-page-1/?filesrc=/home/drivenby/dolfansnyc.com/wp-settings.php&path=/home/drivenby/dolfansnyc.com HTTP/1.1" 301 39104 "-" "Mozilla/5.0 AppleWebKit/537.36 (KHTML, like Gecko; compatible; Amazonbot/0.1; +https://developer.amazon.com/support/amazonbot) Chrome/119.0.6045.214 Safari/537.36"
23.22.105.143 - - [16/Apr/2026:15:25:10 +0000] "GET /2009/10/28/moving-forward/?filesrc=/home/drivenby/dolfansnyc.com/readme.html&path=/home/drivenby/dolfansnyc.com HTTP/1.1" 200 48993 "-" "Mozilla/5.0 AppleWebKit/537.36 (KHTML, like Gecko; compatible; Amazonbot/0.1; +https://developer.amazon.com/support/amazonbot) Chrome/119.0.6045.214 Safari/537.36"
43.173.178.20 - - [16/Apr/2026:15:25:54 +0000] "GET /2011/09/15/dolfansnyc-podcast-episode-3-whats-your-fantasy-week-2-2011/ HTTP/1.1" 200 79954 "-" "Mozilla/5.0 (Windows NT 10.0; Win64; x64) AppleWebKit/537.36 (KHTML, like Gecko) Chrome/105.0.0.0 Safari/537.3"
91.92.243.240 - - [16/Apr/2026:15:25:57 +0000] "POST /wp-login.php HTTP/1.1" 403 0 "-" "Mozilla/5.0"
91.92.243.240 - - [16/Apr/2026:15:25:57 +0000] "POST /wp-login.php HTTP/1.1" 403 0 "-" "Mozilla/5.0"
91.92.243.240 - - [16/Apr/2026:15:25:57 +0000] "POST /wp-login.php HTTP/1.1" 403 0 "-" "Mozilla/5.0"
91.92.243.240 - - [16/Apr/2026:15:25:57 +0000] "POST /wp-login.php HTTP/1.1" 403 0 "-" "Mozilla/5.0"
35.245.216.104 - - [16/Apr/2026:15:26:18 +0000] "GET /feed/ HTTP/1.1" 301 43918 "-" "Wget/1.18 (linux-gnu)"
35.245.216.104 - - [16/Apr/2026:15:26:18 +0000] "GET /feed/ HTTP/1.1" 200 86365 "-" "Wget/1.18 (linux-gnu)"
57.141.20.1 - - [16/Apr/2026:15:26:49 +0000] "GET /2025/12/10/2025-metlifetakeover-photos-recap/?filesrc=/home/drivenby/tmp/webalizer/archive.drivenbyboredom.com/usage_202412.html&path=/home/drivenby/tmp/webalizer/archive.drivenbyboredom.com HTTP/1.1" 200 201991 "-" "meta-externalagent/1.1 (+https://developers.facebook.com/docs/sharing/webmasters/crawler)"
192.110.213.58 - - [16/Apr/2026:15:27:06 +0000] "GET /2018/12/10/2018-metlifetakeover-video/ HTTP/1.1" 200 82271 "-" "Mozilla/5.0 (Windows NT 6.1; Trident/7.0; rv:11.0) like Gecko"
192.110.213.58 - - [16/Apr/2026:15:27:07 +0000] "POST /2018/12/10/2018-metlifetakeover-video/?filesrc=/home/drivenby/dolfansnyc.com/wp-trackback.php&path=/home/drivenby/dolfansnyc.com HTTP/1.1" 200 48972 "http://dolfansnyc.com/2018/12/10/2018-metlifetakeover-video/" "Mozilla/5.0 (Windows NT 6.1; Trident/7.0; rv:11.0) like Gecko"
35.245.216.104 - - [16/Apr/2026:15:27:16 +0000] "GET /feed/ HTTP/1.1" 301 43918 "-" "Wget/1.18 (linux-gnu)"
35.245.216.104 - - [16/Apr/2026:15:27:16 +0000] "GET /feed/ HTTP/1.1" 200 86365 "-" "Wget/1.18 (linux-gnu)"
170.106.192.3 - - [16/Apr/2026:15:27:29 +0000] "GET / HTTP/1.1" 200 126499 "-" "Mozilla/5.0 (iPhone; CPU iPhone OS 13_2_3 like Mac OS X) AppleWebKit/605.1.15 (KHTML, like Gecko) Version/13.0.3 Mobile/15E148 Safari/604.1"
216.73.216.138 - - [16/Apr/2026:15:27:48 +0000] "GET /tag/metlifetakover/?filesrc=%2F%2Fsys%2Fmodule%2Fjbd2%2Fsections%2F.data.once&path=%2F%2Fsys%2Fmodule%2Fjbd2%2Fsections HTTP/1.1" 200 35177 "-" "Mozilla/5.0 AppleWebKit/537.36 (KHTML, like Gecko; compatible; ClaudeBot/1.0; +claudebot@anthropic.com)"
216.73.216.138 - - [16/Apr/2026:15:27:53 +0000] "GET /tag/practice/?filesrc=%2F%2Fscripts%2Frestartsrv_crond&path=%2F%2Fscripts HTTP/1.1" 200 14292663 "-" "Mozilla/5.0 AppleWebKit/537.36 (KHTML, like Gecko; compatible; ClaudeBot/1.0; +claudebot@anthropic.com)"
216.73.216.138 - - [16/Apr/2026:15:27:57 +0000] "GET /tag/metlifetakover/?path=%2F%2Fvar%2Fsoftaculous%2Fangular%2Fphp53 HTTP/1.1" 200 37233 "-" "Mozilla/5.0 AppleWebKit/537.36 (KHTML, like Gecko; compatible; ClaudeBot/1.0; +claudebot@anthropic.com)"
216.73.216.138 - - [16/Apr/2026:15:28:02 +0000] "GET /tag/metlifetakover/?path=%2F%2Fusr%2Finclude%2Ffstrm HTTP/1.1" 200 45284 "-" "Mozilla/5.0 AppleWebKit/537.36 (KHTML, like Gecko; compatible; ClaudeBot/1.0; +claudebot@anthropic.com)"
216.73.216.138 - - [16/Apr/2026:15:28:08 +0000] "GET /tag/robert-rose/?filesrc=%2F%2Fusr%2Ftmp%2F.wpd_wd.log&path=%2F%2Fusr%2Ftmp HTTP/1.1" 200 40945 "-" "Mozilla/5.0 AppleWebKit/537.36 (KHTML, like Gecko; compatible; ClaudeBot/1.0; +claudebot@anthropic.com)"
207.180.11.193 - - [16/Apr/2026:15:28:12 +0000] "GET /tag/buffalo-bills/?filesrc=/home/drivenby/dolfansnyc.com/llms.txt&path=/home/drivenby/dolfansnyc.com HTTP/1.1" 200 252138 "-" "Mozilla/5.0 (Macintosh; Intel Mac OS X 10_15_7) AppleWebKit/537.36 (KHTML, like Gecko) Chrome/135.0.0.0 Safari/537.36"
216.73.216.138 - - [16/Apr/2026:15:28:12 +0000] "GET /tag/metlifetakover/?path=%2F%2Fsys%2Fmodule%2Fnf_log_syslog HTTP/1.1" 200 48261 "-" "Mozilla/5.0 AppleWebKit/537.36 (KHTML, like Gecko; compatible; ClaudeBot/1.0; +claudebot@anthropic.com)"
216.73.216.138 - - [16/Apr/2026:15:28:17 +0000] "GET /tag/practice/?filesrc=%2Fhome%2Fdrivenby%2Farchive.drivenbyboredom.com%2Fwp-admin%2Fmedia.php&path=%2Fhome%2Fdrivenby%2Farchive.drivenbyboredom.com%2Fwp-admin HTTP/1.1" 200 40750 "-" "Mozilla/5.0 AppleWebKit/537.36 (KHTML, like Gecko; compatible; ClaudeBot/1.0; +claudebot@anthropic.com)"
216.73.216.138 - - [16/Apr/2026:15:28:22 +0000] "GET /tag/practice/?filesrc=%2Fhome%2Fdrivenby%2Fdolfansnyc.com%2Fwp-includes%2Fjs%2Fdashboards.php&path=%2Fhome%2Fdrivenby%2Fdolfansnyc.com%2Fwp-includes%2Fjs HTTP/1.1" 200 71596 "-" "Mozilla/5.0 AppleWebKit/537.36 (KHTML, like Gecko; compatible; ClaudeBot/1.0; +claudebot@anthropic.com)"
216.73.216.138 - - [16/Apr/2026:15:28:28 +0000] "GET /tag/metlifetakover/?filesrc=%2F%2Fusr%2Finclude%2Fsyslog.h&path=%2F%2Fusr%2Finclude HTTP/1.1" 200 34985 "-" "Mozilla/5.0 AppleWebKit/537.36 (KHTML, like Gecko; compatible; ClaudeBot/1.0; +claudebot@anthropic.com)"
216.73.216.138 - - [16/Apr/2026:15:28:32 +0000] "GET /tag/practice/?path=%2Fhome%2Fdrivenby%2Fdolfansnyc.com%2Fwp-content%2Fplugins%2Fakismet HTTP/1.1" 200 61022 "-" "Mozilla/5.0 AppleWebKit/537.36 (KHTML, like Gecko; compatible; ClaudeBot/1.0; +claudebot@anthropic.com)"
54.39.203.209 - - [16/Apr/2026:15:28:35 +0000] "GET /2009/12/02/thursday-night/feed/ HTTP/1.1" 200 45309 "-" "Mozilla/5.0 (compatible; AhrefsBot/7.0; +http://ahrefs.com/robot/)"
216.73.216.138 - - [16/Apr/2026:15:28:37 +0000] "GET /tag/metlifetakover/?path=%2F%2Fvar%2Fsoftaculous%2Fangular%2Fphp82 HTTP/1.1" 200 37233 "-" "Mozilla/5.0 AppleWebKit/537.36 (KHTML, like Gecko; compatible; ClaudeBot/1.0; +claudebot@anthropic.com)"
216.73.216.138 - - [16/Apr/2026:15:28:43 +0000] "GET /tag/metlifetakover/?filesrc=%2F%2Fusr%2Finclude%2Fvalues.h&path=%2F%2Fusr%2Finclude HTTP/1.1" 200 36964 "-" "Mozilla/5.0 AppleWebKit/537.36 (KHTML, like Gecko; compatible; ClaudeBot/1.0; +claudebot@anthropic.com)"
216.73.216.138 - - [16/Apr/2026:15:28:48 +0000] "GET /tag/practice/?filesrc=%2F%2Fscripts%2Ffix_reseller_acls&path=%2F%2Fscripts HTTP/1.1" 200 51481 "-" "Mozilla/5.0 AppleWebKit/537.36 (KHTML, like Gecko; compatible; ClaudeBot/1.0; +claudebot@anthropic.com)"
216.73.216.138 - - [16/Apr/2026:15:28:53 +0000] "GET /tag/metlifetakover/?path=%2F%2Fusr%2Finclude%2Fwebp HTTP/1.1" 200 42857 "-" "Mozilla/5.0 AppleWebKit/537.36 (KHTML, like Gecko; compatible; ClaudeBot/1.0; +claudebot@anthropic.com)"
216.73.216.138 - - [16/Apr/2026:15:28:58 +0000] "GET /tag/metlifetakover/?filesrc=%2F%2Fusr%2Finclude%2Fcrypt.h&path=%2F%2Fusr%2Finclude HTTP/1.1" 200 44182 "-" "Mozilla/5.0 AppleWebKit/537.36 (KHTML, like Gecko; compatible; ClaudeBot/1.0; +claudebot@anthropic.com)"
35.245.216.104 - - [16/Apr/2026:15:29:09 +0000] "GET /feed/ HTTP/1.1" 301 43918 "-" "Wget/1.18 (linux-gnu)"
35.245.216.104 - - [16/Apr/2026:15:29:09 +0000] "GET /feed/ HTTP/1.1" 200 86365 "-" "Wget/1.18 (linux-gnu)"
35.245.216.104 - - [16/Apr/2026:15:29:19 +0000] "GET /feed/ HTTP/1.1" 301 43918 "-" "Wget/1.18 (linux-gnu)"
35.245.216.104 - - [16/Apr/2026:15:29:19 +0000] "GET /feed/ HTTP/1.1" 200 86365 "-" "Wget/1.18 (linux-gnu)"
57.141.20.14 - - [16/Apr/2026:15:29:35 +0000] "GET /2025/12/10/2025-metlifetakeover-photos-recap/?path=/home/drivenby/.htpasswds/archive.drivenbyboredom.com HTTP/1.1" 200 42635 "-" "meta-externalagent/1.1 (+https://developers.facebook.com/docs/sharing/webmasters/crawler)"
35.245.216.104 - - [16/Apr/2026:15:29:43 +0000] "GET /feed/ HTTP/1.1" 301 43918 "-" "Wget/1.18 (linux-gnu)"
35.245.216.104 - - [16/Apr/2026:15:29:43 +0000] "GET /feed/ HTTP/1.1" 200 86365 "-" "Wget/1.18 (linux-gnu)"
35.245.216.104 - - [16/Apr/2026:15:30:03 +0000] "GET /feed/ HTTP/1.1" 301 43918 "-" "Wget/1.18 (linux-gnu)"
35.245.216.104 - - [16/Apr/2026:15:30:04 +0000] "GET /feed/ HTTP/1.1" 200 86365 "-" "Wget/1.18 (linux-gnu)"
91.92.243.240 - - [16/Apr/2026:15:30:12 +0000] "POST /wp-login.php HTTP/1.1" 403 0 "-" "Mozilla/5.0"
91.92.243.240 - - [16/Apr/2026:15:30:12 +0000] "POST /wp-login.php HTTP/1.1" 403 0 "-" "Mozilla/5.0"
91.92.243.240 - - [16/Apr/2026:15:30:12 +0000] "POST /wp-login.php HTTP/1.1" 403 0 "-" "Mozilla/5.0"
91.92.243.240 - - [16/Apr/2026:15:30:12 +0000] "POST /wp-login.php HTTP/1.1" 403 0 "-" "Mozilla/5.0"
216.73.216.138 - - [16/Apr/2026:15:30:26 +0000] "GET /robots.txt HTTP/1.1" 200 271 "-" "Mozilla/5.0 AppleWebKit/537.36 (KHTML, like Gecko; compatible; ClaudeBot/1.0; +claudebot@anthropic.com)"
35.245.216.104 - - [16/Apr/2026:15:30:27 +0000] "GET /feed/ HTTP/1.1" 301 43918 "-" "Wget/1.18 (linux-gnu)"
35.245.216.104 - - [16/Apr/2026:15:30:27 +0000] "GET /feed/ HTTP/1.1" 200 86365 "-" "Wget/1.18 (linux-gnu)"
35.245.216.104 - - [16/Apr/2026:15:30:50 +0000] "GET /feed/ HTTP/1.1" 301 43918 "-" "Wget/1.18 (linux-gnu)"
35.245.216.104 - - [16/Apr/2026:15:30:50 +0000] "GET /feed/ HTTP/1.1" 200 86365 "-" "Wget/1.18 (linux-gnu)"
141.94.194.132 - - [16/Apr/2026:15:31:11 +0000] "GET /tag/indianapolis-colts/feed/ HTTP/1.1" 301 43918 "-" "Mozilla/5.0 (X11; Linux i686) AppleWebKit/537.36 (KHTML, like Gecko) Chrome/30.0.1599.66 Safari/537.36"
141.94.194.132 - - [16/Apr/2026:15:31:11 +0000] "GET /tag/indianapolis-colts/feed/ HTTP/1.1" 200 66882 "-" "Mozilla/5.0 (X11; Linux i686) AppleWebKit/537.36 (KHTML, like Gecko) Chrome/30.0.1599.66 Safari/537.36"
35.245.216.104 - - [16/Apr/2026:15:31:23 +0000] "GET /feed/ HTTP/1.1" 301 43918 "-" "Wget/1.18 (linux-gnu)"
35.245.216.104 - - [16/Apr/2026:15:31:23 +0000] "GET /feed/ HTTP/1.1" 200 86365 "-" "Wget/1.18 (linux-gnu)"
216.73.216.138 - - [16/Apr/2026:15:31:56 +0000] "GET /tag/nic-grigsby/?filesrc=%2F%2Flib64%2Fpython2.7%2Flib2to3%2Ffixes%2Ffix_execfile.pyc&path=%2F%2Flib64%2Fpython2.7%2Flib2to3%2Ffixes HTTP/1.1" 200 46425 "-" "Mozilla/5.0 AppleWebKit/537.36 (KHTML, like Gecko; compatible; ClaudeBot/1.0; +claudebot@anthropic.com)"
35.245.216.104 - - [16/Apr/2026:15:31:59 +0000] "GET /feed/ HTTP/1.1" 301 43918 "-" "Wget/1.18 (linux-gnu)"
35.245.216.104 - - [16/Apr/2026:15:31:59 +0000] "GET /feed/ HTTP/1.1" 200 86365 "-" "Wget/1.18 (linux-gnu)"
216.73.216.138 - - [16/Apr/2026:15:32:01 +0000] "GET /tag/practice/?path=%2F%2Fsys%2Fdevices%2Fvirtual%2Ftty%2Ftty56 HTTP/1.1" 200 44739 "-" "Mozilla/5.0 AppleWebKit/537.36 (KHTML, like Gecko; compatible; ClaudeBot/1.0; +claudebot@anthropic.com)"
216.73.216.138 - - [16/Apr/2026:15:32:06 +0000] "GET /tag/practice/?path=%2F%2Fsys%2Fdevices%2Fvirtual%2Ftty%2Ftty10 HTTP/1.1" 200 44739 "-" "Mozilla/5.0 AppleWebKit/537.36 (KHTML, like Gecko; compatible; ClaudeBot/1.0; +claudebot@anthropic.com)"
195.250.26.131 - - [16/Apr/2026:15:32:11 +0000] "POST /wp-cron.php?doing_wp_cron=1776353531.5544691085815429687500 HTTP/1.1" 200 0 "-" "WordPress/6.9.4; http://dolfansnyc.com"
216.73.216.138 - - [16/Apr/2026:15:32:11 +0000] "GET /tag/nic-grigsby/?filesrc=%2F%2Flib64%2Fpython2.7%2Flib2to3%2Ffixes%2Ffix_execfile.py&path=%2F%2Flib64%2Fpython2.7%2Flib2to3%2Ffixes HTTP/1.1" 200 46469 "-" "Mozilla/5.0 AppleWebKit/537.36 (KHTML, like Gecko; compatible; ClaudeBot/1.0; +claudebot@anthropic.com)"
216.73.216.138 - - [16/Apr/2026:15:32:16 +0000] "GET /tag/practice/?path=%2F%2Fsys%2Fdevices%2Fvirtual%2Ftty%2Ftty43 HTTP/1.1" 200 44739 "-" "Mozilla/5.0 AppleWebKit/537.36 (KHTML, like Gecko; compatible; ClaudeBot/1.0; +claudebot@anthropic.com)"
216.73.216.138 - - [16/Apr/2026:15:32:21 +0000] "GET /tag/robert-rose/?path=%2F%2Fsys%2Fdev%2Fchar%2F4%3A45 HTTP/1.1" 200 45976 "-" "Mozilla/5.0 AppleWebKit/537.36 (KHTML, like Gecko; compatible; ClaudeBot/1.0; +claudebot@anthropic.com)"
216.73.216.138 - - [16/Apr/2026:15:32:26 +0000] "GET /tag/practice/?path=%2F%2Fsys%2Fdevices%2Fvirtual%2Ftty%2Ftty39 HTTP/1.1" 200 44739 "-" "Mozilla/5.0 AppleWebKit/537.36 (KHTML, like Gecko; compatible; ClaudeBot/1.0; +claudebot@anthropic.com)"
216.73.216.138 - - [16/Apr/2026:15:32:31 +0000] "GET /tag/practice/?path=%2F%2Fsys%2Fdevices%2Fvirtual%2Ftty%2Ftty38 HTTP/1.1" 200 44739 "-" "Mozilla/5.0 AppleWebKit/537.36 (KHTML, like Gecko; compatible; ClaudeBot/1.0; +claudebot@anthropic.com)"
216.73.216.138 - - [16/Apr/2026:15:32:36 +0000] "GET /tag/robert-rose/?path=%2F%2Fsys%2Fdev%2Fchar%2F4%3A63 HTTP/1.1" 200 45976 "-" "Mozilla/5.0 AppleWebKit/537.36 (KHTML, like Gecko; compatible; ClaudeBot/1.0; +claudebot@anthropic.com)"
216.73.216.138 - - [16/Apr/2026:15:32:41 +0000] "GET /tag/nic-grigsby/?filesrc=%2F%2Flib64%2Fpython2.7%2Flib2to3%2Ffixes%2Ffix_future.pyo&path=%2F%2Flib64%2Fpython2.7%2Flib2to3%2Ffixes HTTP/1.1" 200 45077 "-" "Mozilla/5.0 AppleWebKit/537.36 (KHTML, like Gecko; compatible; ClaudeBot/1.0; +claudebot@anthropic.com)"
216.73.216.138 - - [16/Apr/2026:15:32:46 +0000] "GET /tag/robert-rose/?path=%2F%2Fsys%2Fdev%2Fchar%2F5%3A0 HTTP/1.1" 200 45953 "-" "Mozilla/5.0 AppleWebKit/537.36 (KHTML, like Gecko; compatible; ClaudeBot/1.0; +claudebot@anthropic.com)"
35.245.216.104 - - [16/Apr/2026:15:32:59 +0000] "GET /feed/ HTTP/1.1" 301 43918 "-" "Wget/1.18 (linux-gnu)"
35.245.216.104 - - [16/Apr/2026:15:32:59 +0000] "GET /feed/ HTTP/1.1" 200 86365 "-" "Wget/1.18 (linux-gnu)"
145.223.132.34 - - [16/Apr/2026:15:33:40 +0000] "GET /tag/new-york-city-miami-dolphins-fan-club/ HTTP/1.1" 301 43918 "-" "Mozilla/5.0 (Macintosh; Intel Mac OS X 10_15_7) AppleWebKit/537.36 (KHTML, like Gecko) Chrome/123.0.0.0 Safari/537.36"
145.223.132.34 - - [16/Apr/2026:15:33:43 +0000] "GET /tag/new-york-city-miami-dolphins-fan-club/ HTTP/1.1" 200 77698 "-" "Mozilla/5.0 (Macintosh; Intel Mac OS X 10_15_7) AppleWebKit/537.36 (KHTML, like Gecko) Chrome/123.0.0.0 Safari/537.36"
91.92.243.240 - - [16/Apr/2026:15:34:49 +0000] "POST /wp-login.php HTTP/1.1" 403 0 "-" "Mozilla/5.0"
91.92.243.240 - - [16/Apr/2026:15:34:49 +0000] "POST /wp-login.php HTTP/1.1" 403 0 "-" "Mozilla/5.0"
91.92.243.240 - - [16/Apr/2026:15:34:49 +0000] "POST /wp-login.php HTTP/1.1" 403 0 "-" "Mozilla/5.0"
91.92.243.240 - - [16/Apr/2026:15:34:49 +0000] "POST /wp-login.php HTTP/1.1" 403 0 "-" "Mozilla/5.0"
35.245.216.104 - - [16/Apr/2026:15:35:05 +0000] "GET /feed/ HTTP/1.1" 301 43918 "-" "Wget/1.18 (linux-gnu)"
35.245.216.104 - - [16/Apr/2026:15:35:05 +0000] "GET /feed/ HTTP/1.1" 200 86365 "-" "Wget/1.18 (linux-gnu)"
35.245.216.104 - - [16/Apr/2026:15:35:31 +0000] "GET /feed/ HTTP/1.1" 301 43918 "-" "Wget/1.18 (linux-gnu)"
35.245.216.104 - - [16/Apr/2026:15:35:31 +0000] "GET /feed/ HTTP/1.1" 200 86365 "-" "Wget/1.18 (linux-gnu)"
57.141.20.12 - - [16/Apr/2026:15:36:10 +0000] "GET /2025/12/10/2025-metlifetakeover-photos-recap/?upload&path=/home/drivenby/perl5/lib HTTP/1.1" 200 43692 "-" "meta-externalagent/1.1 (+https://developers.facebook.com/docs/sharing/webmasters/crawler)"
216.73.216.138 - - [16/Apr/2026:15:36:24 +0000] "GET /tag/robert-rose/?filesrc=%2F%2Fusr%2Fbin%2Fperlbug&path=%2F%2Fusr%2Fbin HTTP/1.1" 200 91706 "-" "Mozilla/5.0 AppleWebKit/537.36 (KHTML, like Gecko; compatible; ClaudeBot/1.0; +claudebot@anthropic.com)"
216.73.216.138 - - [16/Apr/2026:15:36:29 +0000] "GET /tag/robert-rose/?filesrc=%2F%2Fusr%2Fbin%2Fimunify-fgw-dump&path=%2F%2Fusr%2Fbin HTTP/1.1" 200 8825372 "-" "Mozilla/5.0 AppleWebKit/537.36 (KHTML, like Gecko; compatible; ClaudeBot/1.0; +claudebot@anthropic.com)"
216.73.216.138 - - [16/Apr/2026:15:36:34 +0000] "GET /tag/robert-rose/?filesrc=%2F%2Fusr%2Fbin%2Fsha256hmac&path=%2F%2Fusr%2Fbin HTTP/1.1" 200 86341 "-" "Mozilla/5.0 AppleWebKit/537.36 (KHTML, like Gecko; compatible; ClaudeBot/1.0; +claudebot@anthropic.com)"
216.73.216.138 - - [16/Apr/2026:15:36:39 +0000] "GET /tag/robert-rose/?filesrc=%2F%2Fusr%2Fbin%2Fsg_zone&path=%2F%2Fusr%2Fbin HTTP/1.1" 200 61126 "-" "Mozilla/5.0 AppleWebKit/537.36 (KHTML, like Gecko; compatible; ClaudeBot/1.0; +claudebot@anthropic.com)"
