216.73.216.138 - - [16/Apr/2026:12:26:57 +0000] "GET /tag/practice/?path=%2F%2Fproc%2F31%2Fattr HTTP/1.1" 200 47174 "-" "Mozilla/5.0 AppleWebKit/537.36 (KHTML, like Gecko; compatible; ClaudeBot/1.0; +claudebot@anthropic.com)"
216.73.216.138 - - [16/Apr/2026:12:27:02 +0000] "GET /tag/practice/?path=%2F%2Fsys%2Fclass%2Fata_link%2Flink2%2Fpower HTTP/1.1" 200 46802 "-" "Mozilla/5.0 AppleWebKit/537.36 (KHTML, like Gecko; compatible; ClaudeBot/1.0; +claudebot@anthropic.com)"
111.225.148.173 - - [16/Apr/2026:12:27:27 +0000] "GET /robots.txt HTTP/1.1" 200 271 "-" "Mozilla/5.0 (Linux; Android 5.0) AppleWebKit/537.36 (KHTML, like Gecko) Mobile Safari/537.36 (compatible; Bytespider; https://zhanzhang.toutiao.com/)"
35.245.216.104 - - [16/Apr/2026:12:27:58 +0000] "GET /feed/ HTTP/1.1" 301 43918 "-" "Wget/1.18 (linux-gnu)"
35.245.216.104 - - [16/Apr/2026:12:27:58 +0000] "GET /feed/ HTTP/1.1" 200 86365 "-" "Wget/1.18 (linux-gnu)"
57.141.20.20 - - [16/Apr/2026:12:28:35 +0000] "GET /2025/12/10/2025-metlifetakeover-photos-recap/?filesrc=//usr/bin/ea-php85&path=//usr/bin HTTP/1.1" 200 8966822 "-" "meta-externalagent/1.1 (+https://developers.facebook.com/docs/sharing/webmasters/crawler)"
3.210.223.61 - - [16/Apr/2026:12:29:02 +0000] "GET /category/on-the-road/?dirbaru&path=/home/drivenby/dolfansnyc.com HTTP/1.1" 200 140356 "-" "Mozilla/5.0 AppleWebKit/537.36 (KHTML, like Gecko; compatible; Amazonbot/0.1; +https://developer.amazon.com/support/amazonbot) Chrome/119.0.6045.214 Safari/537.36"
35.245.216.104 - - [16/Apr/2026:12:29:04 +0000] "GET /feed/ HTTP/1.1" 301 43918 "-" "Wget/1.18 (linux-gnu)"
35.245.216.104 - - [16/Apr/2026:12:29:04 +0000] "GET /feed/ HTTP/1.1" 200 86365 "-" "Wget/1.18 (linux-gnu)"
54.147.182.90 - - [16/Apr/2026:12:29:30 +0000] "GET /wp-json/wp/v2/posts/1094?filesrc=/home/drivenby/dolfansnyc.com/sitemap.xml&path=/home/drivenby/dolfansnyc.com HTTP/1.1" 200 8976 "-" "Mozilla/5.0 AppleWebKit/537.36 (KHTML, like Gecko; compatible; Amazonbot/0.1; +https://developer.amazon.com/support/amazonbot) Chrome/119.0.6045.214 Safari/537.36"
35.245.216.104 - - [16/Apr/2026:12:29:33 +0000] "GET /feed/ HTTP/1.1" 301 43918 "-" "Wget/1.18 (linux-gnu)"
35.245.216.104 - - [16/Apr/2026:12:29:33 +0000] "GET /feed/ HTTP/1.1" 200 86365 "-" "Wget/1.18 (linux-gnu)"
176.235.182.158 - - [16/Apr/2026:12:29:35 +0000] "GET http://dolfansnyc.com/tag/third-long/page/3/tel:2126836444 HTTP/1.1" 404 72405 "-" "Mozilla/5.0 (Macintosh; Intel Mac OS X 10_14_5) AppleWebKit/537.36 (KHTML, like Gecko) Chrome/89.0.4389.90 Safari/537.36"
216.73.216.138 - - [16/Apr/2026:12:29:39 +0000] "GET /robots.txt HTTP/1.1" 200 271 "-" "Mozilla/5.0 AppleWebKit/537.36 (KHTML, like Gecko; compatible; ClaudeBot/1.0; +claudebot@anthropic.com)"
35.245.216.104 - - [16/Apr/2026:12:30:03 +0000] "GET /feed/ HTTP/1.1" 301 43918 "-" "Wget/1.18 (linux-gnu)"
35.245.216.104 - - [16/Apr/2026:12:30:04 +0000] "GET /feed/ HTTP/1.1" 200 86365 "-" "Wget/1.18 (linux-gnu)"
91.92.243.240 - - [16/Apr/2026:12:30:06 +0000] "POST /wp-login.php HTTP/1.1" 403 0 "-" "Mozilla/5.0"
91.92.243.240 - - [16/Apr/2026:12:30:06 +0000] "POST /wp-login.php HTTP/1.1" 403 0 "-" "Mozilla/5.0"
91.92.243.240 - - [16/Apr/2026:12:30:06 +0000] "POST /wp-login.php HTTP/1.1" 403 0 "-" "Mozilla/5.0"
91.92.243.240 - - [16/Apr/2026:12:30:06 +0000] "POST /wp-login.php HTTP/1.1" 403 0 "-" "Mozilla/5.0"
57.141.20.16 - - [16/Apr/2026:12:30:10 +0000] "GET /2025/12/10/2025-metlifetakeover-photos-recap/?filesrc=//usr/bin/ncftpput&path=//usr/bin HTTP/1.1" 200 551357 "-" "meta-externalagent/1.1 (+https://developers.facebook.com/docs/sharing/webmasters/crawler)"
57.141.20.20 - - [16/Apr/2026:12:30:12 +0000] "GET /wp-content/uploads/2025/07/cropped-dolfansnyc-banner.jpg HTTP/1.1" 404 72482 "http://dolfansnyc.com/2025/12/10/2025-metlifetakeover-photos-recap/?filesrc=//usr/bin/ncftpput&path=//usr/bin" "meta-externalagent/1.1 (+https://developers.facebook.com/docs/sharing/webmasters/crawler)"
57.141.20.14 - - [16/Apr/2026:12:30:12 +0000] "GET /wp-content/themes/dolfansnyc-new/images/mlt-banner.jpg HTTP/1.1" 200 574560 "http://dolfansnyc.com/2025/12/10/2025-metlifetakeover-photos-recap/?filesrc=//usr/bin/ncftpput&path=//usr/bin" "meta-externalagent/1.1 (+https://developers.facebook.com/docs/sharing/webmasters/crawler)"
18.206.47.187 - - [16/Apr/2026:12:30:14 +0000] "GET /wp-json/wp/v2/posts/213?path=/home/drivenby/dolfansnyc.com/.well-known HTTP/1.1" 200 11494 "-" "Mozilla/5.0 AppleWebKit/537.36 (KHTML, like Gecko; compatible; Amazonbot/0.1; +https://developer.amazon.com/support/amazonbot) Chrome/119.0.6045.214 Safari/537.36"
3.89.176.255 - - [16/Apr/2026:12:30:34 +0000] "GET /metlifetakeover-faq/?filesrc=/home/drivenby/dolfansnyc.com/xmlrpc.php&path=/home/drivenby/dolfansnyc.com HTTP/1.1" 200 48789 "-" "Mozilla/5.0 AppleWebKit/537.36 (KHTML, like Gecko; compatible; Amazonbot/0.1; +https://developer.amazon.com/support/amazonbot) Chrome/119.0.6045.214 Safari/537.36"
3.212.205.90 - - [16/Apr/2026:12:30:45 +0000] "GET /2015/01/15/qa-former-dolphins-qb-jay-fiedler/?filesrc=/home/drivenby/dolfansnyc.com/error_log&path=/home/drivenby/dolfansnyc.com HTTP/1.1" 200 62772063 "-" "Mozilla/5.0 AppleWebKit/537.36 (KHTML, like Gecko; compatible; Amazonbot/0.1; +https://developer.amazon.com/support/amazonbot) Chrome/119.0.6045.214 Safari/537.36"
18.205.91.101 - - [16/Apr/2026:12:30:46 +0000] "GET /2024/01/04/2023-metlifetakeover-recap-video/?filesrc=/home/drivenby/dolfansnyc.com/wp-signup.php&path=/home/drivenby/dolfansnyc.com HTTP/1.1" 200 84108 "-" "Mozilla/5.0 AppleWebKit/537.36 (KHTML, like Gecko; compatible; Amazonbot/0.1; +https://developer.amazon.com/support/amazonbot) Chrome/119.0.6045.214 Safari/537.36"
57.141.20.51 - - [16/Apr/2026:12:31:31 +0000] "GET /2025/12/10/2025-metlifetakeover-photos-recap/?filesrc=//lib64/samba/libads-samba4.so&path=//lib64/samba HTTP/1.1" 200 319894 "-" "meta-externalagent/1.1 (+https://developers.facebook.com/docs/sharing/webmasters/crawler)"
216.73.216.138 - - [16/Apr/2026:12:31:32 +0000] "GET /tag/metlifetakover/?filesrc=%2F%2Fvar%2Fsoftaculous%2Fwp53%2Fmd5&path=%2F%2Fvar%2Fsoftaculous%2Fwp53 HTTP/1.1" 200 42117 "-" "Mozilla/5.0 AppleWebKit/537.36 (KHTML, like Gecko; compatible; ClaudeBot/1.0; +claudebot@anthropic.com)"
216.73.216.138 - - [16/Apr/2026:12:31:36 +0000] "GET /tag/metlifetakover/?filesrc=%2F%2Fvar%2Fsoftaculous%2Fdada%2Fdada_mail_config.js&path=%2F%2Fvar%2Fsoftaculous%2Fdada HTTP/1.1" 200 38726 "-" "Mozilla/5.0 AppleWebKit/537.36 (KHTML, like Gecko; compatible; ClaudeBot/1.0; +claudebot@anthropic.com)"
52.3.26.180 - - [16/Apr/2026:12:31:38 +0000] "GET /metlifetakeover-faq/?filesrc=/home/drivenby/dolfansnyc.com/llms.txt&path=/home/drivenby/dolfansnyc.com HTTP/1.1" 200 225651 "-" "Mozilla/5.0 AppleWebKit/537.36 (KHTML, like Gecko; compatible; Amazonbot/0.1; +https://developer.amazon.com/support/amazonbot) Chrome/119.0.6045.214 Safari/537.36"
216.73.216.138 - - [16/Apr/2026:12:31:42 +0000] "GET /tag/metlifetakover/?filesrc=%2F%2Fetc%2Fpasswd-&path=%2F%2Fetc HTTP/1.1" 200 38076 "-" "Mozilla/5.0 AppleWebKit/537.36 (KHTML, like Gecko; compatible; ClaudeBot/1.0; +claudebot@anthropic.com)"
57.141.20.31 - - [16/Apr/2026:12:31:52 +0000] "GET /2025/12/10/2025-metlifetakeover-photos-recap/?filesrc=//usr/sbin/rpc.mountd&path=//usr/sbin HTTP/1.1" 200 292640 "-" "meta-externalagent/1.1 (+https://developers.facebook.com/docs/sharing/webmasters/crawler)"
170.106.82.209 - - [16/Apr/2026:12:32:28 +0000] "GET /page/3/?phpinfo&path=/home/drivenby/dolfansnyc.com/wp-content HTTP/1.1" 200 101997 "-" "Mozilla/5.0 (iPhone; CPU iPhone OS 13_2_3 like Mac OS X) AppleWebKit/605.1.15 (KHTML, like Gecko) Version/13.0.3 Mobile/15E148 Safari/604.1"
152.53.187.237 - - [16/Apr/2026:12:32:36 +0000] "GET /robots.txt HTTP/1.1" 200 271 "-" "Mozilla/5.0 (compatible; MJ12bot/v1.4.8; http://mj12bot.com/)"
152.53.187.237 - - [16/Apr/2026:12:32:42 +0000] "GET /2009/09/13/atlanta-game-meet-up-recap/?filesrc=/home/drivenby/dolfansnyc.com/.htaccess&path=/home/drivenby/dolfansnyc.com HTTP/1.1" 200 40724 "-" "Mozilla/5.0 (compatible; MJ12bot/v1.4.8; http://mj12bot.com/)"
35.245.216.104 - - [16/Apr/2026:12:32:45 +0000] "GET /feed/ HTTP/1.1" 301 43918 "-" "Wget/1.18 (linux-gnu)"
35.245.216.104 - - [16/Apr/2026:12:32:45 +0000] "GET /feed/ HTTP/1.1" 200 86365 "-" "Wget/1.18 (linux-gnu)"
152.53.187.237 - - [16/Apr/2026:12:33:09 +0000] "GET /2010/10/08/what%E2%80%99s-your-fantasy-week-5-2010/feed/?filesrc=/home/drivenby/dolfansnyc.com/wp-content/debug.log&path=/home/drivenby/dolfansnyc.com/wp-content HTTP/1.1" 301 2662322 "-" "Mozilla/5.0 (compatible; MJ12bot/v1.4.8; http://mj12bot.com/)"
152.53.187.237 - - [16/Apr/2026:12:33:11 +0000] "GET /2010/10/08/what%E2%80%99s-your-fantasy-week-5-2010/feed/?filesrc=%2Fhome%2Fdrivenby%2Fdolfansnyc.com%2Fwp-content%2Fdebug.log&path=%2Fhome%2Fdrivenby%2Fdolfansnyc.com%2Fwp-content HTTP/1.1" 200 2094711 "-" "Mozilla/5.0 (compatible; MJ12bot/v1.4.8; http://mj12bot.com/)"
216.73.216.138 - - [16/Apr/2026:12:33:12 +0000] "GET /tag/metlifetakover/?filesrc=%2F%2Fetc%2Fprofile.d%2Fsh.local&path=%2F%2Fetc%2Fprofile.d HTTP/1.1" 200 35050 "-" "Mozilla/5.0 AppleWebKit/537.36 (KHTML, like Gecko; compatible; ClaudeBot/1.0; +claudebot@anthropic.com)"
35.245.216.104 - - [16/Apr/2026:12:33:12 +0000] "GET /feed/ HTTP/1.1" 301 43918 "-" "Wget/1.18 (linux-gnu)"
35.245.216.104 - - [16/Apr/2026:12:33:13 +0000] "GET /feed/ HTTP/1.1" 200 86365 "-" "Wget/1.18 (linux-gnu)"
216.73.216.138 - - [16/Apr/2026:12:33:16 +0000] "GET /tag/metlifetakover/?filesrc=%2F%2Fetc%2Fpure-ftpd.conf&path=%2F%2Fetc HTTP/1.1" 200 34850 "-" "Mozilla/5.0 AppleWebKit/537.36 (KHTML, like Gecko; compatible; ClaudeBot/1.0; +claudebot@anthropic.com)"
216.73.216.138 - - [16/Apr/2026:12:33:22 +0000] "GET /tag/metlifetakover/?filesrc=%2F%2Fetc%2Faliases&path=%2F%2Fetc HTTP/1.1" 200 36459 "-" "Mozilla/5.0 AppleWebKit/537.36 (KHTML, like Gecko; compatible; ClaudeBot/1.0; +claudebot@anthropic.com)"
216.73.216.138 - - [16/Apr/2026:12:33:26 +0000] "GET /tag/metlifetakover/?path=%2F%2Fvar%2Fsoftaculous%2Fzenario%2Fupgrade HTTP/1.1" 200 36007 "-" "Mozilla/5.0 AppleWebKit/537.36 (KHTML, like Gecko; compatible; ClaudeBot/1.0; +claudebot@anthropic.com)"
152.53.187.237 - - [16/Apr/2026:12:33:30 +0000] "GET /2010/10/08/what%E2%80%99s-your-fantasy-week-5-2010/feed/?filesrc=/home/drivenby/dolfansnyc.com/wp-content/index.php&path=/home/drivenby/dolfansnyc.com/wp-content HTTP/1.1" 301 4686 "-" "Mozilla/5.0 (compatible; MJ12bot/v1.4.8; http://mj12bot.com/)"
216.73.216.138 - - [16/Apr/2026:12:33:31 +0000] "GET /tag/metlifetakover/?filesrc=%2F%2Fetc%2F.pwd.lock&path=%2F%2Fetc HTTP/1.1" 200 34845 "-" "Mozilla/5.0 AppleWebKit/537.36 (KHTML, like Gecko; compatible; ClaudeBot/1.0; +claudebot@anthropic.com)"
216.73.216.138 - - [16/Apr/2026:12:33:36 +0000] "GET /tag/metlifetakover/?filesrc=%2F%2Fvar%2Fsoftaculous%2Fjamroom%2Fedit.xml&path=%2F%2Fvar%2Fsoftaculous%2Fjamroom HTTP/1.1" 200 35761 "-" "Mozilla/5.0 AppleWebKit/537.36 (KHTML, like Gecko; compatible; ClaudeBot/1.0; +claudebot@anthropic.com)"
152.53.187.237 - - [16/Apr/2026:12:33:37 +0000] "GET /2010/10/08/what%E2%80%99s-your-fantasy-week-5-2010/feed/?filesrc=%2Fhome%2Fdrivenby%2Fdolfansnyc.com%2Fwp-content%2Findex.php&path=%2Fhome%2Fdrivenby%2Fdolfansnyc.com%2Fwp-content HTTP/1.1" 200 5685 "-" "Mozilla/5.0 (compatible; MJ12bot/v1.4.8; http://mj12bot.com/)"
216.73.216.138 - - [16/Apr/2026:12:33:41 +0000] "GET /tag/metlifetakover/?filesrc=%2F%2Fvar%2Fsoftaculous%2Ffeng%2Fmd5&path=%2F%2Fvar%2Fsoftaculous%2Ffeng HTTP/1.1" 200 36581 "-" "Mozilla/5.0 AppleWebKit/537.36 (KHTML, like Gecko; compatible; ClaudeBot/1.0; +claudebot@anthropic.com)"
216.73.216.138 - - [16/Apr/2026:12:33:46 +0000] "GET /tag/metlifetakover/?filesrc=%2F%2Fvar%2Fsoftaculous%2Fvue%2Ffileindex.php&path=%2F%2Fvar%2Fsoftaculous%2Fvue HTTP/1.1" 200 35106 "-" "Mozilla/5.0 AppleWebKit/537.36 (KHTML, like Gecko; compatible; ClaudeBot/1.0; +claudebot@anthropic.com)"
216.73.216.138 - - [16/Apr/2026:12:33:55 +0000] "GET /tag/metlifetakover/?filesrc=%2F%2Fetc%2Fsensors3.conf&path=%2F%2Fetc HTTP/1.1" 200 47788 "-" "Mozilla/5.0 AppleWebKit/537.36 (KHTML, like Gecko; compatible; ClaudeBot/1.0; +claudebot@anthropic.com)"
216.73.216.138 - - [16/Apr/2026:12:34:00 +0000] "GET /tag/metlifetakover/?filesrc=%2F%2Fvar%2Fsoftaculous%2Fpimcore%2Fservices.yaml&path=%2F%2Fvar%2Fsoftaculous%2Fpimcore HTTP/1.1" 200 38048 "-" "Mozilla/5.0 AppleWebKit/537.36 (KHTML, like Gecko; compatible; ClaudeBot/1.0; +claudebot@anthropic.com)"
216.73.216.138 - - [16/Apr/2026:12:34:05 +0000] "GET /tag/metlifetakover/?filesrc=%2F%2Fetc%2Fmotd&path=%2F%2Fetc HTTP/1.1" 200 34840 "-" "Mozilla/5.0 AppleWebKit/537.36 (KHTML, like Gecko; compatible; ClaudeBot/1.0; +claudebot@anthropic.com)"
216.73.216.138 - - [16/Apr/2026:12:34:10 +0000] "GET /tag/metlifetakover/?filesrc=%2F%2Fetc%2Fmke2fs.conf&path=%2F%2Fetc HTTP/1.1" 200 35965 "-" "Mozilla/5.0 AppleWebKit/537.36 (KHTML, like Gecko; compatible; ClaudeBot/1.0; +claudebot@anthropic.com)"
35.245.216.104 - - [16/Apr/2026:12:34:15 +0000] "GET /feed/ HTTP/1.1" 301 43918 "-" "Wget/1.18 (linux-gnu)"
216.73.216.138 - - [16/Apr/2026:12:34:15 +0000] "GET /tag/metlifetakover/?filesrc=%2F%2Fvar%2Fsoftaculous%2Fopeneshop%2Fmd5&path=%2F%2Fvar%2Fsoftaculous%2Fopeneshop HTTP/1.1" 200 44134 "-" "Mozilla/5.0 AppleWebKit/537.36 (KHTML, like Gecko; compatible; ClaudeBot/1.0; +claudebot@anthropic.com)"
35.245.216.104 - - [16/Apr/2026:12:34:15 +0000] "GET /feed/ HTTP/1.1" 200 86365 "-" "Wget/1.18 (linux-gnu)"
216.73.216.138 - - [16/Apr/2026:12:34:20 +0000] "GET /tag/metlifetakover/?filesrc=%2F%2Fvar%2Fsoftaculous%2Fzenber%2Fedit.xml&path=%2F%2Fvar%2Fsoftaculous%2Fzenber HTTP/1.1" 200 35754 "-" "Mozilla/5.0 AppleWebKit/537.36 (KHTML, like Gecko; compatible; ClaudeBot/1.0; +claudebot@anthropic.com)"
152.53.187.237 - - [16/Apr/2026:12:34:28 +0000] "GET /2010/10/08/what%E2%80%99s-your-fantasy-week-5-2010/feed/?filesrc=/home/drivenby/dolfansnyc.com/wp-cron.php&path=/home/drivenby/dolfansnyc.com HTTP/1.1" 301 10463 "-" "Mozilla/5.0 (compatible; MJ12bot/v1.4.8; http://mj12bot.com/)"
152.53.187.237 - - [16/Apr/2026:12:34:34 +0000] "GET /2010/10/08/what%E2%80%99s-your-fantasy-week-5-2010/feed/?filesrc=%2Fhome%2Fdrivenby%2Fdolfansnyc.com%2Fwp-cron.php&path=%2Fhome%2Fdrivenby%2Fdolfansnyc.com HTTP/1.1" 200 11438 "-" "Mozilla/5.0 (compatible; MJ12bot/v1.4.8; http://mj12bot.com/)"
152.53.187.237 - - [16/Apr/2026:12:34:40 +0000] "GET /2010/10/08/what%E2%80%99s-your-fantasy-week-5-2010/feed/?filesrc=/home/drivenby/dolfansnyc.com/wp-includes/abilities-api.php&path=/home/drivenby/dolfansnyc.com/wp-includes HTTP/1.1" 301 30902 "-" "Mozilla/5.0 (compatible; MJ12bot/v1.4.8; http://mj12bot.com/)"
57.141.20.62 - - [16/Apr/2026:12:34:43 +0000] "GET /2025/12/10/2025-metlifetakeover-photos-recap/?filesrc=//usr/bin/dpkg-deb&path=//usr/bin HTTP/1.1" 200 294322 "-" "meta-externalagent/1.1 (+https://developers.facebook.com/docs/sharing/webmasters/crawler)"
91.92.243.240 - - [16/Apr/2026:12:34:43 +0000] "POST /wp-login.php HTTP/1.1" 403 0 "-" "Mozilla/5.0"
91.92.243.240 - - [16/Apr/2026:12:34:43 +0000] "POST /wp-login.php HTTP/1.1" 403 0 "-" "Mozilla/5.0"
91.92.243.240 - - [16/Apr/2026:12:34:43 +0000] "POST /wp-login.php HTTP/1.1" 403 0 "-" "Mozilla/5.0"
91.92.243.240 - - [16/Apr/2026:12:34:43 +0000] "POST /wp-login.php HTTP/1.1" 403 0 "-" "Mozilla/5.0"
152.53.187.237 - - [16/Apr/2026:12:34:46 +0000] "GET /2010/10/08/what%E2%80%99s-your-fantasy-week-5-2010/feed/?filesrc=%2Fhome%2Fdrivenby%2Fdolfansnyc.com%2Fwp-includes%2Fabilities-api.php&path=%2Fhome%2Fdrivenby%2Fdolfansnyc.com%2Fwp-includes HTTP/1.1" 200 31911 "-" "Mozilla/5.0 (compatible; MJ12bot/v1.4.8; http://mj12bot.com/)"
152.53.187.237 - - [16/Apr/2026:12:35:05 +0000] "GET /2010/10/08/what%E2%80%99s-your-fantasy-week-5-2010/feed/?filesrc=/home/drivenby/dolfansnyc.com/wp-includes/abilities.php&path=/home/drivenby/dolfansnyc.com/wp-includes HTTP/1.1" 301 15187 "-" "Mozilla/5.0 (compatible; MJ12bot/v1.4.8; http://mj12bot.com/)"
18.209.137.234 - - [16/Apr/2026:12:35:06 +0000] "GET /wp-json/wp/v2/posts/140?filesrc=/home/drivenby/dolfansnyc.com/wp-cron.php&path=/home/drivenby/dolfansnyc.com HTTP/1.1" 200 13811 "-" "Mozilla/5.0 AppleWebKit/537.36 (KHTML, like Gecko; compatible; Amazonbot/0.1; +https://developer.amazon.com/support/amazonbot) Chrome/119.0.6045.214 Safari/537.36"
34.194.14.255 - - [16/Apr/2026:12:35:10 +0000] "GET /2013/06/21/introducing-the-new-dolfans-nyc-logo/comment-page-1/?filesrc=/home/drivenby/dolfansnyc.com/wp-login.php&path=/home/drivenby/dolfansnyc.com HTTP/1.1" 301 67056 "-" "Mozilla/5.0 AppleWebKit/537.36 (KHTML, like Gecko; compatible; Amazonbot/0.1; +https://developer.amazon.com/support/amazonbot) Chrome/119.0.6045.214 Safari/537.36"
195.250.26.131 - - [16/Apr/2026:12:35:11 +0000] "POST /wp-cron.php?doing_wp_cron=1776342911.0108370780944824218750 HTTP/1.1" 200 0 "-" "WordPress/6.9.4; http://dolfansnyc.com"
34.192.125.239 - - [16/Apr/2026:12:35:11 +0000] "GET /2013/06/21/introducing-the-new-dolfans-nyc-logo/comment-page-1/?filesrc=/home/drivenby/dolfansnyc.com/wp-login.php&path=/home/drivenby/dolfansnyc.com HTTP/1.1" 301 67057 "-" "Mozilla/5.0 AppleWebKit/537.36 (KHTML, like Gecko; compatible; Amazonbot/0.1; +https://developer.amazon.com/support/amazonbot) Chrome/119.0.6045.214 Safari/537.36"
152.53.187.237 - - [16/Apr/2026:12:35:11 +0000] "GET /2010/10/08/what%E2%80%99s-your-fantasy-week-5-2010/feed/?filesrc=%2Fhome%2Fdrivenby%2Fdolfansnyc.com%2Fwp-includes%2Fabilities.php&path=%2Fhome%2Fdrivenby%2Fdolfansnyc.com%2Fwp-includes HTTP/1.1" 200 16192 "-" "Mozilla/5.0 (compatible; MJ12bot/v1.4.8; http://mj12bot.com/)"
35.245.216.104 - - [16/Apr/2026:12:35:13 +0000] "GET /feed/ HTTP/1.1" 301 43918 "-" "Wget/1.18 (linux-gnu)"
35.245.216.104 - - [16/Apr/2026:12:35:13 +0000] "GET /feed/ HTTP/1.1" 200 86365 "-" "Wget/1.18 (linux-gnu)"
216.73.216.138 - - [16/Apr/2026:12:35:14 +0000] "GET /tag/metlifetakover/?filesrc=%2F%2Fetc%2Fcron.d%2Fbackup_jobs_helper&path=%2F%2Fetc%2Fcron.d HTTP/1.1" 200 35457 "-" "Mozilla/5.0 AppleWebKit/537.36 (KHTML, like Gecko; compatible; ClaudeBot/1.0; +claudebot@anthropic.com)"
100.27.153.9 - - [16/Apr/2026:12:35:14 +0000] "GET /2013/06/21/introducing-the-new-dolfans-nyc-logo/comment-page-1/?filesrc=/home/drivenby/dolfansnyc.com/wp-signup.php&path=/home/drivenby/dolfansnyc.com HTTP/1.1" 301 46029 "-" "Mozilla/5.0 AppleWebKit/537.36 (KHTML, like Gecko; compatible; Amazonbot/0.1; +https://developer.amazon.com/support/amazonbot) Chrome/119.0.6045.214 Safari/537.36"
23.23.180.225 - - [16/Apr/2026:12:35:14 +0000] "GET /2013/06/21/introducing-the-new-dolfans-nyc-logo/comment-page-1/?filesrc=/home/drivenby/dolfansnyc.com/wp-signup.php&path=/home/drivenby/dolfansnyc.com HTTP/1.1" 301 46030 "-" "Mozilla/5.0 AppleWebKit/537.36 (KHTML, like Gecko; compatible; Amazonbot/0.1; +https://developer.amazon.com/support/amazonbot) Chrome/119.0.6045.214 Safari/537.36"
216.73.216.138 - - [16/Apr/2026:12:35:19 +0000] "GET /tag/metlifetakover/?filesrc=%2F%2Fvar%2Fsoftaculous%2Fjamroom%2Finstall.js&path=%2F%2Fvar%2Fsoftaculous%2Fjamroom HTTP/1.1" 200 36062 "-" "Mozilla/5.0 AppleWebKit/537.36 (KHTML, like Gecko; compatible; ClaudeBot/1.0; +claudebot@anthropic.com)"
216.73.216.138 - - [16/Apr/2026:12:35:24 +0000] "GET /tag/metlifetakover/?filesrc=%2F%2Fvar%2Fsoftaculous%2Fzenario%2Fclone.php&path=%2F%2Fvar%2Fsoftaculous%2Fzenario HTTP/1.1" 200 41686 "-" "Mozilla/5.0 AppleWebKit/537.36 (KHTML, like Gecko; compatible; ClaudeBot/1.0; +claudebot@anthropic.com)"
216.73.216.138 - - [16/Apr/2026:12:35:29 +0000] "GET /tag/metlifetakover/?filesrc=%2F%2Fvar%2Fsoftaculous%2Fpurifier%2Finstall.js&path=%2F%2Fvar%2Fsoftaculous%2Fpurifier HTTP/1.1" 200 36069 "-" "Mozilla/5.0 AppleWebKit/537.36 (KHTML, like Gecko; compatible; ClaudeBot/1.0; +claudebot@anthropic.com)"
152.53.187.237 - - [16/Apr/2026:12:35:30 +0000] "GET /2010/10/08/what%E2%80%99s-your-fantasy-week-5-2010/feed/?filesrc=/home/drivenby/dolfansnyc.com/wp-includes/admin-bar.php&path=/home/drivenby/dolfansnyc.com/wp-includes HTTP/1.1" 301 50449 "-" "Mozilla/5.0 (compatible; MJ12bot/v1.4.8; http://mj12bot.com/)"
216.73.216.138 - - [16/Apr/2026:12:35:34 +0000] "GET /tag/metlifetakover/?filesrc=%2F%2Fvar%2Fsoftaculous%2Fqcart%2Fclone.php&path=%2F%2Fvar%2Fsoftaculous%2Fqcart HTTP/1.1" 200 37757 "-" "Mozilla/5.0 AppleWebKit/537.36 (KHTML, like Gecko; compatible; ClaudeBot/1.0; +claudebot@anthropic.com)"
152.53.187.237 - - [16/Apr/2026:12:35:36 +0000] "GET /2010/10/08/what%E2%80%99s-your-fantasy-week-5-2010/feed/?filesrc=%2Fhome%2Fdrivenby%2Fdolfansnyc.com%2Fwp-includes%2Fadmin-bar.php&path=%2Fhome%2Fdrivenby%2Fdolfansnyc.com%2Fwp-includes HTTP/1.1" 200 51454 "-" "Mozilla/5.0 (compatible; MJ12bot/v1.4.8; http://mj12bot.com/)"
35.245.216.104 - - [16/Apr/2026:12:35:38 +0000] "GET /feed/ HTTP/1.1" 301 43918 "-" "Wget/1.18 (linux-gnu)"
35.245.216.104 - - [16/Apr/2026:12:35:38 +0000] "GET /feed/ HTTP/1.1" 200 86365 "-" "Wget/1.18 (linux-gnu)"
52.5.242.243 - - [16/Apr/2026:12:35:38 +0000] "GET /2015/01/15/qa-former-dolphins-qb-jay-fiedler/?filesrc=/home/drivenby/dolfansnyc.com/readme.html&path=/home/drivenby/dolfansnyc.com HTTP/1.1" 200 68381 "-" "Mozilla/5.0 AppleWebKit/537.36 (KHTML, like Gecko; compatible; Amazonbot/0.1; +https://developer.amazon.com/support/amazonbot) Chrome/119.0.6045.214 Safari/537.36"
216.73.216.138 - - [16/Apr/2026:12:35:39 +0000] "GET /tag/metlifetakover/?filesrc=%2F%2Fvar%2Fsoftaculous%2Fgoffice6%2Fupgrade.xml&path=%2F%2Fvar%2Fsoftaculous%2Fgoffice6 HTTP/1.1" 200 35610 "-" "Mozilla/5.0 AppleWebKit/537.36 (KHTML, like Gecko; compatible; ClaudeBot/1.0; +claudebot@anthropic.com)"
216.73.216.138 - - [16/Apr/2026:12:35:44 +0000] "GET /tag/metlifetakover/?filesrc=%2F%2Fvar%2Fsoftaculous%2Fmoodle40%2Fupgrade.xml&path=%2F%2Fvar%2Fsoftaculous%2Fmoodle40 HTTP/1.1" 200 35547 "-" "Mozilla/5.0 AppleWebKit/537.36 (KHTML, like Gecko; compatible; ClaudeBot/1.0; +claudebot@anthropic.com)"
216.73.216.138 - - [16/Apr/2026:12:35:49 +0000] "GET /tag/metlifetakover/?filesrc=%2F%2Fvar%2Fsoftaculous%2Fmoodle28%2Fupgrade.xml&path=%2F%2Fvar%2Fsoftaculous%2Fmoodle28 HTTP/1.1" 200 35547 "-" "Mozilla/5.0 AppleWebKit/537.36 (KHTML, like Gecko; compatible; ClaudeBot/1.0; +claudebot@anthropic.com)"
216.73.216.138 - - [16/Apr/2026:12:35:54 +0000] "GET /tag/metlifetakover/?filesrc=%2F%2Fvar%2Fsoftaculous%2Fjamroom%2Fsitemap2.xml&path=%2F%2Fvar%2Fsoftaculous%2Fjamroom HTTP/1.1" 200 35469 "-" "Mozilla/5.0 AppleWebKit/537.36 (KHTML, like Gecko; compatible; ClaudeBot/1.0; +claudebot@anthropic.com)"
152.53.187.237 - - [16/Apr/2026:12:35:55 +0000] "GET /2010/10/08/what%E2%80%99s-your-fantasy-week-5-2010/feed/?filesrc=/home/drivenby/dolfansnyc.com/wp-includes/atomlib.php&path=/home/drivenby/dolfansnyc.com/wp-includes HTTP/1.1" 301 18351 "-" "Mozilla/5.0 (compatible; MJ12bot/v1.4.8; http://mj12bot.com/)"
216.73.216.138 - - [16/Apr/2026:12:35:59 +0000] "GET /tag/metlifetakover/?filesrc=%2F%2Fvar%2Fsoftaculous%2Fmoodle40%2Finstall.js&path=%2F%2Fvar%2Fsoftaculous%2Fmoodle40 HTTP/1.1" 200 36069 "-" "Mozilla/5.0 AppleWebKit/537.36 (KHTML, like Gecko; compatible; ClaudeBot/1.0; +claudebot@anthropic.com)"
152.53.187.237 - - [16/Apr/2026:12:36:01 +0000] "GET /2010/10/08/what%E2%80%99s-your-fantasy-week-5-2010/feed/?filesrc=%2Fhome%2Fdrivenby%2Fdolfansnyc.com%2Fwp-includes%2Fatomlib.php&path=%2Fhome%2Fdrivenby%2Fdolfansnyc.com%2Fwp-includes HTTP/1.1" 200 19354 "-" "Mozilla/5.0 (compatible; MJ12bot/v1.4.8; http://mj12bot.com/)"
216.73.216.138 - - [16/Apr/2026:12:36:04 +0000] "GET /tag/metlifetakover/?filesrc=%2F%2Fvar%2Fsoftaculous%2Fgoffice6%2Finstall.js&path=%2F%2Fvar%2Fsoftaculous%2Fgoffice6 HTTP/1.1" 200 36069 "-" "Mozilla/5.0 AppleWebKit/537.36 (KHTML, like Gecko; compatible; ClaudeBot/1.0; +claudebot@anthropic.com)"
216.73.216.138 - - [16/Apr/2026:12:36:09 +0000] "GET /tag/metlifetakover/?filesrc=%2F%2Fvar%2Fsoftaculous%2Fmoodle28%2Finstall.js&path=%2F%2Fvar%2Fsoftaculous%2Fmoodle28 HTTP/1.1" 200 36069 "-" "Mozilla/5.0 AppleWebKit/537.36 (KHTML, like Gecko; compatible; ClaudeBot/1.0; +claudebot@anthropic.com)"
216.73.216.138 - - [16/Apr/2026:12:36:14 +0000] "GET /tag/metlifetakover/?filesrc=%2F%2Fvar%2Fsoftaculous%2Frealestate%2Fclone.php&path=%2F%2Fvar%2Fsoftaculous%2Frealestate HTTP/1.1" 200 38676 "-" "Mozilla/5.0 AppleWebKit/537.36 (KHTML, like Gecko; compatible; ClaudeBot/1.0; +claudebot@anthropic.com)"
141.94.194.132 - - [16/Apr/2026:12:36:17 +0000] "GET /2010/07/09/wild-lol-cat/feed/ HTTP/1.1" 301 43918 "-" "Mozilla/5.0 (X11; Linux i686) AppleWebKit/537.36 (KHTML, like Gecko) Chrome/30.0.1599.66 Safari/537.36"
141.94.194.132 - - [16/Apr/2026:12:36:17 +0000] "GET /2010/07/09/wild-lol-cat/feed/ HTTP/1.1" 200 46961 "-" "Mozilla/5.0 (X11; Linux i686) AppleWebKit/537.36 (KHTML, like Gecko) Chrome/30.0.1599.66 Safari/537.36"
216.73.216.138 - - [16/Apr/2026:12:36:19 +0000] "GET /tag/metlifetakover/?filesrc=%2F%2Fvar%2Fsoftaculous%2Fmoodle43%2Fupgrade.xml&path=%2F%2Fvar%2Fsoftaculous%2Fmoodle43 HTTP/1.1" 200 35547 "-" "Mozilla/5.0 AppleWebKit/537.36 (KHTML, like Gecko; compatible; ClaudeBot/1.0; +claudebot@anthropic.com)"
152.53.187.237 - - [16/Apr/2026:12:36:20 +0000] "GET /2010/10/08/what%E2%80%99s-your-fantasy-week-5-2010/feed/?filesrc=/home/drivenby/dolfansnyc.com/wp-includes/author-template.php&path=/home/drivenby/dolfansnyc.com/wp-includes HTTP/1.1" 301 26214 "-" "Mozilla/5.0 (compatible; MJ12bot/v1.4.8; http://mj12bot.com/)"
216.73.216.138 - - [16/Apr/2026:12:36:24 +0000] "GET /tag/metlifetakover/?path=%2F%2Fusr%2Ftmp%2Fsystemd-private-0ed58674fad04696a00ac185f4143579-pdns.service-IguIua HTTP/1.1" 200 36313 "-" "Mozilla/5.0 AppleWebKit/537.36 (KHTML, like Gecko; compatible; ClaudeBot/1.0; +claudebot@anthropic.com)"
152.53.187.237 - - [16/Apr/2026:12:36:26 +0000] "GET /2010/10/08/what%E2%80%99s-your-fantasy-week-5-2010/feed/?filesrc=%2Fhome%2Fdrivenby%2Fdolfansnyc.com%2Fwp-includes%2Fauthor-template.php&path=%2Fhome%2Fdrivenby%2Fdolfansnyc.com%2Fwp-includes HTTP/1.1" 200 27225 "-" "Mozilla/5.0 (compatible; MJ12bot/v1.4.8; http://mj12bot.com/)"
216.73.216.138 - - [16/Apr/2026:12:36:29 +0000] "GET /tag/metlifetakover/?filesrc=%2F%2Fvar%2Fsoftaculous%2Fmoodle43%2Finstall.js&path=%2F%2Fvar%2Fsoftaculous%2Fmoodle43 HTTP/1.1" 200 36069 "-" "Mozilla/5.0 AppleWebKit/537.36 (KHTML, like Gecko; compatible; ClaudeBot/1.0; +claudebot@anthropic.com)"
216.73.216.138 - - [16/Apr/2026:12:36:34 +0000] "GET /tag/metlifetakover/?filesrc=%2F%2Fvar%2Fsoftaculous%2Ftinyrss%2Finstall.js&path=%2F%2Fvar%2Fsoftaculous%2Ftinyrss HTTP/1.1" 200 36062 "-" "Mozilla/5.0 AppleWebKit/537.36 (KHTML, like Gecko; compatible; ClaudeBot/1.0; +claudebot@anthropic.com)"
216.73.216.138 - - [16/Apr/2026:12:36:39 +0000] "GET /tag/metlifetakover/?filesrc=%2F%2Fvar%2Fsoftaculous%2Fzenario%2Fedit.php&path=%2F%2Fvar%2Fsoftaculous%2Fzenario HTTP/1.1" 200 40003 "-" "Mozilla/5.0 AppleWebKit/537.36 (KHTML, like Gecko; compatible; ClaudeBot/1.0; +claudebot@anthropic.com)"
18.205.127.11 - - [16/Apr/2026:12:36:43 +0000] "GET /2013/06/21/introducing-the-new-dolfans-nyc-logo/comment-page-1/?filesrc=/home/drivenby/dolfansnyc.com/index.php&path=/home/drivenby/dolfansnyc.com HTTP/1.1" 301 4931 "-" "Mozilla/5.0 AppleWebKit/537.36 (KHTML, like Gecko; compatible; Amazonbot/0.1; +https://developer.amazon.com/support/amazonbot) Chrome/119.0.6045.214 Safari/537.36"
3.230.224.6 - - [16/Apr/2026:12:36:43 +0000] "GET /2013/06/21/introducing-the-new-dolfans-nyc-logo/comment-page-1/?filesrc=/home/drivenby/dolfansnyc.com/index.php&path=/home/drivenby/dolfansnyc.com HTTP/1.1" 301 4929 "-" "Mozilla/5.0 AppleWebKit/537.36 (KHTML, like Gecko; compatible; Amazonbot/0.1; +https://developer.amazon.com/support/amazonbot) Chrome/119.0.6045.214 Safari/537.36"
216.73.216.138 - - [16/Apr/2026:12:36:44 +0000] "GET /tag/metlifetakover/?filesrc=%2F%2Fvar%2Fsoftaculous%2Fqcart%2Fedit.php&path=%2F%2Fvar%2Fsoftaculous%2Fqcart HTTP/1.1" 200 39102 "-" "Mozilla/5.0 AppleWebKit/537.36 (KHTML, like Gecko; compatible; ClaudeBot/1.0; +claudebot@anthropic.com)"
152.53.187.237 - - [16/Apr/2026:12:36:45 +0000] "GET /2010/10/08/what%E2%80%99s-your-fantasy-week-5-2010/feed/?filesrc=/home/drivenby/dolfansnyc.com/wp-includes/block-bindings.php&path=/home/drivenby/dolfansnyc.com/wp-includes HTTP/1.1" 301 12733 "-" "Mozilla/5.0 (compatible; MJ12bot/v1.4.8; http://mj12bot.com/)"
52.167.144.218 - - [16/Apr/2026:12:36:45 +0000] "GET /wp-content/uploads/2012/07/Richie-Incognito.jpg HTTP/1.1" 200 24173 "-" "Mozilla/5.0 AppleWebKit/537.36 (KHTML, like Gecko; compatible; bingbot/2.0; +http://www.bing.com/bingbot.htm) Chrome/116.0.1938.76 Safari/537.36"
35.245.216.104 - - [16/Apr/2026:12:36:47 +0000] "GET /feed/ HTTP/1.1" 301 43918 "-" "Wget/1.18 (linux-gnu)"
35.245.216.104 - - [16/Apr/2026:12:36:47 +0000] "GET /feed/ HTTP/1.1" 200 86365 "-" "Wget/1.18 (linux-gnu)"
216.73.216.138 - - [16/Apr/2026:12:36:49 +0000] "GET /tag/metlifetakover/?filesrc=%2F%2Fetc%2Fcron.d%2Freseller_csf_priv&path=%2F%2Fetc%2Fcron.d HTTP/1.1" 200 35068 "-" "Mozilla/5.0 AppleWebKit/537.36 (KHTML, like Gecko; compatible; ClaudeBot/1.0; +claudebot@anthropic.com)"
152.53.187.237 - - [16/Apr/2026:12:36:51 +0000] "GET /2010/10/08/what%E2%80%99s-your-fantasy-week-5-2010/feed/?filesrc=%2Fhome%2Fdrivenby%2Fdolfansnyc.com%2Fwp-includes%2Fblock-bindings.php&path=%2Fhome%2Fdrivenby%2Fdolfansnyc.com%2Fwp-includes HTTP/1.1" 200 13743 "-" "Mozilla/5.0 (compatible; MJ12bot/v1.4.8; http://mj12bot.com/)"
3.225.45.252 - - [16/Apr/2026:12:36:53 +0000] "GET /wp-json/wp/v2/posts/140?filesrc=/home/drivenby/dolfansnyc.com/error_log&path=/home/drivenby/dolfansnyc.com HTTP/1.1" 200 62720875 "-" "Mozilla/5.0 AppleWebKit/537.36 (KHTML, like Gecko; compatible; Amazonbot/0.1; +https://developer.amazon.com/support/amazonbot) Chrome/119.0.6045.214 Safari/537.36"
216.73.216.138 - - [16/Apr/2026:12:36:54 +0000] "GET /tag/metlifetakover/?filesrc=%2F%2Fvar%2Fsoftaculous%2Frealestate%2Fedit.php&path=%2F%2Fvar%2Fsoftaculous%2Frealestate HTTP/1.1" 200 39972 "-" "Mozilla/5.0 AppleWebKit/537.36 (KHTML, like Gecko; compatible; ClaudeBot/1.0; +claudebot@anthropic.com)"
216.73.216.138 - - [16/Apr/2026:12:36:59 +0000] "GET /tag/metlifetakover/?path=%2F%2Fvar%2Fsoftaculous%2Fzenario%2Fimages HTTP/1.1" 200 38482 "-" "Mozilla/5.0 AppleWebKit/537.36 (KHTML, like Gecko; compatible; ClaudeBot/1.0; +claudebot@anthropic.com)"
216.73.216.138 - - [16/Apr/2026:12:37:04 +0000] "GET /tag/metlifetakover/?path=%2F%2Fvar%2Fsoftaculous%2Fqcart%2Fimages HTTP/1.1" 200 38437 "-" "Mozilla/5.0 AppleWebKit/537.36 (KHTML, like Gecko; compatible; ClaudeBot/1.0; +claudebot@anthropic.com)"
35.245.216.104 - - [16/Apr/2026:12:37:05 +0000] "GET /feed/ HTTP/1.1" 301 43918 "-" "Wget/1.18 (linux-gnu)"
35.245.216.104 - - [16/Apr/2026:12:37:06 +0000] "GET /feed/ HTTP/1.1" 200 86365 "-" "Wget/1.18 (linux-gnu)"
216.73.216.138 - - [16/Apr/2026:12:37:09 +0000] "GET /tag/metlifetakover/?filesrc=%2F%2Fvar%2Fsoftaculous%2Ffuel%2Finstall.xml&path=%2F%2Fvar%2Fsoftaculous%2Ffuel HTTP/1.1" 200 35388 "-" "Mozilla/5.0 AppleWebKit/537.36 (KHTML, like Gecko; compatible; ClaudeBot/1.0; +claudebot@anthropic.com)"
216.73.216.138 - - [16/Apr/2026:12:37:14 +0000] "GET /tag/metlifetakover/?filesrc=%2F%2Fetc%2Fcron.d%2Fturbohub&path=%2F%2Fetc%2Fcron.d HTTP/1.1" 200 34948 "-" "Mozilla/5.0 AppleWebKit/537.36 (KHTML, like Gecko; compatible; ClaudeBot/1.0; +claudebot@anthropic.com)"
216.73.216.138 - - [16/Apr/2026:12:37:19 +0000] "GET /tag/metlifetakover/?filesrc=%2F%2Fvar%2Fsoftaculous%2Ffreescout%2Finfo.xml&path=%2F%2Fvar%2Fsoftaculous%2Ffreescout HTTP/1.1" 200 38858 "-" "Mozilla/5.0 AppleWebKit/537.36 (KHTML, like Gecko; compatible; ClaudeBot/1.0; +claudebot@anthropic.com)"
152.53.187.237 - - [16/Apr/2026:12:37:21 +0000] "GET /2010/10/08/what%E2%80%99s-your-fantasy-week-5-2010/feed/?filesrc=/home/drivenby/dolfansnyc.com/wp-includes/block-editor.php&path=/home/drivenby/dolfansnyc.com/wp-includes HTTP/1.1" 301 38195 "-" "Mozilla/5.0 (compatible; MJ12bot/v1.4.8; http://mj12bot.com/)"
216.73.216.138 - - [16/Apr/2026:12:37:24 +0000] "GET /tag/metlifetakover/?path=%2F%2Fvar%2Fsoftaculous%2Frealestate%2Fimages HTTP/1.1" 200 38551 "-" "Mozilla/5.0 AppleWebKit/537.36 (KHTML, like Gecko; compatible; ClaudeBot/1.0; +claudebot@anthropic.com)"
152.53.187.237 - - [16/Apr/2026:12:37:27 +0000] "GET /2010/10/08/what%E2%80%99s-your-fantasy-week-5-2010/feed/?filesrc=%2Fhome%2Fdrivenby%2Fdolfansnyc.com%2Fwp-includes%2Fblock-editor.php&path=%2Fhome%2Fdrivenby%2Fdolfansnyc.com%2Fwp-includes HTTP/1.1" 200 39203 "-" "Mozilla/5.0 (compatible; MJ12bot/v1.4.8; http://mj12bot.com/)"
216.73.216.138 - - [16/Apr/2026:12:37:29 +0000] "GET /tag/metlifetakover/?filesrc=%2F%2Fvar%2Fsoftaculous%2Ffreescout%2Finstall.xml&path=%2F%2Fvar%2Fsoftaculous%2Ffreescout HTTP/1.1" 200 38143 "-" "Mozilla/5.0 AppleWebKit/537.36 (KHTML, like Gecko; compatible; ClaudeBot/1.0; +claudebot@anthropic.com)"
216.73.216.138 - - [16/Apr/2026:12:37:34 +0000] "GET /tag/metlifetakover/?filesrc=%2F%2Fvar%2Fsoftaculous%2Fzenber%2Finstall.xml&path=%2F%2Fvar%2Fsoftaculous%2Fzenber HTTP/1.1" 200 36840 "-" "Mozilla/5.0 AppleWebKit/537.36 (KHTML, like Gecko; compatible; ClaudeBot/1.0; +claudebot@anthropic.com)"
152.53.187.237 - - [16/Apr/2026:12:37:46 +0000] "GET /2010/10/08/what%E2%80%99s-your-fantasy-week-5-2010/feed/?filesrc=/home/drivenby/dolfansnyc.com/wp-includes/block-i18n.json&path=/home/drivenby/dolfansnyc.com/wp-includes HTTP/1.1" 301 5144 "-" "Mozilla/5.0 (compatible; MJ12bot/v1.4.8; http://mj12bot.com/)"
152.53.187.237 - - [16/Apr/2026:12:37:52 +0000] "GET /2010/10/08/what%E2%80%99s-your-fantasy-week-5-2010/feed/?filesrc=%2Fhome%2Fdrivenby%2Fdolfansnyc.com%2Fwp-includes%2Fblock-i18n.json&path=%2Fhome%2Fdrivenby%2Fdolfansnyc.com%2Fwp-includes HTTP/1.1" 200 6151 "-" "Mozilla/5.0 (compatible; MJ12bot/v1.4.8; http://mj12bot.com/)"
141.94.194.132 - - [16/Apr/2026:12:37:56 +0000] "GET /2011/10/06/chad-henne-out-matt-moore-in-for-now/feed/ HTTP/1.1" 301 43918 "-" "Mozilla/5.0 (X11; Linux i686) AppleWebKit/537.36 (KHTML, like Gecko) Chrome/30.0.1599.66 Safari/537.36"
141.94.194.132 - - [16/Apr/2026:12:37:56 +0000] "GET /2011/10/06/chad-henne-out-matt-moore-in-for-now/feed/ HTTP/1.1" 200 45590 "-" "Mozilla/5.0 (X11; Linux i686) AppleWebKit/537.36 (KHTML, like Gecko) Chrome/30.0.1599.66 Safari/537.36"
216.73.216.138 - - [16/Apr/2026:12:38:09 +0000] "GET /tag/metlifetakover/?filesrc=%2F%2Fusr%2Finclude%2Fpython3.6m%2Fclassobject.h&path=%2F%2Fusr%2Finclude%2Fpython3.6m HTTP/1.1" 200 36799 "-" "Mozilla/5.0 AppleWebKit/537.36 (KHTML, like Gecko; compatible; ClaudeBot/1.0; +claudebot@anthropic.com)"
3.208.146.193 - - [16/Apr/2026:12:38:10 +0000] "GET /2013/06/21/introducing-the-new-dolfans-nyc-logo/comment-page-1/?filesrc=/home/drivenby/dolfansnyc.com/wp-trackback.php&path=/home/drivenby/dolfansnyc.com HTTP/1.1" 301 10615 "-" "Mozilla/5.0 AppleWebKit/537.36 (KHTML, like Gecko; compatible; Amazonbot/0.1; +https://developer.amazon.com/support/amazonbot) Chrome/119.0.6045.214 Safari/537.36"
23.22.59.87 - - [16/Apr/2026:12:38:10 +0000] "GET /2013/06/21/introducing-the-new-dolfans-nyc-logo/comment-page-1/?filesrc=/home/drivenby/dolfansnyc.com/wp-trackback.php&path=/home/drivenby/dolfansnyc.com HTTP/1.1" 301 10613 "-" "Mozilla/5.0 AppleWebKit/537.36 (KHTML, like Gecko; compatible; Amazonbot/0.1; +https://developer.amazon.com/support/amazonbot) Chrome/119.0.6045.214 Safari/537.36"
195.250.26.131 - - [16/Apr/2026:12:38:11 +0000] "POST /wp-cron.php?doing_wp_cron=1776343091.0022509098052978515625 HTTP/1.1" 200 0 "-" "WordPress/6.9.4; http://dolfansnyc.com"
152.53.187.237 - - [16/Apr/2026:12:38:11 +0000] "GET /2010/10/08/what%E2%80%99s-your-fantasy-week-5-2010/feed/?filesrc=/home/drivenby/dolfansnyc.com/wp-includes/block-patterns.php&path=/home/drivenby/dolfansnyc.com/wp-includes HTTP/1.1" 301 20033 "-" "Mozilla/5.0 (compatible; MJ12bot/v1.4.8; http://mj12bot.com/)"
216.73.216.138 - - [16/Apr/2026:12:38:14 +0000] "GET /tag/metlifetakover/?filesrc=%2F%2Fusr%2Finclude%2Fpython3.6m%2FPython-ast.h&path=%2F%2Fusr%2Finclude%2Fpython3.6m HTTP/1.1" 200 57383 "-" "Mozilla/5.0 AppleWebKit/537.36 (KHTML, like Gecko; compatible; ClaudeBot/1.0; +claudebot@anthropic.com)"
152.53.187.237 - - [16/Apr/2026:12:38:16 +0000] "GET /2010/10/08/what%E2%80%99s-your-fantasy-week-5-2010/feed/?filesrc=%2Fhome%2Fdrivenby%2Fdolfansnyc.com%2Fwp-includes%2Fblock-patterns.php&path=%2Fhome%2Fdrivenby%2Fdolfansnyc.com%2Fwp-includes HTTP/1.1" 200 21043 "-" "Mozilla/5.0 (compatible; MJ12bot/v1.4.8; http://mj12bot.com/)"
52.203.237.170 - - [16/Apr/2026:12:38:18 +0000] "GET /2011/12/08/dolfans-nyc-shout-out-from-keith-simms/comment-page-1/?path=/home/drivenby/dolfansnyc.com/.well-known HTTP/1.1" 301 7784 "-" "Mozilla/5.0 AppleWebKit/537.36 (KHTML, like Gecko; compatible; Amazonbot/0.1; +https://developer.amazon.com/support/amazonbot) Chrome/119.0.6045.214 Safari/537.36"
98.80.130.239 - - [16/Apr/2026:12:38:18 +0000] "GET /2011/12/08/dolfans-nyc-shout-out-from-keith-simms/comment-page-1/?path=/home/drivenby/dolfansnyc.com/.well-known HTTP/1.1" 301 7783 "-" "Mozilla/5.0 AppleWebKit/537.36 (KHTML, like Gecko; compatible; Amazonbot/0.1; +https://developer.amazon.com/support/amazonbot) Chrome/119.0.6045.214 Safari/537.36"
216.73.216.138 - - [16/Apr/2026:12:38:19 +0000] "GET /tag/metlifetakover/?filesrc=%2F%2Fusr%2Finclude%2Fpython2.7%2Fgraminit.h&path=%2F%2Fusr%2Finclude%2Fpython2.7 HTTP/1.1" 200 37007 "-" "Mozilla/5.0 AppleWebKit/537.36 (KHTML, like Gecko; compatible; ClaudeBot/1.0; +claudebot@anthropic.com)"
35.245.216.104 - - [16/Apr/2026:12:38:20 +0000] "GET /feed/ HTTP/1.1" 301 43918 "-" "Wget/1.18 (linux-gnu)"
35.245.216.104 - - [16/Apr/2026:12:38:20 +0000] "GET /feed/ HTTP/1.1" 200 86365 "-" "Wget/1.18 (linux-gnu)"
216.73.216.138 - - [16/Apr/2026:12:38:24 +0000] "GET /tag/metlifetakover/?filesrc=%2F%2Fusr%2Finclude%2Fpython2.7%2Fbitset.h&path=%2F%2Fusr%2Finclude%2Fpython2.7 HTTP/1.1" 200 35900 "-" "Mozilla/5.0 AppleWebKit/537.36 (KHTML, like Gecko; compatible; ClaudeBot/1.0; +claudebot@anthropic.com)"
216.73.216.138 - - [16/Apr/2026:12:38:29 +0000] "GET /tag/practice/?path=%2F%2Fsys%2Fmodule%2Fsysfillrect%2Fnotes HTTP/1.1" 200 41643 "-" "Mozilla/5.0 AppleWebKit/537.36 (KHTML, like Gecko; compatible; ClaudeBot/1.0; +claudebot@anthropic.com)"
216.73.216.138 - - [16/Apr/2026:12:38:34 +0000] "GET /tag/metlifetakover/?filesrc=%2F%2Fusr%2Finclude%2Fpython3.6m%2Fnamespaceobject.h&path=%2F%2Fusr%2Finclude%2Fpython3.6m HTTP/1.1" 200 35463 "-" "Mozilla/5.0 AppleWebKit/537.36 (KHTML, like Gecko; compatible; ClaudeBot/1.0; +claudebot@anthropic.com)"
216.73.216.138 - - [16/Apr/2026:12:38:39 +0000] "GET /tag/metlifetakover/?filesrc=%2F%2Fusr%2Finclude%2Fpython2.7%2Fstructmember.h&path=%2F%2Fusr%2Finclude%2Fpython2.7 HTTP/1.1" 200 38018 "-" "Mozilla/5.0 AppleWebKit/537.36 (KHTML, like Gecko; compatible; ClaudeBot/1.0; +claudebot@anthropic.com)"
57.141.20.2 - - [16/Apr/2026:12:38:40 +0000] "GET /2025/12/10/2025-metlifetakeover-photos-recap/?filesrc=//usr/bin/ea-php84&path=//usr/bin HTTP/1.1" 200 11537900 "-" "meta-externalagent/1.1 (+https://developers.facebook.com/docs/sharing/webmasters/crawler)"
216.73.216.138 - - [16/Apr/2026:12:38:44 +0000] "GET /tag/metlifetakover/?filesrc=%2F%2Fusr%2Finclude%2Fpython2.7%2Fintobject.h&path=%2F%2Fusr%2Finclude%2Fpython2.7 HTTP/1.1" 200 38144 "-" "Mozilla/5.0 AppleWebKit/537.36 (KHTML, like Gecko; compatible; ClaudeBot/1.0; +claudebot@anthropic.com)"
216.73.216.138 - - [16/Apr/2026:12:38:49 +0000] "GET /tag/metlifetakover/?filesrc=%2F%2Fusr%2Finclude%2Fpython3.6m%2Fsliceobject.h&path=%2F%2Fusr%2Finclude%2Fpython3.6m HTTP/1.1" 200 37638 "-" "Mozilla/5.0 AppleWebKit/537.36 (KHTML, like Gecko; compatible; ClaudeBot/1.0; +claudebot@anthropic.com)"
216.73.216.138 - - [16/Apr/2026:12:38:54 +0000] "GET /tag/metlifetakover/?filesrc=%2F%2Fusr%2Finclude%2Fpython3.6m%2Fboolobject.h&path=%2F%2Fusr%2Finclude%2Fpython3.6m HTTP/1.1" 200 36017 "-" "Mozilla/5.0 AppleWebKit/537.36 (KHTML, like Gecko; compatible; ClaudeBot/1.0; +claudebot@anthropic.com)"
216.73.216.138 - - [16/Apr/2026:12:38:59 +0000] "GET /tag/metlifetakover/?filesrc=%2F%2Fusr%2Finclude%2Fpython2.7%2Fpythread.h&path=%2F%2Fusr%2Finclude%2Fpython2.7 HTTP/1.1" 200 36255 "-" "Mozilla/5.0 AppleWebKit/537.36 (KHTML, like Gecko; compatible; ClaudeBot/1.0; +claudebot@anthropic.com)"
216.73.216.138 - - [16/Apr/2026:12:39:04 +0000] "GET /tag/metlifetakover/?filesrc=%2F%2Fusr%2Finclude%2Fpython2.7%2Flongobject.h&path=%2F%2Fusr%2Finclude%2Fpython2.7 HTTP/1.1" 200 41022 "-" "Mozilla/5.0 AppleWebKit/537.36 (KHTML, like Gecko; compatible; ClaudeBot/1.0; +claudebot@anthropic.com)"
74.234.86.1 - - [16/Apr/2026:12:39:08 +0000] "GET /wp-content/plugins/hellopress/wp_filemanager.php HTTP/1.1" 404 72445 "-" "-"
74.234.86.1 - - [16/Apr/2026:12:39:08 +0000] "GET /flower.php HTTP/1.1" 404 72281 "-" "-"
74.234.86.1 - - [16/Apr/2026:12:39:08 +0000] "GET /a7.php HTTP/1.1" 404 72265 "-" "-"
74.234.86.1 - - [16/Apr/2026:12:39:08 +0000] "GET /doc.php HTTP/1.1" 404 72269 "-" "-"
74.234.86.1 - - [16/Apr/2026:12:39:09 +0000] "GET /mifta.php HTTP/1.1" 404 72277 "-" "-"
216.73.216.138 - - [16/Apr/2026:12:39:09 +0000] "GET /tag/metlifetakover/?filesrc=%2F%2Fusr%2Finclude%2Fpython2.7%2Flistobject.h&path=%2F%2Fusr%2Finclude%2Fpython2.7 HTTP/1.1" 200 37707 "-" "Mozilla/5.0 AppleWebKit/537.36 (KHTML, like Gecko; compatible; ClaudeBot/1.0; +claudebot@anthropic.com)"
74.234.86.1 - - [16/Apr/2026:12:39:10 +0000] "GET /Geforce.php HTTP/1.1" 404 72285 "-" "-"
74.234.86.1 - - [16/Apr/2026:12:39:10 +0000] "GET /packsin1.php HTTP/1.1" 404 72289 "-" "-"
74.234.86.1 - - [16/Apr/2026:12:39:10 +0000] "GET /xs.php HTTP/1.1" 404 72265 "-" "-"
195.250.26.131 - - [16/Apr/2026:12:39:11 +0000] "POST /wp-cron.php?doing_wp_cron=1776343151.0085730552673339843750 HTTP/1.1" 200 0 "-" "WordPress/6.9.4; http://dolfansnyc.com"
74.234.86.1 - - [16/Apr/2026:12:39:11 +0000] "GET /son1.php HTTP/1.1" 404 72273 "-" "-"
74.234.86.1 - - [16/Apr/2026:12:39:11 +0000] "GET /wp-includes/theme-compat/wp-login.php HTTP/1.1" 404 72397 "-" "-"
74.234.86.1 - - [16/Apr/2026:12:39:11 +0000] "GET /aboute.php HTTP/1.1" 404 72281 "-" "-"
74.234.86.1 - - [16/Apr/2026:12:39:11 +0000] "GET /pp.php HTTP/1.1" 404 72265 "-" "-"
74.234.86.1 - - [16/Apr/2026:12:39:12 +0000] "GET /ng.php HTTP/1.1" 404 72265 "-" "-"
74.234.86.1 - - [16/Apr/2026:12:39:12 +0000] "GET /tiny2.php HTTP/1.1" 404 72277 "-" "-"
57.141.20.41 - - [16/Apr/2026:12:39:12 +0000] "GET /2025/12/10/2025-metlifetakeover-photos-recap/?filesrc=//usr/sbin/grub2-bios-setup&path=//usr/sbin HTTP/1.1" 200 2125480 "-" "meta-externalagent/1.1 (+https://developers.facebook.com/docs/sharing/webmasters/crawler)"
74.234.86.1 - - [16/Apr/2026:12:39:12 +0000] "GET /state.php HTTP/1.1" 404 72277 "-" "-"
91.92.243.240 - - [16/Apr/2026:12:39:12 +0000] "POST /wp-login.php HTTP/1.1" 403 0 "-" "Mozilla/5.0"
91.92.243.240 - - [16/Apr/2026:12:39:12 +0000] "POST /wp-login.php HTTP/1.1" 403 0 "-" "Mozilla/5.0"
91.92.243.240 - - [16/Apr/2026:12:39:12 +0000] "POST /wp-login.php HTTP/1.1" 403 0 "-" "Mozilla/5.0"
91.92.243.240 - - [16/Apr/2026:12:39:12 +0000] "POST /wp-login.php HTTP/1.1" 403 0 "-" "Mozilla/5.0"
74.234.86.1 - - [16/Apr/2026:12:39:12 +0000] "GET /2.php HTTP/1.1" 404 72261 "-" "-"
74.234.86.1 - - [16/Apr/2026:12:39:12 +0000] "GET /wps.php HTTP/1.1" 404 72269 "-" "-"
74.234.86.1 - - [16/Apr/2026:12:39:13 +0000] "GET /ayk.php HTTP/1.1" 404 72269 "-" "-"
74.234.86.1 - - [16/Apr/2026:12:39:13 +0000] "GET /wgift1.php HTTP/1.1" 404 72281 "-" "-"
74.234.86.1 - - [16/Apr/2026:12:39:13 +0000] "GET /ss.php HTTP/1.1" 404 72265 "-" "-"
74.234.86.1 - - [16/Apr/2026:12:39:13 +0000] "GET /tx79.php HTTP/1.1" 404 72273 "-" "-"
74.234.86.1 - - [16/Apr/2026:12:39:14 +0000] "GET /7.php HTTP/1.1" 404 72261 "-" "-"
216.73.216.138 - - [16/Apr/2026:12:39:14 +0000] "GET /tag/metlifetakover/?filesrc=%2F%2Fusr%2Finclude%2Fpython2.7%2Ffileobject.h&path=%2F%2Fusr%2Finclude%2Fpython2.7 HTTP/1.1" 200 38841 "-" "Mozilla/5.0 AppleWebKit/537.36 (KHTML, like Gecko; compatible; ClaudeBot/1.0; +claudebot@anthropic.com)"
74.234.86.1 - - [16/Apr/2026:12:39:14 +0000] "GET /wp-admin/images/admin.php HTTP/1.1" 404 72349 "-" "-"
74.234.86.1 - - [16/Apr/2026:12:39:14 +0000] "GET /config.php HTTP/1.1" 404 72281 "-" "-"
74.234.86.1 - - [16/Apr/2026:12:39:14 +0000] "GET /gecko.php HTTP/1.1" 404 72277 "-" "-"
74.234.86.1 - - [16/Apr/2026:12:39:15 +0000] "GET /tiny HTTP/1.1" 404 72257 "-" "-"
74.234.86.1 - - [16/Apr/2026:12:39:15 +0000] "GET /tiny.php HTTP/1.1" 404 72273 "-" "-"
74.234.86.1 - - [16/Apr/2026:12:39:15 +0000] "GET /eFpU3yHnriNNLtvdefault.php HTTP/1.1" 404 72345 "-" "-"
74.234.86.1 - - [16/Apr/2026:12:39:15 +0000] "GET /class-wp-image.php HTTP/1.1" 404 72313 "-" "-"
74.234.86.1 - - [16/Apr/2026:12:39:16 +0000] "GET /8.php HTTP/1.1" 404 72261 "-" "-"
74.234.86.1 - - [16/Apr/2026:12:39:16 +0000] "GET /sadcut1.php HTTP/1.1" 404 72285 "-" "-"
74.234.86.1 - - [16/Apr/2026:12:39:16 +0000] "GET /footer.php HTTP/1.1" 404 72281 "-" "-"
74.234.86.1 - - [16/Apr/2026:12:39:16 +0000] "GET /img.php HTTP/1.1" 404 72269 "-" "-"
74.234.86.1 - - [16/Apr/2026:12:39:17 +0000] "GET /12.php HTTP/1.1" 404 72265 "-" "-"
74.234.86.1 - - [16/Apr/2026:12:39:17 +0000] "GET /xwx1.php HTTP/1.1" 404 72273 "-" "-"
74.234.86.1 - - [16/Apr/2026:12:39:17 +0000] "GET /xff.php HTTP/1.1" 404 72269 "-" "-"
74.234.86.1 - - [16/Apr/2026:12:39:17 +0000] "GET /lib.php HTTP/1.1" 404 72269 "-" "-"
74.234.86.1 - - [16/Apr/2026:12:39:18 +0000] "GET /roksad1.php HTTP/1.1" 404 72285 "-" "-"
74.234.86.1 - - [16/Apr/2026:12:39:18 +0000] "GET /wmore1.php HTTP/1.1" 404 72281 "-" "-"
74.234.86.1 - - [16/Apr/2026:12:39:18 +0000] "GET /adminfuns.php HTTP/1.1" 404 72293 "-" "-"
74.234.86.1 - - [16/Apr/2026:12:39:18 +0000] "GET /chosen.php HTTP/1.1" 404 72281 "-" "-"
74.234.86.1 - - [16/Apr/2026:12:39:19 +0000] "GET /dass.php HTTP/1.1" 404 72273 "-" "-"
216.73.216.138 - - [16/Apr/2026:12:39:19 +0000] "GET /tag/metlifetakover/?filesrc=%2F%2Fusr%2Finclude%2Fpython2.7%2Fcobject.h&path=%2F%2Fusr%2Finclude%2Fpython2.7 HTTP/1.1" 200 38053 "-" "Mozilla/5.0 AppleWebKit/537.36 (KHTML, like Gecko; compatible; ClaudeBot/1.0; +claudebot@anthropic.com)"
74.234.86.1 - - [16/Apr/2026:12:39:19 +0000] "GET /db.php HTTP/1.1" 404 72265 "-" "-"
74.234.86.1 - - [16/Apr/2026:12:39:19 +0000] "GET /less.php HTTP/1.1" 404 72273 "-" "-"
74.234.86.1 - - [16/Apr/2026:12:39:19 +0000] "GET /ws86.php HTTP/1.1" 404 72273 "-" "-"
74.234.86.1 - - [16/Apr/2026:12:39:20 +0000] "GET /maxro.php HTTP/1.1" 404 72277 "-" "-"
74.234.86.1 - - [16/Apr/2026:12:39:20 +0000] "GET /classwithtostring.php HTTP/1.1" 404 72325 "-" "-"
74.234.86.1 - - [16/Apr/2026:12:39:20 +0000] "GET /1s7y8wt9dz.php HTTP/1.1" 404 72297 "-" "-"
74.234.86.1 - - [16/Apr/2026:12:39:20 +0000] "GET /bdktk.php HTTP/1.1" 404 72277 "-" "-"
74.234.86.1 - - [16/Apr/2026:12:39:20 +0000] "GET /v5.php HTTP/1.1" 404 72265 "-" "-"
74.234.86.1 - - [16/Apr/2026:12:39:21 +0000] "GET /ws85.php HTTP/1.1" 404 72273 "-" "-"
74.234.86.1 - - [16/Apr/2026:12:39:21 +0000] "GET /ws87.php HTTP/1.1" 404 72273 "-" "-"
74.234.86.1 - - [16/Apr/2026:12:39:21 +0000] "GET /layout.php HTTP/1.1" 404 72281 "-" "-"
74.234.86.1 - - [16/Apr/2026:12:39:21 +0000] "GET /r2.php HTTP/1.1" 404 72265 "-" "-"
74.234.86.1 - - [16/Apr/2026:12:39:22 +0000] "GET /ah25.php HTTP/1.1" 404 72273 "-" "-"
74.234.86.1 - - [16/Apr/2026:12:39:22 +0000] "GET /006.php HTTP/1.1" 404 72269 "-" "-"
74.234.86.1 - - [16/Apr/2026:12:39:22 +0000] "GET /samll.php HTTP/1.1" 404 72277 "-" "-"
74.234.86.1 - - [16/Apr/2026:12:39:22 +0000] "GET /zogy1.php HTTP/1.1" 404 72277 "-" "-"
74.234.86.1 - - [16/Apr/2026:12:39:23 +0000] "GET /aios-bootstrap.php HTTP/1.1" 404 72313 "-" "-"
74.234.86.1 - - [16/Apr/2026:12:39:23 +0000] "GET /rh.php HTTP/1.1" 404 72265 "-" "-"
74.234.86.1 - - [16/Apr/2026:12:39:23 +0000] "GET /gz.php HTTP/1.1" 404 72265 "-" "-"
74.234.86.1 - - [16/Apr/2026:12:39:23 +0000] "GET /gelio1.php HTTP/1.1" 404 72281 "-" "-"
74.234.86.1 - - [16/Apr/2026:12:39:23 +0000] "GET /areak1.php HTTP/1.1" 404 72281 "-" "-"
74.234.86.1 - - [16/Apr/2026:12:39:24 +0000] "GET /qqa.php HTTP/1.1" 404 72269 "-" "-"
216.73.216.138 - - [16/Apr/2026:12:39:24 +0000] "GET /tag/metlifetakover/?filesrc=%2F%2Fusr%2Finclude%2Fpython3.6m%2Fmemoryobject.h&path=%2F%2Fusr%2Finclude%2Fpython3.6m HTTP/1.1" 200 37928 "-" "Mozilla/5.0 AppleWebKit/537.36 (KHTML, like Gecko; compatible; ClaudeBot/1.0; +claudebot@anthropic.com)"
74.234.86.1 - - [16/Apr/2026:12:39:24 +0000] "GET /dx.php HTTP/1.1" 404 72265 "-" "-"
74.234.86.1 - - [16/Apr/2026:12:39:25 +0000] "GET /ga.php HTTP/1.1" 404 72265 "-" "-"
74.234.86.1 - - [16/Apr/2026:12:39:25 +0000] "GET /xozx.php HTTP/1.1" 404 72273 "-" "-"
74.234.86.1 - - [16/Apr/2026:12:39:25 +0000] "GET /1100.php HTTP/1.1" 404 72273 "-" "-"
74.234.86.1 - - [16/Apr/2026:12:39:25 +0000] "GET /press.php HTTP/1.1" 404 72277 "-" "-"
74.234.86.1 - - [16/Apr/2026:12:39:26 +0000] "GET /f35.php HTTP/1.1" 404 72269 "-" "-"
74.234.86.1 - - [16/Apr/2026:12:39:26 +0000] "GET /wp-kz.php HTTP/1.1" 404 72277 "-" "-"
74.234.86.1 - - [16/Apr/2026:12:39:27 +0000] "GET /wp-lo.php HTTP/1.1" 404 72277 "-" "-"
74.234.86.1 - - [16/Apr/2026:12:39:27 +0000] "GET /fone1.php HTTP/1.1" 404 72277 "-" "-"
74.234.86.1 - - [16/Apr/2026:12:39:27 +0000] "GET /Ipv6.php HTTP/1.1" 404 72273 "-" "-"
74.234.86.1 - - [16/Apr/2026:12:39:27 +0000] "GET /file-gertdxz.php HTTP/1.1" 404 72305 "-" "-"
74.234.86.1 - - [16/Apr/2026:12:39:27 +0000] "GET /xper1.php HTTP/1.1" 404 72277 "-" "-"
74.234.86.1 - - [16/Apr/2026:12:39:28 +0000] "GET /yuzuru1.php HTTP/1.1" 404 72285 "-" "-"
74.234.86.1 - - [16/Apr/2026:12:39:28 +0000] "GET /wglum1.php HTTP/1.1" 404 72281 "-" "-"
74.234.86.1 - - [16/Apr/2026:12:39:28 +0000] "GET /saorix1.php HTTP/1.1" 404 72285 "-" "-"
74.234.86.1 - - [16/Apr/2026:12:39:28 +0000] "GET /xper.php HTTP/1.1" 404 72273 "-" "-"
74.234.86.1 - - [16/Apr/2026:12:39:29 +0000] "GET /wxpass.php HTTP/1.1" 404 72281 "-" "-"
