62.84.185.55 - - [16/Apr/2026:13:22:47 +0000] "GET /2010/10/08/what%E2%80%99s-your-fantasy-week-5-2010/?upload&path=/home/drivenby/dolfansnyc.com HTTP/1.1" 200 78819 "-" "Mozilla/5.0 (compatible; MJ12bot/v1.4.8; http://mj12bot.com/)"
62.84.185.55 - - [16/Apr/2026:13:23:06 +0000] "GET /2010/10/08/what%E2%80%99s-your-fantasy-week-5-2010/feed/?cmd&path=/home HTTP/1.1" 301 5297 "-" "Mozilla/5.0 (compatible; MJ12bot/v1.4.8; http://mj12bot.com/)"
141.94.194.132 - - [16/Apr/2026:13:23:07 +0000] "GET /2011/10/28/dolfansnyc-podcast-episode-11-ralph-vacchiano/feed/ HTTP/1.1" 301 43918 "-" "Mozilla/5.0 (X11; Linux i686) AppleWebKit/537.36 (KHTML, like Gecko) Chrome/30.0.1599.66 Safari/537.36"
141.94.194.132 - - [16/Apr/2026:13:23:08 +0000] "GET /2011/10/28/dolfansnyc-podcast-episode-11-ralph-vacchiano/feed/ HTTP/1.1" 200 46519 "-" "Mozilla/5.0 (X11; Linux i686) AppleWebKit/537.36 (KHTML, like Gecko) Chrome/30.0.1599.66 Safari/537.36"
62.84.185.55 - - [16/Apr/2026:13:23:13 +0000] "GET /2010/10/08/what%E2%80%99s-your-fantasy-week-5-2010/feed/?cmd&path=%2Fhome HTTP/1.1" 200 6190 "-" "Mozilla/5.0 (compatible; MJ12bot/v1.4.8; http://mj12bot.com/)"
52.4.213.199 - - [16/Apr/2026:13:23:26 +0000] "GET /wp-json/wp/v2/posts/1094?filesrc=/home/drivenby/dolfansnyc.com/license.txt&path=/home/drivenby/dolfansnyc.com HTTP/1.1" 200 28670 "-" "Mozilla/5.0 AppleWebKit/537.36 (KHTML, like Gecko; compatible; Amazonbot/0.1; +https://developer.amazon.com/support/amazonbot) Chrome/119.0.6045.214 Safari/537.36"
62.84.185.55 - - [16/Apr/2026:13:23:39 +0000] "GET /2010/10/08/what%E2%80%99s-your-fantasy-week-5-2010/feed/?cmd&path=/home/drivenby HTTP/1.1" 301 49906 "-" "Mozilla/5.0 (compatible; MJ12bot/v1.4.8; http://mj12bot.com/)"
62.84.185.55 - - [16/Apr/2026:13:23:48 +0000] "GET /2010/10/08/what%E2%80%99s-your-fantasy-week-5-2010/feed/?cmd&path=%2Fhome%2Fdrivenby HTTP/1.1" 200 50810 "-" "Mozilla/5.0 (compatible; MJ12bot/v1.4.8; http://mj12bot.com/)"
35.245.216.104 - - [16/Apr/2026:13:23:58 +0000] "GET /feed/ HTTP/1.1" 301 43918 "-" "Wget/1.18 (linux-gnu)"
35.245.216.104 - - [16/Apr/2026:13:23:58 +0000] "GET /feed/ HTTP/1.1" 200 86365 "-" "Wget/1.18 (linux-gnu)"
91.92.243.240 - - [16/Apr/2026:13:24:14 +0000] "POST /wp-login.php HTTP/1.1" 403 0 "-" "Mozilla/5.0"
91.92.243.240 - - [16/Apr/2026:13:24:14 +0000] "POST /wp-login.php HTTP/1.1" 403 0 "-" "Mozilla/5.0"
91.92.243.240 - - [16/Apr/2026:13:24:14 +0000] "POST /wp-login.php HTTP/1.1" 403 0 "-" "Mozilla/5.0"
91.92.243.240 - - [16/Apr/2026:13:24:14 +0000] "POST /wp-login.php HTTP/1.1" 403 0 "-" "Mozilla/5.0"
170.106.181.163 - - [16/Apr/2026:13:24:15 +0000] "GET /?filebaru&path=/home/drivenby/dolfansnyc.com/99dewa-agen-poker-online-terbaik HTTP/1.1" 200 90915 "-" "Mozilla/5.0 (iPhone; CPU iPhone OS 13_2_3 like Mac OS X) AppleWebKit/605.1.15 (KHTML, like Gecko) Version/13.0.3 Mobile/15E148 Safari/604.1"
62.84.185.55 - - [16/Apr/2026:13:24:16 +0000] "GET /2010/10/08/what%E2%80%99s-your-fantasy-week-5-2010/feed/?cmd&path=/home/drivenby/dolfansnyc.com HTTP/1.1" 301 44310 "-" "Mozilla/5.0 (compatible; MJ12bot/v1.4.8; http://mj12bot.com/)"
62.84.185.55 - - [16/Apr/2026:13:24:25 +0000] "GET /2010/10/08/what%E2%80%99s-your-fantasy-week-5-2010/feed/?cmd&path=%2Fhome%2Fdrivenby%2Fdolfansnyc.com HTTP/1.1" 200 45231 "-" "Mozilla/5.0 (compatible; MJ12bot/v1.4.8; http://mj12bot.com/)"
35.245.216.104 - - [16/Apr/2026:13:24:42 +0000] "GET /feed/ HTTP/1.1" 301 43918 "-" "Wget/1.18 (linux-gnu)"
35.245.216.104 - - [16/Apr/2026:13:24:45 +0000] "GET /feed/ HTTP/1.1" 200 86365 "-" "Wget/1.18 (linux-gnu)"
62.84.185.55 - - [16/Apr/2026:13:24:55 +0000] "GET /2010/10/08/what%E2%80%99s-your-fantasy-week-5-2010/feed/?cmd&path=/home/drivenby/dolfansnyc.com/.tmb HTTP/1.1" 301 11561 "-" "Mozilla/5.0 (compatible; MJ12bot/v1.4.8; http://mj12bot.com/)"
57.141.20.39 - - [16/Apr/2026:13:24:55 +0000] "GET /2025/12/10/2025-metlifetakeover-photos-recap/?filesrc=//sbin/fuser&path=//sbin HTTP/1.1" 200 95370 "-" "meta-externalagent/1.1 (+https://developers.facebook.com/docs/sharing/webmasters/crawler)"
62.84.185.55 - - [16/Apr/2026:13:25:03 +0000] "GET /2010/10/08/what%E2%80%99s-your-fantasy-week-5-2010/feed/?cmd&path=%2Fhome%2Fdrivenby%2Fdolfansnyc.com%2F.tmb HTTP/1.1" 200 12489 "-" "Mozilla/5.0 (compatible; MJ12bot/v1.4.8; http://mj12bot.com/)"
52.54.249.218 - - [16/Apr/2026:13:25:28 +0000] "GET /metlifetakeover-faq/?filesrc=/home/drivenby/dolfansnyc.com/error_log&path=/home/drivenby/dolfansnyc.com HTTP/1.1" 200 62757926 "-" "Mozilla/5.0 AppleWebKit/537.36 (KHTML, like Gecko; compatible; Amazonbot/0.1; +https://developer.amazon.com/support/amazonbot) Chrome/119.0.6045.214 Safari/537.36"
62.84.185.55 - - [16/Apr/2026:13:25:30 +0000] "GET /2010/10/08/what%E2%80%99s-your-fantasy-week-5-2010/feed/?cmd&path=/home/drivenby/dolfansnyc.com/.well-known HTTP/1.1" 301 8180 "-" "Mozilla/5.0 (compatible; MJ12bot/v1.4.8; http://mj12bot.com/)"
62.84.185.55 - - [16/Apr/2026:13:25:40 +0000] "GET /2010/10/08/what%E2%80%99s-your-fantasy-week-5-2010/feed/?cmd&path=%2Fhome%2Fdrivenby%2Fdolfansnyc.com%2F.well-known HTTP/1.1" 200 9115 "-" "Mozilla/5.0 (compatible; MJ12bot/v1.4.8; http://mj12bot.com/)"
34.196.6.199 - - [16/Apr/2026:13:25:50 +0000] "GET /2015/01/15/qa-former-dolphins-qb-jay-fiedler/?filesrc=/home/drivenby/dolfansnyc.com/llms.txt&path=/home/drivenby/dolfansnyc.com HTTP/1.1" 200 239780 "-" "Mozilla/5.0 AppleWebKit/537.36 (KHTML, like Gecko; compatible; Amazonbot/0.1; +https://developer.amazon.com/support/amazonbot) Chrome/119.0.6045.214 Safari/537.36"
23.21.148.226 - - [16/Apr/2026:13:25:54 +0000] "GET /wp-json/wp/v2/posts/638?filesrc=/home/drivenby/dolfansnyc.com/sitemap.xml&path=/home/drivenby/dolfansnyc.com HTTP/1.1" 200 9964 "-" "Mozilla/5.0 AppleWebKit/537.36 (KHTML, like Gecko; compatible; Amazonbot/0.1; +https://developer.amazon.com/support/amazonbot) Chrome/119.0.6045.214 Safari/537.36"
216.73.216.138 - - [16/Apr/2026:13:25:55 +0000] "GET /tag/tom-brady/?filesrc=%2Fhome%2Fdrivenby%2Fdolfansnyc.com%2Fwp-includes%2Fimages%2Fblank.gif&path=%2Fhome%2Fdrivenby%2Fdolfansnyc.com%2Fwp-includes%2Fimages HTTP/1.1" 200 42819 "-" "Mozilla/5.0 AppleWebKit/537.36 (KHTML, like Gecko; compatible; ClaudeBot/1.0; +claudebot@anthropic.com)"
216.73.216.138 - - [16/Apr/2026:13:26:00 +0000] "GET /tag/nic-grigsby/?filesrc=%2F%2Fproc%2F20%2Fsmaps_rollup&path=%2F%2Fproc%2F20 HTTP/1.1" 200 43793 "-" "Mozilla/5.0 AppleWebKit/537.36 (KHTML, like Gecko; compatible; ClaudeBot/1.0; +claudebot@anthropic.com)"
34.231.156.59 - - [16/Apr/2026:13:26:02 +0000] "GET /2009/11/28/over-500/feed/?path=/ HTTP/1.1" 301 30887 "-" "Mozilla/5.0 AppleWebKit/537.36 (KHTML, like Gecko; compatible; Amazonbot/0.1; +https://developer.amazon.com/support/amazonbot) Chrome/119.0.6045.214 Safari/537.36"
34.231.156.59 - - [16/Apr/2026:13:26:02 +0000] "GET /2009/11/28/over-500/feed/?path=/ HTTP/1.1" 301 30887 "-" "Mozilla/5.0 AppleWebKit/537.36 (KHTML, like Gecko; compatible; Amazonbot/0.1; +https://developer.amazon.com/support/amazonbot) Chrome/119.0.6045.214 Safari/537.36"
216.73.216.138 - - [16/Apr/2026:13:26:05 +0000] "GET /tag/nic-grigsby/?filesrc=%2F%2Fproc%2F20%2Foom_adj&path=%2F%2Fproc%2F20 HTTP/1.1" 200 43790 "-" "Mozilla/5.0 AppleWebKit/537.36 (KHTML, like Gecko; compatible; ClaudeBot/1.0; +claudebot@anthropic.com)"
62.84.185.55 - - [16/Apr/2026:13:26:08 +0000] "GET /2010/10/08/what%E2%80%99s-your-fantasy-week-5-2010/feed/?cmd&path=/home/drivenby/dolfansnyc.com/wp-admin HTTP/1.1" 301 134745 "-" "Mozilla/5.0 (compatible; MJ12bot/v1.4.8; http://mj12bot.com/)"
216.73.216.138 - - [16/Apr/2026:13:26:10 +0000] "GET /tag/nic-grigsby/?filesrc=%2F%2Fbin%2Fsetvtrgb&path=%2F%2Fbin HTTP/1.1" 200 64513 "-" "Mozilla/5.0 AppleWebKit/537.36 (KHTML, like Gecko; compatible; ClaudeBot/1.0; +claudebot@anthropic.com)"
35.245.216.104 - - [16/Apr/2026:13:26:13 +0000] "GET /feed/ HTTP/1.1" 301 43918 "-" "Wget/1.18 (linux-gnu)"
35.245.216.104 - - [16/Apr/2026:13:26:13 +0000] "GET /feed/ HTTP/1.1" 200 86365 "-" "Wget/1.18 (linux-gnu)"
216.73.216.138 - - [16/Apr/2026:13:26:15 +0000] "GET /tag/robert-rose/?filesrc=%2F%2Fproc%2F2742861%2Fmountinfo&path=%2F%2Fproc%2F2742861 HTTP/1.1" 200 44464 "-" "Mozilla/5.0 AppleWebKit/537.36 (KHTML, like Gecko; compatible; ClaudeBot/1.0; +claudebot@anthropic.com)"
62.84.185.55 - - [16/Apr/2026:13:26:17 +0000] "GET /2010/10/08/what%E2%80%99s-your-fantasy-week-5-2010/feed/?cmd&path=%2Fhome%2Fdrivenby%2Fdolfansnyc.com%2Fwp-admin HTTP/1.1" 200 135669 "-" "Mozilla/5.0 (compatible; MJ12bot/v1.4.8; http://mj12bot.com/)"
216.73.216.138 - - [16/Apr/2026:13:26:20 +0000] "GET /tag/robert-rose/?filesrc=%2F%2Frun%2Frestartsrv_httpd&path=%2F%2Frun HTTP/1.1" 200 40867 "-" "Mozilla/5.0 AppleWebKit/537.36 (KHTML, like Gecko; compatible; ClaudeBot/1.0; +claudebot@anthropic.com)"
216.73.216.138 - - [16/Apr/2026:13:26:25 +0000] "GET /tag/nic-grigsby/?filesrc=%2F%2Fproc%2F1918%2Fsyscall&path=%2F%2Fproc%2F1918 HTTP/1.1" 200 43802 "-" "Mozilla/5.0 AppleWebKit/537.36 (KHTML, like Gecko; compatible; ClaudeBot/1.0; +claudebot@anthropic.com)"
52.7.33.248 - - [16/Apr/2026:13:26:27 +0000] "GET /2015/01/15/qa-former-dolphins-qb-jay-fiedler/?path=/ HTTP/1.1" 200 85432 "-" "Mozilla/5.0 AppleWebKit/537.36 (KHTML, like Gecko; compatible; Amazonbot/0.1; +https://developer.amazon.com/support/amazonbot) Chrome/119.0.6045.214 Safari/537.36"
216.73.216.138 - - [16/Apr/2026:13:26:30 +0000] "GET /tag/nic-grigsby/?filesrc=%2F%2Fbin%2Fnmtui&path=%2F%2Fbin HTTP/1.1" 200 1117494 "-" "Mozilla/5.0 AppleWebKit/537.36 (KHTML, like Gecko; compatible; ClaudeBot/1.0; +claudebot@anthropic.com)"
74.7.227.49 - - [16/Apr/2026:13:26:32 +0000] "GET /?cmd&path=//lib64/python3.6/json HTTP/1.1" 200 95442 "http://dolfansnyc.com/?path=//lib64/python3.6/json" "Mozilla/5.0 AppleWebKit/537.36 (KHTML, like Gecko; compatible; GPTBot/1.3; +https://openai.com/gptbot)"
216.73.216.138 - - [16/Apr/2026:13:26:35 +0000] "GET /tag/nic-grigsby/?filesrc=%2F%2Fsbin%2Fnamed-journalprint&path=%2F%2Fsbin HTTP/1.1" 200 58103 "-" "Mozilla/5.0 AppleWebKit/537.36 (KHTML, like Gecko; compatible; ClaudeBot/1.0; +claudebot@anthropic.com)"
216.73.216.138 - - [16/Apr/2026:13:26:40 +0000] "GET /tag/robert-rose/?filesrc=%2Fhome%2Fdrivenby%2F.wget-hsts&path=%2Fhome%2Fdrivenby HTTP/1.1" 200 41190 "-" "Mozilla/5.0 AppleWebKit/537.36 (KHTML, like Gecko; compatible; ClaudeBot/1.0; +claudebot@anthropic.com)"
216.73.216.138 - - [16/Apr/2026:13:26:45 +0000] "GET /tag/nic-grigsby/?filesrc=%2F%2Fbin%2Fgcc-ar&path=%2F%2Fbin HTTP/1.1" 200 99137 "-" "Mozilla/5.0 AppleWebKit/537.36 (KHTML, like Gecko; compatible; ClaudeBot/1.0; +claudebot@anthropic.com)"
62.84.185.55 - - [16/Apr/2026:13:26:48 +0000] "GET /2010/10/08/what%E2%80%99s-your-fantasy-week-5-2010/feed/?cmd&path=/home/drivenby/dolfansnyc.com/wp-content HTTP/1.1" 301 18936 "-" "Mozilla/5.0 (compatible; MJ12bot/v1.4.8; http://mj12bot.com/)"
216.73.216.138 - - [16/Apr/2026:13:26:50 +0000] "GET /tag/nic-grigsby/?filesrc=%2F%2Fbin%2Fpip3.6&path=%2F%2Fbin HTTP/1.1" 200 43942 "-" "Mozilla/5.0 AppleWebKit/537.36 (KHTML, like Gecko; compatible; ClaudeBot/1.0; +claudebot@anthropic.com)"
35.245.216.104 - - [16/Apr/2026:13:26:51 +0000] "GET /feed/ HTTP/1.1" 301 43918 "-" "Wget/1.18 (linux-gnu)"
35.245.216.104 - - [16/Apr/2026:13:26:52 +0000] "GET /feed/ HTTP/1.1" 200 86365 "-" "Wget/1.18 (linux-gnu)"
216.73.216.138 - - [16/Apr/2026:13:26:55 +0000] "GET /tag/nic-grigsby/?filesrc=%2Fhome%2Fdrivenby%2Fwww%2F.htaccess&path=%2Fhome%2Fdrivenby%2Fwww HTTP/1.1" 200 45335 "-" "Mozilla/5.0 AppleWebKit/537.36 (KHTML, like Gecko; compatible; ClaudeBot/1.0; +claudebot@anthropic.com)"
62.84.185.55 - - [16/Apr/2026:13:26:55 +0000] "GET /2010/10/08/what%E2%80%99s-your-fantasy-week-5-2010/feed/?cmd&path=%2Fhome%2Fdrivenby%2Fdolfansnyc.com%2Fwp-content HTTP/1.1" 200 19870 "-" "Mozilla/5.0 (compatible; MJ12bot/v1.4.8; http://mj12bot.com/)"
216.73.216.138 - - [16/Apr/2026:13:27:00 +0000] "GET /tag/nic-grigsby/?filesrc=%2F%2Fbin%2Fdwz&path=%2F%2Fbin HTTP/1.1" 200 321189 "-" "Mozilla/5.0 AppleWebKit/537.36 (KHTML, like Gecko; compatible; ClaudeBot/1.0; +claudebot@anthropic.com)"
216.73.216.138 - - [16/Apr/2026:13:27:05 +0000] "GET /tag/nic-grigsby/?filesrc=%2F%2Fsbin%2Fip6tables-restore&path=%2F%2Fsbin HTTP/1.1" 200 383758 "-" "Mozilla/5.0 AppleWebKit/537.36 (KHTML, like Gecko; compatible; ClaudeBot/1.0; +claudebot@anthropic.com)"
216.73.216.138 - - [16/Apr/2026:13:27:10 +0000] "GET /tag/nic-grigsby/?filesrc=%2F%2Fbin%2Fpip-2.7&path=%2F%2Fbin HTTP/1.1" 200 43940 "-" "Mozilla/5.0 AppleWebKit/537.36 (KHTML, like Gecko; compatible; ClaudeBot/1.0; +claudebot@anthropic.com)"
216.73.216.138 - - [16/Apr/2026:13:27:15 +0000] "GET /tag/nic-grigsby/?filesrc=%2F%2Fbin%2Flibgcrypt-config&path=%2F%2Fbin HTTP/1.1" 200 48372 "-" "Mozilla/5.0 AppleWebKit/537.36 (KHTML, like Gecko; compatible; ClaudeBot/1.0; +claudebot@anthropic.com)"
62.84.185.55 - - [16/Apr/2026:13:27:23 +0000] "GET /2010/10/08/what%E2%80%99s-your-fantasy-week-5-2010/feed/?cmd&path=/home/drivenby/dolfansnyc.com/wp-includes HTTP/1.1" 301 375997 "-" "Mozilla/5.0 (compatible; MJ12bot/v1.4.8; http://mj12bot.com/)"
216.73.216.138 - - [16/Apr/2026:13:27:24 +0000] "GET /tag/mnf/?filesrc=%2F%2Fbin%2Fminiterm-3.py&path=%2F%2Fbin HTTP/1.1" 200 80082 "-" "Mozilla/5.0 AppleWebKit/537.36 (KHTML, like Gecko; compatible; ClaudeBot/1.0; +claudebot@anthropic.com)"
216.73.216.138 - - [16/Apr/2026:13:27:29 +0000] "GET /tag/robert-rose/?filesrc=%2F%2Fproc%2Fkpagecount&path=%2F%2Fproc HTTP/1.1" 200 40868 "-" "Mozilla/5.0 AppleWebKit/537.36 (KHTML, like Gecko; compatible; ClaudeBot/1.0; +claudebot@anthropic.com)"
62.84.185.55 - - [16/Apr/2026:13:27:30 +0000] "GET /2010/10/08/what%E2%80%99s-your-fantasy-week-5-2010/feed/?cmd&path=%2Fhome%2Fdrivenby%2Fdolfansnyc.com%2Fwp-includes HTTP/1.1" 200 376932 "-" "Mozilla/5.0 (compatible; MJ12bot/v1.4.8; http://mj12bot.com/)"
216.73.216.138 - - [16/Apr/2026:13:27:34 +0000] "GET /tag/nic-grigsby/?path=%2Fhome%2Fdrivenby%2F.cpanel HTTP/1.1" 200 53394 "-" "Mozilla/5.0 AppleWebKit/537.36 (KHTML, like Gecko; compatible; ClaudeBot/1.0; +claudebot@anthropic.com)"
216.73.216.138 - - [16/Apr/2026:13:27:39 +0000] "GET /tag/mnf/?filesrc=%2F%2Fbin%2Fsg_sanitize&path=%2F%2Fbin HTTP/1.1" 200 74351 "-" "Mozilla/5.0 AppleWebKit/537.36 (KHTML, like Gecko; compatible; ClaudeBot/1.0; +claudebot@anthropic.com)"
57.141.20.52 - - [16/Apr/2026:13:27:41 +0000] "GET /2025/12/10/2025-metlifetakeover-photos-recap/?filesrc=/home/drivenby/tmp/awstats/awstats042025.dolfansnyc.com.drivenbyboredom.com.txt&path=/home/drivenby/tmp/awstats HTTP/1.1" 200 502720 "-" "meta-externalagent/1.1 (+https://developers.facebook.com/docs/sharing/webmasters/crawler)"
62.84.185.55 - - [16/Apr/2026:13:28:04 +0000] "GET /2010/10/08/what%E2%80%99s-your-fantasy-week-5-2010/feed/?dirbaru&path=/ HTTP/1.1" 301 31318 "-" "Mozilla/5.0 (compatible; MJ12bot/v1.4.8; http://mj12bot.com/)"
57.141.20.26 - - [16/Apr/2026:13:28:06 +0000] "GET /2025/12/10/2025-metlifetakeover-photos-recap/?filesrc=/home/drivenby/tmp/awstats/awstats012025.dolfansnyc.com.drivenbyboredom.com.txt&path=/home/drivenby/tmp/awstats HTTP/1.1" 200 320173 "-" "meta-externalagent/1.1 (+https://developers.facebook.com/docs/sharing/webmasters/crawler)"
62.84.185.55 - - [16/Apr/2026:13:28:10 +0000] "GET /2010/10/08/what%E2%80%99s-your-fantasy-week-5-2010/feed/?dirbaru&path=%2F HTTP/1.1" 200 32211 "-" "Mozilla/5.0 (compatible; MJ12bot/v1.4.8; http://mj12bot.com/)"
62.84.185.55 - - [16/Apr/2026:13:28:17 +0000] "GET /2010/10/08/what%E2%80%99s-your-fantasy-week-5-2010/feed/?dirbaru&path=/home HTTP/1.1" 301 5331 "-" "Mozilla/5.0 (compatible; MJ12bot/v1.4.8; http://mj12bot.com/)"
62.84.185.55 - - [16/Apr/2026:13:28:27 +0000] "GET /2010/10/08/what%E2%80%99s-your-fantasy-week-5-2010/feed/?dirbaru&path=%2Fhome HTTP/1.1" 200 6228 "-" "Mozilla/5.0 (compatible; MJ12bot/v1.4.8; http://mj12bot.com/)"
62.84.185.55 - - [16/Apr/2026:13:28:33 +0000] "GET /2010/10/08/what%E2%80%99s-your-fantasy-week-5-2010/feed/?filesrc=/home/drivenby/.lastlogin&path=/home/drivenby HTTP/1.1" 301 4923 "-" "Mozilla/5.0 (compatible; MJ12bot/v1.4.8; http://mj12bot.com/)"
91.92.243.240 - - [16/Apr/2026:13:28:38 +0000] "POST /wp-login.php HTTP/1.1" 403 0 "-" "Mozilla/5.0"
91.92.243.240 - - [16/Apr/2026:13:28:38 +0000] "POST /wp-login.php HTTP/1.1" 403 0 "-" "Mozilla/5.0"
91.92.243.240 - - [16/Apr/2026:13:28:39 +0000] "POST /wp-login.php HTTP/1.1" 403 0 "-" "Mozilla/5.0"
91.92.243.240 - - [16/Apr/2026:13:28:39 +0000] "POST /wp-login.php HTTP/1.1" 403 0 "-" "Mozilla/5.0"
62.84.185.55 - - [16/Apr/2026:13:28:45 +0000] "GET /2010/10/08/what%E2%80%99s-your-fantasy-week-5-2010/feed/?filesrc=%2Fhome%2Fdrivenby%2F.lastlogin&path=%2Fhome%2Fdrivenby HTTP/1.1" 200 5863 "-" "Mozilla/5.0 (compatible; MJ12bot/v1.4.8; http://mj12bot.com/)"
141.94.194.132 - - [16/Apr/2026:13:28:56 +0000] "GET /tag/miami-dolphins/feed/ HTTP/1.1" 301 43918 "-" "Mozilla/5.0 (X11; Linux i686) AppleWebKit/537.36 (KHTML, like Gecko) Chrome/30.0.1599.66 Safari/537.36"
141.94.194.132 - - [16/Apr/2026:13:28:56 +0000] "GET /tag/miami-dolphins/feed/ HTTP/1.1" 200 92739 "-" "Mozilla/5.0 (X11; Linux i686) AppleWebKit/537.36 (KHTML, like Gecko) Chrome/30.0.1599.66 Safari/537.36"
35.245.216.104 - - [16/Apr/2026:13:29:02 +0000] "GET /feed/ HTTP/1.1" 301 43918 "-" "Wget/1.18 (linux-gnu)"
35.245.216.104 - - [16/Apr/2026:13:29:03 +0000] "GET /feed/ HTTP/1.1" 200 86365 "-" "Wget/1.18 (linux-gnu)"
35.245.216.104 - - [16/Apr/2026:13:29:03 +0000] "GET /feed/ HTTP/1.1" 301 43918 "-" "Wget/1.18 (linux-gnu)"
35.245.216.104 - - [16/Apr/2026:13:29:03 +0000] "GET /feed/ HTTP/1.1" 200 86365 "-" "Wget/1.18 (linux-gnu)"
62.84.185.55 - - [16/Apr/2026:13:29:08 +0000] "GET /2010/10/08/what%E2%80%99s-your-fantasy-week-5-2010/feed/?filesrc=/home/drivenby/dolfansnyc.com/wp-comments-post.php&path=/home/drivenby/dolfansnyc.com HTTP/1.1" 301 7177 "-" "Mozilla/5.0 (compatible; MJ12bot/v1.4.8; http://mj12bot.com/)"
62.84.185.55 - - [16/Apr/2026:13:29:16 +0000] "GET /2010/10/08/what%E2%80%99s-your-fantasy-week-5-2010/feed/?filesrc=%2Fhome%2Fdrivenby%2Fdolfansnyc.com%2Fwp-comments-post.php&path=%2Fhome%2Fdrivenby%2Fdolfansnyc.com HTTP/1.1" 200 8161 "-" "Mozilla/5.0 (compatible; MJ12bot/v1.4.8; http://mj12bot.com/)"
62.84.185.55 - - [16/Apr/2026:13:29:45 +0000] "GET /2010/10/08/what%E2%80%99s-your-fantasy-week-5-2010/feed/?filesrc=/home/drivenby/dolfansnyc.com/wp-config-sample.php&path=/home/drivenby/dolfansnyc.com HTTP/1.1" 301 8225 "-" "Mozilla/5.0 (compatible; MJ12bot/v1.4.8; http://mj12bot.com/)"
62.84.185.55 - - [16/Apr/2026:13:29:51 +0000] "GET /2010/10/08/what%E2%80%99s-your-fantasy-week-5-2010/feed/?filesrc=%2Fhome%2Fdrivenby%2Fdolfansnyc.com%2Fwp-config-sample.php&path=%2Fhome%2Fdrivenby%2Fdolfansnyc.com HTTP/1.1" 200 9209 "-" "Mozilla/5.0 (compatible; MJ12bot/v1.4.8; http://mj12bot.com/)"
18.205.213.231 - - [16/Apr/2026:13:29:54 +0000] "GET /wp-json/wp/v2/posts/140?filesrc=/home/drivenby/dolfansnyc.com/wp-login.php&path=/home/drivenby/dolfansnyc.com HTTP/1.1" 200 70405 "-" "Mozilla/5.0 AppleWebKit/537.36 (KHTML, like Gecko; compatible; Amazonbot/0.1; +https://developer.amazon.com/support/amazonbot) Chrome/119.0.6045.214 Safari/537.36"
216.73.216.138 - - [16/Apr/2026:13:30:03 +0000] "GET /robots.txt HTTP/1.1" 200 271 "-" "Mozilla/5.0 AppleWebKit/537.36 (KHTML, like Gecko; compatible; ClaudeBot/1.0; +claudebot@anthropic.com)"
216.73.216.138 - - [16/Apr/2026:13:30:04 +0000] "GET /tag/nic-grigsby/?path=%2F%2Fproc%2F3446821 HTTP/1.1" 200 44533 "-" "Mozilla/5.0 AppleWebKit/537.36 (KHTML, like Gecko; compatible; ClaudeBot/1.0; +claudebot@anthropic.com)"
216.73.216.138 - - [16/Apr/2026:13:30:08 +0000] "GET /tag/nic-grigsby/?filesrc=%2F%2Fsbin%2Fnstat&path=%2F%2Fsbin HTTP/1.1" 200 209247 "-" "Mozilla/5.0 AppleWebKit/537.36 (KHTML, like Gecko; compatible; ClaudeBot/1.0; +claudebot@anthropic.com)"
216.73.216.138 - - [16/Apr/2026:13:30:13 +0000] "GET /tag/robert-rose/?filesrc=%2F%2Fproc%2F2454375%2Flimits&path=%2F%2Fproc%2F2454375 HTTP/1.1" 200 42299 "-" "Mozilla/5.0 AppleWebKit/537.36 (KHTML, like Gecko; compatible; ClaudeBot/1.0; +claudebot@anthropic.com)"
35.245.216.104 - - [16/Apr/2026:13:30:15 +0000] "GET /feed/ HTTP/1.1" 301 43918 "-" "Wget/1.18 (linux-gnu)"
35.245.216.104 - - [16/Apr/2026:13:30:16 +0000] "GET /feed/ HTTP/1.1" 200 86365 "-" "Wget/1.18 (linux-gnu)"
216.73.216.138 - - [16/Apr/2026:13:30:18 +0000] "GET /tag/mnf/?filesrc=%2F%2Fusr%2Fbin%2Fkcare-uname&path=%2F%2Fusr%2Fbin HTTP/1.1" 200 43223 "-" "Mozilla/5.0 AppleWebKit/537.36 (KHTML, like Gecko; compatible; ClaudeBot/1.0; +claudebot@anthropic.com)"
57.141.20.17 - - [16/Apr/2026:13:30:18 +0000] "GET /2025/12/10/2025-metlifetakeover-photos-recap/?filesrc=//sbin/named-checkzone&path=//sbin HTTP/1.1" 200 90598 "-" "meta-externalagent/1.1 (+https://developers.facebook.com/docs/sharing/webmasters/crawler)"
62.84.185.55 - - [16/Apr/2026:13:30:21 +0000] "GET /2010/10/08/what%E2%80%99s-your-fantasy-week-5-2010/feed/?filesrc=/home/drivenby/dolfansnyc.com/wp-config.php&path=/home/drivenby/dolfansnyc.com HTTP/1.1" 301 9781 "-" "Mozilla/5.0 (compatible; MJ12bot/v1.4.8; http://mj12bot.com/)"
52.205.113.104 - - [16/Apr/2026:13:30:22 +0000] "GET /category/on-the-road/?path=/home/drivenby/dolfansnyc.com/wp-content HTTP/1.1" 200 114552 "-" "Mozilla/5.0 AppleWebKit/537.36 (KHTML, like Gecko; compatible; Amazonbot/0.1; +https://developer.amazon.com/support/amazonbot) Chrome/119.0.6045.214 Safari/537.36"
216.73.216.138 - - [16/Apr/2026:13:30:23 +0000] "GET /tag/robert-rose/?filesrc=%2F%2Fproc%2F362%2Fsched&path=%2F%2Fproc%2F362 HTTP/1.1" 200 42720 "-" "Mozilla/5.0 AppleWebKit/537.36 (KHTML, like Gecko; compatible; ClaudeBot/1.0; +claudebot@anthropic.com)"
62.84.185.55 - - [16/Apr/2026:13:30:27 +0000] "GET /2010/10/08/what%E2%80%99s-your-fantasy-week-5-2010/feed/?filesrc=%2Fhome%2Fdrivenby%2Fdolfansnyc.com%2Fwp-config.php&path=%2Fhome%2Fdrivenby%2Fdolfansnyc.com HTTP/1.1" 200 10758 "-" "Mozilla/5.0 (compatible; MJ12bot/v1.4.8; http://mj12bot.com/)"
216.73.216.138 - - [16/Apr/2026:13:30:28 +0000] "GET /tag/robert-rose/?filesrc=%2F%2Fproc%2F17%2Fsched&path=%2F%2Fproc%2F17 HTTP/1.1" 200 42709 "-" "Mozilla/5.0 AppleWebKit/537.36 (KHTML, like Gecko; compatible; ClaudeBot/1.0; +claudebot@anthropic.com)"
98.84.200.43 - - [16/Apr/2026:13:30:30 +0000] "GET /wp-json/wp/v2/posts/140?filesrc=/home/drivenby/dolfansnyc.com/wp-blog-header.php&path=/home/drivenby/dolfansnyc.com HTTP/1.1" 200 8228 "-" "Mozilla/5.0 AppleWebKit/537.36 (KHTML, like Gecko; compatible; Amazonbot/0.1; +https://developer.amazon.com/support/amazonbot) Chrome/119.0.6045.214 Safari/537.36"
35.245.216.104 - - [16/Apr/2026:13:30:30 +0000] "GET /feed/ HTTP/1.1" 301 43918 "-" "Wget/1.18 (linux-gnu)"
35.245.216.104 - - [16/Apr/2026:13:30:30 +0000] "GET /feed/ HTTP/1.1" 200 86365 "-" "Wget/1.18 (linux-gnu)"
216.73.216.138 - - [16/Apr/2026:13:30:33 +0000] "GET /tag/nic-grigsby/?filesrc=%2F%2Fsbin%2Fblkdeactivate&path=%2F%2Fsbin HTTP/1.1" 200 63365 "-" "Mozilla/5.0 AppleWebKit/537.36 (KHTML, like Gecko; compatible; ClaudeBot/1.0; +claudebot@anthropic.com)"
216.73.216.138 - - [16/Apr/2026:13:30:38 +0000] "GET /tag/nic-grigsby/?filesrc=%2F%2Fsbin%2Fauditd&path=%2F%2Fsbin HTTP/1.1" 200 277086 "-" "Mozilla/5.0 AppleWebKit/537.36 (KHTML, like Gecko; compatible; ClaudeBot/1.0; +claudebot@anthropic.com)"
216.73.216.138 - - [16/Apr/2026:13:30:43 +0000] "GET /tag/mnf/?filesrc=%2F%2Fbin%2Fsg_rep_zones&path=%2F%2Fbin HTTP/1.1" 200 68475 "-" "Mozilla/5.0 AppleWebKit/537.36 (KHTML, like Gecko; compatible; ClaudeBot/1.0; +claudebot@anthropic.com)"
207.180.11.153 - - [16/Apr/2026:13:30:44 +0000] "GET /tag/albert-wilson/feed/ HTTP/1.1" 200 66221 "-" "Mozilla/5.0 (Macintosh; Intel Mac OS X 10_15_7) AppleWebKit/537.36 (KHTML, like Gecko) Chrome/135.0.0.0 Safari/537.36"
216.73.216.138 - - [16/Apr/2026:13:30:48 +0000] "GET /tag/nic-grigsby/?filesrc=%2F%2Fbin%2Fsnmpget&path=%2F%2Fbin HTTP/1.1" 200 59346 "-" "Mozilla/5.0 AppleWebKit/537.36 (KHTML, like Gecko; compatible; ClaudeBot/1.0; +claudebot@anthropic.com)"
216.73.216.138 - - [16/Apr/2026:13:30:53 +0000] "GET /tag/nic-grigsby/?filesrc=%2F%2Fbin%2Fsg_map&path=%2F%2Fbin HTTP/1.1" 200 65379 "-" "Mozilla/5.0 AppleWebKit/537.36 (KHTML, like Gecko; compatible; ClaudeBot/1.0; +claudebot@anthropic.com)"
62.84.185.55 - - [16/Apr/2026:13:30:54 +0000] "GET /2010/10/08/what%E2%80%99s-your-fantasy-week-5-2010/feed/?filesrc=/home/drivenby/dolfansnyc.com/wp-content/db.php&path=/home/drivenby/dolfansnyc.com/wp-content HTTP/1.1" 301 215245 "-" "Mozilla/5.0 (compatible; MJ12bot/v1.4.8; http://mj12bot.com/)"
216.73.216.138 - - [16/Apr/2026:13:30:58 +0000] "GET /tag/nic-grigsby/?filesrc=%2F%2Fbin%2Fgpg-error-config&path=%2F%2Fbin HTTP/1.1" 200 46297 "-" "Mozilla/5.0 AppleWebKit/537.36 (KHTML, like Gecko; compatible; ClaudeBot/1.0; +claudebot@anthropic.com)"
216.73.216.138 - - [16/Apr/2026:13:31:03 +0000] "GET /tag/mnf/?filesrc=%2F%2Fbin%2Fxzmore&path=%2F%2Fbin HTTP/1.1" 200 44850 "-" "Mozilla/5.0 AppleWebKit/537.36 (KHTML, like Gecko; compatible; ClaudeBot/1.0; +claudebot@anthropic.com)"
62.84.185.55 - - [16/Apr/2026:13:31:04 +0000] "GET /2010/10/08/what%E2%80%99s-your-fantasy-week-5-2010/feed/?filesrc=%2Fhome%2Fdrivenby%2Fdolfansnyc.com%2Fwp-content%2Fdb.php&path=%2Fhome%2Fdrivenby%2Fdolfansnyc.com%2Fwp-content HTTP/1.1" 200 216241 "-" "Mozilla/5.0 (compatible; MJ12bot/v1.4.8; http://mj12bot.com/)"
216.73.216.138 - - [16/Apr/2026:13:31:08 +0000] "GET /tag/nic-grigsby/?filesrc=%2F%2Fsbin%2Fresize2fs&path=%2F%2Fsbin HTTP/1.1" 200 141237 "-" "Mozilla/5.0 AppleWebKit/537.36 (KHTML, like Gecko; compatible; ClaudeBot/1.0; +claudebot@anthropic.com)"
216.73.216.138 - - [16/Apr/2026:13:31:13 +0000] "GET /tag/nic-grigsby/?path=%2F%2Fproc%2F2677914%2Ffdinfo HTTP/1.1" 200 44672 "-" "Mozilla/5.0 AppleWebKit/537.36 (KHTML, like Gecko; compatible; ClaudeBot/1.0; +claudebot@anthropic.com)"
216.73.216.138 - - [16/Apr/2026:13:31:18 +0000] "GET /tag/nic-grigsby/?filesrc=%2F%2Fbin%2Fdotlockfile&path=%2F%2Fbin HTTP/1.1" 200 71983 "-" "Mozilla/5.0 AppleWebKit/537.36 (KHTML, like Gecko; compatible; ClaudeBot/1.0; +claudebot@anthropic.com)"
216.73.216.138 - - [16/Apr/2026:13:31:23 +0000] "GET /tag/robert-rose/?filesrc=%2F%2Frun%2Frestartsrv_rpcbind&path=%2F%2Frun HTTP/1.1" 200 40869 "-" "Mozilla/5.0 AppleWebKit/537.36 (KHTML, like Gecko; compatible; ClaudeBot/1.0; +claudebot@anthropic.com)"
57.141.20.29 - - [16/Apr/2026:13:31:23 +0000] "GET /2025/12/10/2025-metlifetakeover-photos-recap/?filesrc=//sbin/matchpathcon&path=//sbin HTTP/1.1" 200 57231 "-" "meta-externalagent/1.1 (+https://developers.facebook.com/docs/sharing/webmasters/crawler)"
216.73.216.138 - - [16/Apr/2026:13:31:28 +0000] "GET /tag/mnf/?filesrc=%2F%2Fbin%2Farpaname&path=%2F%2Fbin HTTP/1.1" 200 56414 "-" "Mozilla/5.0 AppleWebKit/537.36 (KHTML, like Gecko; compatible; ClaudeBot/1.0; +claudebot@anthropic.com)"
62.84.185.55 - - [16/Apr/2026:13:31:33 +0000] "GET /2010/10/08/what%E2%80%99s-your-fantasy-week-5-2010/feed/?filesrc=/home/drivenby/dolfansnyc.com/wp-content/maintenance.php&path=/home/drivenby/dolfansnyc.com/wp-content HTTP/1.1" 301 7770 "-" "Mozilla/5.0 (compatible; MJ12bot/v1.4.8; http://mj12bot.com/)"
216.73.216.138 - - [16/Apr/2026:13:31:34 +0000] "GET /tag/nic-grigsby/?filesrc=%2F%2Fsbin%2Ftcpdump&path=%2F%2Fsbin HTTP/1.1" 200 1595283 "-" "Mozilla/5.0 AppleWebKit/537.36 (KHTML, like Gecko; compatible; ClaudeBot/1.0; +claudebot@anthropic.com)"
216.73.216.138 - - [16/Apr/2026:13:31:38 +0000] "GET /tag/nic-grigsby/?path=%2F%2Frun%2Flibcare HTTP/1.1" 200 44526 "-" "Mozilla/5.0 AppleWebKit/537.36 (KHTML, like Gecko; compatible; ClaudeBot/1.0; +claudebot@anthropic.com)"
62.84.185.55 - - [16/Apr/2026:13:31:42 +0000] "GET /2010/10/08/what%E2%80%99s-your-fantasy-week-5-2010/feed/?filesrc=%2Fhome%2Fdrivenby%2Fdolfansnyc.com%2Fwp-content%2Fmaintenance.php&path=%2Fhome%2Fdrivenby%2Fdolfansnyc.com%2Fwp-content HTTP/1.1" 200 8775 "-" "Mozilla/5.0 (compatible; MJ12bot/v1.4.8; http://mj12bot.com/)"
216.73.216.138 - - [16/Apr/2026:13:31:43 +0000] "GET /tag/nic-grigsby/?filesrc=%2F%2Fbin%2Frview&path=%2F%2Fbin HTTP/1.1" 200 1905050 "-" "Mozilla/5.0 AppleWebKit/537.36 (KHTML, like Gecko; compatible; ClaudeBot/1.0; +claudebot@anthropic.com)"
35.245.216.104 - - [16/Apr/2026:13:31:44 +0000] "GET /feed/ HTTP/1.1" 301 43918 "-" "Wget/1.18 (linux-gnu)"
35.245.216.104 - - [16/Apr/2026:13:31:44 +0000] "GET /feed/ HTTP/1.1" 200 86365 "-" "Wget/1.18 (linux-gnu)"
216.73.216.138 - - [16/Apr/2026:13:31:48 +0000] "GET /tag/robert-rose/?filesrc=%2F%2Fsbin%2Fautomount&path=%2F%2Fsbin HTTP/1.1" 200 529253 "-" "Mozilla/5.0 AppleWebKit/537.36 (KHTML, like Gecko; compatible; ClaudeBot/1.0; +claudebot@anthropic.com)"
216.73.216.138 - - [16/Apr/2026:13:31:53 +0000] "GET /tag/mnf/?filesrc=%2F%2Fbin%2Fgrolbp&path=%2F%2Fbin HTTP/1.1" 200 263984 "-" "Mozilla/5.0 AppleWebKit/537.36 (KHTML, like Gecko; compatible; ClaudeBot/1.0; +claudebot@anthropic.com)"
216.73.216.138 - - [16/Apr/2026:13:31:58 +0000] "GET /tag/nic-grigsby/?path=%2F%2Flib64%2FX11 HTTP/1.1" 200 44512 "-" "Mozilla/5.0 AppleWebKit/537.36 (KHTML, like Gecko; compatible; ClaudeBot/1.0; +claudebot@anthropic.com)"
216.73.216.138 - - [16/Apr/2026:13:32:03 +0000] "GET /tag/nic-grigsby/?filesrc=%2F%2Fbin%2Funblockemail&path=%2F%2Fbin HTTP/1.1" 200 43709 "-" "Mozilla/5.0 AppleWebKit/537.36 (KHTML, like Gecko; compatible; ClaudeBot/1.0; +claudebot@anthropic.com)"
216.73.216.138 - - [16/Apr/2026:13:32:08 +0000] "GET /tag/mnf/?filesrc=%2F%2Fbin%2Fsg_rmsn&path=%2F%2Fbin HTTP/1.1" 200 58104 "-" "Mozilla/5.0 AppleWebKit/537.36 (KHTML, like Gecko; compatible; ClaudeBot/1.0; +claudebot@anthropic.com)"
52.203.68.145 - - [16/Apr/2026:13:32:10 +0000] "GET /wp-json/wp/v2/posts/140?filesrc=/home/drivenby/dolfansnyc.com/wp-trackback.php&path=/home/drivenby/dolfansnyc.com HTTP/1.1" 200 13963 "-" "Mozilla/5.0 AppleWebKit/537.36 (KHTML, like Gecko; compatible; Amazonbot/0.1; +https://developer.amazon.com/support/amazonbot) Chrome/119.0.6045.214 Safari/537.36"
62.84.185.55 - - [16/Apr/2026:13:32:12 +0000] "GET /2010/10/08/what%E2%80%99s-your-fantasy-week-5-2010/feed/?filesrc=/home/drivenby/dolfansnyc.com/wp-includes/block-template-utils.php&path=/home/drivenby/dolfansnyc.com/wp-includes HTTP/1.1" 301 74379 "-" "Mozilla/5.0 (compatible; MJ12bot/v1.4.8; http://mj12bot.com/)"
216.73.216.138 - - [16/Apr/2026:13:32:13 +0000] "GET /tag/nic-grigsby/?filesrc=%2F%2Fsbin%2Febtables-save&path=%2F%2Fsbin HTTP/1.1" 200 383754 "-" "Mozilla/5.0 AppleWebKit/537.36 (KHTML, like Gecko; compatible; ClaudeBot/1.0; +claudebot@anthropic.com)"
35.245.216.104 - - [16/Apr/2026:13:32:16 +0000] "GET /feed/ HTTP/1.1" 301 43918 "-" "Wget/1.18 (linux-gnu)"
35.245.216.104 - - [16/Apr/2026:13:32:17 +0000] "GET /feed/ HTTP/1.1" 200 86365 "-" "Wget/1.18 (linux-gnu)"
216.73.216.138 - - [16/Apr/2026:13:32:18 +0000] "GET /tag/nic-grigsby/?filesrc=%2F%2Fbin%2Flocalectl&path=%2F%2Fbin HTTP/1.1" 200 80832 "-" "Mozilla/5.0 AppleWebKit/537.36 (KHTML, like Gecko; compatible; ClaudeBot/1.0; +claudebot@anthropic.com)"
62.84.185.55 - - [16/Apr/2026:13:32:21 +0000] "GET /2010/10/08/what%E2%80%99s-your-fantasy-week-5-2010/feed/?filesrc=%2Fhome%2Fdrivenby%2Fdolfansnyc.com%2Fwp-includes%2Fblock-template-utils.php&path=%2Fhome%2Fdrivenby%2Fdolfansnyc.com%2Fwp-includes HTTP/1.1" 200 75395 "-" "Mozilla/5.0 (compatible; MJ12bot/v1.4.8; http://mj12bot.com/)"
66.249.79.172 - - [16/Apr/2026:13:32:22 +0000] "GET /?dirbaru&path=/home/drivenby/dolfansnyc.com HTTP/1.1" 200 127327 "-" "Mozilla/5.0 (Linux; Android 6.0.1; Nexus 5X Build/MMB29P) AppleWebKit/537.36 (KHTML, like Gecko) Chrome/146.0.7680.177 Mobile Safari/537.36 (compatible; GoogleOther)"
216.73.216.138 - - [16/Apr/2026:13:32:23 +0000] "GET /tag/nic-grigsby/?filesrc=%2F%2Fbin%2Fsupervisorctl&path=%2F%2Fbin HTTP/1.1" 200 44215 "-" "Mozilla/5.0 AppleWebKit/537.36 (KHTML, like Gecko; compatible; ClaudeBot/1.0; +claudebot@anthropic.com)"
66.249.79.170 - - [16/Apr/2026:13:32:27 +0000] "GET /cdn-cgi/styles/main.css HTTP/1.1" 404 72343 "http://dolfansnyc.com/?dirbaru&path=/home/drivenby/dolfansnyc.com" "Mozilla/5.0 (Linux; Android 6.0.1; Nexus 5X Build/MMB29P) AppleWebKit/537.36 (KHTML, like Gecko) Chrome/146.0.7680.177 Mobile Safari/537.36 (compatible; GoogleOther)"
216.73.216.138 - - [16/Apr/2026:13:32:29 +0000] "GET /tag/mnf/?filesrc=%2F%2Fbin%2Fmyisampack&path=%2F%2Fbin HTTP/1.1" 200 5441901 "-" "Mozilla/5.0 AppleWebKit/537.36 (KHTML, like Gecko; compatible; ClaudeBot/1.0; +claudebot@anthropic.com)"
66.249.79.171 - - [16/Apr/2026:13:32:29 +0000] "GET /wp-content/themes/dolfansnyc-new/style.css?ver=1.0.0 HTTP/1.1" 200 16562 "http://dolfansnyc.com/?dirbaru&path=/home/drivenby/dolfansnyc.com" "Mozilla/5.0 (Linux; Android 6.0.1; Nexus 5X Build/MMB29P) AppleWebKit/537.36 (KHTML, like Gecko) Chrome/146.0.7680.177 Mobile Safari/537.36 (compatible; GoogleOther)"
66.249.79.170 - - [16/Apr/2026:13:32:31 +0000] "GET /wp-content/themes/dolfansnyc-new/dolfansnyc.css?ver=1.0.0 HTTP/1.1" 200 10113 "http://dolfansnyc.com/?dirbaru&path=/home/drivenby/dolfansnyc.com" "Mozilla/5.0 (Linux; Android 6.0.1; Nexus 5X Build/MMB29P) AppleWebKit/537.36 (KHTML, like Gecko) Chrome/146.0.7680.177 Mobile Safari/537.36 (compatible; GoogleOther)"
66.249.79.170 - - [16/Apr/2026:13:32:34 +0000] "GET /wp-content/themes/dolfansnyc-new/js/navigation.js?ver=1.0.0 HTTP/1.1" 200 2980 "http://dolfansnyc.com/?dirbaru&path=/home/drivenby/dolfansnyc.com" "Mozilla/5.0 (Linux; Android 6.0.1; Nexus 5X Build/MMB29P) AppleWebKit/537.36 (KHTML, like Gecko) Chrome/146.0.7680.177 Mobile Safari/537.36 (compatible; GoogleOther)"
98.82.63.147 - - [16/Apr/2026:13:32:34 +0000] "GET /2012/10/29/metlife-takeover/comment-page-1/?filesrc=/home/drivenby/dolfansnyc.com/wp-cron-tasks.php&path=/home/drivenby/dolfansnyc.com HTTP/1.1" 301 8258 "-" "Mozilla/5.0 AppleWebKit/537.36 (KHTML, like Gecko; compatible; Amazonbot/0.1; +https://developer.amazon.com/support/amazonbot) Chrome/119.0.6045.214 Safari/537.36"
98.82.63.147 - - [16/Apr/2026:13:32:34 +0000] "GET /2012/10/29/metlife-takeover/comment-page-1/?filesrc=/home/drivenby/dolfansnyc.com/wp-cron-tasks.php&path=/home/drivenby/dolfansnyc.com HTTP/1.1" 301 8258 "-" "Mozilla/5.0 AppleWebKit/537.36 (KHTML, like Gecko; compatible; Amazonbot/0.1; +https://developer.amazon.com/support/amazonbot) Chrome/119.0.6045.214 Safari/537.36"
216.73.216.138 - - [16/Apr/2026:13:32:35 +0000] "GET /tag/nic-grigsby/?filesrc=%2F%2Fbin%2Fdirmngr&path=%2F%2Fbin HTTP/1.1" 200 980119 "-" "Mozilla/5.0 AppleWebKit/537.36 (KHTML, like Gecko; compatible; ClaudeBot/1.0; +claudebot@anthropic.com)"
66.249.79.170 - - [16/Apr/2026:13:32:38 +0000] "GET /?dirbaru=&path=%2Fhome%2Fdrivenby%2Fdolfansnyc.com&mobile=1 HTTP/1.1" 200 93658 "http://dolfansnyc.com/?dirbaru&path=/home/drivenby/dolfansnyc.com" "Mozilla/5.0 (Linux; Android 6.0.1; Nexus 5X Build/MMB29P) AppleWebKit/537.36 (KHTML, like Gecko) Chrome/146.0.7680.177 Mobile Safari/537.36 (compatible; GoogleOther)"
216.73.216.138 - - [16/Apr/2026:13:32:40 +0000] "GET /tag/nic-grigsby/?filesrc=%2F%2Fproc%2F5%2Ftimers&path=%2F%2Fproc%2F5 HTTP/1.1" 200 43780 "-" "Mozilla/5.0 AppleWebKit/537.36 (KHTML, like Gecko; compatible; ClaudeBot/1.0; +claudebot@anthropic.com)"
216.73.216.138 - - [16/Apr/2026:13:32:45 +0000] "GET /tag/nic-grigsby/?filesrc=%2F%2Fbin%2Fzipdetails&path=%2F%2Fbin HTTP/1.1" 200 101885 "-" "Mozilla/5.0 AppleWebKit/537.36 (KHTML, like Gecko; compatible; ClaudeBot/1.0; +claudebot@anthropic.com)"
62.84.185.55 - - [16/Apr/2026:13:32:47 +0000] "GET /2010/10/08/what%E2%80%99s-your-fantasy-week-5-2010/feed/?filesrc=/home/drivenby/dolfansnyc.com/wp-includes/block-template.php&path=/home/drivenby/dolfansnyc.com/wp-includes HTTP/1.1" 301 21119 "-" "Mozilla/5.0 (compatible; MJ12bot/v1.4.8; http://mj12bot.com/)"
216.73.216.138 - - [16/Apr/2026:13:32:50 +0000] "GET /tag/robert-rose/?filesrc=%2F%2Frun%2Frestartsrv_pureftpd&path=%2F%2Frun HTTP/1.1" 200 40870 "-" "Mozilla/5.0 AppleWebKit/537.36 (KHTML, like Gecko; compatible; ClaudeBot/1.0; +claudebot@anthropic.com)"
57.141.20.25 - - [16/Apr/2026:13:32:53 +0000] "GET /2025/12/10/2025-metlifetakeover-photos-recap/?filesrc=//usr/lib64/girepository-1.0/Gdk-2.0.typelib&path=//usr/lib64/girepository-1.0 HTTP/1.1" 200 323551 "-" "meta-externalagent/1.1 (+https://developers.facebook.com/docs/sharing/webmasters/crawler)"
57.141.20.25 - - [16/Apr/2026:13:32:53 +0000] "GET /wp-content/uploads/2025/07/cropped-dolfansnyc-banner.jpg HTTP/1.1" 404 72482 "http://dolfansnyc.com/2025/12/10/2025-metlifetakeover-photos-recap/?filesrc=//usr/lib64/girepository-1.0/Gdk-2.0.typelib&path=//usr/lib64/girepository-1.0" "meta-externalagent/1.1 (+https://developers.facebook.com/docs/sharing/webmasters/crawler)"
57.141.20.61 - - [16/Apr/2026:13:32:54 +0000] "GET /wp-content/themes/dolfansnyc-new/images/mlt-banner.jpg HTTP/1.1" 200 250344 "http://dolfansnyc.com/2025/12/10/2025-metlifetakeover-photos-recap/?filesrc=//usr/lib64/girepository-1.0/Gdk-2.0.typelib&path=//usr/lib64/girepository-1.0" "meta-externalagent/1.1 (+https://developers.facebook.com/docs/sharing/webmasters/crawler)"
216.73.216.138 - - [16/Apr/2026:13:32:55 +0000] "GET /tag/nic-grigsby/?filesrc=%2F%2Fproc%2F2455834%2Fcgroup&path=%2F%2Fproc%2F2455834 HTTP/1.1" 200 44162 "-" "Mozilla/5.0 AppleWebKit/537.36 (KHTML, like Gecko; compatible; ClaudeBot/1.0; +claudebot@anthropic.com)"
62.84.185.55 - - [16/Apr/2026:13:32:57 +0000] "GET /2010/10/08/what%E2%80%99s-your-fantasy-week-5-2010/feed/?filesrc=%2Fhome%2Fdrivenby%2Fdolfansnyc.com%2Fwp-includes%2Fblock-template.php&path=%2Fhome%2Fdrivenby%2Fdolfansnyc.com%2Fwp-includes HTTP/1.1" 200 22129 "-" "Mozilla/5.0 (compatible; MJ12bot/v1.4.8; http://mj12bot.com/)"
134.209.207.131 - - [16/Apr/2026:13:32:58 +0000] "GET /feed/ HTTP/1.1" 301 43928 "-" "Mozilla/5.0 (Windows NT 10.0; Win64; x64; rv:126.0) Gecko/20100101 Firefox/126.0"
216.73.216.138 - - [16/Apr/2026:13:33:00 +0000] "GET /tag/nic-grigsby/?filesrc=%2F%2Fproc%2F3656207%2Flimits&path=%2F%2Fproc%2F3656207 HTTP/1.1" 200 45145 "-" "Mozilla/5.0 AppleWebKit/537.36 (KHTML, like Gecko; compatible; ClaudeBot/1.0; +claudebot@anthropic.com)"
134.209.207.131 - - [16/Apr/2026:13:33:01 +0000] "GET /feed/ HTTP/1.1" 200 86375 "-" "Mozilla/5.0 (Windows NT 10.0; Win64; x64; rv:126.0) Gecko/20100101 Firefox/126.0"
91.92.243.240 - - [16/Apr/2026:13:33:04 +0000] "POST /wp-login.php HTTP/1.1" 403 0 "-" "Mozilla/5.0"
91.92.243.240 - - [16/Apr/2026:13:33:04 +0000] "POST /wp-login.php HTTP/1.1" 403 0 "-" "Mozilla/5.0"
91.92.243.240 - - [16/Apr/2026:13:33:04 +0000] "POST /wp-login.php HTTP/1.1" 403 0 "-" "Mozilla/5.0"
91.92.243.240 - - [16/Apr/2026:13:33:04 +0000] "POST /wp-login.php HTTP/1.1" 403 0 "-" "Mozilla/5.0"
216.73.216.138 - - [16/Apr/2026:13:33:06 +0000] "GET /tag/nic-grigsby/?filesrc=%2F%2Fbin%2Fmysqld_safe_helper&path=%2F%2Fbin HTTP/1.1" 200 4755895 "-" "Mozilla/5.0 AppleWebKit/537.36 (KHTML, like Gecko; compatible; ClaudeBot/1.0; +claudebot@anthropic.com)"
216.73.216.138 - - [16/Apr/2026:13:33:10 +0000] "GET /tag/nic-grigsby/?filesrc=%2F%2Fproc%2F1918%2Fcgroup&path=%2F%2Fproc%2F1918 HTTP/1.1" 200 44106 "-" "Mozilla/5.0 AppleWebKit/537.36 (KHTML, like Gecko; compatible; ClaudeBot/1.0; +claudebot@anthropic.com)"
216.73.216.138 - - [16/Apr/2026:13:33:15 +0000] "GET /tag/nic-grigsby/?filesrc=%2F%2Fbin%2Fpip-3.6&path=%2F%2Fbin HTTP/1.1" 200 43943 "-" "Mozilla/5.0 AppleWebKit/537.36 (KHTML, like Gecko; compatible; ClaudeBot/1.0; +claudebot@anthropic.com)"
216.73.216.138 - - [16/Apr/2026:13:33:20 +0000] "GET /tag/nic-grigsby/?filesrc=%2F%2Fbin%2Fnisdomainname&path=%2F%2Fbin HTTP/1.1" 200 70566 "-" "Mozilla/5.0 AppleWebKit/537.36 (KHTML, like Gecko; compatible; ClaudeBot/1.0; +claudebot@anthropic.com)"
216.73.216.138 - - [16/Apr/2026:13:33:25 +0000] "GET /tag/nic-grigsby/?filesrc=%2F%2Fbin%2Fxgamma&path=%2F%2Fbin HTTP/1.1" 200 64652 "-" "Mozilla/5.0 AppleWebKit/537.36 (KHTML, like Gecko; compatible; ClaudeBot/1.0; +claudebot@anthropic.com)"
62.84.185.55 - - [16/Apr/2026:13:33:27 +0000] "GET /2010/10/08/what%E2%80%99s-your-fantasy-week-5-2010/feed/?filesrc=/home/drivenby/dolfansnyc.com/wp-includes/blocks.php&path=/home/drivenby/dolfansnyc.com/wp-includes HTTP/1.1" 301 128554 "-" "Mozilla/5.0 (compatible; MJ12bot/v1.4.8; http://mj12bot.com/)"
54.166.104.83 - - [16/Apr/2026:13:33:30 +0000] "GET /2024/01/04/2023-metlifetakeover-recap-video/?filesrc=/home/drivenby/dolfansnyc.com/wp-trackback.php&path=/home/drivenby/dolfansnyc.com HTTP/1.1" 200 48692 "-" "Mozilla/5.0 AppleWebKit/537.36 (KHTML, like Gecko; compatible; Amazonbot/0.1; +https://developer.amazon.com/support/amazonbot) Chrome/119.0.6045.214 Safari/537.36"
216.73.216.138 - - [16/Apr/2026:13:33:30 +0000] "GET /tag/nic-grigsby/?filesrc=%2F%2Fbin%2Fsmbcquotas&path=%2F%2Fbin HTTP/1.1" 200 81358 "-" "Mozilla/5.0 AppleWebKit/537.36 (KHTML, like Gecko; compatible; ClaudeBot/1.0; +claudebot@anthropic.com)"
184.73.35.182 - - [16/Apr/2026:13:33:34 +0000] "GET /wp-json/wp/v2/posts/140?filesrc=/home/drivenby/dolfansnyc.com/robots.txt&path=/home/drivenby/dolfansnyc.com HTTP/1.1" 200 8128 "-" "Mozilla/5.0 AppleWebKit/537.36 (KHTML, like Gecko; compatible; Amazonbot/0.1; +https://developer.amazon.com/support/amazonbot) Chrome/119.0.6045.214 Safari/537.36"
216.73.216.138 - - [16/Apr/2026:13:33:35 +0000] "GET /tag/nic-grigsby/?filesrc=%2F%2Fproc%2F20%2Fcpuset&path=%2F%2Fproc%2F20 HTTP/1.1" 200 43789 "-" "Mozilla/5.0 AppleWebKit/537.36 (KHTML, like Gecko; compatible; ClaudeBot/1.0; +claudebot@anthropic.com)"
62.84.185.55 - - [16/Apr/2026:13:33:37 +0000] "GET /2010/10/08/what%E2%80%99s-your-fantasy-week-5-2010/feed/?filesrc=%2Fhome%2Fdrivenby%2Fdolfansnyc.com%2Fwp-includes%2Fblocks.php&path=%2Fhome%2Fdrivenby%2Fdolfansnyc.com%2Fwp-includes HTTP/1.1" 200 129556 "-" "Mozilla/5.0 (compatible; MJ12bot/v1.4.8; http://mj12bot.com/)"
216.73.216.138 - - [16/Apr/2026:13:33:40 +0000] "GET /tag/mnf/?filesrc=%2F%2Fusr%2Fbin%2Fnf-monitor&path=%2F%2Fusr%2Fbin HTTP/1.1" 200 57785 "-" "Mozilla/5.0 AppleWebKit/537.36 (KHTML, like Gecko; compatible; ClaudeBot/1.0; +claudebot@anthropic.com)"
52.202.233.37 - - [16/Apr/2026:13:33:42 +0000] "GET /2010/11/27/the-raiders/?path=/home/drivenby/dolfansnyc.com&phpinfo HTTP/1.1" 200 101313 "-" "Mozilla/5.0 AppleWebKit/537.36 (KHTML, like Gecko; compatible; Amazonbot/0.1; +https://developer.amazon.com/support/amazonbot) Chrome/119.0.6045.214 Safari/537.36"
216.73.216.138 - - [16/Apr/2026:13:33:45 +0000] "GET /tag/nic-grigsby/?filesrc=%2F%2Fproc%2F125%2Fuid_map&path=%2F%2Fproc%2F125 HTTP/1.1" 200 43828 "-" "Mozilla/5.0 AppleWebKit/537.36 (KHTML, like Gecko; compatible; ClaudeBot/1.0; +claudebot@anthropic.com)"
216.73.216.138 - - [16/Apr/2026:13:33:50 +0000] "GET /tag/nic-grigsby/?filesrc=%2F%2Fbin%2Flibwmf-fontmap&path=%2F%2Fbin HTTP/1.1" 200 61361 "-" "Mozilla/5.0 AppleWebKit/537.36 (KHTML, like Gecko; compatible; ClaudeBot/1.0; +claudebot@anthropic.com)"
62.84.185.55 - - [16/Apr/2026:13:34:04 +0000] "GET /2010/10/08/what%E2%80%99s-your-fantasy-week-5-2010/feed/?filesrc=/home/drivenby/dolfansnyc.com/wp-includes/bookmark-template.php&path=/home/drivenby/dolfansnyc.com/wp-includes HTTP/1.1" 301 19794 "-" "Mozilla/5.0 (compatible; MJ12bot/v1.4.8; http://mj12bot.com/)"
62.84.185.55 - - [16/Apr/2026:13:34:17 +0000] "GET /2010/10/08/what%E2%80%99s-your-fantasy-week-5-2010/feed/?filesrc=%2Fhome%2Fdrivenby%2Fdolfansnyc.com%2Fwp-includes%2Fbookmark-template.php&path=%2Fhome%2Fdrivenby%2Fdolfansnyc.com%2Fwp-includes HTTP/1.1" 200 20807 "-" "Mozilla/5.0 (compatible; MJ12bot/v1.4.8; http://mj12bot.com/)"
107.20.224.184 - - [16/Apr/2026:13:34:46 +0000] "GET /wp-json/wp/v2/posts/140?filesrc=/home/drivenby/dolfansnyc.com/wp-activate.php&path=/home/drivenby/dolfansnyc.com HTTP/1.1" 200 16836 "-" "Mozilla/5.0 AppleWebKit/537.36 (KHTML, like Gecko; compatible; Amazonbot/0.1; +https://developer.amazon.com/support/amazonbot) Chrome/119.0.6045.214 Safari/537.36"
35.245.216.104 - - [16/Apr/2026:13:34:48 +0000] "GET /feed/ HTTP/1.1" 301 43918 "-" "Wget/1.18 (linux-gnu)"
35.245.216.104 - - [16/Apr/2026:13:34:48 +0000] "GET /feed/ HTTP/1.1" 200 86365 "-" "Wget/1.18 (linux-gnu)"
52.70.209.13 - - [16/Apr/2026:13:34:50 +0000] "GET /2009/11/28/over-500/feed/?path=/home/drivenby/dolfansnyc.com&upload HTTP/1.1" 301 44318 "-" "Mozilla/5.0 AppleWebKit/537.36 (KHTML, like Gecko; compatible; Amazonbot/0.1; +https://developer.amazon.com/support/amazonbot) Chrome/119.0.6045.214 Safari/537.36"
52.70.209.13 - - [16/Apr/2026:13:34:50 +0000] "GET /2009/11/28/over-500/feed/?path=/home/drivenby/dolfansnyc.com&upload HTTP/1.1" 301 44318 "-" "Mozilla/5.0 AppleWebKit/537.36 (KHTML, like Gecko; compatible; Amazonbot/0.1; +https://developer.amazon.com/support/amazonbot) Chrome/119.0.6045.214 Safari/537.36"
52.71.216.196 - - [16/Apr/2026:13:34:54 +0000] "GET /2011/12/08/dolfans-nyc-shout-out-from-keith-simms/comment-page-1/?filesrc=/home/drivenby/dolfansnyc.com/index.php&path=/home/drivenby/dolfansnyc.com HTTP/1.1" 301 4931 "-" "Mozilla/5.0 AppleWebKit/537.36 (KHTML, like Gecko; compatible; Amazonbot/0.1; +https://developer.amazon.com/support/amazonbot) Chrome/119.0.6045.214 Safari/537.36"
98.83.10.183 - - [16/Apr/2026:13:34:54 +0000] "GET /2011/12/08/dolfans-nyc-shout-out-from-keith-simms/comment-page-1/?filesrc=/home/drivenby/dolfansnyc.com/index.php&path=/home/drivenby/dolfansnyc.com HTTP/1.1" 301 4930 "-" "Mozilla/5.0 AppleWebKit/537.36 (KHTML, like Gecko; compatible; Amazonbot/0.1; +https://developer.amazon.com/support/amazonbot) Chrome/119.0.6045.214 Safari/537.36"
62.84.185.55 - - [16/Apr/2026:13:34:59 +0000] "GET /2010/10/08/what%E2%80%99s-your-fantasy-week-5-2010/feed/?filesrc=/home/drivenby/dolfansnyc.com/wp-includes/bookmark.php&path=/home/drivenby/dolfansnyc.com/wp-includes HTTP/1.1" 301 22503 "-" "Mozilla/5.0 (compatible; MJ12bot/v1.4.8; http://mj12bot.com/)"
35.245.216.104 - - [16/Apr/2026:13:35:02 +0000] "GET /feed/ HTTP/1.1" 301 43918 "-" "Wget/1.18 (linux-gnu)"
52.7.13.143 - - [16/Apr/2026:13:35:02 +0000] "GET /2013/06/21/introducing-the-new-dolfans-nyc-logo/comment-page-1/?filesrc=/home/drivenby/dolfansnyc.com/wp-sample.php&path=/home/drivenby/dolfansnyc.com HTTP/1.1" 301 20193 "-" "Mozilla/5.0 AppleWebKit/537.36 (KHTML, like Gecko; compatible; Amazonbot/0.1; +https://developer.amazon.com/support/amazonbot) Chrome/119.0.6045.214 Safari/537.36"
35.245.216.104 - - [16/Apr/2026:13:35:03 +0000] "GET /feed/ HTTP/1.1" 200 86365 "-" "Wget/1.18 (linux-gnu)"
23.23.212.212 - - [16/Apr/2026:13:35:03 +0000] "GET /2013/06/21/introducing-the-new-dolfans-nyc-logo/comment-page-1/?filesrc=/home/drivenby/dolfansnyc.com/wp-sample.php&path=/home/drivenby/dolfansnyc.com HTTP/1.1" 301 20195 "-" "Mozilla/5.0 AppleWebKit/537.36 (KHTML, like Gecko; compatible; Amazonbot/0.1; +https://developer.amazon.com/support/amazonbot) Chrome/119.0.6045.214 Safari/537.36"
34.203.111.15 - - [16/Apr/2026:13:35:06 +0000] "GET /2009/10/28/moving-forward/?cmd&path=/home/drivenby/dolfansnyc.com HTTP/1.1" 200 79470 "-" "Mozilla/5.0 AppleWebKit/537.36 (KHTML, like Gecko; compatible; Amazonbot/0.1; +https://developer.amazon.com/support/amazonbot) Chrome/119.0.6045.214 Safari/537.36"
62.84.185.55 - - [16/Apr/2026:13:35:11 +0000] "GET /2010/10/08/what%E2%80%99s-your-fantasy-week-5-2010/feed/?filesrc=%2Fhome%2Fdrivenby%2Fdolfansnyc.com%2Fwp-includes%2Fbookmark.php&path=%2Fhome%2Fdrivenby%2Fdolfansnyc.com%2Fwp-includes HTTP/1.1" 200 23507 "-" "Mozilla/5.0 (compatible; MJ12bot/v1.4.8; http://mj12bot.com/)"
54.39.0.240 - - [16/Apr/2026:13:35:19 +0000] "GET /tag/new-york-jets/feed/ HTTP/1.1" 200 105147 "-" "Mozilla/5.0 (compatible; AhrefsBot/7.0; +http://ahrefs.com/robot/)"
132.145.176.109 - - [16/Apr/2026:13:35:27 +0000] "GET /wp-content/uploads/2010/08/david-martin-207x300.jpg HTTP/1.1" 200 24085 "-" "Mozilla/5.0 (X11; Linux x86_64) AppleWebKit/537.36 (KHTML, like Gecko) Chrome/120.0.0.0 Safari/537.36"
52.71.216.196 - - [16/Apr/2026:13:35:34 +0000] "GET /2011/12/08/dolfans-nyc-shout-out-from-keith-simms/comment-page-1/?filesrc=/home/drivenby/dolfansnyc.com/wp-config-sample.php&path=/home/drivenby/dolfansnyc.com HTTP/1.1" 301 8226 "-" "Mozilla/5.0 AppleWebKit/537.36 (KHTML, like Gecko; compatible; Amazonbot/0.1; +https://developer.amazon.com/support/amazonbot) Chrome/119.0.6045.214 Safari/537.36"
34.231.156.59 - - [16/Apr/2026:13:35:34 +0000] "GET /2011/12/08/dolfans-nyc-shout-out-from-keith-simms/comment-page-1/?filesrc=/home/drivenby/dolfansnyc.com/wp-config-sample.php&path=/home/drivenby/dolfansnyc.com HTTP/1.1" 301 8226 "-" "Mozilla/5.0 AppleWebKit/537.36 (KHTML, like Gecko; compatible; Amazonbot/0.1; +https://developer.amazon.com/support/amazonbot) Chrome/119.0.6045.214 Safari/537.36"
62.84.185.55 - - [16/Apr/2026:13:35:45 +0000] "GET /2010/10/08/what%E2%80%99s-your-fantasy-week-5-2010/feed/?filesrc=/home/drivenby/dolfansnyc.com/wp-includes/cache-compat.php&path=/home/drivenby/dolfansnyc.com/wp-includes HTTP/1.1" 301 15220 "-" "Mozilla/5.0 (compatible; MJ12bot/v1.4.8; http://mj12bot.com/)"
52.3.155.146 - - [16/Apr/2026:13:35:47 +0000] "GET /2012/10/29/metlife-takeover/comment-page-1/?filesrc=/home/drivenby/dolfansnyc.com/wp-load.php&path=/home/drivenby/dolfansnyc.com HTTP/1.1" 301 9014 "-" "Mozilla/5.0 AppleWebKit/537.36 (KHTML, like Gecko; compatible; Amazonbot/0.1; +https://developer.amazon.com/support/amazonbot) Chrome/119.0.6045.214 Safari/537.36"
23.21.225.190 - - [16/Apr/2026:13:35:47 +0000] "GET /2012/10/29/metlife-takeover/comment-page-1/?filesrc=/home/drivenby/dolfansnyc.com/wp-load.php&path=/home/drivenby/dolfansnyc.com HTTP/1.1" 301 9015 "-" "Mozilla/5.0 AppleWebKit/537.36 (KHTML, like Gecko; compatible; Amazonbot/0.1; +https://developer.amazon.com/support/amazonbot) Chrome/119.0.6045.214 Safari/537.36"
62.84.185.55 - - [16/Apr/2026:13:35:52 +0000] "GET /2010/10/08/what%E2%80%99s-your-fantasy-week-5-2010/feed/?filesrc=%2Fhome%2Fdrivenby%2Fdolfansnyc.com%2Fwp-includes%2Fcache-compat.php&path=%2Fhome%2Fdrivenby%2Fdolfansnyc.com%2Fwp-includes HTTP/1.1" 200 16228 "-" "Mozilla/5.0 (compatible; MJ12bot/v1.4.8; http://mj12bot.com/)"
