35.245.216.104 - - [16/Apr/2026:13:35:59 +0000] "GET /feed/ HTTP/1.1" 301 43918 "-" "Wget/1.18 (linux-gnu)"
35.245.216.104 - - [16/Apr/2026:13:35:59 +0000] "GET /feed/ HTTP/1.1" 200 86365 "-" "Wget/1.18 (linux-gnu)"
62.84.185.55 - - [16/Apr/2026:13:36:18 +0000] "GET /2010/10/08/what%E2%80%99s-your-fantasy-week-5-2010/feed/?filesrc=/home/drivenby/dolfansnyc.com/wp-includes/cache.php&path=/home/drivenby/dolfansnyc.com/wp-includes HTTP/1.1" 301 18526 "-" "Mozilla/5.0 (compatible; MJ12bot/v1.4.8; http://mj12bot.com/)"
62.84.185.55 - - [16/Apr/2026:13:36:25 +0000] "GET /2010/10/08/what%E2%80%99s-your-fantasy-week-5-2010/feed/?filesrc=%2Fhome%2Fdrivenby%2Fdolfansnyc.com%2Fwp-includes%2Fcache.php&path=%2Fhome%2Fdrivenby%2Fdolfansnyc.com%2Fwp-includes HTTP/1.1" 200 19527 "-" "Mozilla/5.0 (compatible; MJ12bot/v1.4.8; http://mj12bot.com/)"
62.84.185.55 - - [16/Apr/2026:13:36:54 +0000] "GET /2010/10/08/what%E2%80%99s-your-fantasy-week-5-2010/feed/?filesrc=/home/drivenby/dolfansnyc.com/wp-includes/canonical.php&path=/home/drivenby/dolfansnyc.com/wp-includes HTTP/1.1" 301 45779 "-" "Mozilla/5.0 (compatible; MJ12bot/v1.4.8; http://mj12bot.com/)"
62.84.185.55 - - [16/Apr/2026:13:37:01 +0000] "GET /2010/10/08/what%E2%80%99s-your-fantasy-week-5-2010/feed/?filesrc=%2Fhome%2Fdrivenby%2Fdolfansnyc.com%2Fwp-includes%2Fcanonical.php&path=%2Fhome%2Fdrivenby%2Fdolfansnyc.com%2Fwp-includes HTTP/1.1" 200 46784 "-" "Mozilla/5.0 (compatible; MJ12bot/v1.4.8; http://mj12bot.com/)"
141.94.194.132 - - [16/Apr/2026:13:37:21 +0000] "GET /tag/chicago-bears/feed/ HTTP/1.1" 301 43918 "-" "Mozilla/5.0 (X11; Linux i686) AppleWebKit/537.36 (KHTML, like Gecko) Chrome/30.0.1599.66 Safari/537.36"
141.94.194.132 - - [16/Apr/2026:13:37:21 +0000] "GET /tag/chicago-bears/feed/ HTTP/1.1" 200 52589 "-" "Mozilla/5.0 (X11; Linux i686) AppleWebKit/537.36 (KHTML, like Gecko) Chrome/30.0.1599.66 Safari/537.36"
44.221.37.41 - - [16/Apr/2026:13:37:22 +0000] "GET /category/video/page/5/?filesrc=/home/drivenby/dolfansnyc.com/wp-settings.php&path=/home/drivenby/dolfansnyc.com HTTP/1.1" 301 39102 "-" "Mozilla/5.0 AppleWebKit/537.36 (KHTML, like Gecko; compatible; Amazonbot/0.1; +https://developer.amazon.com/support/amazonbot) Chrome/119.0.6045.214 Safari/537.36"
44.221.37.41 - - [16/Apr/2026:13:37:22 +0000] "GET /category/video/page/5/?filesrc=/home/drivenby/dolfansnyc.com/wp-settings.php&path=/home/drivenby/dolfansnyc.com HTTP/1.1" 301 39102 "-" "Mozilla/5.0 AppleWebKit/537.36 (KHTML, like Gecko; compatible; Amazonbot/0.1; +https://developer.amazon.com/support/amazonbot) Chrome/119.0.6045.214 Safari/537.36"
62.84.185.55 - - [16/Apr/2026:13:37:24 +0000] "GET /2010/10/08/what%E2%80%99s-your-fantasy-week-5-2010/feed/?filesrc=/home/drivenby/dolfansnyc.com/wp-includes/capabilities.php&path=/home/drivenby/dolfansnyc.com/wp-includes HTTP/1.1" 301 52995 "-" "Mozilla/5.0 (compatible; MJ12bot/v1.4.8; http://mj12bot.com/)"
35.245.216.104 - - [16/Apr/2026:13:37:27 +0000] "GET /feed/ HTTP/1.1" 301 43918 "-" "Wget/1.18 (linux-gnu)"
35.245.216.104 - - [16/Apr/2026:13:37:27 +0000] "GET /feed/ HTTP/1.1" 200 86365 "-" "Wget/1.18 (linux-gnu)"
62.84.185.55 - - [16/Apr/2026:13:37:32 +0000] "GET /2010/10/08/what%E2%80%99s-your-fantasy-week-5-2010/feed/?filesrc=%2Fhome%2Fdrivenby%2Fdolfansnyc.com%2Fwp-includes%2Fcapabilities.php&path=%2Fhome%2Fdrivenby%2Fdolfansnyc.com%2Fwp-includes HTTP/1.1" 200 54003 "-" "Mozilla/5.0 (compatible; MJ12bot/v1.4.8; http://mj12bot.com/)"
57.141.20.60 - - [16/Apr/2026:13:37:34 +0000] "GET /2025/12/10/2025-metlifetakeover-photos-recap/?filesrc=//sbin/iprsos&path=//sbin HTTP/1.1" 200 43838 "-" "meta-externalagent/1.1 (+https://developers.facebook.com/docs/sharing/webmasters/crawler)"
91.92.243.240 - - [16/Apr/2026:13:37:38 +0000] "POST /wp-login.php HTTP/1.1" 403 0 "-" "Mozilla/5.0"
91.92.243.240 - - [16/Apr/2026:13:37:38 +0000] "POST /wp-login.php HTTP/1.1" 403 0 "-" "Mozilla/5.0"
91.92.243.240 - - [16/Apr/2026:13:37:38 +0000] "POST /wp-login.php HTTP/1.1" 403 0 "-" "Mozilla/5.0"
91.92.243.240 - - [16/Apr/2026:13:37:38 +0000] "POST /wp-login.php HTTP/1.1" 403 0 "-" "Mozilla/5.0"
100.29.164.178 - - [16/Apr/2026:13:37:50 +0000] "GET /2010/11/27/the-raiders/?filesrc=/home/drivenby/dolfansnyc.com/wp-login.php&path=/home/drivenby/dolfansnyc.com HTTP/1.1" 200 101611 "-" "Mozilla/5.0 AppleWebKit/537.36 (KHTML, like Gecko; compatible; Amazonbot/0.1; +https://developer.amazon.com/support/amazonbot) Chrome/119.0.6045.214 Safari/537.36"
216.73.216.138 - - [16/Apr/2026:13:37:51 +0000] "GET /tag/nic-grigsby/?filesrc=%2F%2Flib64%2Fpython2.7%2Fsysconfig.pyc&path=%2F%2Flib64%2Fpython2.7 HTTP/1.1" 200 62787 "-" "Mozilla/5.0 AppleWebKit/537.36 (KHTML, like Gecko; compatible; ClaudeBot/1.0; +claudebot@anthropic.com)"
216.73.216.138 - - [16/Apr/2026:13:37:55 +0000] "GET /tag/practice/?path=%2F%2Fsys%2Fclass%2Finput%2Finput5%2Fpower HTTP/1.1" 200 46737 "-" "Mozilla/5.0 AppleWebKit/537.36 (KHTML, like Gecko; compatible; ClaudeBot/1.0; +claudebot@anthropic.com)"
62.84.185.55 - - [16/Apr/2026:13:37:56 +0000] "GET /2010/10/08/what%E2%80%99s-your-fantasy-week-5-2010/feed/?filesrc=/home/drivenby/dolfansnyc.com/wp-includes/category-template.php&path=/home/drivenby/dolfansnyc.com/wp-includes HTTP/1.1" 301 68511 "-" "Mozilla/5.0 (compatible; MJ12bot/v1.4.8; http://mj12bot.com/)"
216.73.216.138 - - [16/Apr/2026:13:38:00 +0000] "GET /tag/practice/?path=%2F%2Fdev%2Fcpu%2F0 HTTP/1.1" 200 40115 "-" "Mozilla/5.0 AppleWebKit/537.36 (KHTML, like Gecko; compatible; ClaudeBot/1.0; +claudebot@anthropic.com)"
62.84.185.55 - - [16/Apr/2026:13:38:04 +0000] "GET /2010/10/08/what%E2%80%99s-your-fantasy-week-5-2010/feed/?filesrc=%2Fhome%2Fdrivenby%2Fdolfansnyc.com%2Fwp-includes%2Fcategory-template.php&path=%2Fhome%2Fdrivenby%2Fdolfansnyc.com%2Fwp-includes HTTP/1.1" 200 69524 "-" "Mozilla/5.0 (compatible; MJ12bot/v1.4.8; http://mj12bot.com/)"
216.73.216.138 - - [16/Apr/2026:13:38:05 +0000] "GET /tag/nic-grigsby/?filesrc=%2F%2Flib64%2Fpython3.6%2Freprlib.py&path=%2F%2Flib64%2Fpython3.6 HTTP/1.1" 200 49721 "-" "Mozilla/5.0 AppleWebKit/537.36 (KHTML, like Gecko; compatible; ClaudeBot/1.0; +claudebot@anthropic.com)"
216.73.216.138 - - [16/Apr/2026:13:38:11 +0000] "GET /tag/nic-grigsby/?filesrc=%2F%2Flib64%2Fpython2.7%2Frandom.py&path=%2F%2Flib64%2Fpython2.7 HTTP/1.1" 200 78174 "-" "Mozilla/5.0 AppleWebKit/537.36 (KHTML, like Gecko; compatible; ClaudeBot/1.0; +claudebot@anthropic.com)"
62.84.185.55 - - [16/Apr/2026:13:38:28 +0000] "GET /2010/10/08/what%E2%80%99s-your-fantasy-week-5-2010/feed/?filesrc=/home/drivenby/dolfansnyc.com/wp-includes/category.php&path=/home/drivenby/dolfansnyc.com/wp-includes HTTP/1.1" 301 18514 "-" "Mozilla/5.0 (compatible; MJ12bot/v1.4.8; http://mj12bot.com/)"
62.84.185.55 - - [16/Apr/2026:13:38:36 +0000] "GET /2010/10/08/what%E2%80%99s-your-fantasy-week-5-2010/feed/?filesrc=%2Fhome%2Fdrivenby%2Fdolfansnyc.com%2Fwp-includes%2Fcategory.php&path=%2Fhome%2Fdrivenby%2Fdolfansnyc.com%2Fwp-includes HTTP/1.1" 200 19518 "-" "Mozilla/5.0 (compatible; MJ12bot/v1.4.8; http://mj12bot.com/)"
107.23.62.75 - - [16/Apr/2026:13:38:38 +0000] "GET /2010/11/27/the-raiders/?filesrc=/home/drivenby/dolfansnyc.com/wp-config-sample.php&path=/home/drivenby/dolfansnyc.com HTTP/1.1" 200 42779 "-" "Mozilla/5.0 AppleWebKit/537.36 (KHTML, like Gecko; compatible; Amazonbot/0.1; +https://developer.amazon.com/support/amazonbot) Chrome/119.0.6045.214 Safari/537.36"
62.84.185.55 - - [16/Apr/2026:13:39:00 +0000] "GET /2010/10/08/what%E2%80%99s-your-fantasy-week-5-2010/feed/?filesrc=/home/drivenby/dolfansnyc.com/wp-includes/class-IXR.php&path=/home/drivenby/dolfansnyc.com/wp-includes HTTP/1.1" 301 7418 "-" "Mozilla/5.0 (compatible; MJ12bot/v1.4.8; http://mj12bot.com/)"
35.245.216.104 - - [16/Apr/2026:13:39:03 +0000] "GET /feed/ HTTP/1.1" 301 43918 "-" "Wget/1.18 (linux-gnu)"
35.245.216.104 - - [16/Apr/2026:13:39:03 +0000] "GET /feed/ HTTP/1.1" 200 86365 "-" "Wget/1.18 (linux-gnu)"
62.84.185.55 - - [16/Apr/2026:13:39:10 +0000] "GET /2010/10/08/what%E2%80%99s-your-fantasy-week-5-2010/feed/?filesrc=%2Fhome%2Fdrivenby%2Fdolfansnyc.com%2Fwp-includes%2Fclass-IXR.php&path=%2Fhome%2Fdrivenby%2Fdolfansnyc.com%2Fwp-includes HTTP/1.1" 200 8423 "-" "Mozilla/5.0 (compatible; MJ12bot/v1.4.8; http://mj12bot.com/)"
57.141.20.5 - - [16/Apr/2026:13:39:17 +0000] "GET /2025/12/10/2025-metlifetakeover-photos-recap/?filesrc=//scripts/restartsrv_cpgreylistd&path=//scripts HTTP/1.1" 200 9011966 "-" "meta-externalagent/1.1 (+https://developers.facebook.com/docs/sharing/webmasters/crawler)"
35.245.216.104 - - [16/Apr/2026:13:39:17 +0000] "GET /feed/ HTTP/1.1" 301 43918 "-" "Wget/1.18 (linux-gnu)"
216.73.216.138 - - [16/Apr/2026:13:39:17 +0000] "GET /tag/nic-grigsby/?filesrc=%2F%2Flib64%2Fpython3.12%2Ftextwrap.py&path=%2F%2Flib64%2Fpython3.12 HTTP/1.1" 200 65376 "-" "Mozilla/5.0 AppleWebKit/537.36 (KHTML, like Gecko; compatible; ClaudeBot/1.0; +claudebot@anthropic.com)"
35.245.216.104 - - [16/Apr/2026:13:39:17 +0000] "GET /feed/ HTTP/1.1" 200 86365 "-" "Wget/1.18 (linux-gnu)"
216.73.216.138 - - [16/Apr/2026:13:39:22 +0000] "GET /tag/nic-grigsby/?filesrc=%2F%2Flib64%2Fpython2.7%2Fcompiler%2Ffuture.pyo&path=%2F%2Flib64%2Fpython2.7%2Fcompiler HTTP/1.1" 200 47086 "-" "Mozilla/5.0 AppleWebKit/537.36 (KHTML, like Gecko; compatible; ClaudeBot/1.0; +claudebot@anthropic.com)"
141.94.194.132 - - [16/Apr/2026:13:39:25 +0000] "GET /2010/12/15/dolfans-nyc-take-over-the-meadowlands/feed/ HTTP/1.1" 301 43918 "-" "Mozilla/5.0 (X11; Linux i686) AppleWebKit/537.36 (KHTML, like Gecko) Chrome/30.0.1599.66 Safari/537.36"
141.94.194.132 - - [16/Apr/2026:13:39:26 +0000] "GET /2010/12/15/dolfans-nyc-take-over-the-meadowlands/feed/ HTTP/1.1" 200 49350 "-" "Mozilla/5.0 (X11; Linux i686) AppleWebKit/537.36 (KHTML, like Gecko) Chrome/30.0.1599.66 Safari/537.36"
216.73.216.138 - - [16/Apr/2026:13:39:27 +0000] "GET /tag/nic-grigsby/?filesrc=%2F%2Flib64%2Fpython2.7%2Fhmac.pyc&path=%2F%2Flib64%2Fpython2.7 HTTP/1.1" 200 48566 "-" "Mozilla/5.0 AppleWebKit/537.36 (KHTML, like Gecko; compatible; ClaudeBot/1.0; +claudebot@anthropic.com)"
216.73.216.138 - - [16/Apr/2026:13:39:32 +0000] "GET /tag/practice/?filesrc=%2F%2Fsys%2Fclass%2Finput%2Fmouse0%2Fsubsystem%2Finput6%2Funiq&path=%2F%2Fsys%2Fclass%2Finput%2Fmouse0%2Fsubsystem%2Finput6 HTTP/1.1" 200 39839 "-" "Mozilla/5.0 AppleWebKit/537.36 (KHTML, like Gecko; compatible; ClaudeBot/1.0; +claudebot@anthropic.com)"
62.84.185.55 - - [16/Apr/2026:13:39:33 +0000] "GET /2010/10/08/what%E2%80%99s-your-fantasy-week-5-2010/feed/?filesrc=/home/drivenby/dolfansnyc.com/wp-includes/class-avif-info.php&path=/home/drivenby/dolfansnyc.com/wp-includes HTTP/1.1" 301 36298 "-" "Mozilla/5.0 (compatible; MJ12bot/v1.4.8; http://mj12bot.com/)"
216.73.216.138 - - [16/Apr/2026:13:39:37 +0000] "GET /tag/nic-grigsby/?filesrc=%2F%2Flib64%2Fpython3.12%2Fturtle.py&path=%2F%2Flib64%2Fpython3.12 HTTP/1.1" 200 206271 "-" "Mozilla/5.0 AppleWebKit/537.36 (KHTML, like Gecko; compatible; ClaudeBot/1.0; +claudebot@anthropic.com)"
34.192.67.98 - - [16/Apr/2026:13:39:38 +0000] "GET /2009/10/28/moving-forward/?filesrc=/home/drivenby/dolfansnyc.com/wp-config.php&path=/home/drivenby/dolfansnyc.com HTTP/1.1" 200 44939 "-" "Mozilla/5.0 AppleWebKit/537.36 (KHTML, like Gecko; compatible; Amazonbot/0.1; +https://developer.amazon.com/support/amazonbot) Chrome/119.0.6045.214 Safari/537.36"
62.84.185.55 - - [16/Apr/2026:13:39:40 +0000] "GET /2010/10/08/what%E2%80%99s-your-fantasy-week-5-2010/feed/?filesrc=%2Fhome%2Fdrivenby%2Fdolfansnyc.com%2Fwp-includes%2Fclass-avif-info.php&path=%2Fhome%2Fdrivenby%2Fdolfansnyc.com%2Fwp-includes HTTP/1.1" 200 37309 "-" "Mozilla/5.0 (compatible; MJ12bot/v1.4.8; http://mj12bot.com/)"
216.73.216.138 - - [16/Apr/2026:13:39:42 +0000] "GET /tag/nic-grigsby/?filesrc=%2F%2Flib64%2Fpython3.6%2Frunpy.py&path=%2F%2Flib64%2Fpython3.6 HTTP/1.1" 200 56475 "-" "Mozilla/5.0 AppleWebKit/537.36 (KHTML, like Gecko; compatible; ClaudeBot/1.0; +claudebot@anthropic.com)"
216.73.216.138 - - [16/Apr/2026:13:39:47 +0000] "GET /tag/practice/?path=%2F%2Fsys%2Fmodule%2Fkeyboard HTTP/1.1" 200 42317 "-" "Mozilla/5.0 AppleWebKit/537.36 (KHTML, like Gecko; compatible; ClaudeBot/1.0; +claudebot@anthropic.com)"
216.73.216.138 - - [16/Apr/2026:13:39:52 +0000] "GET /tag/nic-grigsby/?filesrc=%2F%2Flib64%2Fpython2.7%2FTools%2FREADME&path=%2F%2Flib64%2Fpython2.7%2FTools HTTP/1.1" 200 45802 "-" "Mozilla/5.0 AppleWebKit/537.36 (KHTML, like Gecko; compatible; ClaudeBot/1.0; +claudebot@anthropic.com)"
57.141.20.20 - - [16/Apr/2026:13:39:54 +0000] "GET /2025/12/10/2025-metlifetakeover-photos-recap/?filesrc=//usr/libexec/report-command-error&path=//usr/libexec HTTP/1.1" 200 10877918 "-" "meta-externalagent/1.1 (+https://developers.facebook.com/docs/sharing/webmasters/crawler)"
216.73.216.138 - - [16/Apr/2026:13:39:57 +0000] "GET /tag/practice/?filesrc=%2F%2Fscripts%2Fcheck_mysql&path=%2F%2Fscripts HTTP/1.1" 200 45531 "-" "Mozilla/5.0 AppleWebKit/537.36 (KHTML, like Gecko; compatible; ClaudeBot/1.0; +claudebot@anthropic.com)"
62.84.185.55 - - [16/Apr/2026:13:40:01 +0000] "GET /2010/10/08/what%E2%80%99s-your-fantasy-week-5-2010/feed/?filesrc=/home/drivenby/dolfansnyc.com/wp-includes/class-feed.php&path=/home/drivenby/dolfansnyc.com/wp-includes HTTP/1.1" 301 5287 "-" "Mozilla/5.0 (compatible; MJ12bot/v1.4.8; http://mj12bot.com/)"
62.84.185.55 - - [16/Apr/2026:13:40:08 +0000] "GET /2010/10/08/what%E2%80%99s-your-fantasy-week-5-2010/feed/?filesrc=%2Fhome%2Fdrivenby%2Fdolfansnyc.com%2Fwp-includes%2Fclass-feed.php&path=%2Fhome%2Fdrivenby%2Fdolfansnyc.com%2Fwp-includes HTTP/1.1" 200 6293 "-" "Mozilla/5.0 (compatible; MJ12bot/v1.4.8; http://mj12bot.com/)"
44.216.172.204 - - [16/Apr/2026:13:40:10 +0000] "GET /2009/10/28/moving-forward/?filesrc=/home/drivenby/dolfansnyc.com/index.php&path=/home/drivenby/dolfansnyc.com HTTP/1.1" 200 40090 "-" "Mozilla/5.0 AppleWebKit/537.36 (KHTML, like Gecko; compatible; Amazonbot/0.1; +https://developer.amazon.com/support/amazonbot) Chrome/119.0.6045.214 Safari/537.36"
52.71.203.206 - - [16/Apr/2026:13:40:14 +0000] "GET /2011/12/08/dolfans-nyc-shout-out-from-keith-simms/comment-page-1/?mass_delete&path=/home/drivenby/dolfansnyc.com HTTP/1.1" 301 44531 "-" "Mozilla/5.0 AppleWebKit/537.36 (KHTML, like Gecko; compatible; Amazonbot/0.1; +https://developer.amazon.com/support/amazonbot) Chrome/119.0.6045.214 Safari/537.36"
34.195.60.66 - - [16/Apr/2026:13:40:14 +0000] "GET /2011/12/08/dolfans-nyc-shout-out-from-keith-simms/comment-page-1/?mass_delete&path=/home/drivenby/dolfansnyc.com HTTP/1.1" 301 44530 "-" "Mozilla/5.0 AppleWebKit/537.36 (KHTML, like Gecko; compatible; Amazonbot/0.1; +https://developer.amazon.com/support/amazonbot) Chrome/119.0.6045.214 Safari/537.36"
216.73.216.138 - - [16/Apr/2026:13:40:32 +0000] "GET /tag/practice/?path=%2Fhome%2Fdrivenby%2Farchive.drivenbyboredom.com%2Fwp-admin HTTP/1.1" 200 175981 "-" "Mozilla/5.0 AppleWebKit/537.36 (KHTML, like Gecko; compatible; ClaudeBot/1.0; +claudebot@anthropic.com)"
216.73.216.138 - - [16/Apr/2026:13:40:36 +0000] "GET /tag/brian-hartline/?filesrc=%2F%2Fscripts%2Frestartsrv_queueprocd&path=%2F%2Fscripts HTTP/1.1" 200 14368058 "-" "Mozilla/5.0 AppleWebKit/537.36 (KHTML, like Gecko; compatible; ClaudeBot/1.0; +claudebot@anthropic.com)"
35.245.216.104 - - [16/Apr/2026:13:40:37 +0000] "GET /feed/ HTTP/1.1" 301 43918 "-" "Wget/1.18 (linux-gnu)"
35.245.216.104 - - [16/Apr/2026:13:40:38 +0000] "GET /feed/ HTTP/1.1" 200 86365 "-" "Wget/1.18 (linux-gnu)"
216.73.216.138 - - [16/Apr/2026:13:40:41 +0000] "GET /tag/practice/?filesrc=%2Fhome%2Fdrivenby%2Fdolfansnyc.com%2Fwp-includes%2Fcss%2Fdashboards.php&path=%2Fhome%2Fdrivenby%2Fdolfansnyc.com%2Fwp-includes%2Fcss HTTP/1.1" 200 71603 "-" "Mozilla/5.0 AppleWebKit/537.36 (KHTML, like Gecko; compatible; ClaudeBot/1.0; +claudebot@anthropic.com)"
216.73.216.138 - - [16/Apr/2026:13:40:46 +0000] "GET /tag/metlifetakover/?path=%2F%2Fsys%2Fmodule%2Fpci_hotplug%2Fparameters HTTP/1.1" 200 38504 "-" "Mozilla/5.0 AppleWebKit/537.36 (KHTML, like Gecko; compatible; ClaudeBot/1.0; +claudebot@anthropic.com)"
54.84.102.81 - - [16/Apr/2026:13:40:46 +0000] "GET /2012/10/29/metlife-takeover/comment-page-1/?filesrc=/home/drivenby/dolfansnyc.com/readme.html&path=/home/drivenby/dolfansnyc.com HTTP/1.1" 301 13834 "-" "Mozilla/5.0 AppleWebKit/537.36 (KHTML, like Gecko; compatible; Amazonbot/0.1; +https://developer.amazon.com/support/amazonbot) Chrome/119.0.6045.214 Safari/537.36"
54.84.102.81 - - [16/Apr/2026:13:40:46 +0000] "GET /2012/10/29/metlife-takeover/comment-page-1/?filesrc=/home/drivenby/dolfansnyc.com/readme.html&path=/home/drivenby/dolfansnyc.com HTTP/1.1" 301 13834 "-" "Mozilla/5.0 AppleWebKit/537.36 (KHTML, like Gecko; compatible; Amazonbot/0.1; +https://developer.amazon.com/support/amazonbot) Chrome/119.0.6045.214 Safari/537.36"
35.169.119.108 - - [16/Apr/2026:13:40:54 +0000] "GET /category/on-the-road/?filesrc=/home/drivenby/dolfansnyc.com/dolfansnyc.jpg&path=/home/drivenby/dolfansnyc.com HTTP/1.1" 200 317483 "-" "Mozilla/5.0 AppleWebKit/537.36 (KHTML, like Gecko; compatible; Amazonbot/0.1; +https://developer.amazon.com/support/amazonbot) Chrome/119.0.6045.214 Safari/537.36"
216.73.216.138 - - [16/Apr/2026:13:40:56 +0000] "GET /tag/practice/?filesrc=%2F%2Fsys%2Fmodule%2Fserio_raw%2Finitstate&path=%2F%2Fsys%2Fmodule%2Fserio_raw HTTP/1.1" 200 39491 "-" "Mozilla/5.0 AppleWebKit/537.36 (KHTML, like Gecko; compatible; ClaudeBot/1.0; +claudebot@anthropic.com)"
216.73.216.138 - - [16/Apr/2026:13:41:01 +0000] "GET /tag/metlifetakover/?path=%2F%2Fsys%2Fmodule%2Fiptable_mangle%2Fsections HTTP/1.1" 200 53985 "-" "Mozilla/5.0 AppleWebKit/537.36 (KHTML, like Gecko; compatible; ClaudeBot/1.0; +claudebot@anthropic.com)"
216.73.216.138 - - [16/Apr/2026:13:41:06 +0000] "GET /tag/metlifetakover/?filesrc=%2F%2Fsys%2Fmodule%2Fiptable_mangle%2Frefcnt&path=%2F%2Fsys%2Fmodule%2Fiptable_mangle HTTP/1.1" 200 35115 "-" "Mozilla/5.0 AppleWebKit/537.36 (KHTML, like Gecko; compatible; ClaudeBot/1.0; +claudebot@anthropic.com)"
195.250.26.131 - - [16/Apr/2026:13:41:11 +0000] "POST /wp-cron.php?doing_wp_cron=1776346871.3953249454498291015625 HTTP/1.1" 200 0 "-" "WordPress/6.9.4; http://dolfansnyc.com"
216.73.216.138 - - [16/Apr/2026:13:41:11 +0000] "GET /tag/practice/?filesrc=%2F%2Fscripts%2Fcheckalldomainsmxs&path=%2F%2Fscripts HTTP/1.1" 200 41918 "-" "Mozilla/5.0 AppleWebKit/537.36 (KHTML, like Gecko; compatible; ClaudeBot/1.0; +claudebot@anthropic.com)"
113.181.122.2 - - [16/Apr/2026:13:41:12 +0000] "GET http://www.dolfansnyc.com/amp.php HTTP/1.1" 301 43917 "-" "Mozilla/5.0 (Macintosh; Intel Mac OS X 11_1_0) AppleWebKit/537.36 (KHTML, like Gecko) Brave Chrome/87.0.4280.67 Safari/537.36"
113.181.122.2 - - [16/Apr/2026:13:41:12 +0000] "GET http://dolfansnyc.com/amp.php HTTP/1.1" 404 72271 "-" "Mozilla/5.0 (Macintosh; Intel Mac OS X 11_1_0) AppleWebKit/537.36 (KHTML, like Gecko) Brave Chrome/87.0.4280.67 Safari/537.36"
216.73.216.138 - - [16/Apr/2026:13:41:16 +0000] "GET /tag/nic-grigsby/?filesrc=%2F%2Flib64%2Fpython2.7%2Fcompiler%2Fsymbols.pyo&path=%2F%2Flib64%2Fpython2.7%2Fcompiler HTTP/1.1" 200 62431 "-" "Mozilla/5.0 AppleWebKit/537.36 (KHTML, like Gecko; compatible; ClaudeBot/1.0; +claudebot@anthropic.com)"
216.73.216.138 - - [16/Apr/2026:13:41:21 +0000] "GET /tag/practice/?filesrc=%2F%2Fsys%2Fmodule%2Fip_set%2Ftaint&path=%2F%2Fsys%2Fmodule%2Fip_set HTTP/1.1" 200 39462 "-" "Mozilla/5.0 AppleWebKit/537.36 (KHTML, like Gecko; compatible; ClaudeBot/1.0; +claudebot@anthropic.com)"
216.73.216.138 - - [16/Apr/2026:13:41:26 +0000] "GET /tag/metlifetakover/?filesrc=%2F%2Fusr%2Finclude%2Fassert.h&path=%2F%2Fusr%2Finclude HTTP/1.1" 200 39598 "-" "Mozilla/5.0 AppleWebKit/537.36 (KHTML, like Gecko; compatible; ClaudeBot/1.0; +claudebot@anthropic.com)"
216.73.216.138 - - [16/Apr/2026:13:41:31 +0000] "GET /tag/practice/?filesrc=%2F%2Fscripts%2Fgetremotecpmove&path=%2F%2Fscripts HTTP/1.1" 200 54176 "-" "Mozilla/5.0 AppleWebKit/537.36 (KHTML, like Gecko; compatible; ClaudeBot/1.0; +claudebot@anthropic.com)"
216.73.216.138 - - [16/Apr/2026:13:41:36 +0000] "GET /tag/practice/?path=%2F%2Fsys%2Fmodule%2Fnf_defrag_ipv6%2Fsections HTTP/1.1" 200 73787 "-" "Mozilla/5.0 AppleWebKit/537.36 (KHTML, like Gecko; compatible; ClaudeBot/1.0; +claudebot@anthropic.com)"
216.73.216.138 - - [16/Apr/2026:13:41:41 +0000] "GET /tag/practice/?path=%2F%2Fsys%2Fmodule%2Facpiphp HTTP/1.1" 200 42301 "-" "Mozilla/5.0 AppleWebKit/537.36 (KHTML, like Gecko; compatible; ClaudeBot/1.0; +claudebot@anthropic.com)"
35.245.216.104 - - [16/Apr/2026:13:41:58 +0000] "GET /feed/ HTTP/1.1" 301 43918 "-" "Wget/1.18 (linux-gnu)"
35.245.216.104 - - [16/Apr/2026:13:41:58 +0000] "GET /feed/ HTTP/1.1" 200 86365 "-" "Wget/1.18 (linux-gnu)"
91.92.243.240 - - [16/Apr/2026:13:42:06 +0000] "POST /wp-login.php HTTP/1.1" 403 0 "-" "Mozilla/5.0"
91.92.243.240 - - [16/Apr/2026:13:42:06 +0000] "POST /wp-login.php HTTP/1.1" 403 0 "-" "Mozilla/5.0"
91.92.243.240 - - [16/Apr/2026:13:42:06 +0000] "POST /wp-login.php HTTP/1.1" 403 0 "-" "Mozilla/5.0"
91.92.243.240 - - [16/Apr/2026:13:42:06 +0000] "POST /wp-login.php HTTP/1.1" 403 0 "-" "Mozilla/5.0"
57.141.20.12 - - [16/Apr/2026:13:42:17 +0000] "GET /2025/12/10/2025-metlifetakeover-photos-recap/?filesrc=//scripts/restartsrv_spamd&path=//scripts HTTP/1.1" 200 9069422 "-" "meta-externalagent/1.1 (+https://developers.facebook.com/docs/sharing/webmasters/crawler)"
216.73.216.138 - - [16/Apr/2026:13:42:33 +0000] "GET /tag/practice/?path=%2F%2Fsys%2Fclass%2Ftty%2Ftty10 HTTP/1.1" 200 44416 "-" "Mozilla/5.0 AppleWebKit/537.36 (KHTML, like Gecko; compatible; ClaudeBot/1.0; +claudebot@anthropic.com)"
216.73.216.138 - - [16/Apr/2026:13:42:38 +0000] "GET /tag/practice/?path=%2F%2Fsys%2Fclass%2Fnet%2Feth0 HTTP/1.1" 200 84082 "-" "Mozilla/5.0 AppleWebKit/537.36 (KHTML, like Gecko; compatible; ClaudeBot/1.0; +claudebot@anthropic.com)"
216.73.216.138 - - [16/Apr/2026:13:42:43 +0000] "GET /tag/practice/?filesrc=%2F%2Fscripts%2Fresetmailmanurls&path=%2F%2Fscripts HTTP/1.1" 200 41526 "-" "Mozilla/5.0 AppleWebKit/537.36 (KHTML, like Gecko; compatible; ClaudeBot/1.0; +claudebot@anthropic.com)"
216.73.216.138 - - [16/Apr/2026:13:42:48 +0000] "GET /tag/practice/?path=%2F%2Fsys%2Fclass%2Ftty%2Ftty56 HTTP/1.1" 200 44416 "-" "Mozilla/5.0 AppleWebKit/537.36 (KHTML, like Gecko; compatible; ClaudeBot/1.0; +claudebot@anthropic.com)"
216.73.216.138 - - [16/Apr/2026:13:42:53 +0000] "GET /tag/practice/?path=%2F%2Fsys%2Fblock%2Fsr0%2Fsubsystem HTTP/1.1" 200 44780 "-" "Mozilla/5.0 AppleWebKit/537.36 (KHTML, like Gecko; compatible; ClaudeBot/1.0; +claudebot@anthropic.com)"
46.101.131.45 - - [16/Apr/2026:13:42:57 +0000] "GET /feed/ HTTP/1.1" 301 43926 "-" "Mozilla/5.0 (X11; Linux x86_64; rv:130.0) Gecko/20100101 Firefox/130.0"
216.73.216.138 - - [16/Apr/2026:13:42:58 +0000] "GET /tag/practice/?filesrc=%2F%2Fscripts%2Fadddns&path=%2F%2Fscripts HTTP/1.1" 200 41894 "-" "Mozilla/5.0 AppleWebKit/537.36 (KHTML, like Gecko; compatible; ClaudeBot/1.0; +claudebot@anthropic.com)"
46.101.131.45 - - [16/Apr/2026:13:42:59 +0000] "GET /feed/ HTTP/1.1" 200 86373 "-" "Mozilla/5.0 (X11; Linux x86_64; rv:130.0) Gecko/20100101 Firefox/130.0"
216.73.216.138 - - [16/Apr/2026:13:43:03 +0000] "GET /tag/practice/?path=%2F%2Fsys%2Fclass%2Ftty%2Fptmx%2Fsubsystem HTTP/1.1" 200 105214 "-" "Mozilla/5.0 AppleWebKit/537.36 (KHTML, like Gecko; compatible; ClaudeBot/1.0; +claudebot@anthropic.com)"
35.245.216.104 - - [16/Apr/2026:13:43:05 +0000] "GET /feed/ HTTP/1.1" 301 43918 "-" "Wget/1.18 (linux-gnu)"
35.245.216.104 - - [16/Apr/2026:13:43:05 +0000] "GET /feed/ HTTP/1.1" 200 86365 "-" "Wget/1.18 (linux-gnu)"
216.73.216.138 - - [16/Apr/2026:13:43:08 +0000] "GET /tag/practice/?path=%2F%2Fsys%2Fclass%2Ftty%2Ftty43 HTTP/1.1" 200 44416 "-" "Mozilla/5.0 AppleWebKit/537.36 (KHTML, like Gecko; compatible; ClaudeBot/1.0; +claudebot@anthropic.com)"
216.73.216.138 - - [16/Apr/2026:13:43:13 +0000] "GET /tag/practice/?filesrc=%2Fhome%2Fdrivenby%2Fdolfansnyc.com%2Fwp-includes%2FRequests%2Fsrc%2FHookManager.php&path=%2Fhome%2Fdrivenby%2Fdolfansnyc.com%2Fwp-includes%2FRequests%2Fsrc HTTP/1.1" 200 40707 "-" "Mozilla/5.0 AppleWebKit/537.36 (KHTML, like Gecko; compatible; ClaudeBot/1.0; +claudebot@anthropic.com)"
216.73.216.138 - - [16/Apr/2026:13:43:20 +0000] "GET /tag/metlifetakover/?filesrc=%2F%2Fusr%2Finclude%2Fsecurity%2F_pam_compat.h&path=%2F%2Fusr%2Finclude%2Fsecurity HTTP/1.1" 200 38091 "-" "Mozilla/5.0 AppleWebKit/537.36 (KHTML, like Gecko; compatible; ClaudeBot/1.0; +claudebot@anthropic.com)"
216.73.216.138 - - [16/Apr/2026:13:43:24 +0000] "GET /tag/practice/?filesrc=%2Fhome%2Fdrivenby%2Fdolfansnyc.com%2Fwp-includes%2Fjs%2Futils.js&path=%2Fhome%2Fdrivenby%2Fdolfansnyc.com%2Fwp-includes%2Fjs HTTP/1.1" 200 44886 "-" "Mozilla/5.0 AppleWebKit/537.36 (KHTML, like Gecko; compatible; ClaudeBot/1.0; +claudebot@anthropic.com)"
216.73.216.138 - - [16/Apr/2026:13:43:29 +0000] "GET /tag/robert-rose/?filesrc=%2F%2Fusr%2Ftmp%2F.wpd_1b75ec6a_ft&path=%2F%2Fusr%2Ftmp HTTP/1.1" 200 40960 "-" "Mozilla/5.0 AppleWebKit/537.36 (KHTML, like Gecko; compatible; ClaudeBot/1.0; +claudebot@anthropic.com)"
216.73.216.138 - - [16/Apr/2026:13:43:34 +0000] "GET /tag/metlifetakover/?filesrc=%2F%2Fusr%2Finclude%2Functrl.h&path=%2F%2Fusr%2Finclude HTTP/1.1" 200 38112 "-" "Mozilla/5.0 AppleWebKit/537.36 (KHTML, like Gecko; compatible; ClaudeBot/1.0; +claudebot@anthropic.com)"
35.245.216.104 - - [16/Apr/2026:13:43:38 +0000] "GET /feed/ HTTP/1.1" 301 43918 "-" "Wget/1.18 (linux-gnu)"
52.6.5.24 - - [16/Apr/2026:13:43:38 +0000] "GET /2012/10/29/metlife-takeover/comment-page-1/?filesrc=/home/drivenby/dolfansnyc.com/dolfansnyc.jpg&path=/home/drivenby/dolfansnyc.com HTTP/1.1" 301 221423 "-" "Mozilla/5.0 AppleWebKit/537.36 (KHTML, like Gecko; compatible; Amazonbot/0.1; +https://developer.amazon.com/support/amazonbot) Chrome/119.0.6045.214 Safari/537.36"
35.245.216.104 - - [16/Apr/2026:13:43:38 +0000] "GET /feed/ HTTP/1.1" 200 86365 "-" "Wget/1.18 (linux-gnu)"
54.85.7.119 - - [16/Apr/2026:13:43:38 +0000] "GET /2012/10/29/metlife-takeover/comment-page-1/?filesrc=/home/drivenby/dolfansnyc.com/dolfansnyc.jpg&path=/home/drivenby/dolfansnyc.com HTTP/1.1" 301 221416 "-" "Mozilla/5.0 AppleWebKit/537.36 (KHTML, like Gecko; compatible; Amazonbot/0.1; +https://developer.amazon.com/support/amazonbot) Chrome/119.0.6045.214 Safari/537.36"
216.73.216.138 - - [16/Apr/2026:13:43:39 +0000] "GET /tag/metlifetakover/?path=%2F%2Fsys%2Fmodule%2Fjbd2%2Fsections HTTP/1.1" 200 74504 "-" "Mozilla/5.0 AppleWebKit/537.36 (KHTML, like Gecko; compatible; ClaudeBot/1.0; +claudebot@anthropic.com)"
216.73.216.138 - - [16/Apr/2026:13:43:44 +0000] "GET /tag/metlifetakover/?filesrc=%2F%2Fusr%2Finclude%2Fwait.h&path=%2F%2Fusr%2Finclude HTTP/1.1" 200 34981 "-" "Mozilla/5.0 AppleWebKit/537.36 (KHTML, like Gecko; compatible; ClaudeBot/1.0; +claudebot@anthropic.com)"
216.73.216.138 - - [16/Apr/2026:13:43:50 +0000] "GET /tag/metlifetakover/?path=%2F%2Fsys%2Fmodule%2Fsyscopyarea HTTP/1.1" 200 48161 "-" "Mozilla/5.0 AppleWebKit/537.36 (KHTML, like Gecko; compatible; ClaudeBot/1.0; +claudebot@anthropic.com)"
216.73.216.138 - - [16/Apr/2026:13:43:55 +0000] "GET /tag/practice/?filesrc=%2F%2Fscripts%2Frestartsrv_powerdns&path=%2F%2Fscripts HTTP/1.1" 200 39740 "-" "Mozilla/5.0 AppleWebKit/537.36 (KHTML, like Gecko; compatible; ClaudeBot/1.0; +claudebot@anthropic.com)"
216.73.216.138 - - [16/Apr/2026:13:44:00 +0000] "GET /tag/metlifetakover/?filesrc=%2F%2Fusr%2Finclude%2Fmath.h&path=%2F%2Fusr%2Finclude HTTP/1.1" 200 89886 "-" "Mozilla/5.0 AppleWebKit/537.36 (KHTML, like Gecko; compatible; ClaudeBot/1.0; +claudebot@anthropic.com)"
35.245.216.104 - - [16/Apr/2026:13:44:02 +0000] "GET /feed/ HTTP/1.1" 301 43918 "-" "Wget/1.18 (linux-gnu)"
35.245.216.104 - - [16/Apr/2026:13:44:02 +0000] "GET /feed/ HTTP/1.1" 200 86365 "-" "Wget/1.18 (linux-gnu)"
170.106.165.186 - - [16/Apr/2026:13:44:48 +0000] "GET /page/2/?path=%2Fhome%2Fdrivenby%2Fdolfansnyc.com%2F99dewa-daftar-situs-poker-online-terpercaya HTTP/1.1" 200 87264 "-" "Mozilla/5.0 (iPhone; CPU iPhone OS 13_2_3 like Mac OS X) AppleWebKit/605.1.15 (KHTML, like Gecko) Version/13.0.3 Mobile/15E148 Safari/604.1"
57.141.20.43 - - [16/Apr/2026:13:44:53 +0000] "GET /2025/12/10/2025-metlifetakeover-photos-recap/?filesrc=//usr/bin/nmcli&path=//usr/bin HTTP/1.1" 200 1482641 "-" "meta-externalagent/1.1 (+https://developers.facebook.com/docs/sharing/webmasters/crawler)"
57.141.20.66 - - [16/Apr/2026:13:44:53 +0000] "GET /wp-content/uploads/2025/07/cropped-dolfansnyc-banner.jpg HTTP/1.1" 404 72482 "http://dolfansnyc.com/2025/12/10/2025-metlifetakeover-photos-recap/?filesrc=//usr/bin/nmcli&path=//usr/bin" "meta-externalagent/1.1 (+https://developers.facebook.com/docs/sharing/webmasters/crawler)"
57.141.20.14 - - [16/Apr/2026:13:44:53 +0000] "GET /wp-content/themes/dolfansnyc-new/images/mlt-banner.jpg HTTP/1.1" 200 773488 "http://dolfansnyc.com/2025/12/10/2025-metlifetakeover-photos-recap/?filesrc=//usr/bin/nmcli&path=//usr/bin" "meta-externalagent/1.1 (+https://developers.facebook.com/docs/sharing/webmasters/crawler)"
35.245.216.104 - - [16/Apr/2026:13:44:56 +0000] "GET /feed/ HTTP/1.1" 301 43918 "-" "Wget/1.18 (linux-gnu)"
35.245.216.104 - - [16/Apr/2026:13:44:56 +0000] "GET /feed/ HTTP/1.1" 200 86365 "-" "Wget/1.18 (linux-gnu)"
216.73.216.138 - - [16/Apr/2026:13:44:56 +0000] "GET /tag/practice/?path=%2F%2Fsys%2Fclass%2Finput%2Fmouse0%2Fsubsystem%2Fmice HTTP/1.1" 200 45009 "-" "Mozilla/5.0 AppleWebKit/537.36 (KHTML, like Gecko; compatible; ClaudeBot/1.0; +claudebot@anthropic.com)"
216.73.216.138 - - [16/Apr/2026:13:45:02 +0000] "GET /tag/nic-grigsby/?filesrc=%2F%2Flib64%2Fpython2.7%2Ffractions.py&path=%2F%2Flib64%2Fpython2.7 HTTP/1.1" 200 68019 "-" "Mozilla/5.0 AppleWebKit/537.36 (KHTML, like Gecko; compatible; ClaudeBot/1.0; +claudebot@anthropic.com)"
216.73.216.138 - - [16/Apr/2026:13:45:06 +0000] "GET /tag/nic-grigsby/?filesrc=%2F%2Flib64%2Fpython3.12%2Fsre_parse.py&path=%2F%2Flib64%2Fpython3.12 HTTP/1.1" 200 44106 "-" "Mozilla/5.0 AppleWebKit/537.36 (KHTML, like Gecko; compatible; ClaudeBot/1.0; +claudebot@anthropic.com)"
216.73.216.138 - - [16/Apr/2026:13:45:11 +0000] "GET /tag/nic-grigsby/?filesrc=%2F%2Flib64%2Fpython2.7%2Fre.pyo&path=%2F%2Flib64%2Fpython2.7 HTTP/1.1" 200 57816 "-" "Mozilla/5.0 AppleWebKit/537.36 (KHTML, like Gecko; compatible; ClaudeBot/1.0; +claudebot@anthropic.com)"
216.73.216.138 - - [16/Apr/2026:13:45:16 +0000] "GET /tag/nic-grigsby/?filesrc=%2F%2Flib64%2Fpython2.7%2Ftarfile.pyc&path=%2F%2Flib64%2Fpython2.7 HTTP/1.1" 200 125549 "-" "Mozilla/5.0 AppleWebKit/537.36 (KHTML, like Gecko; compatible; ClaudeBot/1.0; +claudebot@anthropic.com)"
216.73.216.138 - - [16/Apr/2026:13:45:21 +0000] "GET /tag/nic-grigsby/?filesrc=%2F%2Flib64%2Fpython2.7%2Fssl.pyo&path=%2F%2Flib64%2Fpython2.7 HTTP/1.1" 200 78668 "-" "Mozilla/5.0 AppleWebKit/537.36 (KHTML, like Gecko; compatible; ClaudeBot/1.0; +claudebot@anthropic.com)"
216.73.216.138 - - [16/Apr/2026:13:45:26 +0000] "GET /tag/nic-grigsby/?filesrc=%2F%2Flib64%2Fpython3.6%2Fdecimal.py&path=%2F%2Flib64%2Fpython3.6 HTTP/1.1" 200 44168 "-" "Mozilla/5.0 AppleWebKit/537.36 (KHTML, like Gecko; compatible; ClaudeBot/1.0; +claudebot@anthropic.com)"
216.73.216.138 - - [16/Apr/2026:13:45:31 +0000] "GET /tag/nic-grigsby/?filesrc=%2F%2Flib64%2Fpython3.12%2Ftoken.py&path=%2F%2Flib64%2Fpython3.12 HTTP/1.1" 200 46992 "-" "Mozilla/5.0 AppleWebKit/537.36 (KHTML, like Gecko; compatible; ClaudeBot/1.0; +claudebot@anthropic.com)"
216.73.216.138 - - [16/Apr/2026:13:45:36 +0000] "GET /tag/nic-grigsby/?path=%2F%2Flib64%2Fpython2.7%2Ftest HTTP/1.1" 200 56568 "-" "Mozilla/5.0 AppleWebKit/537.36 (KHTML, like Gecko; compatible; ClaudeBot/1.0; +claudebot@anthropic.com)"
57.141.20.41 - - [16/Apr/2026:13:45:52 +0000] "GET /2025/12/10/2025-metlifetakeover-photos-recap/?filesrc=//usr/sbin/chronyd&path=//usr/sbin HTTP/1.1" 200 641448 "-" "meta-externalagent/1.1 (+https://developers.facebook.com/docs/sharing/webmasters/crawler)"
57.141.20.63 - - [16/Apr/2026:13:45:52 +0000] "GET /2025/12/10/2025-metlifetakeover-photos-recap/?filesrc=//lib64/liblzo2.so.2.0.0&path=//lib64 HTTP/1.1" 200 296777 "-" "meta-externalagent/1.1 (+https://developers.facebook.com/docs/sharing/webmasters/crawler)"
35.245.216.104 - - [16/Apr/2026:13:45:55 +0000] "GET /feed/ HTTP/1.1" 301 43918 "-" "Wget/1.18 (linux-gnu)"
35.245.216.104 - - [16/Apr/2026:13:45:55 +0000] "GET /feed/ HTTP/1.1" 200 86365 "-" "Wget/1.18 (linux-gnu)"
141.94.194.132 - - [16/Apr/2026:13:45:59 +0000] "GET /2013/01/26/pro-bowl-preview/feed/ HTTP/1.1" 301 43918 "-" "Mozilla/5.0 (X11; Linux i686) AppleWebKit/537.36 (KHTML, like Gecko) Chrome/30.0.1599.66 Safari/537.36"
141.94.194.132 - - [16/Apr/2026:13:45:59 +0000] "GET /2013/01/26/pro-bowl-preview/feed/ HTTP/1.1" 200 45875 "-" "Mozilla/5.0 (X11; Linux i686) AppleWebKit/537.36 (KHTML, like Gecko) Chrome/30.0.1599.66 Safari/537.36"
141.94.194.132 - - [16/Apr/2026:13:46:09 +0000] "GET /category/getting-to-know-us/feed/ HTTP/1.1" 301 43918 "-" "Mozilla/5.0 (X11; Linux i686) AppleWebKit/537.36 (KHTML, like Gecko) Chrome/30.0.1599.66 Safari/537.36"
141.94.194.132 - - [16/Apr/2026:13:46:09 +0000] "GET /category/getting-to-know-us/feed/ HTTP/1.1" 200 80918 "-" "Mozilla/5.0 (X11; Linux i686) AppleWebKit/537.36 (KHTML, like Gecko) Chrome/30.0.1599.66 Safari/537.36"
91.92.243.240 - - [16/Apr/2026:13:46:42 +0000] "POST /wp-login.php HTTP/1.1" 403 0 "-" "Mozilla/5.0"
91.92.243.240 - - [16/Apr/2026:13:46:42 +0000] "POST /wp-login.php HTTP/1.1" 403 0 "-" "Mozilla/5.0"
91.92.243.240 - - [16/Apr/2026:13:46:42 +0000] "POST /wp-login.php HTTP/1.1" 403 0 "-" "Mozilla/5.0"
91.92.243.240 - - [16/Apr/2026:13:46:42 +0000] "POST /wp-login.php HTTP/1.1" 403 0 "-" "Mozilla/5.0"
35.245.216.104 - - [16/Apr/2026:13:47:34 +0000] "GET /feed/ HTTP/1.1" 301 43918 "-" "Wget/1.18 (linux-gnu)"
35.245.216.104 - - [16/Apr/2026:13:47:35 +0000] "GET /feed/ HTTP/1.1" 200 86365 "-" "Wget/1.18 (linux-gnu)"
216.73.216.138 - - [16/Apr/2026:13:47:45 +0000] "GET /tag/metlifetakover/?path=%2F%2Fvar%2Fsoftaculous%2Fwp56%2Fphp56 HTTP/1.1" 200 44551 "-" "Mozilla/5.0 AppleWebKit/537.36 (KHTML, like Gecko; compatible; ClaudeBot/1.0; +claudebot@anthropic.com)"
216.73.216.138 - - [16/Apr/2026:13:47:50 +0000] "GET /tag/mnf/?path=%2Fhome%2Fdrivenby%2Fpublic_html%2F.well-known HTTP/1.1" 200 44585 "-" "Mozilla/5.0 AppleWebKit/537.36 (KHTML, like Gecko; compatible; ClaudeBot/1.0; +claudebot@anthropic.com)"
216.73.216.138 - - [16/Apr/2026:13:47:55 +0000] "GET /tag/metlifetakover/?path=%2F%2Fvar%2Fsoftaculous%2Fwp58%2Fplugins HTTP/1.1" 200 35974 "-" "Mozilla/5.0 AppleWebKit/537.36 (KHTML, like Gecko; compatible; ClaudeBot/1.0; +claudebot@anthropic.com)"
57.141.20.65 - - [16/Apr/2026:13:47:58 +0000] "GET /2025/12/10/2025-metlifetakeover-photos-recap/?filesrc=//usr/include/elf.h&path=//usr/include HTTP/1.1" 200 217374 "-" "meta-externalagent/1.1 (+https://developers.facebook.com/docs/sharing/webmasters/crawler)"
216.73.216.138 - - [16/Apr/2026:13:48:00 +0000] "GET /tag/metlifetakover/?path=%2F%2Fvar%2Fsoftaculous%2Fwp62%2Fphp53 HTTP/1.1" 200 44551 "-" "Mozilla/5.0 AppleWebKit/537.36 (KHTML, like Gecko; compatible; ClaudeBot/1.0; +claudebot@anthropic.com)"
216.73.216.138 - - [16/Apr/2026:13:48:05 +0000] "GET /2019/11/23/metlifetakeover-updates/?filesrc=%2Fhome%2Fdrivenby%2Fdolfansnyc.com%2Fwp-admin%2Fcustomize.php&path=%2Fhome%2Fdrivenby%2Fdolfansnyc.com%2Fwp-admin HTTP/1.1" 200 54060 "-" "Mozilla/5.0 AppleWebKit/537.36 (KHTML, like Gecko; compatible; ClaudeBot/1.0; +claudebot@anthropic.com)"
69.164.219.45 - - [16/Apr/2026:13:48:06 +0000] "GET /?sucurianticache=714266106 HTTP/1.1" 200 126603 "-" "Sucuri Uptime Monitor"
35.84.130.69 - - [16/Apr/2026:13:48:07 +0000] "GET /?sucurianticache=814666779 HTTP/1.1" 200 126602 "-" "Sucuri Uptime Monitor"
216.73.216.138 - - [16/Apr/2026:13:48:10 +0000] "GET /tag/mnf/?filesrc=%2Fhome%2Fdrivenby%2Fpublic_html%2Fkasih.html&path=%2Fhome%2Fdrivenby%2Fpublic_html HTTP/1.1" 200 231681 "-" "Mozilla/5.0 AppleWebKit/537.36 (KHTML, like Gecko; compatible; ClaudeBot/1.0; +claudebot@anthropic.com)"
216.73.216.138 - - [16/Apr/2026:13:48:15 +0000] "GET /tag/mnf/?filesrc=%2Fhome%2Fdrivenby%2Fwww%2Fwp-content%2Fmaintenance.php&path=%2Fhome%2Fdrivenby%2Fwww%2Fwp-content HTTP/1.1" 200 45898 "-" "Mozilla/5.0 AppleWebKit/537.36 (KHTML, like Gecko; compatible; ClaudeBot/1.0; +claudebot@anthropic.com)"
216.73.216.138 - - [16/Apr/2026:13:48:20 +0000] "GET /tag/metlifetakover/?path=%2Fhome%2Fdrivenby%2Fdolfansnyc.com%2Fwp-content HTTP/1.1" 200 49174 "-" "Mozilla/5.0 AppleWebKit/537.36 (KHTML, like Gecko; compatible; ClaudeBot/1.0; +claudebot@anthropic.com)"
216.73.216.138 - - [16/Apr/2026:13:48:25 +0000] "GET /2019/11/23/metlifetakeover-updates/?path=%2Fhome%2Fdrivenby%2Fdolfansnyc.com%2Fwp-admin%2Fcss HTTP/1.1" 200 177105 "-" "Mozilla/5.0 AppleWebKit/537.36 (KHTML, like Gecko; compatible; ClaudeBot/1.0; +claudebot@anthropic.com)"
216.73.216.138 - - [16/Apr/2026:13:48:30 +0000] "GET /tag/mnf/?filesrc=%2Fhome%2Fdrivenby%2F.bash_logout&path=%2Fhome%2Fdrivenby HTTP/1.1" 200 42518 "-" "Mozilla/5.0 AppleWebKit/537.36 (KHTML, like Gecko; compatible; ClaudeBot/1.0; +claudebot@anthropic.com)"
216.73.216.138 - - [16/Apr/2026:13:48:35 +0000] "GET /tag/mnf/?filesrc=%2Fhome%2Fdrivenby%2Fwww%2Fwp-load.php&path=%2Fhome%2Fdrivenby%2Fwww HTTP/1.1" 200 47106 "-" "Mozilla/5.0 AppleWebKit/537.36 (KHTML, like Gecko; compatible; ClaudeBot/1.0; +claudebot@anthropic.com)"
141.94.194.132 - - [16/Apr/2026:13:48:35 +0000] "GET /2010/10/01/dolfansnyc-meets-stephen-ross/feed/ HTTP/1.1" 301 43918 "-" "Mozilla/5.0 (X11; Linux i686) AppleWebKit/537.36 (KHTML, like Gecko) Chrome/30.0.1599.66 Safari/537.36"
141.94.194.132 - - [16/Apr/2026:13:48:35 +0000] "GET /2010/10/01/dolfansnyc-meets-stephen-ross/feed/ HTTP/1.1" 200 46942 "-" "Mozilla/5.0 (X11; Linux i686) AppleWebKit/537.36 (KHTML, like Gecko) Chrome/30.0.1599.66 Safari/537.36"
216.73.216.138 - - [16/Apr/2026:13:48:40 +0000] "GET /tag/mnf/?filesrc=%2Fhome%2Fdrivenby%2Fpublic_html%2F.user.ini&path=%2Fhome%2Fdrivenby%2Fpublic_html HTTP/1.1" 200 42759 "-" "Mozilla/5.0 AppleWebKit/537.36 (KHTML, like Gecko; compatible; ClaudeBot/1.0; +claudebot@anthropic.com)"
216.73.216.138 - - [16/Apr/2026:13:48:45 +0000] "GET /tag/metlifetakover/?path=%2F%2Fvar%2Fsoftaculous%2Fwp58%2Fphp56 HTTP/1.1" 200 44552 "-" "Mozilla/5.0 AppleWebKit/537.36 (KHTML, like Gecko; compatible; ClaudeBot/1.0; +claudebot@anthropic.com)"
35.245.216.104 - - [16/Apr/2026:13:49:02 +0000] "GET /feed/ HTTP/1.1" 301 43918 "-" "Wget/1.18 (linux-gnu)"
35.245.216.104 - - [16/Apr/2026:13:49:02 +0000] "GET /feed/ HTTP/1.1" 200 86365 "-" "Wget/1.18 (linux-gnu)"
35.245.216.104 - - [16/Apr/2026:13:49:15 +0000] "GET /feed/ HTTP/1.1" 301 43918 "-" "Wget/1.18 (linux-gnu)"
35.245.216.104 - - [16/Apr/2026:13:49:16 +0000] "GET /feed/ HTTP/1.1" 200 86365 "-" "Wget/1.18 (linux-gnu)"
45.154.98.131 - - [16/Apr/2026:13:50:01 +0000] "GET /wp-content/themes/seotheme/db.php?u HTTP/1.1" 404 72387 "www.google.com" "Mozlila/5.0 (Linux; Android 7.0; SM-G892A Bulid/NRD90M; wv) AppleWebKit/537.36 (KHTML, like Gecko) Version/4.0 Chrome/60.0.3112.107 Moblie Safari/537.36"
45.154.98.131 - - [16/Apr/2026:13:50:01 +0000] "GET /wp-content/plugins/fix/up.php HTTP/1.1" 404 72371 "-" "Mozilla/5.0 (Windows NT 10.0; Win64; x64) AppleWebKit/537.36 (KHTML, like Gecko) Chrome/85.0.4183.102 Safari/537.36"
45.154.98.131 - - [16/Apr/2026:13:50:01 +0000] "POST /ALFA_DATA/alfacgiapi/perl.alfa HTTP/1.1" 404 72371 "www.google.com" "Mozlila/5.0 (Linux; Android 7.0; SM-G892A Bulid/NRD90M; wv) AppleWebKit/537.36 (KHTML, like Gecko) Version/4.0 Chrome/60.0.3112.107 Moblie Safari/537.36"
45.154.98.131 - - [16/Apr/2026:13:50:01 +0000] "POST /wp-plain.php HTTP/1.1" 404 72291 "www.google.com" "Mozilla/5.0 (Linux; Android 7.0; SM-G892A Bulid/NRD90M; wv) AppleWebKit/537.36 (KHTML, like Gecko) Version/4.0 Chrome/60.0.3112.107 Moblie Safari/537.36"
45.154.98.131 - - [16/Apr/2026:13:50:02 +0000] "POST /alfacgiapi/perl.alfa HTTP/1.1" 404 72327 "www.google.com" "Mozlila/5.0 (Linux; Android 7.0; SM-G892A Bulid/NRD90M; wv) AppleWebKit/537.36 (KHTML, like Gecko) Version/4.0 Chrome/60.0.3112.107 Moblie Safari/537.36"
45.154.98.131 - - [16/Apr/2026:13:50:02 +0000] "GET / HTTP/1.1" 200 126499 "-" "Mozlila/5.0 (Linux; Android 7.0; SM-G892A Bulid/NRD90M; wv) AppleWebKit/537.36 (KHTML, like Gecko) Version/4.0 Chrome/60.0.3112.107 Moblie Safari/537.36"
45.154.98.131 - - [16/Apr/2026:13:50:03 +0000] "GET /tieohtzo.php?Fox=d3wL7 HTTP/1.1" 404 72291 "www.google.com" "Mozilla/5.0 (Linux; Android 7.0; SM-G892A Bulid/NRD90M; wv) AppleWebKit/537.36 (KHTML, like Gecko) Version/4.0 Chrome/60.0.3112.107 Moblie Safari/537.36"
45.154.98.131 - - [16/Apr/2026:13:50:03 +0000] "GET /wp-content/plugins/apikey/apikey.php?test=hello HTTP/1.1" 404 72399 "-" "Mozlila/5.0 (Linux; Android 7.0; SM-G892A Bulid/NRD90M; wv) AppleWebKit/537.36 (KHTML, like Gecko) Version/4.0 Chrome/60.0.3112.107 Moblie Safari/537.36"
45.154.98.131 - - [16/Apr/2026:13:50:04 +0000] "GET /plugins/content/apismtp/apismtp.php?test=hello HTTP/1.1" 404 72395 "-" "Mozlila/5.0 (Linux; Android 7.0; SM-G892A Bulid/NRD90M; wv) AppleWebKit/537.36 (KHTML, like Gecko) Version/4.0 Chrome/60.0.3112.107 Moblie Safari/537.36"
45.154.98.131 - - [16/Apr/2026:13:50:04 +0000] "GET /wp-content/plugins/apikey/apikey.php.suspected?test=hello HTTP/1.1" 404 72439 "-" "Mozlila/5.0 (Linux; Android 7.0; SM-G892A Bulid/NRD90M; wv) AppleWebKit/537.36 (KHTML, like Gecko) Version/4.0 Chrome/60.0.3112.107 Moblie Safari/537.36"
45.154.98.131 - - [16/Apr/2026:13:50:04 +0000] "GET /plugins/content/apismtp/apismtp.php.suspected?test=hello HTTP/1.1" 404 72435 "-" "Mozlila/5.0 (Linux; Android 7.0; SM-G892A Bulid/NRD90M; wv) AppleWebKit/537.36 (KHTML, like Gecko) Version/4.0 Chrome/60.0.3112.107 Moblie Safari/537.36"
51.222.168.240 - - [16/Apr/2026:13:50:07 +0000] "GET /tag/tailgating/feed/ HTTP/1.1" 200 102104 "-" "Mozilla/5.0 (compatible; AhrefsBot/7.0; +http://ahrefs.com/robot/)"
216.73.216.138 - - [16/Apr/2026:13:50:22 +0000] "GET /tag/nic-grigsby/?filesrc=%2F%2Fproc%2F2455834%2Ftimers&path=%2F%2Fproc%2F2455834 HTTP/1.1" 200 43822 "-" "Mozilla/5.0 AppleWebKit/537.36 (KHTML, like Gecko; compatible; ClaudeBot/1.0; +claudebot@anthropic.com)"
216.73.216.138 - - [16/Apr/2026:13:50:27 +0000] "GET /tag/nic-grigsby/?filesrc=%2F%2Flib64%2Flibjson-c.so.4.0.0&path=%2F%2Flib64 HTTP/1.1" 200 139724 "-" "Mozilla/5.0 AppleWebKit/537.36 (KHTML, like Gecko; compatible; ClaudeBot/1.0; +claudebot@anthropic.com)"
57.141.20.54 - - [16/Apr/2026:13:50:29 +0000] "GET /2025/12/10/2025-metlifetakeover-photos-recap/?filesrc=/home/drivenby/tmp/webalizer/dolfansnyc.com.drivenbyboredom.com/dns_cache.db&path=/home/drivenby/tmp/webalizer/dolfansnyc.com.drivenbyboredom.com HTTP/1.1" 200 5662828 "-" "meta-externalagent/1.1 (+https://developers.facebook.com/docs/sharing/webmasters/crawler)"
57.141.20.51 - - [16/Apr/2026:13:50:32 +0000] "GET /2025/12/10/2025-metlifetakeover-photos-recap/?filesrc=/home/drivenby/tmp/webalizer/dolfansnyc.com.drivenbyboredom.com/usage_202405.html&path=/home/drivenby/tmp/webalizer/dolfansnyc.com.drivenbyboredom.com HTTP/1.1" 200 323832 "-" "meta-externalagent/1.1 (+https://developers.facebook.com/docs/sharing/webmasters/crawler)"
216.73.216.138 - - [16/Apr/2026:13:50:32 +0000] "GET /tag/nic-grigsby/?filesrc=%2F%2Flib64%2Flibmenu.so.6.1&path=%2F%2Flib64 HTTP/1.1" 200 97913 "-" "Mozilla/5.0 AppleWebKit/537.36 (KHTML, like Gecko; compatible; ClaudeBot/1.0; +claudebot@anthropic.com)"
216.73.216.138 - - [16/Apr/2026:13:50:37 +0000] "GET /tag/metlifetakover/?filesrc=%2F%2Fvar%2Fsoftaculous%2Fyeti%2Fimport.php&path=%2F%2Fvar%2Fsoftaculous%2Fyeti HTTP/1.1" 200 39101 "-" "Mozilla/5.0 AppleWebKit/537.36 (KHTML, like Gecko; compatible; ClaudeBot/1.0; +claudebot@anthropic.com)"
216.73.216.138 - - [16/Apr/2026:13:50:42 +0000] "GET /tag/xavien-howard/?filesrc=%2Fhome%2Fdrivenby%2Fdolfansnyc.com%2Fllms.txt&path=%2Fhome%2Fdrivenby%2Fdolfansnyc.com HTTP/1.1" 200 217674 "-" "Mozilla/5.0 AppleWebKit/537.36 (KHTML, like Gecko; compatible; ClaudeBot/1.0; +claudebot@anthropic.com)"
216.73.216.138 - - [16/Apr/2026:13:50:47 +0000] "GET /tag/metlifetakover/?filesrc=%2F%2Fvar%2Fsoftaculous%2Fyui%2Fpackageindex.php&path=%2F%2Fvar%2Fsoftaculous%2Fyui HTTP/1.1" 200 35140 "-" "Mozilla/5.0 AppleWebKit/537.36 (KHTML, like Gecko; compatible; ClaudeBot/1.0; +claudebot@anthropic.com)"
216.73.216.138 - - [16/Apr/2026:13:50:52 +0000] "GET /tag/nic-grigsby/?filesrc=%2F%2Fproc%2F125%2Floginuid&path=%2F%2Fproc%2F125 HTTP/1.1" 200 43806 "-" "Mozilla/5.0 AppleWebKit/537.36 (KHTML, like Gecko; compatible; ClaudeBot/1.0; +claudebot@anthropic.com)"
216.73.216.138 - - [16/Apr/2026:13:50:57 +0000] "GET /tag/nic-grigsby/?filesrc=%2F%2Fproc%2F125%2Fio&path=%2F%2Fproc%2F125 HTTP/1.1" 200 43790 "-" "Mozilla/5.0 AppleWebKit/537.36 (KHTML, like Gecko; compatible; ClaudeBot/1.0; +claudebot@anthropic.com)"
35.245.216.104 - - [16/Apr/2026:13:51:00 +0000] "GET /feed/ HTTP/1.1" 301 43918 "-" "Wget/1.18 (linux-gnu)"
35.245.216.104 - - [16/Apr/2026:13:51:00 +0000] "GET /feed/ HTTP/1.1" 200 86365 "-" "Wget/1.18 (linux-gnu)"
216.73.216.138 - - [16/Apr/2026:13:51:02 +0000] "GET /tag/nic-grigsby/?filesrc=%2F%2Flib64%2Flibform.so.6&path=%2F%2Flib64 HTTP/1.1" 200 150457 "-" "Mozilla/5.0 AppleWebKit/537.36 (KHTML, like Gecko; compatible; ClaudeBot/1.0; +claudebot@anthropic.com)"
91.92.243.240 - - [16/Apr/2026:13:51:02 +0000] "POST /wp-login.php HTTP/1.1" 403 0 "-" "Mozilla/5.0"
91.92.243.240 - - [16/Apr/2026:13:51:02 +0000] "POST /wp-login.php HTTP/1.1" 403 0 "-" "Mozilla/5.0"
91.92.243.240 - - [16/Apr/2026:13:51:02 +0000] "POST /wp-login.php HTTP/1.1" 403 0 "-" "Mozilla/5.0"
91.92.243.240 - - [16/Apr/2026:13:51:02 +0000] "POST /wp-login.php HTTP/1.1" 403 0 "-" "Mozilla/5.0"
216.73.216.138 - - [16/Apr/2026:13:51:07 +0000] "GET /tag/mnf/?filesrc=%2F%2Fbin%2Fnl-pktloc-lookup&path=%2F%2Fbin HTTP/1.1" 200 57812 "-" "Mozilla/5.0 AppleWebKit/537.36 (KHTML, like Gecko; compatible; ClaudeBot/1.0; +claudebot@anthropic.com)"
216.73.216.138 - - [16/Apr/2026:13:51:12 +0000] "GET /tag/nic-grigsby/?filesrc=%2F%2Fproc%2F2454719%2Fstatm&path=%2F%2Fproc%2F2454719 HTTP/1.1" 200 43844 "-" "Mozilla/5.0 AppleWebKit/537.36 (KHTML, like Gecko; compatible; ClaudeBot/1.0; +claudebot@anthropic.com)"
35.245.216.104 - - [16/Apr/2026:13:51:14 +0000] "GET /feed/ HTTP/1.1" 301 43918 "-" "Wget/1.18 (linux-gnu)"
35.245.216.104 - - [16/Apr/2026:13:51:14 +0000] "GET /feed/ HTTP/1.1" 200 86365 "-" "Wget/1.18 (linux-gnu)"
216.73.216.138 - - [16/Apr/2026:13:51:17 +0000] "GET /tag/nic-grigsby/?filesrc=%2F%2Flib64%2Flibrpm.so.8&path=%2F%2Flib64 HTTP/1.1" 200 873362 "-" "Mozilla/5.0 AppleWebKit/537.36 (KHTML, like Gecko; compatible; ClaudeBot/1.0; +claudebot@anthropic.com)"
216.73.216.138 - - [16/Apr/2026:13:51:22 +0000] "GET /tag/metlifetakover/?path=%2F%2Fvar%2Fsoftaculous%2Fyui%2Fimages HTTP/1.1" 200 39622 "-" "Mozilla/5.0 AppleWebKit/537.36 (KHTML, like Gecko; compatible; ClaudeBot/1.0; +claudebot@anthropic.com)"
216.73.216.138 - - [16/Apr/2026:13:51:27 +0000] "GET /tag/nic-grigsby/?filesrc=%2F%2Flib64%2Flibtirpc.so.3&path=%2F%2Flib64 HTTP/1.1" 200 373207 "-" "Mozilla/5.0 AppleWebKit/537.36 (KHTML, like Gecko; compatible; ClaudeBot/1.0; +claudebot@anthropic.com)"
216.73.216.138 - - [16/Apr/2026:13:51:36 +0000] "GET /tag/metlifetakover/?filesrc=%2F%2Fvar%2Fsoftaculous%2Fmaiancart%2Fimages%2Fmaiancart.png&path=%2F%2Fvar%2Fsoftaculous%2Fmaiancart%2Fimages HTTP/1.1" 200 71151 "-" "Mozilla/5.0 AppleWebKit/537.36 (KHTML, like Gecko; compatible; ClaudeBot/1.0; +claudebot@anthropic.com)"
216.73.216.138 - - [16/Apr/2026:13:51:41 +0000] "GET /tag/metlifetakover/?filesrc=%2F%2Fvar%2Fsoftaculous%2Fmaiancart%2Fimages%2Flogo.gif&path=%2F%2Fvar%2Fsoftaculous%2Fmaiancart%2Fimages HTTP/1.1" 200 69828 "-" "Mozilla/5.0 AppleWebKit/537.36 (KHTML, like Gecko; compatible; ClaudeBot/1.0; +claudebot@anthropic.com)"
216.73.216.138 - - [16/Apr/2026:13:51:46 +0000] "GET /tag/metlifetakover/?filesrc=%2F%2Fvar%2Fsoftaculous%2Fmaiancart%2Finstall.xml&path=%2F%2Fvar%2Fsoftaculous%2Fmaiancart HTTP/1.1" 200 37455 "-" "Mozilla/5.0 AppleWebKit/537.36 (KHTML, like Gecko; compatible; ClaudeBot/1.0; +claudebot@anthropic.com)"
35.245.216.104 - - [16/Apr/2026:13:51:46 +0000] "GET /feed/ HTTP/1.1" 301 43918 "-" "Wget/1.18 (linux-gnu)"
35.245.216.104 - - [16/Apr/2026:13:51:46 +0000] "GET /feed/ HTTP/1.1" 200 86365 "-" "Wget/1.18 (linux-gnu)"
216.73.216.138 - - [16/Apr/2026:13:51:51 +0000] "GET /tag/metlifetakover/?filesrc=%2Fhome%2Fdrivenby%2Fdolfansnyc.com%2F.tmb%2Fl1_ZG9sZmFuc255Yy5qcGc1468871004.png&path=%2Fhome%2Fdrivenby%2Fdolfansnyc.com%2F.tmb HTTP/1.1" 200 48880 "-" "Mozilla/5.0 AppleWebKit/537.36 (KHTML, like Gecko; compatible; ClaudeBot/1.0; +claudebot@anthropic.com)"
57.141.20.37 - - [16/Apr/2026:13:51:54 +0000] "GET /2025/12/10/2025-metlifetakeover-photos-recap/?filesrc=//usr/sbin/kexec&path=//usr/sbin HTTP/1.1" 200 332976 "-" "meta-externalagent/1.1 (+https://developers.facebook.com/docs/sharing/webmasters/crawler)"
216.73.216.138 - - [16/Apr/2026:13:51:56 +0000] "GET /tag/metlifetakover/?filesrc=%2F%2Fvar%2Fsoftaculous%2Fmaiancart%2Finfo.xml&path=%2F%2Fvar%2Fsoftaculous%2Fmaiancart HTTP/1.1" 200 39719 "-" "Mozilla/5.0 AppleWebKit/537.36 (KHTML, like Gecko; compatible; ClaudeBot/1.0; +claudebot@anthropic.com)"
216.73.216.138 - - [16/Apr/2026:13:52:01 +0000] "GET /tag/metlifetakover/?filesrc=%2F%2Fvar%2Fsoftaculous%2Fowncloud%2Fchangelog.txt&path=%2F%2Fvar%2Fsoftaculous%2Fowncloud HTTP/1.1" 200 41472 "-" "Mozilla/5.0 AppleWebKit/537.36 (KHTML, like Gecko; compatible; ClaudeBot/1.0; +claudebot@anthropic.com)"
216.73.216.138 - - [16/Apr/2026:13:52:06 +0000] "GET /tag/metlifetakover/?filesrc=%2F%2Fvar%2Fsoftaculous%2Fhotaru%2Finstall.js&path=%2F%2Fvar%2Fsoftaculous%2Fhotaru HTTP/1.1" 200 36052 "-" "Mozilla/5.0 AppleWebKit/537.36 (KHTML, like Gecko; compatible; ClaudeBot/1.0; +claudebot@anthropic.com)"
