216.73.216.138 - - [16/Apr/2026:13:52:11 +0000] "GET /tag/metlifetakover/?filesrc=%2F%2Fvar%2Fsoftaculous%2Fmodx%2Fchangelog.txt&path=%2F%2Fvar%2Fsoftaculous%2Fmodx HTTP/1.1" 200 46030 "-" "Mozilla/5.0 AppleWebKit/537.36 (KHTML, like Gecko; compatible; ClaudeBot/1.0; +claudebot@anthropic.com)"
216.73.216.138 - - [16/Apr/2026:13:52:16 +0000] "GET /tag/metlifetakover/?filesrc=%2F%2Fvar%2Fsoftaculous%2Fhubzilla%2Fchangelog.txt&path=%2F%2Fvar%2Fsoftaculous%2Fhubzilla HTTP/1.1" 200 44967 "-" "Mozilla/5.0 AppleWebKit/537.36 (KHTML, like Gecko; compatible; ClaudeBot/1.0; +claudebot@anthropic.com)"
216.73.216.138 - - [16/Apr/2026:13:52:21 +0000] "GET /tag/metlifetakover/?filesrc=%2F%2Fvar%2Fsoftaculous%2Fmaiancart%2Fedit.xml&path=%2F%2Fvar%2Fsoftaculous%2Fmaiancart HTTP/1.1" 200 35775 "-" "Mozilla/5.0 AppleWebKit/537.36 (KHTML, like Gecko; compatible; ClaudeBot/1.0; +claudebot@anthropic.com)"
216.73.216.138 - - [16/Apr/2026:13:52:26 +0000] "GET /tag/metlifetakover/?filesrc=%2F%2Fvar%2Fsoftaculous%2Ffeng%2Fchangelog.txt&path=%2F%2Fvar%2Fsoftaculous%2Ffeng HTTP/1.1" 200 36210 "-" "Mozilla/5.0 AppleWebKit/537.36 (KHTML, like Gecko; compatible; ClaudeBot/1.0; +claudebot@anthropic.com)"
216.73.216.138 - - [16/Apr/2026:13:52:31 +0000] "GET /tag/metlifetakover/?filesrc=%2F%2Fvar%2Fsoftaculous%2Fpresta178%2Frobots.txt&path=%2F%2Fvar%2Fsoftaculous%2Fpresta178 HTTP/1.1" 200 38600 "-" "Mozilla/5.0 AppleWebKit/537.36 (KHTML, like Gecko; compatible; ClaudeBot/1.0; +claudebot@anthropic.com)"
216.73.216.138 - - [16/Apr/2026:13:52:36 +0000] "GET /tag/metlifetakover/?filesrc=%2F%2Fvar%2Fsoftaculous%2Fmaiancart%2Ffileindex.php&path=%2F%2Fvar%2Fsoftaculous%2Fmaiancart HTTP/1.1" 200 35254 "-" "Mozilla/5.0 AppleWebKit/537.36 (KHTML, like Gecko; compatible; ClaudeBot/1.0; +claudebot@anthropic.com)"
35.245.216.104 - - [16/Apr/2026:13:52:53 +0000] "GET /feed/ HTTP/1.1" 301 43918 "-" "Wget/1.18 (linux-gnu)"
35.245.216.104 - - [16/Apr/2026:13:52:54 +0000] "GET /feed/ HTTP/1.1" 200 86365 "-" "Wget/1.18 (linux-gnu)"
216.73.216.138 - - [16/Apr/2026:13:52:54 +0000] "GET /tag/mnf/?filesrc=%2F%2Fusr%2Fbin%2Fsg_write_long&path=%2F%2Fusr%2Fbin HTTP/1.1" 200 62940 "-" "Mozilla/5.0 AppleWebKit/537.36 (KHTML, like Gecko; compatible; ClaudeBot/1.0; +claudebot@anthropic.com)"
216.73.216.138 - - [16/Apr/2026:13:52:59 +0000] "GET /tag/practice/?path=%2Fhome%2Fdrivenby%2Fdolfansnyc.com%2Fwp-content%2Fuploads%2F2012 HTTP/1.1" 200 53144 "-" "Mozilla/5.0 AppleWebKit/537.36 (KHTML, like Gecko; compatible; ClaudeBot/1.0; +claudebot@anthropic.com)"
35.245.216.104 - - [16/Apr/2026:13:53:00 +0000] "GET /feed/ HTTP/1.1" 301 43918 "-" "Wget/1.18 (linux-gnu)"
35.245.216.104 - - [16/Apr/2026:13:53:00 +0000] "GET /feed/ HTTP/1.1" 200 86365 "-" "Wget/1.18 (linux-gnu)"
216.73.216.138 - - [16/Apr/2026:13:53:04 +0000] "GET /tag/practice/?path=%2F%2Fproc%2F11%2Fnet%2Frpc HTTP/1.1" 200 45104 "-" "Mozilla/5.0 AppleWebKit/537.36 (KHTML, like Gecko; compatible; ClaudeBot/1.0; +claudebot@anthropic.com)"
216.73.216.138 - - [16/Apr/2026:13:53:09 +0000] "GET /tag/robert-rose/?filesrc=%2F%2Fusr%2Flib%2Fcpp&path=%2F%2Fusr%2Flib HTTP/1.1" 200 1894260 "-" "Mozilla/5.0 AppleWebKit/537.36 (KHTML, like Gecko; compatible; ClaudeBot/1.0; +claudebot@anthropic.com)"
119.249.100.107 - - [16/Apr/2026:13:53:10 +0000] "GET /2011/09/ HTTP/1.1" 301 43919 "-" "Mozilla/5.0 (Windows NT 10.0; WOW64) AppleWebKit/537.36 (KHTML, like Gecko) Chrome/48.0.2564.116 Safari/537.36"
119.249.100.178 - - [16/Apr/2026:13:53:12 +0000] "GET /2011/09/ HTTP/1.1" 200 111870 "-" "Mozilla/5.0 (Windows NT 10.0; WOW64) AppleWebKit/537.36 (KHTML, like Gecko) Chrome/48.0.2564.116 Safari/537.36"
216.73.216.138 - - [16/Apr/2026:13:53:14 +0000] "GET /tag/mnf/?filesrc=%2Fhome%2Fdrivenby%2Fdolfansnyc.com%2Fwp-admin%2Fnetwork%2Fmenu.php&path=%2Fhome%2Fdrivenby%2Fdolfansnyc.com%2Fwp-admin%2Fnetwork HTTP/1.1" 200 49551 "-" "Mozilla/5.0 AppleWebKit/537.36 (KHTML, like Gecko; compatible; ClaudeBot/1.0; +claudebot@anthropic.com)"
116.179.33.144 - - [16/Apr/2026:13:53:16 +0000] "GET /wp-content/uploads/2011/09/sam-madison2.jpg HTTP/1.1" 200 8473 "http://dolfansnyc.com/" "Mozilla/5.0 (Windows NT 10.0; Win64; x64) AppleWebKit/537.36 (KHTML, like Gecko) Chrome/99.0.4844.51 Safari/537.36"
116.179.33.213 - - [16/Apr/2026:13:53:16 +0000] "GET /wp-content/uploads/2025/07/cropped-dolfansnyc-banner.jpg HTTP/1.1" 404 72484 "http://dolfansnyc.com/2011/09/" "Mozilla/5.0 (Windows NT 10.0; Win64; x64) AppleWebKit/537.36 (KHTML, like Gecko) Chrome/99.0.4844.51 Safari/537.36"
216.73.216.138 - - [16/Apr/2026:13:53:19 +0000] "GET /tag/mnf/?filesrc=%2Fhome%2Fdrivenby%2Fdolfansnyc.com%2Fwp-admin%2Fcss%2Fabout.min.css&path=%2Fhome%2Fdrivenby%2Fdolfansnyc.com%2Fwp-admin%2Fcss HTTP/1.1" 200 84225 "-" "Mozilla/5.0 AppleWebKit/537.36 (KHTML, like Gecko; compatible; ClaudeBot/1.0; +claudebot@anthropic.com)"
216.73.216.138 - - [16/Apr/2026:13:53:24 +0000] "GET /tag/practice/?filesrc=%2Fhome%2Fdrivenby%2Fdolfansnyc.com%2Fwp-includes%2Fversion.php&path=%2Fhome%2Fdrivenby%2Fdolfansnyc.com%2Fwp-includes HTTP/1.1" 200 40872 "-" "Mozilla/5.0 AppleWebKit/537.36 (KHTML, like Gecko; compatible; ClaudeBot/1.0; +claudebot@anthropic.com)"
216.73.216.138 - - [16/Apr/2026:13:53:29 +0000] "GET /tag/practice/?path=%2F%2Fproc%2F378 HTTP/1.1" 200 95473 "-" "Mozilla/5.0 AppleWebKit/537.36 (KHTML, like Gecko; compatible; ClaudeBot/1.0; +claudebot@anthropic.com)"
57.141.20.68 - - [16/Apr/2026:13:53:32 +0000] "GET /2025/12/10/2025-metlifetakeover-photos-recap/?filesrc=//lib64/p11-kit-proxy.so&path=//lib64 HTTP/1.1" 200 1876577 "-" "meta-externalagent/1.1 (+https://developers.facebook.com/docs/sharing/webmasters/crawler)"
216.73.216.138 - - [16/Apr/2026:13:53:34 +0000] "GET /tag/practice/?filesrc=%2F%2Fproc%2F414%2Fcpu_resctrl_groups&path=%2F%2Fproc%2F414 HTTP/1.1" 200 39360 "-" "Mozilla/5.0 AppleWebKit/537.36 (KHTML, like Gecko; compatible; ClaudeBot/1.0; +claudebot@anthropic.com)"
35.245.216.104 - - [16/Apr/2026:13:53:36 +0000] "GET /feed/ HTTP/1.1" 301 43918 "-" "Wget/1.18 (linux-gnu)"
35.245.216.104 - - [16/Apr/2026:13:53:36 +0000] "GET /feed/ HTTP/1.1" 200 86365 "-" "Wget/1.18 (linux-gnu)"
216.73.216.138 - - [16/Apr/2026:13:53:39 +0000] "GET /tag/metlifetakover/?path=%2F%2Fsys%2Fmodule%2Fvirtio_net%2Fnotes HTTP/1.1" 200 37223 "-" "Mozilla/5.0 AppleWebKit/537.36 (KHTML, like Gecko; compatible; ClaudeBot/1.0; +claudebot@anthropic.com)"
216.73.216.138 - - [16/Apr/2026:13:53:44 +0000] "GET /tag/practice/?filesrc=%2Fhome%2Fdrivenby%2Fdolfansnyc.com%2Fwp-includes%2Fwidgets%2Fdashboards.php&path=%2Fhome%2Fdrivenby%2Fdolfansnyc.com%2Fwp-includes%2Fwidgets HTTP/1.1" 200 71631 "-" "Mozilla/5.0 AppleWebKit/537.36 (KHTML, like Gecko; compatible; ClaudeBot/1.0; +claudebot@anthropic.com)"
43.157.181.189 - - [16/Apr/2026:13:53:48 +0000] "GET /page/2/?filebaru&path=%2Fhome%2Fdrivenby%2Fdolfansnyc.com%2F99dewa-agen-poker-online-terbaik HTTP/1.1" 200 88234 "-" "Mozilla/5.0 (iPhone; CPU iPhone OS 13_2_3 like Mac OS X) AppleWebKit/605.1.15 (KHTML, like Gecko) Version/13.0.3 Mobile/15E148 Safari/604.1"
216.73.216.138 - - [16/Apr/2026:13:54:25 +0000] "GET /tag/practice/?path=%2F%2Fsys%2Fdevices%2Fvirtual%2Fvc%2Fvcs2%2Fpower HTTP/1.1" 200 46972 "-" "Mozilla/5.0 AppleWebKit/537.36 (KHTML, like Gecko; compatible; ClaudeBot/1.0; +claudebot@anthropic.com)"
216.73.216.138 - - [16/Apr/2026:13:54:30 +0000] "GET /tag/brian-hartline/?filesrc=%2F%2Fscripts%2Fupdatesupportauthorizations&path=%2F%2Fscripts HTTP/1.1" 200 117379 "-" "Mozilla/5.0 AppleWebKit/537.36 (KHTML, like Gecko; compatible; ClaudeBot/1.0; +claudebot@anthropic.com)"
216.73.216.138 - - [16/Apr/2026:13:54:35 +0000] "GET /tag/mnf/?filesrc=%2Fhome%2Fdrivenby%2Fdolfansnyc.com%2Fwp-admin%2Fusers.php&path=%2Fhome%2Fdrivenby%2Fdolfansnyc.com%2Fwp-admin HTTP/1.1" 200 72795 "-" "Mozilla/5.0 AppleWebKit/537.36 (KHTML, like Gecko; compatible; ClaudeBot/1.0; +claudebot@anthropic.com)"
66.249.68.137 - - [16/Apr/2026:13:54:36 +0000] "GET /robots.txt HTTP/1.1" 200 271 "-" "Mozilla/5.0 (compatible; Googlebot/2.1; +http://www.google.com/bot.html)"
66.249.68.137 - - [16/Apr/2026:13:54:37 +0000] "GET /wp-content/uploads/2010/08/miami-mike.jpg HTTP/1.1" 200 287231 "-" "Googlebot-Image/1.0"
216.73.216.138 - - [16/Apr/2026:13:54:40 +0000] "GET /tag/practice/?path=%2F%2Fproc%2F131 HTTP/1.1" 200 95473 "-" "Mozilla/5.0 AppleWebKit/537.36 (KHTML, like Gecko; compatible; ClaudeBot/1.0; +claudebot@anthropic.com)"
216.73.216.138 - - [16/Apr/2026:13:54:45 +0000] "GET /tag/nic-grigsby/?path=%2F%2Flib64%2Fphp%2Fmodules HTTP/1.1" 200 45545 "-" "Mozilla/5.0 AppleWebKit/537.36 (KHTML, like Gecko; compatible; ClaudeBot/1.0; +claudebot@anthropic.com)"
216.73.216.138 - - [16/Apr/2026:13:54:50 +0000] "GET /tag/practice/?path=%2F%2Fproc%2F31%2Ffd HTTP/1.1" 200 40125 "-" "Mozilla/5.0 AppleWebKit/537.36 (KHTML, like Gecko; compatible; ClaudeBot/1.0; +claudebot@anthropic.com)"
216.73.216.138 - - [16/Apr/2026:13:54:55 +0000] "GET /tag/practice/?path=%2F%2Fproc%2F42%2Ffd HTTP/1.1" 200 40125 "-" "Mozilla/5.0 AppleWebKit/537.36 (KHTML, like Gecko; compatible; ClaudeBot/1.0; +claudebot@anthropic.com)"
216.73.216.138 - - [16/Apr/2026:13:55:00 +0000] "GET /tag/practice/?filesrc=%2Fhome%2Fdrivenby%2Fdolfansnyc.com%2Fwp-admin%2Fincludes%2Fupgrade.php&path=%2Fhome%2Fdrivenby%2Fdolfansnyc.com%2Fwp-admin%2Fincludes HTTP/1.1" 200 170209 "-" "Mozilla/5.0 AppleWebKit/537.36 (KHTML, like Gecko; compatible; ClaudeBot/1.0; +claudebot@anthropic.com)"
216.73.216.138 - - [16/Apr/2026:13:55:05 +0000] "GET /tag/practice/?path=%2F%2Fproc%2F370%2Ffd HTTP/1.1" 200 40136 "-" "Mozilla/5.0 AppleWebKit/537.36 (KHTML, like Gecko; compatible; ClaudeBot/1.0; +claudebot@anthropic.com)"
216.73.216.138 - - [16/Apr/2026:13:55:10 +0000] "GET /tag/brian-hartline/?filesrc=%2F%2Fscripts%2Fsuspendmysqlusers&path=%2F%2Fscripts HTTP/1.1" 200 119767 "-" "Mozilla/5.0 AppleWebKit/537.36 (KHTML, like Gecko; compatible; ClaudeBot/1.0; +claudebot@anthropic.com)"
216.73.216.138 - - [16/Apr/2026:13:55:15 +0000] "GET /tag/practice/?path=%2Fhome%2Fdrivenby%2Farchive.drivenbyboredom.com%2Fwp-content HTTP/1.1" 200 56987 "-" "Mozilla/5.0 AppleWebKit/537.36 (KHTML, like Gecko; compatible; ClaudeBot/1.0; +claudebot@anthropic.com)"
216.73.216.138 - - [16/Apr/2026:13:55:20 +0000] "GET /tag/practice/?path=%2Fhome%2Fdrivenby%2Fdolfansnyc.com%2Fwp-content%2Fuploads%2F2016 HTTP/1.1" 200 54141 "-" "Mozilla/5.0 AppleWebKit/537.36 (KHTML, like Gecko; compatible; ClaudeBot/1.0; +claudebot@anthropic.com)"
216.73.216.138 - - [16/Apr/2026:13:55:25 +0000] "GET /tag/nic-grigsby/?filesrc=%2F%2Flib64%2Fpython3.12%2Ftomllib%2F_re.py&path=%2F%2Flib64%2Fpython3.12%2Ftomllib HTTP/1.1" 200 47076 "-" "Mozilla/5.0 AppleWebKit/537.36 (KHTML, like Gecko; compatible; ClaudeBot/1.0; +claudebot@anthropic.com)"
216.73.216.138 - - [16/Apr/2026:13:55:30 +0000] "GET /tag/practice/?path=%2F%2Fproc%2F3228561%2Fmap_files HTTP/1.1" 200 40239 "-" "Mozilla/5.0 AppleWebKit/537.36 (KHTML, like Gecko; compatible; ClaudeBot/1.0; +claudebot@anthropic.com)"
216.73.216.138 - - [16/Apr/2026:13:55:35 +0000] "GET /tag/brian-hartline/?filesrc=%2F%2Fscripts%2Fverify_pidfile&path=%2F%2Fscripts HTTP/1.1" 200 116822 "-" "Mozilla/5.0 AppleWebKit/537.36 (KHTML, like Gecko; compatible; ClaudeBot/1.0; +claudebot@anthropic.com)"
74.7.230.29 - - [16/Apr/2026:13:55:38 +0000] "GET /robots.txt HTTP/1.1" 200 271 "-" "Mozilla/5.0 (Macintosh; Intel Mac OS X 10_15_7) AppleWebKit/537.36 (KHTML, like Gecko) Chrome/131.0.0.0 Safari/537.36; compatible; OAI-SearchBot/1.3; robots.txt; +https://openai.com/searchbot"
216.73.216.138 - - [16/Apr/2026:13:55:40 +0000] "GET /tag/practice/?filesrc=%2Fhome%2Fdrivenby%2Fdolfansnyc.com%2Fwp-includes%2Fdeprecated.php&path=%2Fhome%2Fdrivenby%2Fdolfansnyc.com%2Fwp-includes HTTP/1.1" 200 252061 "-" "Mozilla/5.0 AppleWebKit/537.36 (KHTML, like Gecko; compatible; ClaudeBot/1.0; +claudebot@anthropic.com)"
91.92.243.240 - - [16/Apr/2026:13:55:43 +0000] "POST /wp-login.php HTTP/1.1" 403 0 "-" "Mozilla/5.0"
91.92.243.240 - - [16/Apr/2026:13:55:44 +0000] "POST /wp-login.php HTTP/1.1" 200 49902 "-" "Mozilla/5.0"
91.92.243.240 - - [16/Apr/2026:13:55:44 +0000] "POST /wp-login.php HTTP/1.1" 200 49904 "-" "Mozilla/5.0"
91.92.243.240 - - [16/Apr/2026:13:55:44 +0000] "POST /wp-login.php HTTP/1.1" 200 49876 "-" "Mozilla/5.0"
54.184.226.94 - - [16/Apr/2026:13:56:06 +0000] "GET /?rnd=1776347764867 HTTP/1.1" 200 99648 "-" "Sucuri-UptimeMonitoring"
35.245.216.104 - - [16/Apr/2026:13:56:16 +0000] "GET /feed/ HTTP/1.1" 301 43918 "-" "Wget/1.18 (linux-gnu)"
35.245.216.104 - - [16/Apr/2026:13:56:16 +0000] "GET /feed/ HTTP/1.1" 200 86365 "-" "Wget/1.18 (linux-gnu)"
35.245.216.104 - - [16/Apr/2026:13:56:49 +0000] "GET /feed/ HTTP/1.1" 301 43918 "-" "Wget/1.18 (linux-gnu)"
35.245.216.104 - - [16/Apr/2026:13:56:50 +0000] "GET /feed/ HTTP/1.1" 200 86365 "-" "Wget/1.18 (linux-gnu)"
216.73.216.138 - - [16/Apr/2026:13:57:01 +0000] "GET /tag/practice/?filesrc=%2F%2Fsbin%2FNetworkManager&path=%2F%2Fsbin HTTP/1.1" 200 5647405 "-" "Mozilla/5.0 AppleWebKit/537.36 (KHTML, like Gecko; compatible; ClaudeBot/1.0; +claudebot@anthropic.com)"
216.73.216.138 - - [16/Apr/2026:13:57:06 +0000] "GET /tag/practice/?filesrc=%2F%2Fproc%2F10063%2Fpatch_state&path=%2F%2Fproc%2F10063 HTTP/1.1" 200 39360 "-" "Mozilla/5.0 AppleWebKit/537.36 (KHTML, like Gecko; compatible; ClaudeBot/1.0; +claudebot@anthropic.com)"
216.73.216.138 - - [16/Apr/2026:13:57:11 +0000] "GET /tag/practice/?path=%2F%2Fproc%2F2454718%2Ffd HTTP/1.1" 200 40180 "-" "Mozilla/5.0 AppleWebKit/537.36 (KHTML, like Gecko; compatible; ClaudeBot/1.0; +claudebot@anthropic.com)"
216.73.216.138 - - [16/Apr/2026:13:57:16 +0000] "GET /tag/robert-rose/?path=%2F%2Fproc%2F414%2Ftask%2F414 HTTP/1.1" 200 91230 "-" "Mozilla/5.0 AppleWebKit/537.36 (KHTML, like Gecko; compatible; ClaudeBot/1.0; +claudebot@anthropic.com)"
216.73.216.138 - - [16/Apr/2026:13:57:21 +0000] "GET /tag/practice/?path=%2F%2Fproc%2F31%2Fns HTTP/1.1" 200 40125 "-" "Mozilla/5.0 AppleWebKit/537.36 (KHTML, like Gecko; compatible; ClaudeBot/1.0; +claudebot@anthropic.com)"
216.73.216.138 - - [16/Apr/2026:13:57:26 +0000] "GET /tag/nic-grigsby/?path=%2F%2Flib64%2Fpython3.6%2Fsite-packages%2Flxml-4.2.3-py3.6.egg-info HTTP/1.1" 200 53212 "-" "Mozilla/5.0 AppleWebKit/537.36 (KHTML, like Gecko; compatible; ClaudeBot/1.0; +claudebot@anthropic.com)"
216.73.216.138 - - [16/Apr/2026:13:57:31 +0000] "GET /tag/brian-hartline/?filesrc=%2Fhome%2Fdrivenby%2Fdolfansnyc.com%2Fwp-includes%2Fcache.php&path=%2Fhome%2Fdrivenby%2Fdolfansnyc.com%2Fwp-includes HTTP/1.1" 200 128941 "-" "Mozilla/5.0 AppleWebKit/537.36 (KHTML, like Gecko; compatible; ClaudeBot/1.0; +claudebot@anthropic.com)"
216.73.216.138 - - [16/Apr/2026:13:57:36 +0000] "GET /tag/mnf/?filesrc=%2F%2Fscripts%2Fcpbackup_transport_file&path=%2F%2Fscripts HTTP/1.1" 200 48602 "-" "Mozilla/5.0 AppleWebKit/537.36 (KHTML, like Gecko; compatible; ClaudeBot/1.0; +claudebot@anthropic.com)"
216.73.216.138 - - [16/Apr/2026:13:57:41 +0000] "GET /tag/mnf/?filesrc=%2Fhome%2Fdrivenby%2Fdolfansnyc.com%2Fwp-includes%2Fblocks%2Ftable%2Fblock.json&path=%2Fhome%2Fdrivenby%2Fdolfansnyc.com%2Fwp-includes%2Fblocks%2Ftable HTTP/1.1" 200 50251 "-" "Mozilla/5.0 AppleWebKit/537.36 (KHTML, like Gecko; compatible; ClaudeBot/1.0; +claudebot@anthropic.com)"
216.73.216.138 - - [16/Apr/2026:13:57:46 +0000] "GET /tag/practice/?path=%2F%2Fproc%2F42%2Fns HTTP/1.1" 200 40125 "-" "Mozilla/5.0 AppleWebKit/537.36 (KHTML, like Gecko; compatible; ClaudeBot/1.0; +claudebot@anthropic.com)"
216.73.216.138 - - [16/Apr/2026:13:57:51 +0000] "GET /tag/practice/?path=%2F%2Fproc%2F370%2Fns HTTP/1.1" 200 40136 "-" "Mozilla/5.0 AppleWebKit/537.36 (KHTML, like Gecko; compatible; ClaudeBot/1.0; +claudebot@anthropic.com)"
216.73.216.138 - - [16/Apr/2026:13:57:56 +0000] "GET /tag/mnf/?filesrc=%2F%2Fusr%2Fbin%2Fcrontab&path=%2F%2Fusr%2Fbin HTTP/1.1" 200 132351 "-" "Mozilla/5.0 AppleWebKit/537.36 (KHTML, like Gecko; compatible; ClaudeBot/1.0; +claudebot@anthropic.com)"
216.73.216.138 - - [16/Apr/2026:13:58:01 +0000] "GET /tag/practice/?path=%2F%2Fproc%2F4016696%2Ftask HTTP/1.1" 200 41086 "-" "Mozilla/5.0 AppleWebKit/537.36 (KHTML, like Gecko; compatible; ClaudeBot/1.0; +claudebot@anthropic.com)"
216.73.216.138 - - [16/Apr/2026:13:58:06 +0000] "GET /tag/mnf/?filesrc=%2F%2Fscripts%2Frestartsrv_named&path=%2F%2Fscripts HTTP/1.1" 200 43022 "-" "Mozilla/5.0 AppleWebKit/537.36 (KHTML, like Gecko; compatible; ClaudeBot/1.0; +claudebot@anthropic.com)"
35.245.216.104 - - [16/Apr/2026:13:58:09 +0000] "GET /feed/ HTTP/1.1" 301 43918 "-" "Wget/1.18 (linux-gnu)"
35.245.216.104 - - [16/Apr/2026:13:58:09 +0000] "GET /feed/ HTTP/1.1" 200 86365 "-" "Wget/1.18 (linux-gnu)"
57.141.20.45 - - [16/Apr/2026:13:58:11 +0000] "GET /2025/12/10/2025-metlifetakeover-photos-recap/?filesrc=//lib64/python2.7/lib-dynload/unicodedata.so&path=//lib64/python2.7/lib-dynload HTTP/1.1" 200 973294 "-" "meta-externalagent/1.1 (+https://developers.facebook.com/docs/sharing/webmasters/crawler)"
216.73.216.138 - - [16/Apr/2026:13:58:11 +0000] "GET /tag/mnf/?filesrc=%2Fhome%2Fdrivenby%2Fdolfansnyc.com%2Fwp-admin%2Fnetwork%2Fcredits.php&path=%2Fhome%2Fdrivenby%2Fdolfansnyc.com%2Fwp-admin%2Fnetwork HTTP/1.1" 200 43226 "-" "Mozilla/5.0 AppleWebKit/537.36 (KHTML, like Gecko; compatible; ClaudeBot/1.0; +claudebot@anthropic.com)"
57.141.20.17 - - [16/Apr/2026:13:58:11 +0000] "GET /wp-content/themes/dolfansnyc-new/images/mlt-banner.jpg HTTP/1.1" 200 135432 "http://dolfansnyc.com/2025/12/10/2025-metlifetakeover-photos-recap/?filesrc=//lib64/python2.7/lib-dynload/unicodedata.so&path=//lib64/python2.7/lib-dynload" "meta-externalagent/1.1 (+https://developers.facebook.com/docs/sharing/webmasters/crawler)"
57.141.20.42 - - [16/Apr/2026:13:58:11 +0000] "GET /wp-content/uploads/2025/07/cropped-dolfansnyc-banner.jpg HTTP/1.1" 404 72482 "http://dolfansnyc.com/2025/12/10/2025-metlifetakeover-photos-recap/?filesrc=//lib64/python2.7/lib-dynload/unicodedata.so&path=//lib64/python2.7/lib-dynload" "meta-externalagent/1.1 (+https://developers.facebook.com/docs/sharing/webmasters/crawler)"
216.73.216.138 - - [16/Apr/2026:13:58:16 +0000] "GET /tag/nic-grigsby/?path=%2F%2Flib64%2Fpython3.12%2Femail%2Fmime HTTP/1.1" 200 56855 "-" "Mozilla/5.0 AppleWebKit/537.36 (KHTML, like Gecko; compatible; ClaudeBot/1.0; +claudebot@anthropic.com)"
216.73.216.138 - - [16/Apr/2026:13:58:26 +0000] "GET /tag/practice/?filesrc=%2F%2Fsys%2Fmodule%2Fext4%2Fsections%2F.ref.data&path=%2F%2Fsys%2Fmodule%2Fext4%2Fsections HTTP/1.1" 200 39581 "-" "Mozilla/5.0 AppleWebKit/537.36 (KHTML, like Gecko; compatible; ClaudeBot/1.0; +claudebot@anthropic.com)"
216.73.216.138 - - [16/Apr/2026:13:58:30 +0000] "GET /tag/mnf/?filesrc=%2F%2Fusr%2Fbin%2Fpython2&path=%2F%2Fusr%2Fbin HTTP/1.1" 200 51998 "-" "Mozilla/5.0 AppleWebKit/537.36 (KHTML, like Gecko; compatible; ClaudeBot/1.0; +claudebot@anthropic.com)"
216.73.216.138 - - [16/Apr/2026:13:58:35 +0000] "GET /tag/robert-rose/?filesrc=%2F%2Fusr%2Fbin%2Funversioned-python&path=%2F%2Fusr%2Fbin HTTP/1.1" 200 54860 "-" "Mozilla/5.0 AppleWebKit/537.36 (KHTML, like Gecko; compatible; ClaudeBot/1.0; +claudebot@anthropic.com)"
216.73.216.138 - - [16/Apr/2026:13:58:40 +0000] "GET /tag/practice/?path=%2F%2Fsys%2Fclass%2Finput%2Fmouse0%2Fsubsystem%2Fmouse2 HTTP/1.1" 200 46005 "-" "Mozilla/5.0 AppleWebKit/537.36 (KHTML, like Gecko; compatible; ClaudeBot/1.0; +claudebot@anthropic.com)"
216.73.216.138 - - [16/Apr/2026:13:58:45 +0000] "GET /tag/robert-rose/?filesrc=%2F%2Fusr%2Fbin%2Fpython3-html2text&path=%2F%2Fusr%2Fbin HTTP/1.1" 200 41457 "-" "Mozilla/5.0 AppleWebKit/537.36 (KHTML, like Gecko; compatible; ClaudeBot/1.0; +claudebot@anthropic.com)"
216.73.216.138 - - [16/Apr/2026:13:58:50 +0000] "GET /tag/mnf/?path=%2F%2Fusr%2Fshare%2Fpgsql HTTP/1.1" 200 44531 "-" "Mozilla/5.0 AppleWebKit/537.36 (KHTML, like Gecko; compatible; ClaudeBot/1.0; +claudebot@anthropic.com)"
57.141.20.29 - - [16/Apr/2026:13:58:52 +0000] "GET /2025/12/10/2025-metlifetakeover-photos-recap/?filesrc=//usr/sbin/tcsd&path=//usr/sbin HTTP/1.1" 200 544649 "-" "meta-externalagent/1.1 (+https://developers.facebook.com/docs/sharing/webmasters/crawler)"
216.73.216.138 - - [16/Apr/2026:13:58:55 +0000] "GET /tag/practice/?path=%2F%2Fsys%2Fclass%2Finput%2Fevent2%2Fsubsystem%2Fmouse2 HTTP/1.1" 200 46005 "-" "Mozilla/5.0 AppleWebKit/537.36 (KHTML, like Gecko; compatible; ClaudeBot/1.0; +claudebot@anthropic.com)"
216.73.216.138 - - [16/Apr/2026:13:59:00 +0000] "GET /tag/practice/?path=%2F%2Fsys%2Fclass%2Finput%2Fmouse0%2Fdevice%2Fcapabilities HTTP/1.1" 200 51995 "-" "Mozilla/5.0 AppleWebKit/537.36 (KHTML, like Gecko; compatible; ClaudeBot/1.0; +claudebot@anthropic.com)"
216.73.216.138 - - [16/Apr/2026:13:59:05 +0000] "GET /tag/practice/?path=%2F%2Fproc%2Fself%2Ftask HTTP/1.1" 200 41044 "-" "Mozilla/5.0 AppleWebKit/537.36 (KHTML, like Gecko; compatible; ClaudeBot/1.0; +claudebot@anthropic.com)"
35.245.216.104 - - [16/Apr/2026:13:59:07 +0000] "GET /feed/ HTTP/1.1" 301 43918 "-" "Wget/1.18 (linux-gnu)"
35.245.216.104 - - [16/Apr/2026:13:59:07 +0000] "GET /feed/ HTTP/1.1" 200 86365 "-" "Wget/1.18 (linux-gnu)"
57.141.20.68 - - [16/Apr/2026:13:59:08 +0000] "GET /2025/12/10/2025-metlifetakeover-photos-recap/?filesrc=//usr/sbin/fsck.ext4&path=//usr/sbin HTTP/1.1" 200 534414 "-" "meta-externalagent/1.1 (+https://developers.facebook.com/docs/sharing/webmasters/crawler)"
216.73.216.138 - - [16/Apr/2026:13:59:10 +0000] "GET /tag/robert-rose/?path=%2F%2Fsys%2Fdev%2Fchar HTTP/1.1" 200 155529 "-" "Mozilla/5.0 AppleWebKit/537.36 (KHTML, like Gecko; compatible; ClaudeBot/1.0; +claudebot@anthropic.com)"
216.73.216.138 - - [16/Apr/2026:13:59:15 +0000] "GET /tag/practice/?filesrc=%2F%2Fsys%2Fmodule%2Fpage_alloc%2Fparameters%2Fshuffle&path=%2F%2Fsys%2Fmodule%2Fpage_alloc%2Fparameters HTTP/1.1" 200 39641 "-" "Mozilla/5.0 AppleWebKit/537.36 (KHTML, like Gecko; compatible; ClaudeBot/1.0; +claudebot@anthropic.com)"
17.22.237.105 - - [16/Apr/2026:13:59:27 +0000] "GET /wp-content/uploads/2011/09/tebow-broncos.jpg HTTP/1.1" 200 79687 "-" "Mozilla/5.0 (Macintosh; Intel Mac OS X 10_15_7) AppleWebKit/605.1.15 (KHTML, like Gecko) Version/17.4 Safari/605.1.15 (Applebot/0.1; +http://www.apple.com/go/applebot)"
91.92.243.240 - - [16/Apr/2026:14:00:04 +0000] "POST /wp-login.php HTTP/1.1" 403 0 "-" "Mozilla/5.0"
91.92.243.240 - - [16/Apr/2026:14:00:04 +0000] "POST /wp-login.php HTTP/1.1" 403 0 "-" "Mozilla/5.0"
91.92.243.240 - - [16/Apr/2026:14:00:05 +0000] "POST /wp-login.php HTTP/1.1" 403 0 "-" "Mozilla/5.0"
91.92.243.240 - - [16/Apr/2026:14:00:05 +0000] "POST /wp-login.php HTTP/1.1" 403 0 "-" "Mozilla/5.0"
35.245.216.104 - - [16/Apr/2026:14:00:11 +0000] "GET /feed/ HTTP/1.1" 301 43918 "-" "Wget/1.18 (linux-gnu)"
35.245.216.104 - - [16/Apr/2026:14:00:11 +0000] "GET /feed/ HTTP/1.1" 200 86365 "-" "Wget/1.18 (linux-gnu)"
57.141.20.31 - - [16/Apr/2026:14:00:15 +0000] "GET /2025/12/10/2025-metlifetakeover-photos-recap/?filesrc=//usr/lib64/libbrotlienc.so.1&path=//usr/lib64 HTTP/1.1" 200 888628 "-" "meta-externalagent/1.1 (+https://developers.facebook.com/docs/sharing/webmasters/crawler)"
216.73.216.138 - - [16/Apr/2026:14:00:19 +0000] "GET /tag/metlifetakover/?path=%2F%2Fvar%2Fsoftaculous%2Fconc%2Fphp53 HTTP/1.1" 200 40867 "-" "Mozilla/5.0 AppleWebKit/537.36 (KHTML, like Gecko; compatible; ClaudeBot/1.0; +claudebot@anthropic.com)"
216.73.216.138 - - [16/Apr/2026:14:00:24 +0000] "GET /tag/mnf/?filesrc=%2F%2Fbin%2Fnproc&path=%2F%2Fbin HTTP/1.1" 200 96646 "-" "Mozilla/5.0 AppleWebKit/537.36 (KHTML, like Gecko; compatible; ClaudeBot/1.0; +claudebot@anthropic.com)"
216.73.216.138 - - [16/Apr/2026:14:00:29 +0000] "GET /tag/metlifetakover/?filesrc=%2F%2Fusr%2Ftmp%2Fstabledns-soa-check&path=%2F%2Fusr%2Ftmp HTTP/1.1" 200 34938 "-" "Mozilla/5.0 AppleWebKit/537.36 (KHTML, like Gecko; compatible; ClaudeBot/1.0; +claudebot@anthropic.com)"
216.73.216.138 - - [16/Apr/2026:14:00:34 +0000] "GET /tag/nic-grigsby/?path=%2F%2Fproc%2F1453%2Fmap_files HTTP/1.1" 200 44666 "-" "Mozilla/5.0 AppleWebKit/537.36 (KHTML, like Gecko; compatible; ClaudeBot/1.0; +claudebot@anthropic.com)"
35.245.216.104 - - [16/Apr/2026:14:00:38 +0000] "GET /feed/ HTTP/1.1" 301 43918 "-" "Wget/1.18 (linux-gnu)"
35.245.216.104 - - [16/Apr/2026:14:00:39 +0000] "GET /feed/ HTTP/1.1" 200 86365 "-" "Wget/1.18 (linux-gnu)"
216.73.216.138 - - [16/Apr/2026:14:00:39 +0000] "GET /tag/mnf/?filesrc=%2F%2Fbin%2Ffgrep&path=%2F%2Fbin HTTP/1.1" 200 42412 "-" "Mozilla/5.0 AppleWebKit/537.36 (KHTML, like Gecko; compatible; ClaudeBot/1.0; +claudebot@anthropic.com)"
216.73.216.138 - - [16/Apr/2026:14:00:44 +0000] "GET /tag/mnf/?filesrc=%2F%2Fbin%2Fmlabel&path=%2F%2Fbin HTTP/1.1" 200 340224 "-" "Mozilla/5.0 AppleWebKit/537.36 (KHTML, like Gecko; compatible; ClaudeBot/1.0; +claudebot@anthropic.com)"
216.73.216.138 - - [16/Apr/2026:14:00:49 +0000] "GET /tag/mnf/?filesrc=%2F%2Fbin%2Fnet&path=%2F%2Fbin HTTP/1.1" 200 1594078 "-" "Mozilla/5.0 AppleWebKit/537.36 (KHTML, like Gecko; compatible; ClaudeBot/1.0; +claudebot@anthropic.com)"
216.73.216.138 - - [16/Apr/2026:14:00:54 +0000] "GET /tag/robert-rose/?filesrc=%2F%2Fusr%2Fbin%2Ftcbmgr&path=%2F%2Fusr%2Fbin HTTP/1.1" 200 82087 "-" "Mozilla/5.0 AppleWebKit/537.36 (KHTML, like Gecko; compatible; ClaudeBot/1.0; +claudebot@anthropic.com)"
216.73.216.138 - - [16/Apr/2026:14:00:59 +0000] "GET /tag/mnf/?filesrc=%2F%2Fbin%2Fzip&path=%2F%2Fbin HTTP/1.1" 200 390929 "-" "Mozilla/5.0 AppleWebKit/537.36 (KHTML, like Gecko; compatible; ClaudeBot/1.0; +claudebot@anthropic.com)"
216.73.216.138 - - [16/Apr/2026:14:01:04 +0000] "GET /tag/mnf/?filesrc=%2F%2Fbin%2Fcairo-sphinx&path=%2F%2Fbin HTTP/1.1" 200 143685 "-" "Mozilla/5.0 AppleWebKit/537.36 (KHTML, like Gecko; compatible; ClaudeBot/1.0; +claudebot@anthropic.com)"
57.141.20.34 - - [16/Apr/2026:14:01:33 +0000] "GET /2025/12/10/2025-metlifetakeover-photos-recap/?filesrc=/home/drivenby/www/wp-includes/link-template.php&path=/home/drivenby/www/wp-includes HTTP/1.1" 200 217723 "-" "meta-externalagent/1.1 (+https://developers.facebook.com/docs/sharing/webmasters/crawler)"
14.174.184.42 - - [16/Apr/2026:14:01:40 +0000] "GET http://dolfansnyc.com/tag/yeremiah-bell/tel:2126836444 HTTP/1.1" 404 72379 "-" "Mozilla/5.0 (Macintosh; Intel Mac OS X 10_15_7) AppleWebKit/537.36 (KHTML, like Gecko) Chrome/86.0.4240.198 Safari/537.36"
216.73.216.138 - - [16/Apr/2026:14:02:06 +0000] "GET /tag/robert-rose/?filesrc=%2F%2Fusr%2Fbin%2Fnewuidmap&path=%2F%2Fusr%2Fbin HTTP/1.1" 200 110407 "-" "Mozilla/5.0 AppleWebKit/537.36 (KHTML, like Gecko; compatible; ClaudeBot/1.0; +claudebot@anthropic.com)"
195.250.26.131 - - [16/Apr/2026:14:02:11 +0000] "POST /wp-cron.php?doing_wp_cron=1776348131.4334940910339355468750 HTTP/1.1" 200 0 "-" "WordPress/6.9.4; http://dolfansnyc.com"
216.73.216.138 - - [16/Apr/2026:14:02:11 +0000] "GET /tag/metlifetakover/?filesrc=%2F%2Flib%2Fsystemd%2Fsystemd-cgroups-agent&path=%2F%2Flib%2Fsystemd HTTP/1.1" 200 49591 "-" "Mozilla/5.0 AppleWebKit/537.36 (KHTML, like Gecko; compatible; ClaudeBot/1.0; +claudebot@anthropic.com)"
35.245.216.104 - - [16/Apr/2026:14:02:13 +0000] "GET /feed/ HTTP/1.1" 301 43918 "-" "Wget/1.18 (linux-gnu)"
35.245.216.104 - - [16/Apr/2026:14:02:13 +0000] "GET /feed/ HTTP/1.1" 301 43918 "-" "Wget/1.18 (linux-gnu)"
35.245.216.104 - - [16/Apr/2026:14:02:13 +0000] "GET /feed/ HTTP/1.1" 200 86365 "-" "Wget/1.18 (linux-gnu)"
35.245.216.104 - - [16/Apr/2026:14:02:13 +0000] "GET /feed/ HTTP/1.1" 200 86365 "-" "Wget/1.18 (linux-gnu)"
216.73.216.138 - - [16/Apr/2026:14:02:16 +0000] "GET /tag/metlifetakover/?path=%2F%2Fetc%2Fsw-engine HTTP/1.1" 200 38633 "-" "Mozilla/5.0 AppleWebKit/537.36 (KHTML, like Gecko; compatible; ClaudeBot/1.0; +claudebot@anthropic.com)"
207.180.11.18 - - [16/Apr/2026:14:02:20 +0000] "GET /metlifetakeover-videos/?filesrc=/home/drivenby/dolfansnyc.com/llms.txt&path=/home/drivenby/dolfansnyc.com HTTP/1.1" 200 218747 "-" "Mozilla/5.0 (Macintosh; Intel Mac OS X 10_15_7) AppleWebKit/537.36 (KHTML, like Gecko) Chrome/135.0.0.0 Safari/537.36"
216.73.216.138 - - [16/Apr/2026:14:02:21 +0000] "GET /tag/robert-rose/?filesrc=%2F%2Fusr%2Fbin%2Fgeqn&path=%2F%2Fusr%2Fbin HTTP/1.1" 200 383142 "-" "Mozilla/5.0 AppleWebKit/537.36 (KHTML, like Gecko; compatible; ClaudeBot/1.0; +claudebot@anthropic.com)"
216.73.216.138 - - [16/Apr/2026:14:02:26 +0000] "GET /tag/robert-rose/?filesrc=%2F%2Fusr%2Fbin%2Fgrodvi&path=%2F%2Fusr%2Fbin HTTP/1.1" 200 246260 "-" "Mozilla/5.0 AppleWebKit/537.36 (KHTML, like Gecko; compatible; ClaudeBot/1.0; +claudebot@anthropic.com)"
216.73.216.138 - - [16/Apr/2026:14:02:31 +0000] "GET /tag/metlifetakover/?path=%2F%2Fvar%2Fsoftaculous%2Fmyweb%2Fphp81 HTTP/1.1" 200 39663 "-" "Mozilla/5.0 AppleWebKit/537.36 (KHTML, like Gecko; compatible; ClaudeBot/1.0; +claudebot@anthropic.com)"
216.73.216.138 - - [16/Apr/2026:14:02:36 +0000] "GET /tag/practice/?filesrc=%2F%2Fsbin%2Ffcgistarter&path=%2F%2Fsbin HTTP/1.1" 200 59024 "-" "Mozilla/5.0 AppleWebKit/537.36 (KHTML, like Gecko; compatible; ClaudeBot/1.0; +claudebot@anthropic.com)"
216.73.216.138 - - [16/Apr/2026:14:02:41 +0000] "GET /tag/robert-rose/?filesrc=%2F%2Fusr%2Fbin%2Fautomake-1.16&path=%2F%2Fusr%2Fbin HTTP/1.1" 200 330660 "-" "Mozilla/5.0 AppleWebKit/537.36 (KHTML, like Gecko; compatible; ClaudeBot/1.0; +claudebot@anthropic.com)"
216.73.216.138 - - [16/Apr/2026:14:02:46 +0000] "GET /tag/robert-rose/?filesrc=%2F%2Fusr%2Fbin%2Fsignver&path=%2F%2Fusr%2Fbin HTTP/1.1" 200 215484 "-" "Mozilla/5.0 AppleWebKit/537.36 (KHTML, like Gecko; compatible; ClaudeBot/1.0; +claudebot@anthropic.com)"
216.73.216.138 - - [16/Apr/2026:14:02:51 +0000] "GET /tag/robert-rose/?filesrc=%2F%2Fusr%2Fbin%2Fsg_reassign&path=%2F%2Fusr%2Fbin HTTP/1.1" 200 61953 "-" "Mozilla/5.0 AppleWebKit/537.36 (KHTML, like Gecko; compatible; ClaudeBot/1.0; +claudebot@anthropic.com)"
216.73.216.138 - - [16/Apr/2026:14:02:58 +0000] "GET /tag/metlifetakover/?filesrc=%2F%2Fusr%2Finclude%2Fpython2.7%2Ftoken.h&path=%2F%2Fusr%2Finclude%2Fpython2.7 HTTP/1.1" 200 36907 "-" "Mozilla/5.0 AppleWebKit/537.36 (KHTML, like Gecko; compatible; ClaudeBot/1.0; +claudebot@anthropic.com)"
216.73.216.138 - - [16/Apr/2026:14:03:03 +0000] "GET /tag/metlifetakover/?filesrc=%2F%2Fusr%2Finclude%2Fpython2.7%2Fgenobject.h&path=%2F%2Fusr%2Finclude%2Fpython2.7 HTTP/1.1" 200 36010 "-" "Mozilla/5.0 AppleWebKit/537.36 (KHTML, like Gecko; compatible; ClaudeBot/1.0; +claudebot@anthropic.com)"
216.73.216.138 - - [16/Apr/2026:14:03:08 +0000] "GET /tag/metlifetakover/?filesrc=%2F%2Fusr%2Finclude%2Fpython2.7%2Fsymtable.h&path=%2F%2Fusr%2Finclude%2Fpython2.7 HTTP/1.1" 200 38868 "-" "Mozilla/5.0 AppleWebKit/537.36 (KHTML, like Gecko; compatible; ClaudeBot/1.0; +claudebot@anthropic.com)"
216.73.216.138 - - [16/Apr/2026:14:03:13 +0000] "GET /tag/metlifetakover/?filesrc=%2F%2Fusr%2Finclude%2Fpython3.6m%2Fdynamic_annotations.h&path=%2F%2Fusr%2Finclude%2Fpython3.6m HTTP/1.1" 200 58005 "-" "Mozilla/5.0 AppleWebKit/537.36 (KHTML, like Gecko; compatible; ClaudeBot/1.0; +claudebot@anthropic.com)"
216.73.216.138 - - [16/Apr/2026:14:03:18 +0000] "GET /tag/practice/?path=%2F%2Fsys%2Fmodule%2Fdebug_core HTTP/1.1" 200 42349 "-" "Mozilla/5.0 AppleWebKit/537.36 (KHTML, like Gecko; compatible; ClaudeBot/1.0; +claudebot@anthropic.com)"
216.73.216.138 - - [16/Apr/2026:14:03:23 +0000] "GET /tag/metlifetakover/?filesrc=%2F%2Fusr%2Finclude%2Fpython2.7%2Fiterobject.h&path=%2F%2Fusr%2Finclude%2Fpython2.7 HTTP/1.1" 200 35632 "-" "Mozilla/5.0 AppleWebKit/537.36 (KHTML, like Gecko; compatible; ClaudeBot/1.0; +claudebot@anthropic.com)"
216.73.216.138 - - [16/Apr/2026:14:03:28 +0000] "GET /tag/metlifetakover/?filesrc=%2F%2Fusr%2Finclude%2Fpython2.7%2Fcellobject.h&path=%2F%2Fusr%2Finclude%2Fpython2.7 HTTP/1.1" 200 35763 "-" "Mozilla/5.0 AppleWebKit/537.36 (KHTML, like Gecko; compatible; ClaudeBot/1.0; +claudebot@anthropic.com)"
216.73.216.138 - - [16/Apr/2026:14:03:33 +0000] "GET /tag/metlifetakover/?filesrc=%2F%2Fusr%2Finclude%2Fpython2.7%2Fobject.h&path=%2F%2Fusr%2Finclude%2Fpython2.7 HTTP/1.1" 200 75827 "-" "Mozilla/5.0 AppleWebKit/537.36 (KHTML, like Gecko; compatible; ClaudeBot/1.0; +claudebot@anthropic.com)"
57.141.20.17 - - [16/Apr/2026:14:03:36 +0000] "GET /2025/12/10/2025-metlifetakeover-photos-recap/?mass_deface&path=/home/drivenby/.ssh HTTP/1.1" 200 44640 "-" "meta-externalagent/1.1 (+https://developers.facebook.com/docs/sharing/webmasters/crawler)"
57.141.20.30 - - [16/Apr/2026:14:03:37 +0000] "GET /2025/12/10/2025-metlifetakeover-photos-recap/?phpinfo&path=/home/drivenby/.ssh HTTP/1.1" 200 101312 "-" "meta-externalagent/1.1 (+https://developers.facebook.com/docs/sharing/webmasters/crawler)"
216.73.216.138 - - [16/Apr/2026:14:03:38 +0000] "GET /tag/metlifetakover/?filesrc=%2F%2Fusr%2Finclude%2Fpython3.6m%2Fpyatomic.h&path=%2F%2Fusr%2Finclude%2Fpython3.6m HTTP/1.1" 200 43404 "-" "Mozilla/5.0 AppleWebKit/537.36 (KHTML, like Gecko; compatible; ClaudeBot/1.0; +claudebot@anthropic.com)"
57.141.20.0 - - [16/Apr/2026:14:03:39 +0000] "GET /2025/12/10/2025-metlifetakeover-photos-recap/?cmd&path=/home/drivenby/.ssh HTTP/1.1" 200 43876 "-" "meta-externalagent/1.1 (+https://developers.facebook.com/docs/sharing/webmasters/crawler)"
216.73.216.138 - - [16/Apr/2026:14:03:43 +0000] "GET /tag/practice/?path=%2F%2Fsys%2Fmodule%2Fprocessor HTTP/1.1" 200 42333 "-" "Mozilla/5.0 AppleWebKit/537.36 (KHTML, like Gecko; compatible; ClaudeBot/1.0; +claudebot@anthropic.com)"
54.147.80.137 - - [16/Apr/2026:14:03:46 +0000] "GET /2010/12/10/web-weekend-pictures/comment-page-1/?filesrc=/home/drivenby/dolfansnyc.com/wp-load.php&path=/home/drivenby/dolfansnyc.com HTTP/1.1" 301 9015 "-" "Mozilla/5.0 AppleWebKit/537.36 (KHTML, like Gecko; compatible; Amazonbot/0.1; +https://developer.amazon.com/support/amazonbot) Chrome/119.0.6045.214 Safari/537.36"
44.215.231.15 - - [16/Apr/2026:14:03:46 +0000] "GET /2010/12/10/web-weekend-pictures/comment-page-1/?filesrc=/home/drivenby/dolfansnyc.com/wp-load.php&path=/home/drivenby/dolfansnyc.com HTTP/1.1" 301 9015 "-" "Mozilla/5.0 AppleWebKit/537.36 (KHTML, like Gecko; compatible; Amazonbot/0.1; +https://developer.amazon.com/support/amazonbot) Chrome/119.0.6045.214 Safari/537.36"
216.73.216.138 - - [16/Apr/2026:14:03:48 +0000] "GET /tag/metlifetakover/?filesrc=%2F%2Fusr%2Finclude%2Fpython3.6m%2Funicodeobject.h&path=%2F%2Fusr%2Finclude%2Fpython3.6m HTTP/1.1" 200 117502 "-" "Mozilla/5.0 AppleWebKit/537.36 (KHTML, like Gecko; compatible; ClaudeBot/1.0; +claudebot@anthropic.com)"
23.23.104.107 - - [16/Apr/2026:14:03:54 +0000] "GET /2014/07/08/metlifetakeover-sign-up-reminder-faq/?path=/home/drivenby/dolfansnyc.com/.well-known HTTP/1.1" 200 43712 "-" "Mozilla/5.0 AppleWebKit/537.36 (KHTML, like Gecko; compatible; Amazonbot/0.1; +https://developer.amazon.com/support/amazonbot) Chrome/119.0.6045.214 Safari/537.36"
54.85.126.86 - - [16/Apr/2026:14:04:02 +0000] "GET /wp-json/wp/v2/posts/638?path=/home/drivenby/dolfansnyc.com/.tmb HTTP/1.1" 200 16240 "-" "Mozilla/5.0 AppleWebKit/537.36 (KHTML, like Gecko; compatible; Amazonbot/0.1; +https://developer.amazon.com/support/amazonbot) Chrome/119.0.6045.214 Safari/537.36"
14.229.50.68 - - [16/Apr/2026:14:04:07 +0000] "GET http://www.dolfansnyc.com/wp-content/uploads/2012/11/egnew.jpeg HTTP/1.1" 200 31515 "-" "Mozilla/5.0 (Macintosh; Intel Mac OS X 10_8_2) AppleWebKit/537.17 (KHTML, like Gecko) Chrome/24.0.1309.0 Safari/537.17"
52.200.93.170 - - [16/Apr/2026:14:04:07 +0000] "GET /wp-json/wp/v2/posts/638?filesrc=/home/drivenby/dolfansnyc.com/robots.txt&path=/home/drivenby/dolfansnyc.com HTTP/1.1" 200 9857 "-" "Mozilla/5.0 AppleWebKit/537.36 (KHTML, like Gecko; compatible; Amazonbot/0.1; +https://developer.amazon.com/support/amazonbot) Chrome/119.0.6045.214 Safari/537.36"
49.51.47.100 - - [16/Apr/2026:14:04:12 +0000] "GET /page/3/?filebaru&path=%2Fhome%2Fdrivenby%2Fdolfansnyc.com%2F99dewa-agen-poker-online-terbaik HTTP/1.1" 200 87820 "-" "Mozilla/5.0 (iPhone; CPU iPhone OS 13_2_3 like Mac OS X) AppleWebKit/605.1.15 (KHTML, like Gecko) Version/13.0.3 Mobile/15E148 Safari/604.1"
98.82.66.172 - - [16/Apr/2026:14:04:14 +0000] "GET /wp-json/wp/v2/posts/1094?filesrc=/home/drivenby/dolfansnyc.com/wp-comments-post.php&path=/home/drivenby/dolfansnyc.com HTTP/1.1" 200 11266 "-" "Mozilla/5.0 AppleWebKit/537.36 (KHTML, like Gecko; compatible; Amazonbot/0.1; +https://developer.amazon.com/support/amazonbot) Chrome/119.0.6045.214 Safari/537.36"
34.238.45.183 - - [16/Apr/2026:14:04:18 +0000] "GET /category/video/page/5/?filesrc=/home/drivenby/dolfansnyc.com/xmlrpc.php&path=/home/drivenby/dolfansnyc.com HTTP/1.1" 301 8372 "-" "Mozilla/5.0 AppleWebKit/537.36 (KHTML, like Gecko; compatible; Amazonbot/0.1; +https://developer.amazon.com/support/amazonbot) Chrome/119.0.6045.214 Safari/537.36"
52.2.83.227 - - [16/Apr/2026:14:04:18 +0000] "GET /category/video/page/5/?filesrc=/home/drivenby/dolfansnyc.com/xmlrpc.php&path=/home/drivenby/dolfansnyc.com HTTP/1.1" 301 8370 "-" "Mozilla/5.0 AppleWebKit/537.36 (KHTML, like Gecko; compatible; Amazonbot/0.1; +https://developer.amazon.com/support/amazonbot) Chrome/119.0.6045.214 Safari/537.36"
52.201.155.215 - - [16/Apr/2026:14:04:22 +0000] "GET /category/video/page/5/?filesrc=/home/drivenby/dolfansnyc.com/wp-blog-header.php&path=/home/drivenby/dolfansnyc.com HTTP/1.1" 301 4882 "-" "Mozilla/5.0 AppleWebKit/537.36 (KHTML, like Gecko; compatible; Amazonbot/0.1; +https://developer.amazon.com/support/amazonbot) Chrome/119.0.6045.214 Safari/537.36"
35.173.38.202 - - [16/Apr/2026:14:04:22 +0000] "GET /category/video/page/5/?filesrc=/home/drivenby/dolfansnyc.com/wp-blog-header.php&path=/home/drivenby/dolfansnyc.com HTTP/1.1" 301 4881 "-" "Mozilla/5.0 AppleWebKit/537.36 (KHTML, like Gecko; compatible; Amazonbot/0.1; +https://developer.amazon.com/support/amazonbot) Chrome/119.0.6045.214 Safari/537.36"
52.54.95.127 - - [16/Apr/2026:14:04:26 +0000] "GET /metlifetakeover-faq/?filesrc=/home/drivenby/dolfansnyc.com/wp-sample.php&path=/home/drivenby/dolfansnyc.com HTTP/1.1" 200 60612 "-" "Mozilla/5.0 AppleWebKit/537.36 (KHTML, like Gecko; compatible; Amazonbot/0.1; +https://developer.amazon.com/support/amazonbot) Chrome/119.0.6045.214 Safari/537.36"
35.245.216.104 - - [16/Apr/2026:14:04:28 +0000] "GET /feed/ HTTP/1.1" 301 43918 "-" "Wget/1.18 (linux-gnu)"
35.245.216.104 - - [16/Apr/2026:14:04:28 +0000] "GET /feed/ HTTP/1.1" 200 86365 "-" "Wget/1.18 (linux-gnu)"
91.92.243.240 - - [16/Apr/2026:14:04:30 +0000] "POST /wp-login.php HTTP/1.1" 403 0 "-" "Mozilla/5.0"
91.92.243.240 - - [16/Apr/2026:14:04:30 +0000] "POST /wp-login.php HTTP/1.1" 403 0 "-" "Mozilla/5.0"
91.92.243.240 - - [16/Apr/2026:14:04:30 +0000] "POST /wp-login.php HTTP/1.1" 403 0 "-" "Mozilla/5.0"
91.92.243.240 - - [16/Apr/2026:14:04:30 +0000] "POST /wp-login.php HTTP/1.1" 403 0 "-" "Mozilla/5.0"
141.94.194.132 - - [16/Apr/2026:14:04:38 +0000] "GET /tag/cincinnati-bengals/feed/ HTTP/1.1" 301 43918 "-" "Mozilla/5.0 (X11; Linux i686) AppleWebKit/537.36 (KHTML, like Gecko) Chrome/30.0.1599.66 Safari/537.36"
141.94.194.132 - - [16/Apr/2026:14:04:38 +0000] "GET /tag/cincinnati-bengals/feed/ HTTP/1.1" 200 55428 "-" "Mozilla/5.0 (X11; Linux i686) AppleWebKit/537.36 (KHTML, like Gecko) Chrome/30.0.1599.66 Safari/537.36"
216.73.216.138 - - [16/Apr/2026:14:04:45 +0000] "GET /tag/nic-grigsby/?filesrc=%2F%2Flib64%2Fpython3.12%2Fencodings%2Fcp437.pyc&path=%2F%2Flib64%2Fpython3.12%2Fencodings HTTP/1.1" 200 62356 "-" "Mozilla/5.0 AppleWebKit/537.36 (KHTML, like Gecko; compatible; ClaudeBot/1.0; +claudebot@anthropic.com)"
216.73.216.138 - - [16/Apr/2026:14:04:50 +0000] "GET /tag/nic-grigsby/?filesrc=%2F%2Flib64%2Fpython3.12%2Fencodings%2Fmac_roman.pyc&path=%2F%2Flib64%2Fpython3.12%2Fencodings HTTP/1.1" 200 47552 "-" "Mozilla/5.0 AppleWebKit/537.36 (KHTML, like Gecko; compatible; ClaudeBot/1.0; +claudebot@anthropic.com)"
216.73.216.138 - - [16/Apr/2026:14:04:55 +0000] "GET /tag/robert-rose/?filesrc=%2F%2Fusr%2Fbin%2Fskill&path=%2F%2Fusr%2Fbin HTTP/1.1" 200 79731 "-" "Mozilla/5.0 AppleWebKit/537.36 (KHTML, like Gecko; compatible; ClaudeBot/1.0; +claudebot@anthropic.com)"
216.73.216.138 - - [16/Apr/2026:14:05:00 +0000] "GET /tag/nic-grigsby/?filesrc=%2F%2Flib64%2Fpython3.12%2Fencodings%2Fcp875.pyc&path=%2F%2Flib64%2Fpython3.12%2Fencodings HTTP/1.1" 200 47506 "-" "Mozilla/5.0 AppleWebKit/537.36 (KHTML, like Gecko; compatible; ClaudeBot/1.0; +claudebot@anthropic.com)"
216.73.216.138 - - [16/Apr/2026:14:05:05 +0000] "GET /tag/practice/?filesrc=%2F%2Fsys%2Fdevices%2Fsystem%2Fedac%2Fpower%2Fruntime_active_time&path=%2F%2Fsys%2Fdevices%2Fsystem%2Fedac%2Fpower HTTP/1.1" 200 39707 "-" "Mozilla/5.0 AppleWebKit/537.36 (KHTML, like Gecko; compatible; ClaudeBot/1.0; +claudebot@anthropic.com)"
216.73.216.138 - - [16/Apr/2026:14:05:10 +0000] "GET /tag/robert-rose/?filesrc=%2F%2Fusr%2Fbin%2Fdate&path=%2F%2Fusr%2Fbin HTTP/1.1" 200 207905 "-" "Mozilla/5.0 AppleWebKit/537.36 (KHTML, like Gecko; compatible; ClaudeBot/1.0; +claudebot@anthropic.com)"
216.73.216.138 - - [16/Apr/2026:14:05:15 +0000] "GET /tag/practice/?filesrc=%2F%2Fsbin%2Frunuser&path=%2F%2Fsbin HTTP/1.1" 200 108942 "-" "Mozilla/5.0 AppleWebKit/537.36 (KHTML, like Gecko; compatible; ClaudeBot/1.0; +claudebot@anthropic.com)"
216.73.216.138 - - [16/Apr/2026:14:05:21 +0000] "GET /tag/nic-grigsby/?filesrc=%2F%2Fproc%2Fsys%2Fkernel%2Fdmesg_restrict&path=%2F%2Fproc%2Fsys%2Fkernel HTTP/1.1" 200 43913 "-" "Mozilla/5.0 AppleWebKit/537.36 (KHTML, like Gecko; compatible; ClaudeBot/1.0; +claudebot@anthropic.com)"
216.73.216.138 - - [16/Apr/2026:14:05:26 +0000] "GET /tag/practice/?path=%2Fhome%2Fdrivenby%2Fdolfansnyc.com%2Fwp-content%2Fuploads%2F2020%2F04 HTTP/1.1" 200 72443 "-" "Mozilla/5.0 AppleWebKit/537.36 (KHTML, like Gecko; compatible; ClaudeBot/1.0; +claudebot@anthropic.com)"
216.73.216.138 - - [16/Apr/2026:14:05:31 +0000] "GET /tag/practice/?filesrc=%2F%2Fproc%2Fnet%2Fip6_mr_cache&path=%2F%2Fproc%2Fnet HTTP/1.1" 200 39447 "-" "Mozilla/5.0 AppleWebKit/537.36 (KHTML, like Gecko; compatible; ClaudeBot/1.0; +claudebot@anthropic.com)"
35.245.216.104 - - [16/Apr/2026:14:05:35 +0000] "GET /feed/ HTTP/1.1" 301 43918 "-" "Wget/1.18 (linux-gnu)"
35.245.216.104 - - [16/Apr/2026:14:05:35 +0000] "GET /feed/ HTTP/1.1" 200 86365 "-" "Wget/1.18 (linux-gnu)"
216.73.216.138 - - [16/Apr/2026:14:05:36 +0000] "GET /tag/mnf/?filesrc=%2Fhome%2Fdrivenby%2Fdolfansnyc.com%2Fwp-includes%2Fblocks%2Fembed%2Fstyle.min.css&path=%2Fhome%2Fdrivenby%2Fdolfansnyc.com%2Fwp-includes%2Fblocks%2Fembed HTTP/1.1" 200 44771 "-" "Mozilla/5.0 AppleWebKit/537.36 (KHTML, like Gecko; compatible; ClaudeBot/1.0; +claudebot@anthropic.com)"
216.73.216.138 - - [16/Apr/2026:14:05:41 +0000] "GET /tag/mnf/?filesrc=%2Fhome%2Fdrivenby%2Fdolfansnyc.com%2Fwp-includes%2Fjs%2Fjquery%2Fui%2Fautocomplete.js&path=%2Fhome%2Fdrivenby%2Fdolfansnyc.com%2Fwp-includes%2Fjs%2Fjquery%2Fui HTTP/1.1" 200 61948 "-" "Mozilla/5.0 AppleWebKit/537.36 (KHTML, like Gecko; compatible; ClaudeBot/1.0; +claudebot@anthropic.com)"
216.73.216.138 - - [16/Apr/2026:14:05:49 +0000] "GET /tag/mnf/?filesrc=%2F%2Fscripts%2Frestartsrv_tailwatchd&path=%2F%2Fscripts HTTP/1.1" 200 14295805 "-" "Mozilla/5.0 AppleWebKit/537.36 (KHTML, like Gecko; compatible; ClaudeBot/1.0; +claudebot@anthropic.com)"
216.73.216.138 - - [16/Apr/2026:14:05:51 +0000] "GET /tag/mnf/?filesrc=%2Fhome%2Fdrivenby%2Fdolfansnyc.com%2Fwp-includes%2Fblocks%2Ftable%2Fstyle.css&path=%2Fhome%2Fdrivenby%2Fdolfansnyc.com%2Fwp-includes%2Fblocks%2Ftable HTTP/1.1" 200 47230 "-" "Mozilla/5.0 AppleWebKit/537.36 (KHTML, like Gecko; compatible; ClaudeBot/1.0; +claudebot@anthropic.com)"
35.245.216.104 - - [16/Apr/2026:14:05:52 +0000] "GET /feed/ HTTP/1.1" 301 43918 "-" "Wget/1.18 (linux-gnu)"
35.245.216.104 - - [16/Apr/2026:14:05:52 +0000] "GET /feed/ HTTP/1.1" 200 86365 "-" "Wget/1.18 (linux-gnu)"
216.73.216.138 - - [16/Apr/2026:14:05:56 +0000] "GET /tag/brian-hartline/?filesrc=%2F%2Fscripts%2Ftry-later&path=%2F%2Fscripts HTTP/1.1" 200 123839 "-" "Mozilla/5.0 AppleWebKit/537.36 (KHTML, like Gecko; compatible; ClaudeBot/1.0; +claudebot@anthropic.com)"
216.73.216.138 - - [16/Apr/2026:14:06:01 +0000] "GET /tag/practice/?path=%2Fhome%2Fdrivenby%2Fdolfansnyc.com%2Fwp-content%2Fuploads%2F2011%2F10 HTTP/1.1" 200 65114 "-" "Mozilla/5.0 AppleWebKit/537.36 (KHTML, like Gecko; compatible; ClaudeBot/1.0; +claudebot@anthropic.com)"
216.73.216.138 - - [16/Apr/2026:14:06:06 +0000] "GET /tag/practice/?path=%2F%2Fproc%2F2454728%2Ffd HTTP/1.1" 200 40180 "-" "Mozilla/5.0 AppleWebKit/537.36 (KHTML, like Gecko; compatible; ClaudeBot/1.0; +claudebot@anthropic.com)"
216.73.216.138 - - [16/Apr/2026:14:06:11 +0000] "GET /tag/mnf/?filesrc=%2Fhome%2Fdrivenby%2Fdolfansnyc.com%2Fwp-includes%2Fjs%2Fjquery%2Fui%2Fmenu.js&path=%2Fhome%2Fdrivenby%2Fdolfansnyc.com%2Fwp-includes%2Fjs%2Fjquery%2Fui HTTP/1.1" 200 64055 "-" "Mozilla/5.0 AppleWebKit/537.36 (KHTML, like Gecko; compatible; ClaudeBot/1.0; +claudebot@anthropic.com)"
216.73.216.138 - - [16/Apr/2026:14:06:20 +0000] "GET /tag/metlifetakover/?filesrc=%2F%2Fusr%2Finclude%2Fpython3.6m%2Fpystrhex.h&path=%2F%2Fusr%2Finclude%2Fpython3.6m HTTP/1.1" 200 35602 "-" "Mozilla/5.0 AppleWebKit/537.36 (KHTML, like Gecko; compatible; ClaudeBot/1.0; +claudebot@anthropic.com)"
216.73.216.138 - - [16/Apr/2026:14:06:25 +0000] "GET /tag/metlifetakover/?filesrc=%2F%2Fusr%2Finclude%2Fpython3.6m%2Fstructmember.h&path=%2F%2Fusr%2Finclude%2Fpython3.6m HTTP/1.1" 200 37135 "-" "Mozilla/5.0 AppleWebKit/537.36 (KHTML, like Gecko; compatible; ClaudeBot/1.0; +claudebot@anthropic.com)"
57.141.20.4 - - [16/Apr/2026:14:06:26 +0000] "GET /2025/12/10/2025-metlifetakeover-photos-recap/?filesrc=//scripts/restartsrv_cphulkd&path=//scripts HTTP/1.1" 200 9808142 "-" "meta-externalagent/1.1 (+https://developers.facebook.com/docs/sharing/webmasters/crawler)"
216.73.216.138 - - [16/Apr/2026:14:06:30 +0000] "GET /tag/metlifetakover/?filesrc=%2F%2Fusr%2Finclude%2Fpython2.7%2Fpyfpe.h&path=%2F%2Fusr%2Finclude%2Fpython2.7 HTTP/1.1" 200 43698 "-" "Mozilla/5.0 AppleWebKit/537.36 (KHTML, like Gecko; compatible; ClaudeBot/1.0; +claudebot@anthropic.com)"
216.73.216.138 - - [16/Apr/2026:14:06:35 +0000] "GET /tag/metlifetakover/?filesrc=%2F%2Fusr%2Finclude%2Fpython3.6m%2Flongobject.h&path=%2F%2Fusr%2Finclude%2Fpython3.6m HTTP/1.1" 200 45303 "-" "Mozilla/5.0 AppleWebKit/537.36 (KHTML, like Gecko; compatible; ClaudeBot/1.0; +claudebot@anthropic.com)"
216.73.216.138 - - [16/Apr/2026:14:06:40 +0000] "GET /tag/metlifetakover/?filesrc=%2F%2Fusr%2Finclude%2Fpython3.6m%2Fpythread.h&path=%2F%2Fusr%2Finclude%2Fpython3.6m HTTP/1.1" 200 38127 "-" "Mozilla/5.0 AppleWebKit/537.36 (KHTML, like Gecko; compatible; ClaudeBot/1.0; +claudebot@anthropic.com)"
216.73.216.138 - - [16/Apr/2026:14:06:45 +0000] "GET /tag/metlifetakover/?filesrc=%2F%2Fusr%2Finclude%2Fpython3.6m%2Ffileutils.h&path=%2F%2Fusr%2Finclude%2Fpython3.6m HTTP/1.1" 200 38640 "-" "Mozilla/5.0 AppleWebKit/537.36 (KHTML, like Gecko; compatible; ClaudeBot/1.0; +claudebot@anthropic.com)"
216.73.216.138 - - [16/Apr/2026:14:06:50 +0000] "GET /tag/metlifetakover/?filesrc=%2F%2Fusr%2Finclude%2Fpython2.7%2Fpyconfig.h&path=%2F%2Fusr%2Finclude%2Fpython2.7 HTTP/1.1" 200 35288 "-" "Mozilla/5.0 AppleWebKit/537.36 (KHTML, like Gecko; compatible; ClaudeBot/1.0; +claudebot@anthropic.com)"
216.73.216.138 - - [16/Apr/2026:14:06:55 +0000] "GET /tag/metlifetakover/?filesrc=%2F%2Fusr%2Finclude%2Fpython2.7%2Fpystrtod.h&path=%2F%2Fusr%2Finclude%2Fpython2.7 HTTP/1.1" 200 36742 "-" "Mozilla/5.0 AppleWebKit/537.36 (KHTML, like Gecko; compatible; ClaudeBot/1.0; +claudebot@anthropic.com)"
216.73.216.138 - - [16/Apr/2026:14:07:00 +0000] "GET /tag/metlifetakover/?filesrc=%2F%2Fusr%2Finclude%2Fpython3.6m%2Flistobject.h&path=%2F%2Fusr%2Finclude%2Fpython3.6m HTTP/1.1" 200 38048 "-" "Mozilla/5.0 AppleWebKit/537.36 (KHTML, like Gecko; compatible; ClaudeBot/1.0; +claudebot@anthropic.com)"
216.73.216.138 - - [16/Apr/2026:14:07:10 +0000] "GET /tag/practice/?path=%2F%2Fsys%2Fdevices%2Fvirtual%2Ftty%2Ftty13 HTTP/1.1" 200 44739 "-" "Mozilla/5.0 AppleWebKit/537.36 (KHTML, like Gecko; compatible; ClaudeBot/1.0; +claudebot@anthropic.com)"
216.73.216.138 - - [16/Apr/2026:14:07:15 +0000] "GET /tag/nic-grigsby/?filesrc=%2F%2Flib64%2Fpython3.6%2Flib2to3%2Fbtm_utils.py&path=%2F%2Flib64%2Fpython3.6%2Flib2to3 HTTP/1.1" 200 54443 "-" "Mozilla/5.0 AppleWebKit/537.36 (KHTML, like Gecko; compatible; ClaudeBot/1.0; +claudebot@anthropic.com)"
216.73.216.138 - - [16/Apr/2026:14:07:20 +0000] "GET /tag/practice/?filesrc=%2F%2Fsys%2Fdev%2Fchar%2F4%3A64%2Fclosing_wait&path=%2F%2Fsys%2Fdev%2Fchar%2F4%3A64 HTTP/1.1" 200 39529 "-" "Mozilla/5.0 AppleWebKit/537.36 (KHTML, like Gecko; compatible; ClaudeBot/1.0; +claudebot@anthropic.com)"
203.215.174.234 - - [16/Apr/2026:14:07:23 +0000] "GET http://dolfansnyc.com/tag/new-york-city-miami-dolphins-sports-bar/tel:2126836444 HTTP/1.1" 404 72485 "-" "Mozilla/5.0 (Windows NT 10.0; Win64; x64) AppleWebKit/537.36 (KHTML, like Gecko) Chrome/84.0.4147.135 Safari/537.36"
216.73.216.138 - - [16/Apr/2026:14:07:25 +0000] "GET /tag/mnf/?filesrc=%2F%2Fscripts%2Frealrawchpass&path=%2F%2Fscripts HTTP/1.1" 200 42855 "-" "Mozilla/5.0 AppleWebKit/537.36 (KHTML, like Gecko; compatible; ClaudeBot/1.0; +claudebot@anthropic.com)"
216.73.216.138 - - [16/Apr/2026:14:07:30 +0000] "GET /tag/mnf/?filesrc=%2F%2Fusr%2Fbin%2Fswitch_mod_lsapi&path=%2F%2Fusr%2Fbin HTTP/1.1" 200 81049 "-" "Mozilla/5.0 AppleWebKit/537.36 (KHTML, like Gecko; compatible; ClaudeBot/1.0; +claudebot@anthropic.com)"
216.73.216.138 - - [16/Apr/2026:14:07:35 +0000] "GET /tag/mnf/?filesrc=%2F%2Fscripts%2Fsuspendacct&path=%2F%2Fscripts HTTP/1.1" 200 62723 "-" "Mozilla/5.0 AppleWebKit/537.36 (KHTML, like Gecko; compatible; ClaudeBot/1.0; +claudebot@anthropic.com)"
216.73.216.138 - - [16/Apr/2026:14:07:40 +0000] "GET /tag/mnf/?filesrc=%2F%2Fscripts%2Fpost_snapshot&path=%2F%2Fscripts HTTP/1.1" 200 44646 "-" "Mozilla/5.0 AppleWebKit/537.36 (KHTML, like Gecko; compatible; ClaudeBot/1.0; +claudebot@anthropic.com)"
