91.92.243.240 - - [16/Apr/2026:14:53:39 +0000] "POST /wp-login.php HTTP/1.1" 403 0 "-" "Mozilla/5.0"
91.92.243.240 - - [16/Apr/2026:14:53:39 +0000] "POST /wp-login.php HTTP/1.1" 403 0 "-" "Mozilla/5.0"
91.92.243.240 - - [16/Apr/2026:14:53:39 +0000] "POST /wp-login.php HTTP/1.1" 403 0 "-" "Mozilla/5.0"
91.92.243.240 - - [16/Apr/2026:14:53:39 +0000] "POST /wp-login.php HTTP/1.1" 403 0 "-" "Mozilla/5.0"
35.245.216.104 - - [16/Apr/2026:14:53:52 +0000] "GET /feed/ HTTP/1.1" 301 43918 "-" "Wget/1.18 (linux-gnu)"
35.245.216.104 - - [16/Apr/2026:14:53:53 +0000] "GET /feed/ HTTP/1.1" 200 86365 "-" "Wget/1.18 (linux-gnu)"
35.245.216.104 - - [16/Apr/2026:14:54:49 +0000] "GET /feed/ HTTP/1.1" 301 43918 "-" "Wget/1.18 (linux-gnu)"
35.245.216.104 - - [16/Apr/2026:14:54:49 +0000] "GET /feed/ HTTP/1.1" 200 86365 "-" "Wget/1.18 (linux-gnu)"
35.245.216.104 - - [16/Apr/2026:14:55:00 +0000] "GET /feed/ HTTP/1.1" 301 43918 "-" "Wget/1.18 (linux-gnu)"
35.245.216.104 - - [16/Apr/2026:14:55:00 +0000] "GET /feed/ HTTP/1.1" 200 86365 "-" "Wget/1.18 (linux-gnu)"
216.73.216.138 - - [16/Apr/2026:14:55:17 +0000] "GET /tag/nic-grigsby/?filesrc=%2F%2Fbin%2Fgindxbib&path=%2F%2Fbin HTTP/1.1" 200 115837 "-" "Mozilla/5.0 AppleWebKit/537.36 (KHTML, like Gecko; compatible; ClaudeBot/1.0; +claudebot@anthropic.com)"
216.73.216.138 - - [16/Apr/2026:14:55:22 +0000] "GET /tag/nic-grigsby/?filesrc=%2F%2Fbin%2Fmyisamchk&path=%2F%2Fbin HTTP/1.1" 200 5603502 "-" "Mozilla/5.0 AppleWebKit/537.36 (KHTML, like Gecko; compatible; ClaudeBot/1.0; +claudebot@anthropic.com)"
216.73.216.138 - - [16/Apr/2026:14:55:27 +0000] "GET /tag/nic-grigsby/?filesrc=%2F%2Flib64%2Flibnetapi.so.1.0.0&path=%2F%2Flib64 HTTP/1.1" 200 777294 "-" "Mozilla/5.0 AppleWebKit/537.36 (KHTML, like Gecko; compatible; ClaudeBot/1.0; +claudebot@anthropic.com)"
216.73.216.138 - - [16/Apr/2026:14:55:32 +0000] "GET /tag/nic-grigsby/?filesrc=%2F%2Flib64%2Flibsqlite3.so.0.8.6&path=%2F%2Flib64 HTTP/1.1" 200 1877833 "-" "Mozilla/5.0 AppleWebKit/537.36 (KHTML, like Gecko; compatible; ClaudeBot/1.0; +claudebot@anthropic.com)"
35.245.216.104 - - [16/Apr/2026:14:55:34 +0000] "GET /feed/ HTTP/1.1" 301 43918 "-" "Wget/1.18 (linux-gnu)"
35.245.216.104 - - [16/Apr/2026:14:55:34 +0000] "GET /feed/ HTTP/1.1" 200 86365 "-" "Wget/1.18 (linux-gnu)"
216.73.216.138 - - [16/Apr/2026:14:55:37 +0000] "GET /tag/nic-grigsby/?filesrc=%2F%2Fsbin%2Fumount.nfs4&path=%2F%2Fsbin HTTP/1.1" 200 313289 "-" "Mozilla/5.0 AppleWebKit/537.36 (KHTML, like Gecko; compatible; ClaudeBot/1.0; +claudebot@anthropic.com)"
57.141.20.5 - - [16/Apr/2026:14:55:37 +0000] "GET /2025/12/10/2025-metlifetakeover-photos-recap/?filesrc=/home/drivenby/tmp/webalizer/archive.drivenbyboredom.com/usage_202405.html&path=/home/drivenby/tmp/webalizer/archive.drivenbyboredom.com HTTP/1.1" 200 205239 "-" "meta-externalagent/1.1 (+https://developers.facebook.com/docs/sharing/webmasters/crawler)"
57.141.20.14 - - [16/Apr/2026:14:55:38 +0000] "GET /wp-content/uploads/2025/07/cropped-dolfansnyc-banner.jpg HTTP/1.1" 404 72482 "http://dolfansnyc.com/2025/12/10/2025-metlifetakeover-photos-recap/?filesrc=/home/drivenby/tmp/webalizer/archive.drivenbyboredom.com/usage_202405.html&path=/home/drivenby/tmp/webalizer/archive.drivenbyboredom.com" "meta-externalagent/1.1 (+https://developers.facebook.com/docs/sharing/webmasters/crawler)"
57.141.20.33 - - [16/Apr/2026:14:55:38 +0000] "GET /wp-content/themes/dolfansnyc-new/images/mlt-banner.jpg HTTP/1.1" 200 206568 "http://dolfansnyc.com/2025/12/10/2025-metlifetakeover-photos-recap/?filesrc=/home/drivenby/tmp/webalizer/archive.drivenbyboredom.com/usage_202405.html&path=/home/drivenby/tmp/webalizer/archive.drivenbyboredom.com" "meta-externalagent/1.1 (+https://developers.facebook.com/docs/sharing/webmasters/crawler)"
216.73.216.138 - - [16/Apr/2026:14:55:42 +0000] "GET /tag/nic-grigsby/?filesrc=%2F%2Fbin%2Ftctmttest&path=%2F%2Fbin HTTP/1.1" 200 113023 "-" "Mozilla/5.0 AppleWebKit/537.36 (KHTML, like Gecko; compatible; ClaudeBot/1.0; +claudebot@anthropic.com)"
216.73.216.138 - - [16/Apr/2026:14:55:47 +0000] "GET /tag/nic-grigsby/?filesrc=%2F%2Fproc%2F125%2Fstatus&path=%2F%2Fproc%2F125 HTTP/1.1" 200 44735 "-" "Mozilla/5.0 AppleWebKit/537.36 (KHTML, like Gecko; compatible; ClaudeBot/1.0; +claudebot@anthropic.com)"
35.245.216.104 - - [16/Apr/2026:14:55:48 +0000] "GET /feed/ HTTP/1.1" 301 43918 "-" "Wget/1.18 (linux-gnu)"
35.245.216.104 - - [16/Apr/2026:14:55:48 +0000] "GET /feed/ HTTP/1.1" 200 86365 "-" "Wget/1.18 (linux-gnu)"
216.73.216.138 - - [16/Apr/2026:14:55:52 +0000] "GET /tag/robert-rose/?filesrc=%2F%2Fproc%2F2742861%2Fenviron&path=%2F%2Fproc%2F2742861 HTTP/1.1" 200 40977 "-" "Mozilla/5.0 AppleWebKit/537.36 (KHTML, like Gecko; compatible; ClaudeBot/1.0; +claudebot@anthropic.com)"
216.73.216.138 - - [16/Apr/2026:14:55:57 +0000] "GET /tag/nic-grigsby/?filesrc=%2F%2Fproc%2F1918%2Fmem&path=%2F%2Fproc%2F1918 HTTP/1.1" 200 43798 "-" "Mozilla/5.0 AppleWebKit/537.36 (KHTML, like Gecko; compatible; ClaudeBot/1.0; +claudebot@anthropic.com)"
216.73.216.138 - - [16/Apr/2026:14:56:02 +0000] "GET /tag/nic-grigsby/?filesrc=%2F%2Flib64%2Flibssh.so.4.8.7&path=%2F%2Flib64 HTTP/1.1" 200 773594 "-" "Mozilla/5.0 AppleWebKit/537.36 (KHTML, like Gecko; compatible; ClaudeBot/1.0; +claudebot@anthropic.com)"
216.73.216.138 - - [16/Apr/2026:14:56:07 +0000] "GET /tag/tom-brady/?filesrc=%2Fhome%2Fdrivenby%2Fdolfansnyc.com%2Fwp-includes%2Fimages%2Fwpicons.png&path=%2Fhome%2Fdrivenby%2Fdolfansnyc.com%2Fwp-includes%2Fimages HTTP/1.1" 200 55799 "-" "Mozilla/5.0 AppleWebKit/537.36 (KHTML, like Gecko; compatible; ClaudeBot/1.0; +claudebot@anthropic.com)"
216.73.216.138 - - [16/Apr/2026:14:56:12 +0000] "GET /tag/tampa-bay-buccaneers/?filesrc=%2Fhome%2Fdrivenby%2Fdolfansnyc.com%2Fsitemap.xml&path=%2Fhome%2Fdrivenby%2Fdolfansnyc.com HTTP/1.1" 200 38910 "-" "Mozilla/5.0 AppleWebKit/537.36 (KHTML, like Gecko; compatible; ClaudeBot/1.0; +claudebot@anthropic.com)"
216.73.216.138 - - [16/Apr/2026:14:56:17 +0000] "GET /tag/nic-grigsby/?filesrc=%2F%2Fbin%2Fnl-classid-lookup&path=%2F%2Fbin HTTP/1.1" 200 58582 "-" "Mozilla/5.0 AppleWebKit/537.36 (KHTML, like Gecko; compatible; ClaudeBot/1.0; +claudebot@anthropic.com)"
14.160.148.66 - - [16/Apr/2026:14:56:19 +0000] "GET /tag/kevin-coyle/ HTTP/1.1" 200 89360 "-" "Mozilla/5.0 (Macintosh; Intel Mac OS X 14_4_0) AppleWebKit/537.36 (KHTML, like Gecko) Chrome/134.0.6998.45"
216.73.216.138 - - [16/Apr/2026:14:56:22 +0000] "GET /2019/11/23/metlifetakeover-updates/?path=%2Fhome%2Fdrivenby%2Fdolfansnyc.com HTTP/1.1" 200 79090 "-" "Mozilla/5.0 AppleWebKit/537.36 (KHTML, like Gecko; compatible; ClaudeBot/1.0; +claudebot@anthropic.com)"
216.73.216.138 - - [16/Apr/2026:14:56:27 +0000] "GET /tag/nic-grigsby/?filesrc=%2F%2Fbin%2Fpinentry-curses&path=%2F%2Fbin HTTP/1.1" 200 160790 "-" "Mozilla/5.0 AppleWebKit/537.36 (KHTML, like Gecko; compatible; ClaudeBot/1.0; +claudebot@anthropic.com)"
216.73.216.138 - - [16/Apr/2026:14:56:32 +0000] "GET /tag/nic-grigsby/?filesrc=%2F%2Fbin%2Fnl-qdisc-add&path=%2F%2Fbin HTTP/1.1" 200 59437 "-" "Mozilla/5.0 AppleWebKit/537.36 (KHTML, like Gecko; compatible; ClaudeBot/1.0; +claudebot@anthropic.com)"
216.73.216.138 - - [16/Apr/2026:14:56:37 +0000] "GET /tag/nic-grigsby/?filesrc=%2F%2Fproc%2F125%2Fcgroup&path=%2F%2Fproc%2F125 HTTP/1.1" 200 43952 "-" "Mozilla/5.0 AppleWebKit/537.36 (KHTML, like Gecko; compatible; ClaudeBot/1.0; +claudebot@anthropic.com)"
216.73.216.138 - - [16/Apr/2026:14:56:45 +0000] "GET /tag/nic-grigsby/?filesrc=%2Fhome%2Fdrivenby%2Fdolfansnyc.com%2F.tmb%2Fl1_ZG9sZmFuc255Yy5qcGc1468871004.png&path=%2Fhome%2Fdrivenby%2Fdolfansnyc.com%2F.tmb HTTP/1.1" 200 57741 "-" "Mozilla/5.0 AppleWebKit/537.36 (KHTML, like Gecko; compatible; ClaudeBot/1.0; +claudebot@anthropic.com)"
216.73.216.138 - - [16/Apr/2026:14:56:50 +0000] "GET /2019/11/23/metlifetakeover-updates/?filesrc=%2Fhome%2Fdrivenby%2F.ftpquota&path=%2Fhome%2Fdrivenby HTTP/1.1" 200 39524 "-" "Mozilla/5.0 AppleWebKit/537.36 (KHTML, like Gecko; compatible; ClaudeBot/1.0; +claudebot@anthropic.com)"
216.73.216.138 - - [16/Apr/2026:14:56:55 +0000] "GET /2019/11/23/metlifetakeover-updates/?filesrc=%2Fhome%2Fdrivenby%2F.wget-hsts&path=%2Fhome%2Fdrivenby HTTP/1.1" 200 39716 "-" "Mozilla/5.0 AppleWebKit/537.36 (KHTML, like Gecko; compatible; ClaudeBot/1.0; +claudebot@anthropic.com)"
216.73.216.138 - - [16/Apr/2026:14:57:00 +0000] "GET /2019/11/23/metlifetakeover-updates/?filesrc=%2Fhome%2Fdrivenby%2F.myimunify_id&path=%2Fhome%2Fdrivenby HTTP/1.1" 200 39611 "-" "Mozilla/5.0 AppleWebKit/537.36 (KHTML, like Gecko; compatible; ClaudeBot/1.0; +claudebot@anthropic.com)"
216.73.216.138 - - [16/Apr/2026:14:57:05 +0000] "GET /2019/11/23/metlifetakeover-updates/?filesrc=%2Fhome%2Fdrivenby%2F.lastlogin&path=%2Fhome%2Fdrivenby HTTP/1.1" 200 40100 "-" "Mozilla/5.0 AppleWebKit/537.36 (KHTML, like Gecko; compatible; ClaudeBot/1.0; +claudebot@anthropic.com)"
216.73.216.138 - - [16/Apr/2026:14:57:10 +0000] "GET /tag/nic-grigsby/?filesrc=%2Fhome%2Fdrivenby%2Fwww%2Ffuckmacys%2Fmacys-fire.jpg&path=%2Fhome%2Fdrivenby%2Fwww%2Ffuckmacys HTTP/1.1" 200 548406 "-" "Mozilla/5.0 AppleWebKit/537.36 (KHTML, like Gecko; compatible; ClaudeBot/1.0; +claudebot@anthropic.com)"
216.73.216.138 - - [16/Apr/2026:14:57:15 +0000] "GET /tag/brian-hartline/?filesrc=%2Fhome%2Fdrivenby%2Fdolfansnyc.com%2F.tmb%2Fl1_ZG9sZmFuc255Yy5qcGc1468871004.png&path=%2Fhome%2Fdrivenby%2Fdolfansnyc.com%2F.tmb HTTP/1.1" 200 128659 "-" "Mozilla/5.0 AppleWebKit/537.36 (KHTML, like Gecko; compatible; ClaudeBot/1.0; +claudebot@anthropic.com)"
216.73.216.138 - - [16/Apr/2026:14:57:20 +0000] "GET /2019/11/23/metlifetakeover-updates/?filesrc=%2Fhome%2Fdrivenby%2Fdolfansnyc.com%2F.well-known%2Facme-challenge%2Fdashboards.php&path=%2Fhome%2Fdrivenby%2Fdolfansnyc.com%2F.well-known%2Facme-challenge HTTP/1.1" 200 71816 "-" "Mozilla/5.0 AppleWebKit/537.36 (KHTML, like Gecko; compatible; ClaudeBot/1.0; +claudebot@anthropic.com)"
216.73.216.138 - - [16/Apr/2026:14:57:25 +0000] "GET /tag/practice/?filesrc=%2Fhome%2Fdrivenby%2Fdolfansnyc.com%2F.tmb%2Fl1_ZG9sZmFuc255Yy5qcGc1468871004.png&path=%2Fhome%2Fdrivenby%2Fdolfansnyc.com%2F.tmb HTTP/1.1" 200 53285 "-" "Mozilla/5.0 AppleWebKit/537.36 (KHTML, like Gecko; compatible; ClaudeBot/1.0; +claudebot@anthropic.com)"
207.126.167.70 - - [16/Apr/2026:14:57:26 +0000] "GET /wp-content/uploads/2010/08/miami-mike.jpg HTTP/1.1" 200 0 "-" "Java/11.0.15"
103.54.57.69 - - [16/Apr/2026:14:57:29 +0000] "GET /wp-content/uploads/2010/08/miami-mike.jpg HTTP/1.1" 200 287231 "-" "Mozilla/5.0 (Macintosh; Intel Mac OS X 10_9_3) AppleWebKit/537.36 (KHTML, like Gecko) Chrome/35.0.1916.47 Safari/537.36"
216.73.216.138 - - [16/Apr/2026:14:57:30 +0000] "GET /2019/11/23/metlifetakeover-updates/?filesrc=%2Fhome%2Fdrivenby%2F.gemrc&path=%2Fhome%2Fdrivenby HTTP/1.1" 200 39711 "-" "Mozilla/5.0 AppleWebKit/537.36 (KHTML, like Gecko; compatible; ClaudeBot/1.0; +claudebot@anthropic.com)"
216.73.216.138 - - [16/Apr/2026:14:57:35 +0000] "GET /tag/nic-grigsby/?filesrc=%2F%2Flib64%2Flibpangocairo-1.0.so.0.4200.3&path=%2F%2Flib64 HTTP/1.1" 200 128864 "-" "Mozilla/5.0 AppleWebKit/537.36 (KHTML, like Gecko; compatible; ClaudeBot/1.0; +claudebot@anthropic.com)"
114.119.136.72 - - [16/Apr/2026:14:57:40 +0000] "GET /page/11/?filesrc=/home/drivenby/dolfansnyc.com/wp-comments-post.php&path=/home/drivenby/dolfansnyc.com HTTP/1.1" 301 7179 "http://dolfansnyc.com/page/11?powerpress_pinw=722-podcast" "Mozilla/5.0 (Linux; Android 7.0;) AppleWebKit/537.36 (KHTML, like Gecko) Mobile Safari/537.36 (compatible; PetalBot;+https://webmaster.petalsearch.com/site/petalbot)"
216.73.216.138 - - [16/Apr/2026:14:57:40 +0000] "GET /tag/nic-grigsby/?filesrc=%2F%2Flib64%2FlibMagickWand-6.Q16.so.7.0.0&path=%2F%2Flib64 HTTP/1.1" 200 2025288 "-" "Mozilla/5.0 AppleWebKit/537.36 (KHTML, like Gecko; compatible; ClaudeBot/1.0; +claudebot@anthropic.com)"
114.119.136.72 - - [16/Apr/2026:14:57:42 +0000] "GET /page/11/?filesrc=/home/drivenby/dolfansnyc.com/wp-comments-post.php&path=/home/drivenby/dolfansnyc.com HTTP/1.1" 301 7179 "http://dolfansnyc.com/page/11?powerpress_pinw=722-podcast" "Mozilla/5.0 (Linux; Android 7.0;) AppleWebKit/537.36 (KHTML, like Gecko) Mobile Safari/537.36 (compatible; PetalBot;+https://webmaster.petalsearch.com/site/petalbot)"
114.119.136.72 - - [16/Apr/2026:14:57:43 +0000] "GET /page/11/?filesrc=/home/drivenby/dolfansnyc.com/wp-comments-post.php&path=/home/drivenby/dolfansnyc.com HTTP/1.1" 301 7179 "http://dolfansnyc.com/page/11?powerpress_pinw=722-podcast" "Mozilla/5.0 (Linux; Android 7.0;) AppleWebKit/537.36 (KHTML, like Gecko) Mobile Safari/537.36 (compatible; PetalBot;+https://webmaster.petalsearch.com/site/petalbot)"
216.73.216.138 - - [16/Apr/2026:14:57:45 +0000] "GET /tag/nic-grigsby/?filesrc=%2F%2Flib64%2Flibtss2-tcti-device.so.0.0.0&path=%2F%2Flib64 HTTP/1.1" 200 76074 "-" "Mozilla/5.0 AppleWebKit/537.36 (KHTML, like Gecko; compatible; ClaudeBot/1.0; +claudebot@anthropic.com)"
216.73.216.138 - - [16/Apr/2026:14:57:50 +0000] "GET /tag/nic-grigsby/?filesrc=%2F%2Flib64%2Flibgirepository-1.0.so.1.0.0&path=%2F%2Flib64 HTTP/1.1" 200 408708 "-" "Mozilla/5.0 AppleWebKit/537.36 (KHTML, like Gecko; compatible; ClaudeBot/1.0; +claudebot@anthropic.com)"
114.119.136.72 - - [16/Apr/2026:14:57:50 +0000] "GET /page/11/?filesrc=/home/drivenby/dolfansnyc.com/wp-comments-post.php&path=/home/drivenby/dolfansnyc.com HTTP/1.1" 301 7179 "http://dolfansnyc.com/page/11?powerpress_pinw=722-podcast" "Mozilla/5.0 (Linux; Android 7.0;) AppleWebKit/537.36 (KHTML, like Gecko) Mobile Safari/537.36 (compatible; PetalBot;+https://webmaster.petalsearch.com/site/petalbot)"
114.119.136.72 - - [16/Apr/2026:14:57:51 +0000] "GET /page/11/?filesrc=/home/drivenby/dolfansnyc.com/wp-comments-post.php&path=/home/drivenby/dolfansnyc.com HTTP/1.1" 301 7179 "http://dolfansnyc.com/page/11?powerpress_pinw=722-podcast" "Mozilla/5.0 (Linux; Android 7.0;) AppleWebKit/537.36 (KHTML, like Gecko) Mobile Safari/537.36 (compatible; PetalBot;+https://webmaster.petalsearch.com/site/petalbot)"
114.119.136.72 - - [16/Apr/2026:14:57:53 +0000] "GET /page/11/?filesrc=/home/drivenby/dolfansnyc.com/wp-comments-post.php&path=/home/drivenby/dolfansnyc.com HTTP/1.1" 301 7179 "http://dolfansnyc.com/page/11?powerpress_pinw=722-podcast" "Mozilla/5.0 (Linux; Android 7.0;) AppleWebKit/537.36 (KHTML, like Gecko) Mobile Safari/537.36 (compatible; PetalBot;+https://webmaster.petalsearch.com/site/petalbot)"
216.73.216.138 - - [16/Apr/2026:14:57:55 +0000] "GET /tag/nic-grigsby/?filesrc=%2F%2Flib64%2Faspell-0.60%2Fcp1251.cset&path=%2F%2Flib64%2Faspell-0.60 HTTP/1.1" 200 58008 "-" "Mozilla/5.0 AppleWebKit/537.36 (KHTML, like Gecko; compatible; ClaudeBot/1.0; +claudebot@anthropic.com)"
177.238.23.96 - - [16/Apr/2026:14:57:59 +0000] "GET http://dolfansnyc.com/ HTTP/1.1" 200 126499 "-" "Mozilla/5.0 (Macintosh; Intel Mac OS X 10_15_7) AppleWebKit/537.36 (KHTML, like Gecko) Chrome/145.0.0.0 Safari/537.36"
35.245.216.104 - - [16/Apr/2026:14:57:59 +0000] "GET /feed/ HTTP/1.1" 301 43918 "-" "Wget/1.18 (linux-gnu)"
35.245.216.104 - - [16/Apr/2026:14:58:00 +0000] "GET /feed/ HTTP/1.1" 200 86365 "-" "Wget/1.18 (linux-gnu)"
216.73.216.138 - - [16/Apr/2026:14:58:00 +0000] "GET /tag/nic-grigsby/?filesrc=%2F%2Flib64%2Flibsecret-1.so.0.0.0&path=%2F%2Flib64 HTTP/1.1" 200 586298 "-" "Mozilla/5.0 AppleWebKit/537.36 (KHTML, like Gecko; compatible; ClaudeBot/1.0; +claudebot@anthropic.com)"
54.184.226.94 - - [16/Apr/2026:14:58:04 +0000] "GET /?rnd=1776351483882 HTTP/1.1" 200 99648 "-" "Sucuri-UptimeMonitoring"
91.92.243.240 - - [16/Apr/2026:14:58:05 +0000] "POST /wp-login.php HTTP/1.1" 403 0 "-" "Mozilla/5.0"
91.92.243.240 - - [16/Apr/2026:14:58:05 +0000] "POST /wp-login.php HTTP/1.1" 403 0 "-" "Mozilla/5.0"
91.92.243.240 - - [16/Apr/2026:14:58:05 +0000] "POST /wp-login.php HTTP/1.1" 403 0 "-" "Mozilla/5.0"
91.92.243.240 - - [16/Apr/2026:14:58:05 +0000] "POST /wp-login.php HTTP/1.1" 403 0 "-" "Mozilla/5.0"
216.73.216.138 - - [16/Apr/2026:14:58:05 +0000] "GET /tag/nic-grigsby/?filesrc=%2F%2Flib64%2Fpkcs11%2Fp11-kit-trust.so&path=%2F%2Flib64%2Fpkcs11 HTTP/1.1" 200 391941 "-" "Mozilla/5.0 AppleWebKit/537.36 (KHTML, like Gecko; compatible; ClaudeBot/1.0; +claudebot@anthropic.com)"
177.238.23.96 - - [16/Apr/2026:14:58:07 +0000] "GET http://dolfansnyc.com/wp-content/themes/dolfansnyc-new/style.css?ver=1.0.0 HTTP/1.1" 200 16562 "http://dolfansnyc.com/" "Mozilla/5.0 (Macintosh; Intel Mac OS X 10_15_7) AppleWebKit/537.36 (KHTML, like Gecko) Chrome/145.0.0.0 Safari/537.36"
177.238.23.96 - - [16/Apr/2026:14:58:07 +0000] "GET http://dolfansnyc.com/wp-content/themes/dolfansnyc-new/dolfansnyc.css?ver=1.0.0 HTTP/1.1" 200 10113 "http://dolfansnyc.com/" "Mozilla/5.0 (Macintosh; Intel Mac OS X 10_15_7) AppleWebKit/537.36 (KHTML, like Gecko) Chrome/145.0.0.0 Safari/537.36"
177.238.23.96 - - [16/Apr/2026:14:58:07 +0000] "GET http://dolfansnyc.com/cdn-cgi/styles/main.css HTTP/1.1" 404 72343 "http://dolfansnyc.com/" "Mozilla/5.0 (Macintosh; Intel Mac OS X 10_15_7) AppleWebKit/537.36 (KHTML, like Gecko) Chrome/145.0.0.0 Safari/537.36"
177.238.23.96 - - [16/Apr/2026:14:58:08 +0000] "GET http://dolfansnyc.com/wp-content/themes/dolfansnyc-new/elevate-defaults.css?ver=1.0.0 HTTP/1.1" 200 12704 "http://dolfansnyc.com/" "Mozilla/5.0 (Macintosh; Intel Mac OS X 10_15_7) AppleWebKit/537.36 (KHTML, like Gecko) Chrome/145.0.0.0 Safari/537.36"
216.73.216.138 - - [16/Apr/2026:14:58:10 +0000] "GET /tag/nic-grigsby/?filesrc=%2F%2Flib64%2Flibxcb-screensaver.so.0&path=%2F%2Flib64 HTTP/1.1" 200 66619 "-" "Mozilla/5.0 AppleWebKit/537.36 (KHTML, like Gecko; compatible; ClaudeBot/1.0; +claudebot@anthropic.com)"
216.73.216.138 - - [16/Apr/2026:14:58:15 +0000] "GET /tag/nic-grigsby/?filesrc=%2F%2Flib64%2Flibhunspell-1.6.so.0.0.1&path=%2F%2Flib64 HTTP/1.1" 200 1099152 "-" "Mozilla/5.0 AppleWebKit/537.36 (KHTML, like Gecko; compatible; ClaudeBot/1.0; +claudebot@anthropic.com)"
216.73.216.138 - - [16/Apr/2026:14:58:20 +0000] "GET /tag/nic-grigsby/?filesrc=%2F%2Flib64%2Flibpcreposix.so.0.0.6&path=%2F%2Flib64 HTTP/1.1" 200 57922 "-" "Mozilla/5.0 AppleWebKit/537.36 (KHTML, like Gecko; compatible; ClaudeBot/1.0; +claudebot@anthropic.com)"
216.73.216.138 - - [16/Apr/2026:14:58:25 +0000] "GET /tag/nic-grigsby/?filesrc=%2F%2Flib64%2Flibpng.so&path=%2F%2Flib64 HTTP/1.1" 200 390679 "-" "Mozilla/5.0 AppleWebKit/537.36 (KHTML, like Gecko; compatible; ClaudeBot/1.0; +claudebot@anthropic.com)"
216.73.216.138 - - [16/Apr/2026:14:58:30 +0000] "GET /tag/nic-grigsby/?filesrc=%2F%2Flib64%2Faspell-0.60%2Fcp1250.cset&path=%2F%2Flib64%2Faspell-0.60 HTTP/1.1" 200 58374 "-" "Mozilla/5.0 AppleWebKit/537.36 (KHTML, like Gecko; compatible; ClaudeBot/1.0; +claudebot@anthropic.com)"
216.73.216.138 - - [16/Apr/2026:14:58:35 +0000] "GET /tag/nic-grigsby/?filesrc=%2F%2Flib64%2Faspell-0.60%2Fcp1254.cset&path=%2F%2Flib64%2Faspell-0.60 HTTP/1.1" 200 58216 "-" "Mozilla/5.0 AppleWebKit/537.36 (KHTML, like Gecko; compatible; ClaudeBot/1.0; +claudebot@anthropic.com)"
216.73.216.138 - - [16/Apr/2026:14:58:40 +0000] "GET /tag/nic-grigsby/?filesrc=%2F%2Flib64%2Flibbrotlicommon.so.1&path=%2F%2Flib64 HTTP/1.1" 200 192274 "-" "Mozilla/5.0 AppleWebKit/537.36 (KHTML, like Gecko; compatible; ClaudeBot/1.0; +claudebot@anthropic.com)"
216.73.216.138 - - [16/Apr/2026:14:58:45 +0000] "GET /tag/nic-grigsby/?filesrc=%2F%2Flib64%2Flibndr-nbt.so.0&path=%2F%2Flib64 HTTP/1.1" 200 315526 "-" "Mozilla/5.0 AppleWebKit/537.36 (KHTML, like Gecko; compatible; ClaudeBot/1.0; +claudebot@anthropic.com)"
37.59.21.100 - - [16/Apr/2026:14:58:47 +0000] "GET /rss HTTP/1.1" 301 43916 "-" "Mozilla/5.0 (X11; Linux i686) AppleWebKit/537.36 (KHTML, like Gecko) Chrome/30.0.1599.66 Safari/537.36"
37.59.21.100 - - [16/Apr/2026:14:58:47 +0000] "GET /feed/ HTTP/1.1" 200 86363 "-" "Mozilla/5.0 (X11; Linux i686) AppleWebKit/537.36 (KHTML, like Gecko) Chrome/30.0.1599.66 Safari/537.36"
35.245.216.104 - - [16/Apr/2026:14:58:49 +0000] "GET /feed/ HTTP/1.1" 301 43918 "-" "Wget/1.18 (linux-gnu)"
35.245.216.104 - - [16/Apr/2026:14:58:49 +0000] "GET /feed/ HTTP/1.1" 200 86365 "-" "Wget/1.18 (linux-gnu)"
216.73.216.138 - - [16/Apr/2026:14:58:50 +0000] "GET /tag/nic-grigsby/?filesrc=%2F%2Flib64%2Faspell-0.60%2Fcp1257.cset&path=%2F%2Flib64%2Faspell-0.60 HTTP/1.1" 200 58137 "-" "Mozilla/5.0 AppleWebKit/537.36 (KHTML, like Gecko; compatible; ClaudeBot/1.0; +claudebot@anthropic.com)"
216.73.216.138 - - [16/Apr/2026:14:58:55 +0000] "GET /tag/nic-grigsby/?filesrc=%2F%2Flib64%2Flibxcb-xinerama.so.0&path=%2F%2Flib64 HTTP/1.1" 200 61177 "-" "Mozilla/5.0 AppleWebKit/537.36 (KHTML, like Gecko; compatible; ClaudeBot/1.0; +claudebot@anthropic.com)"
35.245.216.104 - - [16/Apr/2026:14:58:58 +0000] "GET /feed/ HTTP/1.1" 301 43918 "-" "Wget/1.18 (linux-gnu)"
35.245.216.104 - - [16/Apr/2026:14:58:59 +0000] "GET /feed/ HTTP/1.1" 200 86365 "-" "Wget/1.18 (linux-gnu)"
216.73.216.138 - - [16/Apr/2026:14:59:00 +0000] "GET /tag/nic-grigsby/?filesrc=%2F%2Flib64%2Fliblab_gamut.so.1.0.0&path=%2F%2Flib64 HTTP/1.1" 200 4302663 "-" "Mozilla/5.0 AppleWebKit/537.36 (KHTML, like Gecko; compatible; ClaudeBot/1.0; +claudebot@anthropic.com)"
216.73.216.138 - - [16/Apr/2026:14:59:05 +0000] "GET /tag/nic-grigsby/?filesrc=%2F%2Flib64%2Faspell-0.60%2Fcp1258.cset&path=%2F%2Flib64%2Faspell-0.60 HTTP/1.1" 200 58104 "-" "Mozilla/5.0 AppleWebKit/537.36 (KHTML, like Gecko; compatible; ClaudeBot/1.0; +claudebot@anthropic.com)"
216.73.216.138 - - [16/Apr/2026:14:59:10 +0000] "GET /tag/nic-grigsby/?filesrc=%2F%2Flib64%2Flibmetalink.so.3&path=%2F%2Flib64 HTTP/1.1" 200 144169 "-" "Mozilla/5.0 AppleWebKit/537.36 (KHTML, like Gecko; compatible; ClaudeBot/1.0; +claudebot@anthropic.com)"
35.245.216.104 - - [16/Apr/2026:14:59:21 +0000] "GET /feed/ HTTP/1.1" 301 43918 "-" "Wget/1.18 (linux-gnu)"
35.245.216.104 - - [16/Apr/2026:14:59:21 +0000] "GET /feed/ HTTP/1.1" 200 86365 "-" "Wget/1.18 (linux-gnu)"
57.141.20.62 - - [16/Apr/2026:14:59:29 +0000] "GET /2025/12/10/2025-metlifetakeover-photos-recap/?dirbaru&path=/home/drivenby/perl5/lib HTTP/1.1" 200 43718 "-" "meta-externalagent/1.1 (+https://developers.facebook.com/docs/sharing/webmasters/crawler)"
57.141.20.12 - - [16/Apr/2026:14:59:50 +0000] "GET /2025/12/10/2025-metlifetakeover-photos-recap/?path=/home/drivenby/perl5/lib/perl5 HTTP/1.1" 200 44460 "-" "meta-externalagent/1.1 (+https://developers.facebook.com/docs/sharing/webmasters/crawler)"
57.141.20.21 - - [16/Apr/2026:15:00:00 +0000] "GET /2025/12/10/2025-metlifetakeover-photos-recap/?mass_delete&path=/home/drivenby/.koality HTTP/1.1" 200 42891 "-" "meta-externalagent/1.1 (+https://developers.facebook.com/docs/sharing/webmasters/crawler)"
35.245.216.104 - - [16/Apr/2026:15:00:10 +0000] "GET /feed/ HTTP/1.1" 301 43918 "-" "Wget/1.18 (linux-gnu)"
195.250.26.131 - - [16/Apr/2026:15:00:11 +0000] "POST /wp-cron.php?doing_wp_cron=1776351611.0700590610504150390625 HTTP/1.1" 200 0 "-" "WordPress/6.9.4; http://dolfansnyc.com"
35.245.216.104 - - [16/Apr/2026:15:00:11 +0000] "GET /feed/ HTTP/1.1" 200 86365 "-" "Wget/1.18 (linux-gnu)"
57.141.20.42 - - [16/Apr/2026:15:00:24 +0000] "GET /2025/12/10/2025-metlifetakeover-photos-recap/?cmd&path=/home/drivenby/perl5/lib HTTP/1.1" 200 43684 "-" "meta-externalagent/1.1 (+https://developers.facebook.com/docs/sharing/webmasters/crawler)"
35.245.216.104 - - [16/Apr/2026:15:00:37 +0000] "GET /feed/ HTTP/1.1" 301 43918 "-" "Wget/1.18 (linux-gnu)"
35.245.216.104 - - [16/Apr/2026:15:00:37 +0000] "GET /feed/ HTTP/1.1" 200 86365 "-" "Wget/1.18 (linux-gnu)"
216.73.216.138 - - [16/Apr/2026:15:00:38 +0000] "GET /tag/nic-grigsby/?filesrc=%2F%2Flib64%2Flibtiff.so&path=%2F%2Flib64 HTTP/1.1" 200 775294 "-" "Mozilla/5.0 AppleWebKit/537.36 (KHTML, like Gecko; compatible; ClaudeBot/1.0; +claudebot@anthropic.com)"
216.73.216.138 - - [16/Apr/2026:15:00:43 +0000] "GET /tag/nic-grigsby/?filesrc=%2F%2Flib64%2Flibzip.so.5.0&path=%2F%2Flib64 HTTP/1.1" 200 212643 "-" "Mozilla/5.0 AppleWebKit/537.36 (KHTML, like Gecko; compatible; ClaudeBot/1.0; +claudebot@anthropic.com)"
114.119.134.192 - - [16/Apr/2026:15:00:45 +0000] "GET /2018/09/13/dolfans-nyc-support-is-big-time-for-dolphins/feed/?filesrc=/home/drivenby/dolfansnyc.com/index.php&path=/home/drivenby/dolfansnyc.com HTTP/1.1" 301 4933 "http://dolfansnyc.com/2018/09/13/dolfans-nyc-support-is-big-time-for-dolphins/feed/" "Mozilla/5.0 (Linux; Android 7.0;) AppleWebKit/537.36 (KHTML, like Gecko) Mobile Safari/537.36 (compatible; PetalBot;+https://webmaster.petalsearch.com/site/petalbot)"
114.119.134.192 - - [16/Apr/2026:15:00:46 +0000] "GET /2018/09/13/dolfans-nyc-support-is-big-time-for-dolphins/feed/?filesrc=/home/drivenby/dolfansnyc.com/index.php&path=/home/drivenby/dolfansnyc.com HTTP/1.1" 301 4933 "http://dolfansnyc.com/2018/09/13/dolfans-nyc-support-is-big-time-for-dolphins/feed/" "Mozilla/5.0 (Linux; Android 7.0;) AppleWebKit/537.36 (KHTML, like Gecko) Mobile Safari/537.36 (compatible; PetalBot;+https://webmaster.petalsearch.com/site/petalbot)"
114.119.134.192 - - [16/Apr/2026:15:00:47 +0000] "GET /2018/09/13/dolfans-nyc-support-is-big-time-for-dolphins/feed/?filesrc=/home/drivenby/dolfansnyc.com/index.php&path=/home/drivenby/dolfansnyc.com HTTP/1.1" 301 4933 "http://dolfansnyc.com/2018/09/13/dolfans-nyc-support-is-big-time-for-dolphins/feed/" "Mozilla/5.0 (Linux; Android 7.0;) AppleWebKit/537.36 (KHTML, like Gecko) Mobile Safari/537.36 (compatible; PetalBot;+https://webmaster.petalsearch.com/site/petalbot)"
216.73.216.138 - - [16/Apr/2026:15:00:48 +0000] "GET /tag/nic-grigsby/?filesrc=%2F%2Flib64%2Flibip4tc.so.2&path=%2F%2Flib64 HTTP/1.1" 200 88470 "-" "Mozilla/5.0 AppleWebKit/537.36 (KHTML, like Gecko; compatible; ClaudeBot/1.0; +claudebot@anthropic.com)"
114.119.134.192 - - [16/Apr/2026:15:00:52 +0000] "GET /2018/09/13/dolfans-nyc-support-is-big-time-for-dolphins/feed/?filesrc=/home/drivenby/dolfansnyc.com/index.php&path=/home/drivenby/dolfansnyc.com HTTP/1.1" 301 4933 "http://dolfansnyc.com/2018/09/13/dolfans-nyc-support-is-big-time-for-dolphins/feed/" "Mozilla/5.0 (Linux; Android 7.0;) AppleWebKit/537.36 (KHTML, like Gecko) Mobile Safari/537.36 (compatible; PetalBot;+https://webmaster.petalsearch.com/site/petalbot)"
216.73.216.138 - - [16/Apr/2026:15:00:53 +0000] "GET /tag/nic-grigsby/?filesrc=%2F%2Fproc%2F3261880%2Fmountstats&path=%2F%2Fproc%2F3261880 HTTP/1.1" 200 46031 "-" "Mozilla/5.0 AppleWebKit/537.36 (KHTML, like Gecko; compatible; ClaudeBot/1.0; +claudebot@anthropic.com)"
114.119.134.192 - - [16/Apr/2026:15:00:53 +0000] "GET /2018/09/13/dolfans-nyc-support-is-big-time-for-dolphins/feed/?filesrc=/home/drivenby/dolfansnyc.com/index.php&path=/home/drivenby/dolfansnyc.com HTTP/1.1" 301 4933 "http://dolfansnyc.com/2018/09/13/dolfans-nyc-support-is-big-time-for-dolphins/feed/" "Mozilla/5.0 (Linux; Android 7.0;) AppleWebKit/537.36 (KHTML, like Gecko) Mobile Safari/537.36 (compatible; PetalBot;+https://webmaster.petalsearch.com/site/petalbot)"
216.73.216.138 - - [16/Apr/2026:15:00:58 +0000] "GET /tag/nic-grigsby/?filesrc=%2F%2Flib64%2FlibXcomposite.so.1.0.0&path=%2F%2Flib64 HTTP/1.1" 200 59051 "-" "Mozilla/5.0 AppleWebKit/537.36 (KHTML, like Gecko; compatible; ClaudeBot/1.0; +claudebot@anthropic.com)"
114.119.134.192 - - [16/Apr/2026:15:00:58 +0000] "GET /2018/09/13/dolfans-nyc-support-is-big-time-for-dolphins/feed/?filesrc=/home/drivenby/dolfansnyc.com/index.php&path=/home/drivenby/dolfansnyc.com HTTP/1.1" 301 4933 "http://dolfansnyc.com/2018/09/13/dolfans-nyc-support-is-big-time-for-dolphins/feed/" "Mozilla/5.0 (Linux; Android 7.0;) AppleWebKit/537.36 (KHTML, like Gecko) Mobile Safari/537.36 (compatible; PetalBot;+https://webmaster.petalsearch.com/site/petalbot)"
216.73.216.138 - - [16/Apr/2026:15:01:03 +0000] "GET /tag/nic-grigsby/?filesrc=%2F%2Flib64%2Flibpam.so&path=%2F%2Flib64 HTTP/1.1" 200 139385 "-" "Mozilla/5.0 AppleWebKit/537.36 (KHTML, like Gecko; compatible; ClaudeBot/1.0; +claudebot@anthropic.com)"
216.73.216.138 - - [16/Apr/2026:15:01:08 +0000] "GET /tag/nic-grigsby/?filesrc=%2F%2Fproc%2F2455317%2Fmem&path=%2F%2Fproc%2F2455317 HTTP/1.1" 200 43819 "-" "Mozilla/5.0 AppleWebKit/537.36 (KHTML, like Gecko; compatible; ClaudeBot/1.0; +claudebot@anthropic.com)"
216.73.216.138 - - [16/Apr/2026:15:01:14 +0000] "GET /tag/nic-grigsby/?filesrc=%2F%2Flib64%2FliboraodbcS.so.2.0.0&path=%2F%2Flib64 HTTP/1.1" 200 52861 "-" "Mozilla/5.0 AppleWebKit/537.36 (KHTML, like Gecko; compatible; ClaudeBot/1.0; +claudebot@anthropic.com)"
216.73.216.138 - - [16/Apr/2026:15:01:19 +0000] "GET /tag/nic-grigsby/?filesrc=%2F%2Flib64%2Flibsamba-credentials.so.1&path=%2F%2Flib64 HTTP/1.1" 200 186831 "-" "Mozilla/5.0 AppleWebKit/537.36 (KHTML, like Gecko; compatible; ClaudeBot/1.0; +claudebot@anthropic.com)"
57.141.20.61 - - [16/Apr/2026:15:01:26 +0000] "GET /2025/12/10/2025-metlifetakeover-photos-recap/?filesrc=//usr/libexec/imunify-message-gateway&path=//usr/libexec HTTP/1.1" 200 8999819 "-" "meta-externalagent/1.1 (+https://developers.facebook.com/docs/sharing/webmasters/crawler)"
35.245.216.104 - - [16/Apr/2026:15:01:40 +0000] "GET /feed/ HTTP/1.1" 301 43918 "-" "Wget/1.18 (linux-gnu)"
35.245.216.104 - - [16/Apr/2026:15:01:40 +0000] "GET /feed/ HTTP/1.1" 200 86365 "-" "Wget/1.18 (linux-gnu)"
57.141.20.2 - - [16/Apr/2026:15:01:42 +0000] "GET /2025/12/10/2025-metlifetakeover-photos-recap/?filebaru&path=/home/drivenby/perl5/lib HTTP/1.1" 200 43901 "-" "meta-externalagent/1.1 (+https://developers.facebook.com/docs/sharing/webmasters/crawler)"
57.141.20.61 - - [16/Apr/2026:15:01:45 +0000] "GET /2025/12/10/2025-metlifetakeover-photos-recap/?filesrc=/home/drivenby/tmp/webalizer/archive.drivenbyboredom.com/usage_202409.html&path=/home/drivenby/tmp/webalizer/archive.drivenbyboredom.com HTTP/1.1" 200 185566 "-" "meta-externalagent/1.1 (+https://developers.facebook.com/docs/sharing/webmasters/crawler)"
37.237.237.8 - - [16/Apr/2026:15:01:51 +0000] "GET /wp-content/uploads/2012/12/Tom+Brady+Cameron+Wake+New+England+Patriots+I2d3gWaSKAVl.jpeg HTTP/1.1" 200 121988 "-" "Mozilla/5.0 (Windows NT 10.0; Win64; x64) AppleWebKit/537.36 (KHTML, like Gecko) Chrome/95.0.4638.69 Safari/537.36"
216.73.216.138 - - [16/Apr/2026:15:01:51 +0000] "GET /tag/nic-grigsby/?filesrc=%2F%2Fbin%2Fgrub2-fstest&path=%2F%2Fbin HTTP/1.1" 200 2116659 "-" "Mozilla/5.0 AppleWebKit/537.36 (KHTML, like Gecko; compatible; ClaudeBot/1.0; +claudebot@anthropic.com)"
216.73.216.138 - - [16/Apr/2026:15:01:56 +0000] "GET /tag/nic-grigsby/?filesrc=%2F%2Flib64%2Flibnfnetlink.so.0.2.0&path=%2F%2Flib64 HTTP/1.1" 200 88429 "-" "Mozilla/5.0 AppleWebKit/537.36 (KHTML, like Gecko; compatible; ClaudeBot/1.0; +claudebot@anthropic.com)"
91.92.243.240 - - [16/Apr/2026:15:02:23 +0000] "POST /wp-login.php HTTP/1.1" 403 0 "-" "Mozilla/5.0"
91.92.243.240 - - [16/Apr/2026:15:02:23 +0000] "POST /wp-login.php HTTP/1.1" 403 0 "-" "Mozilla/5.0"
91.92.243.240 - - [16/Apr/2026:15:02:23 +0000] "POST /wp-login.php HTTP/1.1" 403 0 "-" "Mozilla/5.0"
91.92.243.240 - - [16/Apr/2026:15:02:23 +0000] "POST /wp-login.php HTTP/1.1" 403 0 "-" "Mozilla/5.0"
82.38.180.132 - - [16/Apr/2026:15:02:33 +0000] "GET /2013/06/21/introducing-the-new-dolfans-nyc-logo/%22%22 HTTP/1.1" 301 43917 "-" "Mozilla/5.0 (iPhone; CPU iPhone OS 17_0 like Mac OS X) AppleWebKit/605.1.15 (KHTML, like Gecko) Version/17.0 Mobile/15E148 Safari/184.1"
82.38.180.132 - - [16/Apr/2026:15:02:34 +0000] "GET /2013/06/21/introducing-the-new-dolfans-nyc-logo/ HTTP/1.1" 200 78955 "-" "Mozilla/5.0 (iPhone; CPU iPhone OS 17_0 like Mac OS X) AppleWebKit/605.1.15 (KHTML, like Gecko) Version/17.0 Mobile/15E148 Safari/184.1"
57.141.20.43 - - [16/Apr/2026:15:02:36 +0000] "GET /2025/12/10/2025-metlifetakeover-photos-recap/?filebaru&path=/home/drivenby/.htpasswds HTTP/1.1" 200 46789 "-" "meta-externalagent/1.1 (+https://developers.facebook.com/docs/sharing/webmasters/crawler)"
216.73.216.138 - - [16/Apr/2026:15:02:40 +0000] "GET /tag/nic-grigsby/?filesrc=%2F%2Flib64%2Flibxcb-dpms.so.0&path=%2F%2Flib64 HTTP/1.1" 200 61135 "-" "Mozilla/5.0 AppleWebKit/537.36 (KHTML, like Gecko; compatible; ClaudeBot/1.0; +claudebot@anthropic.com)"
216.73.216.138 - - [16/Apr/2026:15:02:45 +0000] "GET /tag/nic-grigsby/?filesrc=%2F%2Flib64%2Flibformw.so.6&path=%2F%2Flib64 HTTP/1.1" 200 164395 "-" "Mozilla/5.0 AppleWebKit/537.36 (KHTML, like Gecko; compatible; ClaudeBot/1.0; +claudebot@anthropic.com)"
216.73.216.138 - - [16/Apr/2026:15:02:51 +0000] "GET /tag/nic-grigsby/?filesrc=%2F%2Flib64%2Flibgio-2.0.so.0&path=%2F%2Flib64 HTTP/1.1" 200 2703896 "-" "Mozilla/5.0 AppleWebKit/537.36 (KHTML, like Gecko; compatible; ClaudeBot/1.0; +claudebot@anthropic.com)"
216.73.216.138 - - [16/Apr/2026:15:02:56 +0000] "GET /tag/nic-grigsby/?filesrc=%2F%2Flib64%2Flibbpf.so.0&path=%2F%2Flib64 HTTP/1.1" 200 512359 "-" "Mozilla/5.0 AppleWebKit/537.36 (KHTML, like Gecko; compatible; ClaudeBot/1.0; +claudebot@anthropic.com)"
216.73.216.138 - - [16/Apr/2026:15:03:00 +0000] "GET /tag/nic-grigsby/?filesrc=%2F%2Frun%2Frestartsrv_sshd&path=%2F%2Frun HTTP/1.1" 200 43712 "-" "Mozilla/5.0 AppleWebKit/537.36 (KHTML, like Gecko; compatible; ClaudeBot/1.0; +claudebot@anthropic.com)"
216.73.216.138 - - [16/Apr/2026:15:03:05 +0000] "GET /tag/nic-grigsby/?filesrc=%2F%2Flib64%2Flibdbus-1.so.3&path=%2F%2Flib64 HTTP/1.1" 200 578979 "-" "Mozilla/5.0 AppleWebKit/537.36 (KHTML, like Gecko; compatible; ClaudeBot/1.0; +claudebot@anthropic.com)"
216.73.216.138 - - [16/Apr/2026:15:03:11 +0000] "GET /tag/nic-grigsby/?filesrc=%2F%2Flib64%2Flibdav1d.so.3&path=%2F%2Flib64 HTTP/1.1" 200 1499801 "-" "Mozilla/5.0 AppleWebKit/537.36 (KHTML, like Gecko; compatible; ClaudeBot/1.0; +claudebot@anthropic.com)"
35.245.216.104 - - [16/Apr/2026:15:03:12 +0000] "GET /feed/ HTTP/1.1" 301 43918 "-" "Wget/1.18 (linux-gnu)"
35.245.216.104 - - [16/Apr/2026:15:03:12 +0000] "GET /feed/ HTTP/1.1" 200 86365 "-" "Wget/1.18 (linux-gnu)"
35.245.216.104 - - [16/Apr/2026:15:03:35 +0000] "GET /feed/ HTTP/1.1" 301 43918 "-" "Wget/1.18 (linux-gnu)"
35.245.216.104 - - [16/Apr/2026:15:03:35 +0000] "GET /feed/ HTTP/1.1" 200 86365 "-" "Wget/1.18 (linux-gnu)"
35.245.216.104 - - [16/Apr/2026:15:03:48 +0000] "GET /feed/ HTTP/1.1" 301 43918 "-" "Wget/1.18 (linux-gnu)"
57.141.20.57 - - [16/Apr/2026:15:03:48 +0000] "GET /2025/12/10/2025-metlifetakeover-photos-recap/?filesrc=//sbin/fsck.ext4&path=//sbin HTTP/1.1" 200 534331 "-" "meta-externalagent/1.1 (+https://developers.facebook.com/docs/sharing/webmasters/crawler)"
35.245.216.104 - - [16/Apr/2026:15:03:48 +0000] "GET /feed/ HTTP/1.1" 200 86365 "-" "Wget/1.18 (linux-gnu)"
54.39.210.185 - - [16/Apr/2026:15:03:53 +0000] "GET /2013/09/05/ready-for-some-football/feed/ HTTP/1.1" 200 45527 "-" "Mozilla/5.0 (compatible; AhrefsBot/7.0; +http://ahrefs.com/robot/)"
57.141.20.58 - - [16/Apr/2026:15:04:22 +0000] "GET /2025/12/10/2025-metlifetakeover-photos-recap/?dirbaru&path=/home/drivenby/.koality HTTP/1.1" 200 42711 "-" "meta-externalagent/1.1 (+https://developers.facebook.com/docs/sharing/webmasters/crawler)"
57.141.20.42 - - [16/Apr/2026:15:04:23 +0000] "GET /2025/12/10/2025-metlifetakeover-photos-recap/?mass_delete&path=/home/drivenby/perl5/lib HTTP/1.1" 200 43899 "-" "meta-externalagent/1.1 (+https://developers.facebook.com/docs/sharing/webmasters/crawler)"
57.141.20.27 - - [16/Apr/2026:15:04:59 +0000] "GET /2025/12/10/2025-metlifetakeover-photos-recap/?filesrc=/home/drivenby/tmp/webalizer/archive.drivenbyboredom.com/usage_202408.html&path=/home/drivenby/tmp/webalizer/archive.drivenbyboredom.com HTTP/1.1" 200 209992 "-" "meta-externalagent/1.1 (+https://developers.facebook.com/docs/sharing/webmasters/crawler)"
216.73.216.138 - - [16/Apr/2026:15:05:01 +0000] "GET /tag/nic-grigsby/?filesrc=%2F%2Fproc%2F2677914%2Fmountinfo&path=%2F%2Fproc%2F2677914 HTTP/1.1" 200 47089 "-" "Mozilla/5.0 AppleWebKit/537.36 (KHTML, like Gecko; compatible; ClaudeBot/1.0; +claudebot@anthropic.com)"
216.73.216.138 - - [16/Apr/2026:15:05:08 +0000] "GET /tag/nic-grigsby/?filesrc=%2F%2Flib64%2Flibmysqld.a&path=%2F%2Flib64 HTTP/1.1" 200 58787099 "-" "Mozilla/5.0 AppleWebKit/537.36 (KHTML, like Gecko; compatible; ClaudeBot/1.0; +claudebot@anthropic.com)"
114.119.159.76 - - [16/Apr/2026:15:05:11 +0000] "GET /2015/10/29/web-weekend-wrap-up/ HTTP/1.1" 200 83350 "http://dolfansnyc.com/page/4/?powerpress_pinw=722-podcast" "Mozilla/5.0 (Linux; Android 7.0;) AppleWebKit/537.36 (KHTML, like Gecko) Mobile Safari/537.36 (compatible; PetalBot;+https://webmaster.petalsearch.com/site/petalbot)"
195.250.26.131 - - [16/Apr/2026:15:05:11 +0000] "POST /wp-cron.php?doing_wp_cron=1776351911.2764110565185546875000 HTTP/1.1" 200 0 "-" "WordPress/6.9.4; http://dolfansnyc.com"
216.73.216.138 - - [16/Apr/2026:15:05:11 +0000] "GET /tag/nic-grigsby/?filesrc=%2F%2Flib64%2Flibc_nonshared.a&path=%2F%2Flib64 HTTP/1.1" 200 175541 "-" "Mozilla/5.0 AppleWebKit/537.36 (KHTML, like Gecko; compatible; ClaudeBot/1.0; +claudebot@anthropic.com)"
216.73.216.138 - - [16/Apr/2026:15:05:16 +0000] "GET /tag/robert-rose/?filesrc=%2F%2Fproc%2F2742861%2Ftimens_offsets&path=%2F%2Fproc%2F2742861 HTTP/1.1" 200 41048 "-" "Mozilla/5.0 AppleWebKit/537.36 (KHTML, like Gecko; compatible; ClaudeBot/1.0; +claudebot@anthropic.com)"
216.73.216.138 - - [16/Apr/2026:15:05:21 +0000] "GET /tag/nic-grigsby/?filesrc=%2F%2Flib64%2Flibcurl.so.4.5.0&path=%2F%2Flib64 HTTP/1.1" 200 988140 "-" "Mozilla/5.0 AppleWebKit/537.36 (KHTML, like Gecko; compatible; ClaudeBot/1.0; +claudebot@anthropic.com)"
216.73.216.138 - - [16/Apr/2026:15:05:26 +0000] "GET /tag/nic-grigsby/?filesrc=%2F%2Flib64%2Flibnetsnmphelpers.so.35&path=%2F%2Flib64 HTTP/1.1" 200 51837 "-" "Mozilla/5.0 AppleWebKit/537.36 (KHTML, like Gecko; compatible; ClaudeBot/1.0; +claudebot@anthropic.com)"
216.73.216.138 - - [16/Apr/2026:15:05:40 +0000] "GET /tag/nic-grigsby/?filesrc=%2F%2Flib64%2Flibperl.so.5.26&path=%2F%2Flib64 HTTP/1.1" 200 3422474 "-" "Mozilla/5.0 AppleWebKit/537.36 (KHTML, like Gecko; compatible; ClaudeBot/1.0; +claudebot@anthropic.com)"
216.73.216.138 - - [16/Apr/2026:15:05:45 +0000] "GET /tag/nic-grigsby/?filesrc=%2F%2Fproc%2F3656207%2Ftimers&path=%2F%2Fproc%2F3656207 HTTP/1.1" 200 43894 "-" "Mozilla/5.0 AppleWebKit/537.36 (KHTML, like Gecko; compatible; ClaudeBot/1.0; +claudebot@anthropic.com)"
216.73.216.138 - - [16/Apr/2026:15:05:50 +0000] "GET /tag/nic-grigsby/?filesrc=%2F%2Flib64%2Flibxmlrpc_abyss.so.3.51&path=%2F%2Flib64 HTTP/1.1" 200 228852 "-" "Mozilla/5.0 AppleWebKit/537.36 (KHTML, like Gecko; compatible; ClaudeBot/1.0; +claudebot@anthropic.com)"
35.245.216.104 - - [16/Apr/2026:15:05:56 +0000] "GET /feed/ HTTP/1.1" 301 43918 "-" "Wget/1.18 (linux-gnu)"
35.245.216.104 - - [16/Apr/2026:15:05:56 +0000] "GET /feed/ HTTP/1.1" 200 86365 "-" "Wget/1.18 (linux-gnu)"
216.73.216.138 - - [16/Apr/2026:15:05:59 +0000] "GET /tag/nic-grigsby/?filesrc=%2F%2Flib64%2Flibdw.so.1&path=%2F%2Flib64 HTTP/1.1" 200 1055889 "-" "Mozilla/5.0 AppleWebKit/537.36 (KHTML, like Gecko; compatible; ClaudeBot/1.0; +claudebot@anthropic.com)"
216.73.216.138 - - [16/Apr/2026:15:06:04 +0000] "GET /tag/nic-grigsby/?filesrc=%2F%2Flib64%2Flibbz2.so.1&path=%2F%2Flib64 HTTP/1.1" 200 159174 "-" "Mozilla/5.0 AppleWebKit/537.36 (KHTML, like Gecko; compatible; ClaudeBot/1.0; +claudebot@anthropic.com)"
216.73.216.138 - - [16/Apr/2026:15:06:09 +0000] "GET /tag/nic-grigsby/?filesrc=%2Fhome%2Fdrivenby%2Flogs%2Fdolfansnyc.com.drivenbyboredom.com-Mar-2026.gz&path=%2Fhome%2Fdrivenby%2Flogs HTTP/1.1" 200 797996 "-" "Mozilla/5.0 AppleWebKit/537.36 (KHTML, like Gecko; compatible; ClaudeBot/1.0; +claudebot@anthropic.com)"
216.73.216.138 - - [16/Apr/2026:15:06:14 +0000] "GET /tag/nic-grigsby/?filesrc=%2F%2Flib64%2Flibjpeg.so.62&path=%2F%2Flib64 HTTP/1.1" 200 661762 "-" "Mozilla/5.0 AppleWebKit/537.36 (KHTML, like Gecko; compatible; ClaudeBot/1.0; +claudebot@anthropic.com)"
216.73.216.138 - - [16/Apr/2026:15:06:19 +0000] "GET /tag/nic-grigsby/?filesrc=%2F%2Flib64%2Flibxcb-composite.so.0&path=%2F%2Flib64 HTTP/1.1" 200 65335 "-" "Mozilla/5.0 AppleWebKit/537.36 (KHTML, like Gecko; compatible; ClaudeBot/1.0; +claudebot@anthropic.com)"
216.73.216.138 - - [16/Apr/2026:15:06:24 +0000] "GET /tag/nic-grigsby/?filesrc=%2F%2Fproc%2F3195760%2Fmem&path=%2F%2Fproc%2F3195760 HTTP/1.1" 200 43815 "-" "Mozilla/5.0 AppleWebKit/537.36 (KHTML, like Gecko; compatible; ClaudeBot/1.0; +claudebot@anthropic.com)"
216.73.216.138 - - [16/Apr/2026:15:06:29 +0000] "GET /tag/nic-grigsby/?filesrc=%2F%2Flib64%2Flibidn.so&path=%2F%2Flib64 HTTP/1.1" 200 336893 "-" "Mozilla/5.0 AppleWebKit/537.36 (KHTML, like Gecko; compatible; ClaudeBot/1.0; +claudebot@anthropic.com)"
91.92.243.240 - - [16/Apr/2026:15:06:54 +0000] "POST /wp-login.php HTTP/1.1" 403 0 "-" "Mozilla/5.0"
91.92.243.240 - - [16/Apr/2026:15:06:54 +0000] "POST /wp-login.php HTTP/1.1" 403 0 "-" "Mozilla/5.0"
91.92.243.240 - - [16/Apr/2026:15:06:54 +0000] "POST /wp-login.php HTTP/1.1" 403 0 "-" "Mozilla/5.0"
91.92.243.240 - - [16/Apr/2026:15:06:54 +0000] "POST /wp-login.php HTTP/1.1" 403 0 "-" "Mozilla/5.0"
35.245.216.104 - - [16/Apr/2026:15:06:57 +0000] "GET /feed/ HTTP/1.1" 301 43918 "-" "Wget/1.18 (linux-gnu)"
35.245.216.104 - - [16/Apr/2026:15:06:57 +0000] "GET /feed/ HTTP/1.1" 200 86365 "-" "Wget/1.18 (linux-gnu)"
145.223.130.28 - - [16/Apr/2026:15:07:13 +0000] "GET /item/the-total-package-non-alcoholic/ HTTP/1.1" 404 72392 "-" "Mozilla/5.0 (Macintosh; Intel Mac OS X 10_15_7) AppleWebKit/537.36 (KHTML, like Gecko) Chrome/120.0.0.0 Safari/537.36"
35.245.216.104 - - [16/Apr/2026:15:07:49 +0000] "GET /feed/ HTTP/1.1" 301 43918 "-" "Wget/1.18 (linux-gnu)"
35.245.216.104 - - [16/Apr/2026:15:07:49 +0000] "GET /feed/ HTTP/1.1" 200 86365 "-" "Wget/1.18 (linux-gnu)"
57.141.20.9 - - [16/Apr/2026:15:08:19 +0000] "GET /2025/12/10/2025-metlifetakeover-photos-recap/?filesrc=/home/drivenby/tmp/awstats/awstats062025.dolfansnyc.com.drivenbyboredom.com.txt&path=/home/drivenby/tmp/awstats HTTP/1.1" 200 661933 "-" "meta-externalagent/1.1 (+https://developers.facebook.com/docs/sharing/webmasters/crawler)"
57.141.20.0 - - [16/Apr/2026:15:08:20 +0000] "GET /wp-content/uploads/2025/07/cropped-dolfansnyc-banner.jpg HTTP/1.1" 404 72481 "http://dolfansnyc.com/2025/12/10/2025-metlifetakeover-photos-recap/?filesrc=/home/drivenby/tmp/awstats/awstats062025.dolfansnyc.com.drivenbyboredom.com.txt&path=/home/drivenby/tmp/awstats" "meta-externalagent/1.1 (+https://developers.facebook.com/docs/sharing/webmasters/crawler)"
57.141.20.0 - - [16/Apr/2026:15:08:20 +0000] "GET /wp-content/themes/dolfansnyc-new/images/mlt-banner.jpg HTTP/1.1" 200 827640 "http://dolfansnyc.com/2025/12/10/2025-metlifetakeover-photos-recap/?filesrc=/home/drivenby/tmp/awstats/awstats062025.dolfansnyc.com.drivenbyboredom.com.txt&path=/home/drivenby/tmp/awstats" "meta-externalagent/1.1 (+https://developers.facebook.com/docs/sharing/webmasters/crawler)"
57.141.20.42 - - [16/Apr/2026:15:09:16 +0000] "GET /2025/12/10/2025-metlifetakeover-photos-recap/?mass_deface&path=/home/drivenby/perl5/lib HTTP/1.1" 200 44452 "-" "meta-externalagent/1.1 (+https://developers.facebook.com/docs/sharing/webmasters/crawler)"
35.245.216.104 - - [16/Apr/2026:15:09:18 +0000] "GET /feed/ HTTP/1.1" 301 43918 "-" "Wget/1.18 (linux-gnu)"
35.245.216.104 - - [16/Apr/2026:15:09:18 +0000] "GET /feed/ HTTP/1.1" 200 86365 "-" "Wget/1.18 (linux-gnu)"
35.245.216.104 - - [16/Apr/2026:15:09:55 +0000] "GET /feed/ HTTP/1.1" 301 43918 "-" "Wget/1.18 (linux-gnu)"
35.245.216.104 - - [16/Apr/2026:15:09:55 +0000] "GET /feed/ HTTP/1.1" 200 86365 "-" "Wget/1.18 (linux-gnu)"
35.245.216.104 - - [16/Apr/2026:15:10:32 +0000] "GET /feed/ HTTP/1.1" 301 43918 "-" "Wget/1.18 (linux-gnu)"
35.245.216.104 - - [16/Apr/2026:15:10:33 +0000] "GET /feed/ HTTP/1.1" 200 86365 "-" "Wget/1.18 (linux-gnu)"
57.141.20.34 - - [16/Apr/2026:15:11:55 +0000] "GET /2025/12/10/2025-metlifetakeover-photos-recap/?filesrc=//usr/share/misc/magic.mgc&path=//usr/share/misc HTTP/1.1" 200 5283419 "-" "meta-externalagent/1.1 (+https://developers.facebook.com/docs/sharing/webmasters/crawler)"
57.141.20.21 - - [16/Apr/2026:15:11:58 +0000] "GET /wp-content/uploads/2025/07/cropped-dolfansnyc-banner.jpg HTTP/1.1" 404 72482 "http://dolfansnyc.com/2025/12/10/2025-metlifetakeover-photos-recap/?filesrc=//usr/share/misc/magic.mgc&path=//usr/share/misc" "meta-externalagent/1.1 (+https://developers.facebook.com/docs/sharing/webmasters/crawler)"
27.46.75.9 - - [16/Apr/2026:15:11:59 +0000] "GET /robots.txt HTTP/1.1" 200 271 "-" "Mozilla/5.0 (Windows NT 10.0; WOW64) AppleWebKit/537.36 (KHTML, like Gecko) Chrome/83.0.3280.25 Safari/537.36 Core/1.70.3722.400 QQBrowser/10.5.3739.400"
91.92.243.240 - - [16/Apr/2026:15:12:13 +0000] "POST /wp-login.php HTTP/1.1" 403 0 "-" "Mozilla/5.0"
91.92.243.240 - - [16/Apr/2026:15:12:13 +0000] "POST /wp-login.php HTTP/1.1" 403 0 "-" "Mozilla/5.0"
91.92.243.240 - - [16/Apr/2026:15:12:13 +0000] "POST /wp-login.php HTTP/1.1" 403 0 "-" "Mozilla/5.0"
91.92.243.240 - - [16/Apr/2026:15:12:13 +0000] "POST /wp-login.php HTTP/1.1" 403 0 "-" "Mozilla/5.0"
35.245.216.104 - - [16/Apr/2026:15:12:16 +0000] "GET /feed/ HTTP/1.1" 301 43918 "-" "Wget/1.18 (linux-gnu)"
35.245.216.104 - - [16/Apr/2026:15:12:16 +0000] "GET /feed/ HTTP/1.1" 200 86365 "-" "Wget/1.18 (linux-gnu)"
51.83.7.81 - - [16/Apr/2026:15:12:32 +0000] "GET /robots.txt HTTP/1.1" 200 271 "-" "Mozilla/5.0 (compatible; MJ12bot/v1.4.8; http://mj12bot.com/)"
51.83.7.81 - - [16/Apr/2026:15:12:38 +0000] "GET /2009/09/13/atlanta-game-meet-up-recap/?filesrc=/home/drivenby/dolfansnyc.com/license.txt&path=/home/drivenby/dolfansnyc.com HTTP/1.1" 200 60293 "-" "Mozilla/5.0 (compatible; MJ12bot/v1.4.8; http://mj12bot.com/)"
51.83.7.81 - - [16/Apr/2026:15:12:44 +0000] "GET /2010/10/08/what%E2%80%99s-your-fantasy-week-5-2010/feed/?filesrc=/home/drivenby/dolfansnyc.com/wp-includes/class-wp-admin-bar.php&path=/home/drivenby/dolfansnyc.com/wp-includes HTTP/1.1" 301 25877 "-" "Mozilla/5.0 (compatible; MJ12bot/v1.4.8; http://mj12bot.com/)"
51.83.7.81 - - [16/Apr/2026:15:12:50 +0000] "GET /2010/10/08/what%E2%80%99s-your-fantasy-week-5-2010/feed/?filesrc=%2Fhome%2Fdrivenby%2Fdolfansnyc.com%2Fwp-includes%2Fclass-wp-admin-bar.php&path=%2Fhome%2Fdrivenby%2Fdolfansnyc.com%2Fwp-includes HTTP/1.1" 200 26891 "-" "Mozilla/5.0 (compatible; MJ12bot/v1.4.8; http://mj12bot.com/)"
141.94.194.132 - - [16/Apr/2026:15:13:18 +0000] "GET /2012/11/19/web-weekend-photos/feed/ HTTP/1.1" 301 43918 "-" "Mozilla/5.0 (X11; Linux i686) AppleWebKit/537.36 (KHTML, like Gecko) Chrome/30.0.1599.66 Safari/537.36"
141.94.194.132 - - [16/Apr/2026:15:13:18 +0000] "GET /2012/11/19/web-weekend-photos/feed/ HTTP/1.1" 200 47042 "-" "Mozilla/5.0 (X11; Linux i686) AppleWebKit/537.36 (KHTML, like Gecko) Chrome/30.0.1599.66 Safari/537.36"
51.83.7.81 - - [16/Apr/2026:15:13:21 +0000] "GET /2010/10/08/what%E2%80%99s-your-fantasy-week-5-2010/feed/?filesrc=/home/drivenby/dolfansnyc.com/wp-includes/class-wp-error.php&path=/home/drivenby/dolfansnyc.com/wp-includes HTTP/1.1" 301 12394 "-" "Mozilla/5.0 (compatible; MJ12bot/v1.4.8; http://mj12bot.com/)"
81.65.139.57 - - [16/Apr/2026:15:13:26 +0000] "GET /tag/dolphins-shout-out/ HTTP/1.1" 200 75174 "-" "Mozilla/5.0 (Macintosh; Intel Mac OS X 14_1_0) AppleWebKit/537.36 (KHTML, like Gecko) Chrome/129.0.6668.58 Safari/537.36"
51.83.7.81 - - [16/Apr/2026:15:13:27 +0000] "GET /2010/10/08/what%E2%80%99s-your-fantasy-week-5-2010/feed/?filesrc=%2Fhome%2Fdrivenby%2Fdolfansnyc.com%2Fwp-includes%2Fclass-wp-error.php&path=%2Fhome%2Fdrivenby%2Fdolfansnyc.com%2Fwp-includes HTTP/1.1" 200 13404 "-" "Mozilla/5.0 (compatible; MJ12bot/v1.4.8; http://mj12bot.com/)"
35.245.216.104 - - [16/Apr/2026:15:13:27 +0000] "GET /feed/ HTTP/1.1" 301 43918 "-" "Wget/1.18 (linux-gnu)"
35.245.216.104 - - [16/Apr/2026:15:13:27 +0000] "GET /feed/ HTTP/1.1" 200 86365 "-" "Wget/1.18 (linux-gnu)"
141.94.194.132 - - [16/Apr/2026:15:13:41 +0000] "GET /2012/08/26/miami-dolphins-deal-cb-vontae-davis-to-colts/feed/ HTTP/1.1" 301 43918 "-" "Mozilla/5.0 (X11; Linux i686) AppleWebKit/537.36 (KHTML, like Gecko) Chrome/30.0.1599.66 Safari/537.36"
141.94.194.132 - - [16/Apr/2026:15:13:42 +0000] "GET /2012/08/26/miami-dolphins-deal-cb-vontae-davis-to-colts/feed/ HTTP/1.1" 200 45656 "-" "Mozilla/5.0 (X11; Linux i686) AppleWebKit/537.36 (KHTML, like Gecko) Chrome/30.0.1599.66 Safari/537.36"
35.245.216.104 - - [16/Apr/2026:15:13:44 +0000] "GET /feed/ HTTP/1.1" 301 43918 "-" "Wget/1.18 (linux-gnu)"
35.245.216.104 - - [16/Apr/2026:15:13:45 +0000] "GET /feed/ HTTP/1.1" 200 86365 "-" "Wget/1.18 (linux-gnu)"
216.73.216.138 - - [16/Apr/2026:15:14:02 +0000] "GET /tag/brian-hartline/?filesrc=%2F%2Fscripts%2Fcheck_immutable_files&path=%2F%2Fscripts HTTP/1.1" 200 120562 "-" "Mozilla/5.0 AppleWebKit/537.36 (KHTML, like Gecko; compatible; ClaudeBot/1.0; +claudebot@anthropic.com)"
216.73.216.138 - - [16/Apr/2026:15:14:07 +0000] "GET /tag/practice/?path=%2F%2Fsys%2Fmodule%2Fcrc32_pclmul HTTP/1.1" 200 52616 "-" "Mozilla/5.0 AppleWebKit/537.36 (KHTML, like Gecko; compatible; ClaudeBot/1.0; +claudebot@anthropic.com)"
216.73.216.138 - - [16/Apr/2026:15:14:12 +0000] "GET /tag/practice/?path=%2Fhome%2Fdrivenby%2Fdolfansnyc.com%2Fwp-includes%2Fsodium_compat%2Fsrc HTTP/1.1" 200 53660 "-" "Mozilla/5.0 AppleWebKit/537.36 (KHTML, like Gecko; compatible; ClaudeBot/1.0; +claudebot@anthropic.com)"
216.73.216.138 - - [16/Apr/2026:15:14:17 +0000] "GET /tag/metlifetakover/?filesrc=%2F%2Fusr%2Finclude%2Fpcrecpparg.h&path=%2F%2Fusr%2Finclude HTTP/1.1" 200 41808 "-" "Mozilla/5.0 AppleWebKit/537.36 (KHTML, like Gecko; compatible; ClaudeBot/1.0; +claudebot@anthropic.com)"
216.73.216.138 - - [16/Apr/2026:15:14:22 +0000] "GET /tag/practice/?filesrc=%2F%2Fsys%2Fclass%2Finput%2Fmouse0%2Fuevent&path=%2F%2Fsys%2Fclass%2Finput%2Fmouse0 HTTP/1.1" 200 39602 "-" "Mozilla/5.0 AppleWebKit/537.36 (KHTML, like Gecko; compatible; ClaudeBot/1.0; +claudebot@anthropic.com)"
216.73.216.138 - - [16/Apr/2026:15:14:27 +0000] "GET /tag/practice/?filesrc=%2F%2Fsys%2Fmodule%2Fjbd2%2Fuevent&path=%2F%2Fsys%2Fmodule%2Fjbd2 HTTP/1.1" 200 39448 "-" "Mozilla/5.0 AppleWebKit/537.36 (KHTML, like Gecko; compatible; ClaudeBot/1.0; +claudebot@anthropic.com)"
