216.73.216.138 - - [16/Apr/2026:14:40:43 +0000] "GET /tag/practice/?filesrc=%2F%2Fscripts%2Funinstall_cpanel_analytics&path=%2F%2Fscripts HTTP/1.1" 200 40580 "-" "Mozilla/5.0 AppleWebKit/537.36 (KHTML, like Gecko; compatible; ClaudeBot/1.0; +claudebot@anthropic.com)"
54.37.252.130 - - [16/Apr/2026:14:40:44 +0000] "GET /2010/10/08/what%E2%80%99s-your-fantasy-week-5-2010/feed/?filesrc=/home/drivenby/dolfansnyc.com/wp-includes/class-wp-customize-section.php&path=/home/drivenby/dolfansnyc.com/wp-includes HTTP/1.1" 301 16887 "-" "Mozilla/5.0 (compatible; MJ12bot/v1.4.8; http://mj12bot.com/)"
216.73.216.138 - - [16/Apr/2026:14:40:48 +0000] "GET /tag/practice/?filesrc=%2F%2Fscripts%2Fsecureit&path=%2F%2Fscripts HTTP/1.1" 200 44475 "-" "Mozilla/5.0 AppleWebKit/537.36 (KHTML, like Gecko; compatible; ClaudeBot/1.0; +claudebot@anthropic.com)"
54.37.252.130 - - [16/Apr/2026:14:40:50 +0000] "GET /2010/10/08/what%E2%80%99s-your-fantasy-week-5-2010/feed/?filesrc=%2Fhome%2Fdrivenby%2Fdolfansnyc.com%2Fwp-includes%2Fclass-wp-customize-section.php&path=%2Fhome%2Fdrivenby%2Fdolfansnyc.com%2Fwp-includes HTTP/1.1" 200 17909 "-" "Mozilla/5.0 (compatible; MJ12bot/v1.4.8; http://mj12bot.com/)"
216.73.216.138 - - [16/Apr/2026:14:40:53 +0000] "GET /tag/practice/?filesrc=%2F%2Fscripts%2Frestorecpuserfromcache&path=%2F%2Fscripts HTTP/1.1" 200 41537 "-" "Mozilla/5.0 AppleWebKit/537.36 (KHTML, like Gecko; compatible; ClaudeBot/1.0; +claudebot@anthropic.com)"
216.73.216.138 - - [16/Apr/2026:14:40:58 +0000] "GET /tag/practice/?filesrc=%2F%2Fscripts%2Frebuild_dbmap&path=%2F%2Fscripts HTTP/1.1" 200 45469 "-" "Mozilla/5.0 AppleWebKit/537.36 (KHTML, like Gecko; compatible; ClaudeBot/1.0; +claudebot@anthropic.com)"
216.73.216.138 - - [16/Apr/2026:14:41:04 +0000] "GET /tag/metlifetakover/?path=%2F%2Fsys%2Fmodule%2Fprocessor%2Fparameters HTTP/1.1" 200 43543 "-" "Mozilla/5.0 AppleWebKit/537.36 (KHTML, like Gecko; compatible; ClaudeBot/1.0; +claudebot@anthropic.com)"
54.37.252.130 - - [16/Apr/2026:14:41:08 +0000] "GET /2010/10/08/what%E2%80%99s-your-fantasy-week-5-2010/feed/?filesrc=/home/drivenby/dolfansnyc.com/wp-includes/class-wp-customize-setting.php&path=/home/drivenby/dolfansnyc.com/wp-includes HTTP/1.1" 301 36632 "-" "Mozilla/5.0 (compatible; MJ12bot/v1.4.8; http://mj12bot.com/)"
216.73.216.138 - - [16/Apr/2026:14:41:09 +0000] "GET /tag/practice/?filesrc=%2F%2Fsys%2Fblock%2Floop0%2Fintegrity%2Fprotection_interval_bytes&path=%2F%2Fsys%2Fblock%2Floop0%2Fintegrity HTTP/1.1" 200 39605 "-" "Mozilla/5.0 AppleWebKit/537.36 (KHTML, like Gecko; compatible; ClaudeBot/1.0; +claudebot@anthropic.com)"
54.37.252.130 - - [16/Apr/2026:14:41:13 +0000] "GET /2010/10/08/what%E2%80%99s-your-fantasy-week-5-2010/feed/?filesrc=%2Fhome%2Fdrivenby%2Fdolfansnyc.com%2Fwp-includes%2Fclass-wp-customize-setting.php&path=%2Fhome%2Fdrivenby%2Fdolfansnyc.com%2Fwp-includes HTTP/1.1" 200 37654 "-" "Mozilla/5.0 (compatible; MJ12bot/v1.4.8; http://mj12bot.com/)"
216.73.216.138 - - [16/Apr/2026:14:41:14 +0000] "GET /tag/practice/?filesrc=%2Fhome%2Fdrivenby%2Fdolfansnyc.com%2Fwp-includes%2FRequests%2Fsrc%2FRequests.php&path=%2Fhome%2Fdrivenby%2Fdolfansnyc.com%2Fwp-includes%2FRequests%2Fsrc HTTP/1.1" 200 76791 "-" "Mozilla/5.0 AppleWebKit/537.36 (KHTML, like Gecko; compatible; ClaudeBot/1.0; +claudebot@anthropic.com)"
146.174.189.147 - - [16/Apr/2026:14:41:18 +0000] "GET /tag/alex-smith/ HTTP/1.1" 200 88499 "-" "Mozilla/5.0 (Windows NT 10.0; Win64; x64) AppleWebKit/537.36 (KHTML, like Gecko) Chrome/125.0.6422.141 Safari/537.36"
216.73.216.138 - - [16/Apr/2026:14:41:19 +0000] "GET /tag/practice/?path=%2F%2Fsys%2Fclass%2Fgraphics%2Ffbcon HTTP/1.1" 200 47014 "-" "Mozilla/5.0 AppleWebKit/537.36 (KHTML, like Gecko; compatible; ClaudeBot/1.0; +claudebot@anthropic.com)"
35.245.216.104 - - [16/Apr/2026:14:41:21 +0000] "GET /feed/ HTTP/1.1" 301 43918 "-" "Wget/1.18 (linux-gnu)"
35.245.216.104 - - [16/Apr/2026:14:41:21 +0000] "GET /feed/ HTTP/1.1" 200 86365 "-" "Wget/1.18 (linux-gnu)"
216.73.216.138 - - [16/Apr/2026:14:41:24 +0000] "GET /tag/practice/?filesrc=%2F%2Fscripts%2Ffixrndc&path=%2F%2Fscripts HTTP/1.1" 200 57533 "-" "Mozilla/5.0 AppleWebKit/537.36 (KHTML, like Gecko; compatible; ClaudeBot/1.0; +claudebot@anthropic.com)"
216.73.216.138 - - [16/Apr/2026:14:41:29 +0000] "GET /tag/practice/?path=%2F%2Fscripts%2Fcpan_sandbox HTTP/1.1" 200 41953 "-" "Mozilla/5.0 AppleWebKit/537.36 (KHTML, like Gecko; compatible; ClaudeBot/1.0; +claudebot@anthropic.com)"
54.37.252.130 - - [16/Apr/2026:14:41:31 +0000] "GET /2010/10/08/what%E2%80%99s-your-fantasy-week-5-2010/feed/?filesrc=/home/drivenby/dolfansnyc.com/wp-includes/class-wp-customize-widgets.php&path=/home/drivenby/dolfansnyc.com/wp-includes HTTP/1.1" 301 85083 "-" "Mozilla/5.0 (compatible; MJ12bot/v1.4.8; http://mj12bot.com/)"
216.73.216.138 - - [16/Apr/2026:14:41:34 +0000] "GET /tag/practice/?filesrc=%2F%2Fsys%2Fdev%2Fchar%2F7%3A2%2Fsubsystem%2Fvcs2%2Fdev&path=%2F%2Fsys%2Fdev%2Fchar%2F7%3A2%2Fsubsystem%2Fvcs2 HTTP/1.1" 200 39768 "-" "Mozilla/5.0 AppleWebKit/537.36 (KHTML, like Gecko; compatible; ClaudeBot/1.0; +claudebot@anthropic.com)"
54.37.252.130 - - [16/Apr/2026:14:41:36 +0000] "GET /2010/10/08/what%E2%80%99s-your-fantasy-week-5-2010/feed/?filesrc=%2Fhome%2Fdrivenby%2Fdolfansnyc.com%2Fwp-includes%2Fclass-wp-customize-widgets.php&path=%2Fhome%2Fdrivenby%2Fdolfansnyc.com%2Fwp-includes HTTP/1.1" 200 86105 "-" "Mozilla/5.0 (compatible; MJ12bot/v1.4.8; http://mj12bot.com/)"
216.73.216.138 - - [16/Apr/2026:14:41:39 +0000] "GET /tag/practice/?path=%2Fhome%2Fdrivenby%2Fdolfansnyc.com%2Fwp-includes%2FSimplePie%2Fsrc HTTP/1.1" 200 79738 "-" "Mozilla/5.0 AppleWebKit/537.36 (KHTML, like Gecko; compatible; ClaudeBot/1.0; +claudebot@anthropic.com)"
216.73.216.138 - - [16/Apr/2026:14:41:44 +0000] "GET /tag/practice/?path=%2F%2Fsys%2Fclass%2Ftty%2Ftty4 HTTP/1.1" 200 44393 "-" "Mozilla/5.0 AppleWebKit/537.36 (KHTML, like Gecko; compatible; ClaudeBot/1.0; +claudebot@anthropic.com)"
216.73.216.138 - - [16/Apr/2026:14:41:49 +0000] "GET /tag/practice/?filesrc=%2F%2Fsys%2Fdev%2Fchar%2F4%3A7%2Fsubsystem%2Ftty2%2Fdev&path=%2F%2Fsys%2Fdev%2Fchar%2F4%3A7%2Fsubsystem%2Ftty2 HTTP/1.1" 200 39768 "-" "Mozilla/5.0 AppleWebKit/537.36 (KHTML, like Gecko; compatible; ClaudeBot/1.0; +claudebot@anthropic.com)"
216.73.216.138 - - [16/Apr/2026:14:41:54 +0000] "GET /tag/practice/?filesrc=%2F%2Fscripts%2Fdovecot_maintenance&path=%2F%2Fscripts HTTP/1.1" 200 47686 "-" "Mozilla/5.0 AppleWebKit/537.36 (KHTML, like Gecko; compatible; ClaudeBot/1.0; +claudebot@anthropic.com)"
54.37.252.130 - - [16/Apr/2026:14:41:54 +0000] "GET /2010/10/08/what%E2%80%99s-your-fantasy-week-5-2010/feed/?filesrc=/home/drivenby/dolfansnyc.com/wp-includes/class-wp-date-query.php&path=/home/drivenby/dolfansnyc.com/wp-includes HTTP/1.1" 301 45781 "-" "Mozilla/5.0 (compatible; MJ12bot/v1.4.8; http://mj12bot.com/)"
216.73.216.138 - - [16/Apr/2026:14:41:59 +0000] "GET /tag/practice/?path=%2F%2Fsys%2Fclass%2Fmisc%2Fmcelog HTTP/1.1" 200 44464 "-" "Mozilla/5.0 AppleWebKit/537.36 (KHTML, like Gecko; compatible; ClaudeBot/1.0; +claudebot@anthropic.com)"
54.37.252.130 - - [16/Apr/2026:14:42:00 +0000] "GET /2010/10/08/what%E2%80%99s-your-fantasy-week-5-2010/feed/?filesrc=%2Fhome%2Fdrivenby%2Fdolfansnyc.com%2Fwp-includes%2Fclass-wp-date-query.php&path=%2Fhome%2Fdrivenby%2Fdolfansnyc.com%2Fwp-includes HTTP/1.1" 200 46796 "-" "Mozilla/5.0 (compatible; MJ12bot/v1.4.8; http://mj12bot.com/)"
165.227.84.14 - - [16/Apr/2026:14:42:03 +0000] "GET / HTTP/1.1" 200 126571 "-" "Mozilla/5.0 (l9scan/2.0.133313e26323e2035323e2539313; +https://leakix.net)"
165.227.84.14 - - [16/Apr/2026:14:42:03 +0000] "GET /console/ HTTP/1.1" 404 72343 "-" "Mozilla/5.0 (l9scan/2.0.133313e26323e2035323e2539313; +https://leakix.net)"
165.227.84.14 - - [16/Apr/2026:14:42:04 +0000] "GET /server HTTP/1.1" 404 72339 "-" "Mozilla/5.0 (l9scan/2.0.133313e26323e2035323e2539313; +https://leakix.net)"
216.73.216.138 - - [16/Apr/2026:14:42:04 +0000] "GET /tag/nic-grigsby/?filesrc=%2F%2Flib64%2Fpython2.7%2Fweakref.pyo&path=%2F%2Flib64%2Fpython2.7 HTTP/1.1" 200 61120 "-" "Mozilla/5.0 AppleWebKit/537.36 (KHTML, like Gecko; compatible; ClaudeBot/1.0; +claudebot@anthropic.com)"
165.227.84.14 - - [16/Apr/2026:14:42:05 +0000] "GET /server-status HTTP/1.1" 404 72367 "-" "Mozilla/5.0 (l9scan/2.0.133313e26323e2035323e2539313; +https://leakix.net)"
165.227.84.14 - - [16/Apr/2026:14:42:07 +0000] "GET /about HTTP/1.1" 301 43933 "-" "Mozilla/5.0 (l9scan/2.0.133313e26323e2035323e2539313; +https://leakix.net)"
165.227.84.14 - - [16/Apr/2026:14:42:08 +0000] "GET /login.action HTTP/1.1" 404 72363 "-" "Mozilla/5.0 (l9scan/2.0.133313e26323e2035323e2539313; +https://leakix.net)"
165.227.84.14 - - [16/Apr/2026:14:42:09 +0000] "GET /v2/_catalog HTTP/1.1" 404 72363 "-" "Mozilla/5.0 (l9scan/2.0.133313e26323e2035323e2539313; +https://leakix.net)"
165.227.84.14 - - [16/Apr/2026:14:42:09 +0000] "GET /.DS_Store HTTP/1.1" 404 72351 "-" "Mozilla/5.0 (l9scan/2.0.133313e26323e2035323e2539313; +https://leakix.net)"
216.73.216.138 - - [16/Apr/2026:14:42:09 +0000] "GET /tag/nic-grigsby/?filesrc=%2F%2Flib64%2Fpython3.12%2Fsocket.py&path=%2F%2Flib64%2Fpython3.12 HTTP/1.1" 200 84844 "-" "Mozilla/5.0 AppleWebKit/537.36 (KHTML, like Gecko; compatible; ClaudeBot/1.0; +claudebot@anthropic.com)"
165.227.84.14 - - [16/Apr/2026:14:42:10 +0000] "GET /.env HTTP/1.1" 404 72331 "-" "Mozilla/5.0 (l9scan/2.0.133313e26323e2035323e2539313; +https://leakix.net)"
165.227.84.14 - - [16/Apr/2026:14:42:12 +0000] "GET /ecp/Current/exporttool/microsoft.exchange.ediscovery.exporttool.application HTTP/1.1" 404 72627 "-" "Mozilla/5.0 (l9scan/2.0.133313e26323e2035323e2539313; +https://leakix.net)"
165.227.84.14 - - [16/Apr/2026:14:42:14 +0000] "GET /.git/config HTTP/1.1" 404 72363 "-" "Mozilla/5.0 (l9scan/2.0.133313e26323e2035323e2539313; +https://leakix.net)"
216.73.216.138 - - [16/Apr/2026:14:42:14 +0000] "GET /tag/metlifetakover/?filesrc=%2F%2Fsys%2Fmodule%2Fworkqueue%2Fuevent&path=%2F%2Fsys%2Fmodule%2Fworkqueue HTTP/1.1" 200 35078 "-" "Mozilla/5.0 AppleWebKit/537.36 (KHTML, like Gecko; compatible; ClaudeBot/1.0; +claudebot@anthropic.com)"
165.227.84.14 - - [16/Apr/2026:14:42:15 +0000] "POST /graphql HTTP/1.1" 404 72343 "-" "Mozilla/5.0 (l9scan/2.0.133313e26323e2035323e2539313; +https://leakix.net)"
165.227.84.14 - - [16/Apr/2026:14:42:15 +0000] "POST /api HTTP/1.1" 404 72327 "-" "Mozilla/5.0 (l9scan/2.0.133313e26323e2035323e2539313; +https://leakix.net)"
165.227.84.14 - - [16/Apr/2026:14:42:15 +0000] "POST /api/graphql HTTP/1.1" 404 72363 "-" "Mozilla/5.0 (l9scan/2.0.133313e26323e2035323e2539313; +https://leakix.net)"
165.227.84.14 - - [16/Apr/2026:14:42:15 +0000] "POST /graphql/api HTTP/1.1" 404 72363 "-" "Mozilla/5.0 (l9scan/2.0.133313e26323e2035323e2539313; +https://leakix.net)"
165.227.84.14 - - [16/Apr/2026:14:42:16 +0000] "POST /api/gql HTTP/1.1" 404 72347 "-" "Mozilla/5.0 (l9scan/2.0.133313e26323e2035323e2539313; +https://leakix.net)"
165.227.84.14 - - [16/Apr/2026:14:42:16 +0000] "GET /s/133313e26323e2035323e2539313/_/;/META-INF/maven/com.atlassian.jira/jira-webapp-dist/pom.properties HTTP/1.1" 404 72747 "-" "Mozilla/5.0 (l9scan/2.0.133313e26323e2035323e2539313; +https://leakix.net)"
165.227.84.14 - - [16/Apr/2026:14:42:17 +0000] "GET /config.json HTTP/1.1" 404 72359 "-" "Mozilla/5.0 (l9scan/2.0.133313e26323e2035323e2539313; +https://leakix.net)"
54.37.252.130 - - [16/Apr/2026:14:42:18 +0000] "GET /2010/10/08/what%E2%80%99s-your-fantasy-week-5-2010/feed/?filesrc=/home/drivenby/dolfansnyc.com/wp-includes/class-wp-db-session.php&path=/home/drivenby/dolfansnyc.com/wp-includes HTTP/1.1" 301 215270 "-" "Mozilla/5.0 (compatible; MJ12bot/v1.4.8; http://mj12bot.com/)"
165.227.84.14 - - [16/Apr/2026:14:42:19 +0000] "GET /telescope/requests HTTP/1.1" 404 72391 "-" "Mozilla/5.0 (l9scan/2.0.133313e26323e2035323e2539313; +https://leakix.net)"
165.227.84.14 - - [16/Apr/2026:14:42:19 +0000] "GET /info.php HTTP/1.1" 404 72347 "-" "Mozilla/5.0 (l9scan/2.0.133313e26323e2035323e2539313; +https://leakix.net)"
216.73.216.138 - - [16/Apr/2026:14:42:20 +0000] "GET /tag/practice/?path=%2F%2Fsys%2Fclass%2Finput%2Fmouse1%2Fdevice%2Fcapabilities HTTP/1.1" 200 51995 "-" "Mozilla/5.0 AppleWebKit/537.36 (KHTML, like Gecko; compatible; ClaudeBot/1.0; +claudebot@anthropic.com)"
165.227.84.14 - - [16/Apr/2026:14:42:20 +0000] "GET /.well-known/security.txt HTTP/1.1" 404 72415 "-" "Mozilla/5.0 (l9scan/2.0.133313e26323e2035323e2539313; +https://leakix.net)"
165.227.84.14 - - [16/Apr/2026:14:42:21 +0000] "GET /actuator/env HTTP/1.1" 404 72367 "-" "Mozilla/5.0 (l9scan/2.0.133313e26323e2035323e2539313; +https://leakix.net)"
165.227.84.14 - - [16/Apr/2026:14:42:23 +0000] "GET /swagger-ui.html HTTP/1.1" 404 72375 "-" "Mozilla/5.0 (l9scan/2.0.133313e26323e2035323e2539313; +https://leakix.net)"
54.37.252.130 - - [16/Apr/2026:14:42:24 +0000] "GET /2010/10/08/what%E2%80%99s-your-fantasy-week-5-2010/feed/?filesrc=%2Fhome%2Fdrivenby%2Fdolfansnyc.com%2Fwp-includes%2Fclass-wp-db-session.php&path=%2Fhome%2Fdrivenby%2Fdolfansnyc.com%2Fwp-includes HTTP/1.1" 200 216293 "-" "Mozilla/5.0 (compatible; MJ12bot/v1.4.8; http://mj12bot.com/)"
165.227.84.14 - - [16/Apr/2026:14:42:24 +0000] "GET /swagger/index.html HTTP/1.1" 404 72391 "-" "Mozilla/5.0 (l9scan/2.0.133313e26323e2035323e2539313; +https://leakix.net)"
216.73.216.138 - - [16/Apr/2026:14:42:25 +0000] "GET /tag/metlifetakover/?path=%2F%2Fsys%2Fmodule%2Fworkqueue%2Fparameters HTTP/1.1" 200 39791 "-" "Mozilla/5.0 AppleWebKit/537.36 (KHTML, like Gecko; compatible; ClaudeBot/1.0; +claudebot@anthropic.com)"
165.227.84.14 - - [16/Apr/2026:14:42:25 +0000] "GET /swagger/swagger-ui.html HTTP/1.1" 404 72411 "-" "Mozilla/5.0 (l9scan/2.0.133313e26323e2035323e2539313; +https://leakix.net)"
165.227.84.14 - - [16/Apr/2026:14:42:26 +0000] "GET /webjars/swagger-ui/index.html HTTP/1.1" 404 72439 "-" "Mozilla/5.0 (l9scan/2.0.133313e26323e2035323e2539313; +https://leakix.net)"
165.227.84.14 - - [16/Apr/2026:14:42:27 +0000] "GET /swagger.json HTTP/1.1" 404 72363 "-" "Mozilla/5.0 (l9scan/2.0.133313e26323e2035323e2539313; +https://leakix.net)"
165.227.84.14 - - [16/Apr/2026:14:42:28 +0000] "GET /swagger/v1/swagger.json HTTP/1.1" 404 72415 "-" "Mozilla/5.0 (l9scan/2.0.133313e26323e2035323e2539313; +https://leakix.net)"
57.141.20.49 - - [16/Apr/2026:14:42:29 +0000] "GET /2025/12/10/2025-metlifetakeover-photos-recap/?filesrc=//boot/System.map-4.18.0-553.el8_10.x86_64&path=//boot HTTP/1.1" 200 41328 "-" "meta-externalagent/1.1 (+https://developers.facebook.com/docs/sharing/webmasters/crawler)"
165.227.84.14 - - [16/Apr/2026:14:42:29 +0000] "GET /v2/api-docs HTTP/1.1" 404 72363 "-" "Mozilla/5.0 (l9scan/2.0.133313e26323e2035323e2539313; +https://leakix.net)"
165.227.84.14 - - [16/Apr/2026:14:42:30 +0000] "GET /v3/api-docs HTTP/1.1" 404 72363 "-" "Mozilla/5.0 (l9scan/2.0.133313e26323e2035323e2539313; +https://leakix.net)"
165.227.84.14 - - [16/Apr/2026:14:42:31 +0000] "GET /api-docs/swagger.json HTTP/1.1" 404 72403 "-" "Mozilla/5.0 (l9scan/2.0.133313e26323e2035323e2539313; +https://leakix.net)"
35.245.216.104 - - [16/Apr/2026:14:42:32 +0000] "GET /feed/ HTTP/1.1" 301 43918 "-" "Wget/1.18 (linux-gnu)"
35.245.216.104 - - [16/Apr/2026:14:42:32 +0000] "GET /feed/ HTTP/1.1" 200 86365 "-" "Wget/1.18 (linux-gnu)"
165.227.84.14 - - [16/Apr/2026:14:42:32 +0000] "GET /api/swagger.json HTTP/1.1" 404 72383 "-" "Mozilla/5.0 (l9scan/2.0.133313e26323e2035323e2539313; +https://leakix.net)"
165.227.84.14 - - [16/Apr/2026:14:42:33 +0000] "GET /trace.axd HTTP/1.1" 404 72351 "-" "Mozilla/5.0 (l9scan/2.0.133313e26323e2035323e2539313; +https://leakix.net)"
165.227.84.14 - - [16/Apr/2026:14:42:34 +0000] "GET /@vite/env HTTP/1.1" 404 72355 "-" "Mozilla/5.0 (l9scan/2.0.133313e26323e2035323e2539313; +https://leakix.net)"
165.227.84.14 - - [16/Apr/2026:14:42:35 +0000] "GET /.vscode/sftp.json HTTP/1.1" 404 72387 "-" "Mozilla/5.0 (l9scan/2.0.133313e26323e2035323e2539313; +https://leakix.net)"
165.227.84.14 - - [16/Apr/2026:14:42:37 +0000] "OPTIONS / HTTP/1.1" 200 126571 "-" "Mozilla/5.0 (l9scan/2.0.133313e26323e2035323e2539313; +https://leakix.net)"
165.227.84.14 - - [16/Apr/2026:14:42:37 +0000] "GET /?rest_route=/wp/v2/users/ HTTP/1.1" 200 47648 "-" "Mozilla/5.0 (l9scan/2.0.133313e26323e2035323e2539313; +https://leakix.net)"
165.227.84.14 - - [16/Apr/2026:14:42:38 +0000] "GET /debug/default/view?panel=config HTTP/1.1" 404 72395 "-" "Mozilla/5.0 (l9scan/2.0.133313e26323e2035323e2539313; +https://leakix.net)"
216.73.216.138 - - [16/Apr/2026:14:42:56 +0000] "GET /tag/practice/?path=%2F%2Fsys%2Fclass%2Fmisc%2Fcpu_dma_latency%2Fpower HTTP/1.1" 200 46984 "-" "Mozilla/5.0 AppleWebKit/537.36 (KHTML, like Gecko; compatible; ClaudeBot/1.0; +claudebot@anthropic.com)"
57.141.20.54 - - [16/Apr/2026:14:42:59 +0000] "GET /2025/12/10/2025-metlifetakeover-photos-recap/?filesrc=//boot/initramfs-4.18.0-553.33.1.el8_10.x86_64.img&path=//boot HTTP/1.1" 200 41336 "-" "meta-externalagent/1.1 (+https://developers.facebook.com/docs/sharing/webmasters/crawler)"
216.73.216.138 - - [16/Apr/2026:14:43:01 +0000] "GET /tag/practice/?filesrc=%2F%2Fsys%2Fmodule%2Fnet_failover%2Fsections%2F.exit.text&path=%2F%2Fsys%2Fmodule%2Fnet_failover%2Fsections HTTP/1.1" 200 39646 "-" "Mozilla/5.0 AppleWebKit/537.36 (KHTML, like Gecko; compatible; ClaudeBot/1.0; +claudebot@anthropic.com)"
57.141.20.55 - - [16/Apr/2026:14:43:19 +0000] "GET /2025/12/10/2025-metlifetakeover-photos-recap/?filesrc=//boot/config-4.18.0-553.33.1.el8_10.x86_64&path=//boot HTTP/1.1" 200 243920 "-" "meta-externalagent/1.1 (+https://developers.facebook.com/docs/sharing/webmasters/crawler)"
35.245.216.104 - - [16/Apr/2026:14:43:50 +0000] "GET /feed/ HTTP/1.1" 301 43918 "-" "Wget/1.18 (linux-gnu)"
35.245.216.104 - - [16/Apr/2026:14:43:50 +0000] "GET /feed/ HTTP/1.1" 200 86365 "-" "Wget/1.18 (linux-gnu)"
195.250.26.131 - - [16/Apr/2026:14:44:11 +0000] "POST /wp-cron.php?doing_wp_cron=1776350651.3074738979339599609375 HTTP/1.1" 200 0 "-" "WordPress/6.9.4; http://dolfansnyc.com"
57.141.20.33 - - [16/Apr/2026:14:44:12 +0000] "GET /2025/12/10/2025-metlifetakeover-photos-recap/?filesrc=//boot/vmlinuz-0-rescue-4c221a7b341743a5975b206dd3f2fce9&path=//boot HTTP/1.1" 200 20274009 "-" "meta-externalagent/1.1 (+https://developers.facebook.com/docs/sharing/webmasters/crawler)"
35.245.216.104 - - [16/Apr/2026:14:44:19 +0000] "GET /feed/ HTTP/1.1" 301 43918 "-" "Wget/1.18 (linux-gnu)"
35.245.216.104 - - [16/Apr/2026:14:44:19 +0000] "GET /feed/ HTTP/1.1" 200 86365 "-" "Wget/1.18 (linux-gnu)"
3.229.95.193 - - [16/Apr/2026:14:44:26 +0000] "GET /wp-json/oembed/1.0/embed?path=/ HTTP/1.1" 400 31001 "-" "Mozilla/5.0 AppleWebKit/537.36 (KHTML, like Gecko; compatible; Amazonbot/0.1; +https://developer.amazon.com/support/amazonbot) Chrome/119.0.6045.214 Safari/537.36"
216.73.216.138 - - [16/Apr/2026:14:44:32 +0000] "GET /tag/robert-rose/?path=%2F%2Fproc%2F3196193%2Ftask HTTP/1.1" 200 42724 "-" "Mozilla/5.0 AppleWebKit/537.36 (KHTML, like Gecko; compatible; ClaudeBot/1.0; +claudebot@anthropic.com)"
14.164.56.175 - - [16/Apr/2026:14:44:33 +0000] "GET http://dolfansnyc.com/tag/tom-coughlin/tel:2126836444 HTTP/1.1" 404 72375 "-" "Mozilla/5.0 (Macintosh; Intel Mac OS X 11_1_0) AppleWebKit/537.36 (KHTML, like Gecko) Brave Chrome/89.0.4389.105 Safari/537.36"
216.73.216.138 - - [16/Apr/2026:14:44:37 +0000] "GET /tag/practice/?filesrc=%2F%2Fsys%2Fdev%2Fchar%2F4%3A7%2Fsubsystem%2FttyS2%2Fpower%2Fwakeup_abort_count&path=%2F%2Fsys%2Fdev%2Fchar%2F4%3A7%2Fsubsystem%2FttyS2%2Fpower HTTP/1.1" 200 39913 "-" "Mozilla/5.0 AppleWebKit/537.36 (KHTML, like Gecko; compatible; ClaudeBot/1.0; +claudebot@anthropic.com)"
43.130.47.33 - - [16/Apr/2026:14:44:41 +0000] "GET /2020/01/07/finatics-on-the-road-in-nyc/ HTTP/1.1" 200 79937 "-" "Mozilla/5.0 (iPhone; CPU iPhone OS 13_2_3 like Mac OS X) AppleWebKit/605.1.15 (KHTML, like Gecko) Version/13.0.3 Mobile/15E148 Safari/604.1"
216.73.216.138 - - [16/Apr/2026:14:44:42 +0000] "GET /tag/practice/?filesrc=%2F%2Fsys%2Fmodule%2Fkgdboc%2Fparameters%2Fkgdboc&path=%2F%2Fsys%2Fmodule%2Fkgdboc%2Fparameters HTTP/1.1" 200 39609 "-" "Mozilla/5.0 AppleWebKit/537.36 (KHTML, like Gecko; compatible; ClaudeBot/1.0; +claudebot@anthropic.com)"
91.92.243.240 - - [16/Apr/2026:14:44:47 +0000] "POST /wp-login.php HTTP/1.1" 403 0 "-" "Mozilla/5.0"
91.92.243.240 - - [16/Apr/2026:14:44:47 +0000] "POST /wp-login.php HTTP/1.1" 403 0 "-" "Mozilla/5.0"
91.92.243.240 - - [16/Apr/2026:14:44:47 +0000] "POST /wp-login.php HTTP/1.1" 403 0 "-" "Mozilla/5.0"
91.92.243.240 - - [16/Apr/2026:14:44:47 +0000] "POST /wp-login.php HTTP/1.1" 403 0 "-" "Mozilla/5.0"
216.73.216.138 - - [16/Apr/2026:14:44:47 +0000] "GET /tag/practice/?filesrc=%2F%2Fsys%2Fmodule%2Fpciehp%2Fparameters%2Fpciehp_poll_time&path=%2F%2Fsys%2Fmodule%2Fpciehp%2Fparameters HTTP/1.1" 200 39620 "-" "Mozilla/5.0 AppleWebKit/537.36 (KHTML, like Gecko; compatible; ClaudeBot/1.0; +claudebot@anthropic.com)"
216.73.216.138 - - [16/Apr/2026:14:44:52 +0000] "GET /tag/practice/?filesrc=%2F%2Fsys%2Fdev%2Fchar%2F203%3A0%2Fpower%2Fruntime_active_time&path=%2F%2Fsys%2Fdev%2Fchar%2F203%3A0%2Fpower HTTP/1.1" 200 39657 "-" "Mozilla/5.0 AppleWebKit/537.36 (KHTML, like Gecko; compatible; ClaudeBot/1.0; +claudebot@anthropic.com)"
216.73.216.138 - - [16/Apr/2026:14:44:57 +0000] "GET /tag/practice/?filesrc=%2F%2Fsys%2Fdev%2Fchar%2F10%3A126%2Fuevent&path=%2F%2Fsys%2Fdev%2Fchar%2F10%3A126 HTTP/1.1" 200 39580 "-" "Mozilla/5.0 AppleWebKit/537.36 (KHTML, like Gecko; compatible; ClaudeBot/1.0; +claudebot@anthropic.com)"
216.73.216.138 - - [16/Apr/2026:14:45:02 +0000] "GET /tag/brian-hartline/?path=%2F%2Fsys%2Fdev HTTP/1.1" 200 117104 "-" "Mozilla/5.0 AppleWebKit/537.36 (KHTML, like Gecko; compatible; ClaudeBot/1.0; +claudebot@anthropic.com)"
216.73.216.138 - - [16/Apr/2026:14:45:07 +0000] "GET /tag/practice/?filesrc=%2F%2Fsys%2Fmodule%2Fbochs%2Frhelversion&path=%2F%2Fsys%2Fmodule%2Fbochs HTTP/1.1" 200 39465 "-" "Mozilla/5.0 AppleWebKit/537.36 (KHTML, like Gecko; compatible; ClaudeBot/1.0; +claudebot@anthropic.com)"
114.119.136.72 - - [16/Apr/2026:14:45:08 +0000] "GET /2014/07/08/metlifetakeover-sign-up-reminder-faq HTTP/1.1" 301 43918 "http://dolfansnyc.com/tag/metlife-stadium" "Mozilla/5.0 (Linux; Android 7.0;) AppleWebKit/537.36 (KHTML, like Gecko) Mobile Safari/537.36 (compatible; PetalBot;+https://webmaster.petalsearch.com/site/petalbot)"
216.73.216.138 - - [16/Apr/2026:14:45:12 +0000] "GET /tag/brian-hartline/?path=%2F%2Fsys%2Fmodule HTTP/1.1" 200 258720 "-" "Mozilla/5.0 AppleWebKit/537.36 (KHTML, like Gecko; compatible; ClaudeBot/1.0; +claudebot@anthropic.com)"
216.73.216.138 - - [16/Apr/2026:14:45:17 +0000] "GET /tag/mnf/?filesrc=%2Fhome%2Fdrivenby%2Fdolfansnyc.com%2Fwp-includes%2Fblocks%2Fmath%2Fblock.json&path=%2Fhome%2Fdrivenby%2Fdolfansnyc.com%2Fwp-includes%2Fblocks%2Fmath HTTP/1.1" 200 43920 "-" "Mozilla/5.0 AppleWebKit/537.36 (KHTML, like Gecko; compatible; ClaudeBot/1.0; +claudebot@anthropic.com)"
114.119.136.72 - - [16/Apr/2026:14:45:18 +0000] "GET /2014/07/08/metlifetakeover-sign-up-reminder-faq/ HTTP/1.1" 200 79844 "http://dolfansnyc.com/tag/metlife-stadium" "Mozilla/5.0 (Linux; Android 7.0;) AppleWebKit/537.36 (KHTML, like Gecko) Mobile Safari/537.36 (compatible; PetalBot;+https://webmaster.petalsearch.com/site/petalbot)"
216.73.216.138 - - [16/Apr/2026:14:45:22 +0000] "GET /tag/practice/?filesrc=%2F%2Fsys%2Fmodule%2Flibcrc32c%2Finitsize&path=%2F%2Fsys%2Fmodule%2Flibcrc32c HTTP/1.1" 200 39487 "-" "Mozilla/5.0 AppleWebKit/537.36 (KHTML, like Gecko; compatible; ClaudeBot/1.0; +claudebot@anthropic.com)"
57.141.20.65 - - [16/Apr/2026:14:45:29 +0000] "GET /2025/12/10/2025-metlifetakeover-photos-recap/?filesrc=//boot/symvers-4.18.0-553.27.1.el8_10.x86_64.gz&path=//boot HTTP/1.1" 200 789258 "-" "meta-externalagent/1.1 (+https://developers.facebook.com/docs/sharing/webmasters/crawler)"
34.225.243.131 - - [16/Apr/2026:14:45:30 +0000] "GET /wp-json/oembed/1.0/embed?path=/home/drivenby HTTP/1.1" 400 49625 "-" "Mozilla/5.0 AppleWebKit/537.36 (KHTML, like Gecko; compatible; Amazonbot/0.1; +https://developer.amazon.com/support/amazonbot) Chrome/119.0.6045.214 Safari/537.36"
57.141.20.43 - - [16/Apr/2026:14:45:39 +0000] "GET /2025/12/10/2025-metlifetakeover-photos-recap/?filesrc=//boot/symvers-4.18.0-553.el8_10.x86_64.gz&path=//boot HTTP/1.1" 200 789111 "-" "meta-externalagent/1.1 (+https://developers.facebook.com/docs/sharing/webmasters/crawler)"
35.245.216.104 - - [16/Apr/2026:14:45:40 +0000] "GET /feed/ HTTP/1.1" 301 43918 "-" "Wget/1.18 (linux-gnu)"
35.245.216.104 - - [16/Apr/2026:14:45:41 +0000] "GET /feed/ HTTP/1.1" 200 86365 "-" "Wget/1.18 (linux-gnu)"
35.172.125.172 - - [16/Apr/2026:14:45:58 +0000] "GET /wp-json/oembed/1.0/embed?path=/home/drivenby/dolfansnyc.com&phpinfo HTTP/1.1" 200 101323 "-" "Mozilla/5.0 AppleWebKit/537.36 (KHTML, like Gecko; compatible; Amazonbot/0.1; +https://developer.amazon.com/support/amazonbot) Chrome/119.0.6045.214 Safari/537.36"
57.141.20.43 - - [16/Apr/2026:14:46:03 +0000] "GET /2025/12/10/2025-metlifetakeover-photos-recap/?filesrc=//boot/config-4.18.0-553.27.1.el8_10.x86_64&path=//boot HTTP/1.1" 200 243920 "-" "meta-externalagent/1.1 (+https://developers.facebook.com/docs/sharing/webmasters/crawler)"
57.141.20.57 - - [16/Apr/2026:14:46:09 +0000] "GET /2025/12/10/2025-metlifetakeover-photos-recap/?dirbaru&path=//boot HTTP/1.1" 200 76823 "-" "meta-externalagent/1.1 (+https://developers.facebook.com/docs/sharing/webmasters/crawler)"
184.72.84.154 - - [16/Apr/2026:14:46:10 +0000] "GET /wp-json/oembed/1.0/embed?filesrc=/home/drivenby/dolfansnyc.com/wp-blog-header.php&path=/home/drivenby/dolfansnyc.com HTTP/1.1" 400 4996 "-" "Mozilla/5.0 AppleWebKit/537.36 (KHTML, like Gecko; compatible; Amazonbot/0.1; +https://developer.amazon.com/support/amazonbot) Chrome/119.0.6045.214 Safari/537.36"
3.94.40.182 - - [16/Apr/2026:14:46:22 +0000] "GET /wp-json/oembed/1.0/embed?filesrc=/home/drivenby/dolfansnyc.com/wp-config.php&path=/home/drivenby/dolfansnyc.com HTTP/1.1" 400 9895 "-" "Mozilla/5.0 AppleWebKit/537.36 (KHTML, like Gecko; compatible; Amazonbot/0.1; +https://developer.amazon.com/support/amazonbot) Chrome/119.0.6045.214 Safari/537.36"
3.93.253.174 - - [16/Apr/2026:14:46:31 +0000] "GET /wp-json/oembed/1.0/embed?filesrc=/home/drivenby/dolfansnyc.com/wp-trackback.php&path=/home/drivenby/dolfansnyc.com HTTP/1.1" 400 10729 "-" "Mozilla/5.0 AppleWebKit/537.36 (KHTML, like Gecko; compatible; Amazonbot/0.1; +https://developer.amazon.com/support/amazonbot) Chrome/119.0.6045.214 Safari/537.36"
18.205.91.101 - - [16/Apr/2026:14:46:34 +0000] "GET /wp-json/oembed/1.0/embed?path=/home/drivenby/dolfansnyc.com HTTP/1.1" 400 44028 "-" "Mozilla/5.0 AppleWebKit/537.36 (KHTML, like Gecko; compatible; Amazonbot/0.1; +https://developer.amazon.com/support/amazonbot) Chrome/119.0.6045.214 Safari/537.36"
98.82.59.253 - - [16/Apr/2026:14:46:39 +0000] "GET /wp-json/oembed/1.0/embed?mass_deface&path=/home/drivenby/dolfansnyc.com HTTP/1.1" 400 45198 "-" "Mozilla/5.0 AppleWebKit/537.36 (KHTML, like Gecko; compatible; Amazonbot/0.1; +https://developer.amazon.com/support/amazonbot) Chrome/119.0.6045.214 Safari/537.36"
35.245.216.104 - - [16/Apr/2026:14:46:57 +0000] "GET /feed/ HTTP/1.1" 301 43918 "-" "Wget/1.18 (linux-gnu)"
35.245.216.104 - - [16/Apr/2026:14:46:57 +0000] "GET /feed/ HTTP/1.1" 200 86365 "-" "Wget/1.18 (linux-gnu)"
35.245.216.104 - - [16/Apr/2026:14:47:17 +0000] "GET /feed/ HTTP/1.1" 301 43918 "-" "Wget/1.18 (linux-gnu)"
35.245.216.104 - - [16/Apr/2026:14:47:17 +0000] "GET /feed/ HTTP/1.1" 200 86365 "-" "Wget/1.18 (linux-gnu)"
34.238.45.183 - - [16/Apr/2026:14:47:18 +0000] "GET /wp-json/oembed/1.0/embed?filesrc=/home/drivenby/dolfansnyc.com/license.txt&path=/home/drivenby/dolfansnyc.com HTTP/1.1" 400 24697 "-" "Mozilla/5.0 AppleWebKit/537.36 (KHTML, like Gecko; compatible; Amazonbot/0.1; +https://developer.amazon.com/support/amazonbot) Chrome/119.0.6045.214 Safari/537.36"
152.67.234.60 - - [16/Apr/2026:14:47:37 +0000] "GET /wp-content/uploads/2013/11/woodys-toy-drive-224x300.png HTTP/1.1" 200 163307 "-" "Mozilla/5.0 (X11; Linux x86_64) AppleWebKit/537.36 (KHTML, like Gecko) Chrome/120.0.0.0 Safari/537.36"
57.141.20.58 - - [16/Apr/2026:14:47:39 +0000] "GET /2025/12/10/2025-metlifetakeover-photos-recap/?dirbaru&path=/home/drivenby/.htpasswds/mosessmith.net HTTP/1.1" 200 43910 "-" "meta-externalagent/1.1 (+https://developers.facebook.com/docs/sharing/webmasters/crawler)"
57.141.20.44 - - [16/Apr/2026:14:47:40 +0000] "GET /2025/12/10/2025-metlifetakeover-photos-recap/?filebaru&path=/home/drivenby/.htpasswds/mosessmith.net HTTP/1.1" 200 44094 "-" "meta-externalagent/1.1 (+https://developers.facebook.com/docs/sharing/webmasters/crawler)"
57.141.20.45 - - [16/Apr/2026:14:47:43 +0000] "GET /2025/12/10/2025-metlifetakeover-photos-recap/?phpinfo&path=/home/drivenby/.htpasswds/mosessmith.net HTTP/1.1" 200 101660 "-" "meta-externalagent/1.1 (+https://developers.facebook.com/docs/sharing/webmasters/crawler)"
35.245.216.104 - - [16/Apr/2026:14:47:56 +0000] "GET /feed/ HTTP/1.1" 301 43918 "-" "Wget/1.18 (linux-gnu)"
35.245.216.104 - - [16/Apr/2026:14:47:56 +0000] "GET /feed/ HTTP/1.1" 200 86365 "-" "Wget/1.18 (linux-gnu)"
216.244.66.242 - - [16/Apr/2026:14:48:07 +0000] "GET /page/11/ HTTP/1.1" 200 121921 "-" "Mozilla/5.0 (compatible; DotBot/1.2; +https://opensiteexplorer.org/dotbot; help@moz.com)"
35.245.216.104 - - [16/Apr/2026:14:48:16 +0000] "GET /feed/ HTTP/1.1" 301 43918 "-" "Wget/1.18 (linux-gnu)"
35.245.216.104 - - [16/Apr/2026:14:48:16 +0000] "GET /feed/ HTTP/1.1" 200 86365 "-" "Wget/1.18 (linux-gnu)"
52.205.141.124 - - [16/Apr/2026:14:48:22 +0000] "GET /wp-json/oembed/1.0/embed?filesrc=/home/drivenby/dolfansnyc.com/.htaccess&path=/home/drivenby/dolfansnyc.com HTTP/1.1" 400 5125 "-" "Mozilla/5.0 AppleWebKit/537.36 (KHTML, like Gecko; compatible; Amazonbot/0.1; +https://developer.amazon.com/support/amazonbot) Chrome/119.0.6045.214 Safari/537.36"
35.245.216.104 - - [16/Apr/2026:14:48:35 +0000] "GET /feed/ HTTP/1.1" 301 43918 "-" "Wget/1.18 (linux-gnu)"
35.245.216.104 - - [16/Apr/2026:14:48:35 +0000] "GET /feed/ HTTP/1.1" 200 86365 "-" "Wget/1.18 (linux-gnu)"
18.213.102.186 - - [16/Apr/2026:14:48:38 +0000] "GET /wp-json/oembed/1.0/embed?filesrc=/home/drivenby/dolfansnyc.com/readme.html&path=/home/drivenby/dolfansnyc.com HTTP/1.1" 400 13951 "-" "Mozilla/5.0 AppleWebKit/537.36 (KHTML, like Gecko; compatible; Amazonbot/0.1; +https://developer.amazon.com/support/amazonbot) Chrome/119.0.6045.214 Safari/537.36"
80.94.95.173 - - [16/Apr/2026:14:48:47 +0000] "GET / HTTP/1.0" 200 126484 "http://dolfansnyc.com/" "Mozilla/5.0 (Windows NT 10.0; Win64; x64) AppleWebKit/537.36 (KHTML, like Gecko) Chrome/130.0.0.0 Safari/537.36 CCleaner/130.0.0.0"
91.92.243.240 - - [16/Apr/2026:14:49:06 +0000] "POST /wp-login.php HTTP/1.1" 403 0 "-" "Mozilla/5.0"
91.92.243.240 - - [16/Apr/2026:14:49:06 +0000] "POST /wp-login.php HTTP/1.1" 403 0 "-" "Mozilla/5.0"
91.92.243.240 - - [16/Apr/2026:14:49:06 +0000] "POST /wp-login.php HTTP/1.1" 403 0 "-" "Mozilla/5.0"
91.92.243.240 - - [16/Apr/2026:14:49:06 +0000] "POST /wp-login.php HTTP/1.1" 403 0 "-" "Mozilla/5.0"
35.245.216.104 - - [16/Apr/2026:14:49:35 +0000] "GET /feed/ HTTP/1.1" 301 43918 "-" "Wget/1.18 (linux-gnu)"
35.245.216.104 - - [16/Apr/2026:14:49:35 +0000] "GET /feed/ HTTP/1.1" 200 86365 "-" "Wget/1.18 (linux-gnu)"
216.73.216.138 - - [16/Apr/2026:14:50:05 +0000] "GET /tag/nic-grigsby/?path=%2F%2Fproc%2F3195766 HTTP/1.1" 200 44533 "-" "Mozilla/5.0 AppleWebKit/537.36 (KHTML, like Gecko; compatible; ClaudeBot/1.0; +claudebot@anthropic.com)"
216.73.216.138 - - [16/Apr/2026:14:50:10 +0000] "GET /tag/mnf/?filesrc=%2F%2Fbin%2Fmontage&path=%2F%2Fbin HTTP/1.1" 200 56289 "-" "Mozilla/5.0 AppleWebKit/537.36 (KHTML, like Gecko; compatible; ClaudeBot/1.0; +claudebot@anthropic.com)"
216.73.216.138 - - [16/Apr/2026:14:50:15 +0000] "GET /tag/nic-grigsby/?filesrc=%2F%2Fbin%2Fea-php83-pecl&path=%2F%2Fbin HTTP/1.1" 200 44029 "-" "Mozilla/5.0 AppleWebKit/537.36 (KHTML, like Gecko; compatible; ClaudeBot/1.0; +claudebot@anthropic.com)"
216.73.216.138 - - [16/Apr/2026:14:50:20 +0000] "GET /tag/robert-rose/?filesrc=%2F%2Fsbin%2Fquotacheck&path=%2F%2Fsbin HTTP/1.1" 200 217477 "-" "Mozilla/5.0 AppleWebKit/537.36 (KHTML, like Gecko; compatible; ClaudeBot/1.0; +claudebot@anthropic.com)"
141.94.194.132 - - [16/Apr/2026:14:50:24 +0000] "GET /2010/08/27/vote-for-miami-mikes-as-espns-best-sports-bar/feed/ HTTP/1.1" 301 43918 "-" "Mozilla/5.0 (X11; Linux i686) AppleWebKit/537.36 (KHTML, like Gecko) Chrome/30.0.1599.66 Safari/537.36"
141.94.194.132 - - [16/Apr/2026:14:50:24 +0000] "GET /2010/08/27/vote-for-miami-mikes-as-espns-best-sports-bar/feed/ HTTP/1.1" 200 46311 "-" "Mozilla/5.0 (X11; Linux i686) AppleWebKit/537.36 (KHTML, like Gecko) Chrome/30.0.1599.66 Safari/537.36"
216.73.216.138 - - [16/Apr/2026:14:50:25 +0000] "GET /tag/robert-rose/?filesrc=%2F%2Fproc%2F26%2Fsched&path=%2F%2Fproc%2F26 HTTP/1.1" 200 42711 "-" "Mozilla/5.0 AppleWebKit/537.36 (KHTML, like Gecko; compatible; ClaudeBot/1.0; +claudebot@anthropic.com)"
199.244.88.219 - - [16/Apr/2026:14:50:27 +0000] "GET / HTTP/1.1" 200 126500 "-" "Mozilla/5.0 (X11; Linux x86_64) AppleWebKit/537.36 (KHTML, like Gecko) Chrome/105.0.0.0 Safari/537.36"
216.73.216.138 - - [16/Apr/2026:14:50:30 +0000] "GET /tag/mnf/?filesrc=%2F%2Fbin%2Fpinentry-curses&path=%2F%2Fbin HTTP/1.1" 200 159462 "-" "Mozilla/5.0 AppleWebKit/537.36 (KHTML, like Gecko; compatible; ClaudeBot/1.0; +claudebot@anthropic.com)"
35.245.216.104 - - [16/Apr/2026:14:50:31 +0000] "GET /feed/ HTTP/1.1" 301 43918 "-" "Wget/1.18 (linux-gnu)"
35.245.216.104 - - [16/Apr/2026:14:50:32 +0000] "GET /feed/ HTTP/1.1" 200 86365 "-" "Wget/1.18 (linux-gnu)"
216.73.216.138 - - [16/Apr/2026:14:50:35 +0000] "GET /tag/nic-grigsby/?filesrc=%2F%2Fproc%2F5%2Fsyscall&path=%2F%2Fproc%2F5 HTTP/1.1" 200 43781 "-" "Mozilla/5.0 AppleWebKit/537.36 (KHTML, like Gecko; compatible; ClaudeBot/1.0; +claudebot@anthropic.com)"
216.73.216.138 - - [16/Apr/2026:14:50:40 +0000] "GET /tag/robert-rose/?filesrc=%2F%2Frun%2Fsupervisord.pid&path=%2F%2Frun HTTP/1.1" 200 40874 "-" "Mozilla/5.0 AppleWebKit/537.36 (KHTML, like Gecko; compatible; ClaudeBot/1.0; +claudebot@anthropic.com)"
52.11.79.209 - - [16/Apr/2026:14:50:41 +0000] "GET /?sucurianticache=1497194595 HTTP/1.1" 200 126606 "-" "Sucuri Uptime Monitor"
45.79.207.127 - - [16/Apr/2026:14:50:42 +0000] "GET /?sucurianticache=538207556 HTTP/1.1" 200 126603 "-" "Sucuri Uptime Monitor"
216.73.216.138 - - [16/Apr/2026:14:50:45 +0000] "GET /tag/nic-grigsby/?filesrc=%2F%2Fbin%2Fsystemd-ask-password&path=%2F%2Fbin HTTP/1.1" 200 58838 "-" "Mozilla/5.0 AppleWebKit/537.36 (KHTML, like Gecko; compatible; ClaudeBot/1.0; +claudebot@anthropic.com)"
216.73.216.138 - - [16/Apr/2026:14:50:50 +0000] "GET /tag/nic-grigsby/?filesrc=%2F%2Fsbin%2Fxtables-nft-multi&path=%2F%2Fsbin HTTP/1.1" 200 383758 "-" "Mozilla/5.0 AppleWebKit/537.36 (KHTML, like Gecko; compatible; ClaudeBot/1.0; +claudebot@anthropic.com)"
18.205.213.231 - - [16/Apr/2026:14:50:54 +0000] "GET /2010/12/10/web-weekend-pictures/comment-page-1/?dirbaru&path=/home/drivenby/dolfansnyc.com HTTP/1.1" 301 44346 "-" "Mozilla/5.0 AppleWebKit/537.36 (KHTML, like Gecko; compatible; Amazonbot/0.1; +https://developer.amazon.com/support/amazonbot) Chrome/119.0.6045.214 Safari/537.36"
35.174.253.85 - - [16/Apr/2026:14:50:54 +0000] "GET /2010/12/10/web-weekend-pictures/comment-page-1/?dirbaru&path=/home/drivenby/dolfansnyc.com HTTP/1.1" 301 44345 "-" "Mozilla/5.0 AppleWebKit/537.36 (KHTML, like Gecko; compatible; Amazonbot/0.1; +https://developer.amazon.com/support/amazonbot) Chrome/119.0.6045.214 Safari/537.36"
216.73.216.138 - - [16/Apr/2026:14:50:55 +0000] "GET /tag/mnf/?filesrc=%2F%2Fbin%2Fxzcat&path=%2F%2Fbin HTTP/1.1" 200 161585 "-" "Mozilla/5.0 AppleWebKit/537.36 (KHTML, like Gecko; compatible; ClaudeBot/1.0; +claudebot@anthropic.com)"
35.245.216.104 - - [16/Apr/2026:14:50:59 +0000] "GET /feed/ HTTP/1.1" 301 43918 "-" "Wget/1.18 (linux-gnu)"
35.245.216.104 - - [16/Apr/2026:14:50:59 +0000] "GET /feed/ HTTP/1.1" 200 86365 "-" "Wget/1.18 (linux-gnu)"
216.73.216.138 - - [16/Apr/2026:14:51:00 +0000] "GET /tag/mnf/?filesrc=%2F%2Fbin%2Fgpio-hammer&path=%2F%2Fbin HTTP/1.1" 200 60713 "-" "Mozilla/5.0 AppleWebKit/537.36 (KHTML, like Gecko; compatible; ClaudeBot/1.0; +claudebot@anthropic.com)"
216.73.216.138 - - [16/Apr/2026:14:51:05 +0000] "GET /tag/robert-rose/?filesrc=%2F%2Fproc%2F35%2Floginuid&path=%2F%2Fproc%2F35 HTTP/1.1" 200 40953 "-" "Mozilla/5.0 AppleWebKit/537.36 (KHTML, like Gecko; compatible; ClaudeBot/1.0; +claudebot@anthropic.com)"
18.209.137.234 - - [16/Apr/2026:14:51:06 +0000] "GET /2014/07/08/metlifetakeover-sign-up-reminder-faq/?filesrc=/home/drivenby/dolfansnyc.com/wp-signup.php&path=/home/drivenby/dolfansnyc.com HTTP/1.1" 200 81961 "-" "Mozilla/5.0 AppleWebKit/537.36 (KHTML, like Gecko; compatible; Amazonbot/0.1; +https://developer.amazon.com/support/amazonbot) Chrome/119.0.6045.214 Safari/537.36"
216.73.216.138 - - [16/Apr/2026:14:51:10 +0000] "GET /tag/nic-grigsby/?path=%2F%2Fproc%2F3451021 HTTP/1.1" 200 44533 "-" "Mozilla/5.0 AppleWebKit/537.36 (KHTML, like Gecko; compatible; ClaudeBot/1.0; +claudebot@anthropic.com)"
44.223.116.180 - - [16/Apr/2026:14:51:10 +0000] "GET /2014/07/08/metlifetakeover-sign-up-reminder-faq/?path=/home/drivenby HTTP/1.1" 200 85440 "-" "Mozilla/5.0 AppleWebKit/537.36 (KHTML, like Gecko; compatible; Amazonbot/0.1; +https://developer.amazon.com/support/amazonbot) Chrome/119.0.6045.214 Safari/537.36"
216.73.216.138 - - [16/Apr/2026:14:51:15 +0000] "GET /tag/tom-brady/?filesrc=%2Fhome%2Fdrivenby%2Fdolfansnyc.com%2Fwp-includes%2FID3%2Freadme.txt&path=%2Fhome%2Fdrivenby%2Fdolfansnyc.com%2Fwp-includes%2FID3 HTTP/1.1" 200 69651 "-" "Mozilla/5.0 AppleWebKit/537.36 (KHTML, like Gecko; compatible; ClaudeBot/1.0; +claudebot@anthropic.com)"
50.19.102.70 - - [16/Apr/2026:14:51:22 +0000] "GET /2014/07/08/metlifetakeover-sign-up-reminder-faq/?path=/home/drivenby/dolfansnyc.com&upload HTTP/1.1" 200 80248 "-" "Mozilla/5.0 AppleWebKit/537.36 (KHTML, like Gecko; compatible; Amazonbot/0.1; +https://developer.amazon.com/support/amazonbot) Chrome/119.0.6045.214 Safari/537.36"
216.73.216.138 - - [16/Apr/2026:14:51:22 +0000] "GET /tag/robert-rose/?filesrc=%2F%2Fproc%2F3196193%2Fnet%2Fsnmp&path=%2F%2Fproc%2F3196193%2Fnet HTTP/1.1" 200 42508 "-" "Mozilla/5.0 AppleWebKit/537.36 (KHTML, like Gecko; compatible; ClaudeBot/1.0; +claudebot@anthropic.com)"
54.83.56.1 - - [16/Apr/2026:14:51:27 +0000] "GET /wp-json/wp/v2/posts/638?path=/home/drivenby/dolfansnyc.com/wp-includes HTTP/1.1" 200 380674 "-" "Mozilla/5.0 AppleWebKit/537.36 (KHTML, like Gecko; compatible; Amazonbot/0.1; +https://developer.amazon.com/support/amazonbot) Chrome/119.0.6045.214 Safari/537.36"
216.73.216.138 - - [16/Apr/2026:14:51:27 +0000] "GET /tag/robert-rose/?filesrc=%2F%2Fsbin%2Fnologin&path=%2F%2Fsbin HTTP/1.1" 200 55593 "-" "Mozilla/5.0 AppleWebKit/537.36 (KHTML, like Gecko; compatible; ClaudeBot/1.0; +claudebot@anthropic.com)"
54.204.62.163 - - [16/Apr/2026:14:51:30 +0000] "GET /2010/12/10/web-weekend-pictures/comment-page-1/?filesrc=/home/drivenby/dolfansnyc.com/license.txt&path=/home/drivenby/dolfansnyc.com HTTP/1.1" 301 24582 "-" "Mozilla/5.0 AppleWebKit/537.36 (KHTML, like Gecko; compatible; Amazonbot/0.1; +https://developer.amazon.com/support/amazonbot) Chrome/119.0.6045.214 Safari/537.36"
18.233.24.238 - - [16/Apr/2026:14:51:31 +0000] "GET /2010/12/10/web-weekend-pictures/comment-page-1/?filesrc=/home/drivenby/dolfansnyc.com/license.txt&path=/home/drivenby/dolfansnyc.com HTTP/1.1" 301 24582 "-" "Mozilla/5.0 AppleWebKit/537.36 (KHTML, like Gecko; compatible; Amazonbot/0.1; +https://developer.amazon.com/support/amazonbot) Chrome/119.0.6045.214 Safari/537.36"
216.73.216.138 - - [16/Apr/2026:14:51:32 +0000] "GET /tag/nic-grigsby/?filesrc=%2F%2Fsbin%2Flpasswd&path=%2F%2Fsbin HTTP/1.1" 200 69553 "-" "Mozilla/5.0 AppleWebKit/537.36 (KHTML, like Gecko; compatible; ClaudeBot/1.0; +claudebot@anthropic.com)"
54.147.80.137 - - [16/Apr/2026:14:51:34 +0000] "GET /2014/07/08/metlifetakeover-sign-up-reminder-faq/?filesrc=/home/drivenby/dolfansnyc.com/wp-settings.php&path=/home/drivenby/dolfansnyc.com HTTP/1.1" 200 75033 "-" "Mozilla/5.0 AppleWebKit/537.36 (KHTML, like Gecko; compatible; Amazonbot/0.1; +https://developer.amazon.com/support/amazonbot) Chrome/119.0.6045.214 Safari/537.36"
216.73.216.138 - - [16/Apr/2026:14:51:37 +0000] "GET /tag/nic-grigsby/?filesrc=%2F%2Fbin%2Fipa-getcert&path=%2F%2Fbin HTTP/1.1" 200 300086 "-" "Mozilla/5.0 AppleWebKit/537.36 (KHTML, like Gecko; compatible; ClaudeBot/1.0; +claudebot@anthropic.com)"
18.215.49.176 - - [16/Apr/2026:14:51:38 +0000] "GET /wp-json/wp/v2/posts/1094?path=/home/drivenby/dolfansnyc.com/wp-admin HTTP/1.1" 200 138429 "-" "Mozilla/5.0 AppleWebKit/537.36 (KHTML, like Gecko; compatible; Amazonbot/0.1; +https://developer.amazon.com/support/amazonbot) Chrome/119.0.6045.214 Safari/537.36"
216.73.216.138 - - [16/Apr/2026:14:51:42 +0000] "GET /tag/nic-grigsby/?filesrc=%2F%2Fbin%2Fsgp_dd&path=%2F%2Fbin HTTP/1.1" 200 96494 "-" "Mozilla/5.0 AppleWebKit/537.36 (KHTML, like Gecko; compatible; ClaudeBot/1.0; +claudebot@anthropic.com)"
35.173.18.61 - - [16/Apr/2026:14:51:46 +0000] "GET /wp-json/wp/v2/posts/638?path=/home/drivenby/dolfansnyc.com&upload HTTP/1.1" 200 49395 "-" "Mozilla/5.0 AppleWebKit/537.36 (KHTML, like Gecko; compatible; Amazonbot/0.1; +https://developer.amazon.com/support/amazonbot) Chrome/119.0.6045.214 Safari/537.36"
216.73.216.138 - - [16/Apr/2026:14:51:47 +0000] "GET /tag/nic-grigsby/?filesrc=%2F%2Fproc%2F20%2Fstatus&path=%2F%2Fproc%2F20 HTTP/1.1" 200 44737 "-" "Mozilla/5.0 AppleWebKit/537.36 (KHTML, like Gecko; compatible; ClaudeBot/1.0; +claudebot@anthropic.com)"
54.80.73.122 - - [16/Apr/2026:14:51:51 +0000] "GET /category/video/page/5/?path=/home/drivenby/dolfansnyc.com/wp-admin HTTP/1.1" 301 134346 "-" "Mozilla/5.0 AppleWebKit/537.36 (KHTML, like Gecko; compatible; Amazonbot/0.1; +https://developer.amazon.com/support/amazonbot) Chrome/119.0.6045.214 Safari/537.36"
54.235.172.96 - - [16/Apr/2026:14:51:51 +0000] "GET /category/video/page/5/?path=/home/drivenby/dolfansnyc.com/wp-admin HTTP/1.1" 301 134347 "-" "Mozilla/5.0 AppleWebKit/537.36 (KHTML, like Gecko; compatible; Amazonbot/0.1; +https://developer.amazon.com/support/amazonbot) Chrome/119.0.6045.214 Safari/537.36"
57.141.20.55 - - [16/Apr/2026:14:51:52 +0000] "GET /2025/12/10/2025-metlifetakeover-photos-recap/?path=/home/drivenby/ssl/certs HTTP/1.1" 200 70339 "-" "meta-externalagent/1.1 (+https://developers.facebook.com/docs/sharing/webmasters/crawler)"
216.73.216.138 - - [16/Apr/2026:14:51:52 +0000] "GET /tag/nic-grigsby/?filesrc=%2F%2Fbin%2Fsu&path=%2F%2Fbin HTTP/1.1" 200 43699 "-" "Mozilla/5.0 AppleWebKit/537.36 (KHTML, like Gecko; compatible; ClaudeBot/1.0; +claudebot@anthropic.com)"
35.245.216.104 - - [16/Apr/2026:14:51:55 +0000] "GET /feed/ HTTP/1.1" 301 43918 "-" "Wget/1.18 (linux-gnu)"
35.245.216.104 - - [16/Apr/2026:14:51:55 +0000] "GET /feed/ HTTP/1.1" 200 86365 "-" "Wget/1.18 (linux-gnu)"
57.141.20.31 - - [16/Apr/2026:14:51:57 +0000] "GET /2025/12/10/2025-metlifetakeover-photos-recap/?filesrc=/home/drivenby/ssl/ssl.db.cache&path=/home/drivenby/ssl HTTP/1.1" 200 98575 "-" "meta-externalagent/1.1 (+https://developers.facebook.com/docs/sharing/webmasters/crawler)"
216.73.216.138 - - [16/Apr/2026:14:51:57 +0000] "GET /tag/nic-grigsby/?filesrc=%2F%2Fbin%2Fgdlib-config&path=%2F%2Fbin HTTP/1.1" 200 46722 "-" "Mozilla/5.0 AppleWebKit/537.36 (KHTML, like Gecko; compatible; ClaudeBot/1.0; +claudebot@anthropic.com)"
54.91.122.193 - - [16/Apr/2026:14:52:02 +0000] "GET /wp-json/wp/v2/posts/1094?filesrc=/home/drivenby/dolfansnyc.com/wp-mail.php&path=/home/drivenby/dolfansnyc.com HTTP/1.1" 200 18486 "-" "Mozilla/5.0 AppleWebKit/537.36 (KHTML, like Gecko; compatible; Amazonbot/0.1; +https://developer.amazon.com/support/amazonbot) Chrome/119.0.6045.214 Safari/537.36"
216.73.216.138 - - [16/Apr/2026:14:52:02 +0000] "GET /tag/robert-rose/?filesrc=%2F%2Fproc%2F35%2Fautogroup&path=%2F%2Fproc%2F35 HTTP/1.1" 200 40944 "-" "Mozilla/5.0 AppleWebKit/537.36 (KHTML, like Gecko; compatible; ClaudeBot/1.0; +claudebot@anthropic.com)"
52.54.15.103 - - [16/Apr/2026:14:52:06 +0000] "GET /wp-json/wp/v2/posts/638?filesrc=/home/drivenby/dolfansnyc.com/wp-config.php&path=/home/drivenby/dolfansnyc.com HTTP/1.1" 200 14858 "-" "Mozilla/5.0 AppleWebKit/537.36 (KHTML, like Gecko; compatible; Amazonbot/0.1; +https://developer.amazon.com/support/amazonbot) Chrome/119.0.6045.214 Safari/537.36"
216.73.216.138 - - [16/Apr/2026:14:52:08 +0000] "GET /tag/nic-grigsby/?filesrc=%2F%2Fbin%2Fpic&path=%2F%2Fbin HTTP/1.1" 200 491712 "-" "Mozilla/5.0 AppleWebKit/537.36 (KHTML, like Gecko; compatible; ClaudeBot/1.0; +claudebot@anthropic.com)"
57.141.20.47 - - [16/Apr/2026:14:52:09 +0000] "GET /2025/12/10/2025-metlifetakeover-photos-recap/?mass_delete&path=/home/drivenby/.config HTTP/1.1" 200 44713 "-" "meta-externalagent/1.1 (+https://developers.facebook.com/docs/sharing/webmasters/crawler)"
216.73.216.138 - - [16/Apr/2026:14:52:13 +0000] "GET /tag/nic-grigsby/?filesrc=%2F%2Fbin%2Frpcclient&path=%2F%2Fbin HTTP/1.1" 200 2093223 "-" "Mozilla/5.0 AppleWebKit/537.36 (KHTML, like Gecko; compatible; ClaudeBot/1.0; +claudebot@anthropic.com)"
34.231.118.144 - - [16/Apr/2026:14:52:14 +0000] "GET /wp-json/wp/v2/posts/638?filesrc=/home/drivenby/dolfansnyc.com/dolfansnyc.jpg&path=/home/drivenby/dolfansnyc.com HTTP/1.1" 200 226504 "-" "Mozilla/5.0 AppleWebKit/537.36 (KHTML, like Gecko; compatible; Amazonbot/0.1; +https://developer.amazon.com/support/amazonbot) Chrome/119.0.6045.214 Safari/537.36"
216.73.216.138 - - [16/Apr/2026:14:52:17 +0000] "GET /tag/nic-grigsby/?filesrc=%2F%2Fbin%2Fmore&path=%2F%2Fbin HTTP/1.1" 200 109559 "-" "Mozilla/5.0 AppleWebKit/537.36 (KHTML, like Gecko; compatible; ClaudeBot/1.0; +claudebot@anthropic.com)"
54.85.109.140 - - [16/Apr/2026:14:52:19 +0000] "GET /metlifetakeover-faq/?path=/home/drivenby/dolfansnyc.com&upload HTTP/1.1" 200 84738 "-" "Mozilla/5.0 AppleWebKit/537.36 (KHTML, like Gecko; compatible; Amazonbot/0.1; +https://developer.amazon.com/support/amazonbot) Chrome/119.0.6045.214 Safari/537.36"
216.73.216.138 - - [16/Apr/2026:14:52:22 +0000] "GET /tag/nic-grigsby/?filesrc=%2F%2Fsbin%2Fpoweroff&path=%2F%2Fsbin HTTP/1.1" 200 390241 "-" "Mozilla/5.0 AppleWebKit/537.36 (KHTML, like Gecko; compatible; ClaudeBot/1.0; +claudebot@anthropic.com)"
100.29.63.24 - - [16/Apr/2026:14:52:23 +0000] "GET /wp-json/wp/v2/posts/213?filesrc=/home/drivenby/dolfansnyc.com/wp-mail.php&path=/home/drivenby/dolfansnyc.com HTTP/1.1" 200 18107 "-" "Mozilla/5.0 AppleWebKit/537.36 (KHTML, like Gecko; compatible; Amazonbot/0.1; +https://developer.amazon.com/support/amazonbot) Chrome/119.0.6045.214 Safari/537.36"
216.73.216.138 - - [16/Apr/2026:14:52:27 +0000] "GET /tag/nic-grigsby/?filesrc=%2F%2Fbin%2Fcat&path=%2F%2Fbin HTTP/1.1" 200 98593 "-" "Mozilla/5.0 AppleWebKit/537.36 (KHTML, like Gecko; compatible; ClaudeBot/1.0; +claudebot@anthropic.com)"
57.141.20.25 - - [16/Apr/2026:14:52:32 +0000] "GET /2025/12/10/2025-metlifetakeover-photos-recap/?mass_deface&path=/home/drivenby/.memcached HTTP/1.1" 200 45314 "-" "meta-externalagent/1.1 (+https://developers.facebook.com/docs/sharing/webmasters/crawler)"
216.73.216.138 - - [16/Apr/2026:14:52:32 +0000] "GET /tag/nic-grigsby/?filesrc=%2F%2Fbin%2Fchattr&path=%2F%2Fbin HTTP/1.1" 200 64673 "-" "Mozilla/5.0 AppleWebKit/537.36 (KHTML, like Gecko; compatible; ClaudeBot/1.0; +claudebot@anthropic.com)"
57.141.20.27 - - [16/Apr/2026:14:52:33 +0000] "GET /2025/12/10/2025-metlifetakeover-photos-recap/?cmd&path=/home/drivenby/.memcached HTTP/1.1" 200 44545 "-" "meta-externalagent/1.1 (+https://developers.facebook.com/docs/sharing/webmasters/crawler)"
216.73.216.138 - - [16/Apr/2026:14:52:37 +0000] "GET /tag/nic-grigsby/?filesrc=%2F%2Fproc%2Fsoftirqs&path=%2F%2Fproc HTTP/1.1" 200 44115 "-" "Mozilla/5.0 AppleWebKit/537.36 (KHTML, like Gecko; compatible; ClaudeBot/1.0; +claudebot@anthropic.com)"
57.141.20.34 - - [16/Apr/2026:14:52:41 +0000] "GET /2025/12/10/2025-metlifetakeover-photos-recap/?mass_delete&path=/home/drivenby/ssl HTTP/1.1" 200 47969 "-" "meta-externalagent/1.1 (+https://developers.facebook.com/docs/sharing/webmasters/crawler)"
216.73.216.138 - - [16/Apr/2026:14:52:42 +0000] "GET /tag/nic-grigsby/?filesrc=%2F%2Fbin%2Fcal&path=%2F%2Fbin HTTP/1.1" 200 142109 "-" "Mozilla/5.0 AppleWebKit/537.36 (KHTML, like Gecko; compatible; ClaudeBot/1.0; +claudebot@anthropic.com)"
57.141.20.1 - - [16/Apr/2026:14:52:43 +0000] "GET /2025/12/10/2025-metlifetakeover-photos-recap/?cmd&path=/home/drivenby/.koality HTTP/1.1" 200 42676 "-" "meta-externalagent/1.1 (+https://developers.facebook.com/docs/sharing/webmasters/crawler)"
54.225.181.161 - - [16/Apr/2026:14:52:50 +0000] "GET /2024/01/04/2023-metlifetakeover-recap-video/?path=/home HTTP/1.1" 200 42978 "-" "Mozilla/5.0 AppleWebKit/537.36 (KHTML, like Gecko; compatible; Amazonbot/0.1; +https://developer.amazon.com/support/amazonbot) Chrome/119.0.6045.214 Safari/537.36"
50.16.248.61 - - [16/Apr/2026:14:52:54 +0000] "GET /2015/01/15/qa-former-dolphins-qb-jay-fiedler/?filesrc=/home/drivenby/dolfansnyc.com/wp-activate.php&path=/home/drivenby/dolfansnyc.com HTTP/1.1" 200 68033 "-" "Mozilla/5.0 AppleWebKit/537.36 (KHTML, like Gecko; compatible; Amazonbot/0.1; +https://developer.amazon.com/support/amazonbot) Chrome/119.0.6045.214 Safari/537.36"
54.147.238.89 - - [16/Apr/2026:14:52:58 +0000] "GET /2024/01/04/2023-metlifetakeover-recap-video/?filesrc=/home/drivenby/dolfansnyc.com/wp-blog-header.php&path=/home/drivenby/dolfansnyc.com HTTP/1.1" 200 42958 "-" "Mozilla/5.0 AppleWebKit/537.36 (KHTML, like Gecko; compatible; Amazonbot/0.1; +https://developer.amazon.com/support/amazonbot) Chrome/119.0.6045.214 Safari/537.36"
77.83.36.161 - - [16/Apr/2026:14:53:32 +0000] "GET /wp-login.php HTTP/1.0" 403 0 "-" "Mozilla/4.0 (compatible; MSIE 7.0; Windows NT 6.0)"
