57.141.20.26 - - [16/Apr/2026:12:53:03 +0000] "GET /2025/12/10/2025-metlifetakeover-photos-recap/?path=//sys/module/kgdboc HTTP/1.1" 200 44330 "-" "meta-externalagent/1.1 (+https://developers.facebook.com/docs/sharing/webmasters/crawler)"
57.141.20.57 - - [16/Apr/2026:12:53:04 +0000] "GET /2025/12/10/2025-metlifetakeover-photos-recap/?mass_delete&path=//sys/bus HTTP/1.1" 200 70050 "-" "meta-externalagent/1.1 (+https://developers.facebook.com/docs/sharing/webmasters/crawler)"
57.141.20.54 - - [16/Apr/2026:12:53:04 +0000] "GET /2025/12/10/2025-metlifetakeover-photos-recap/?path=//sys/dev/char HTTP/1.1" 200 155956 "-" "meta-externalagent/1.1 (+https://developers.facebook.com/docs/sharing/webmasters/crawler)"
57.141.20.59 - - [16/Apr/2026:12:53:04 +0000] "GET /2025/12/10/2025-metlifetakeover-photos-recap/?path=//sys/module/gpiolib_acpi HTTP/1.1" 200 44426 "-" "meta-externalagent/1.1 (+https://developers.facebook.com/docs/sharing/webmasters/crawler)"
57.141.20.27 - - [16/Apr/2026:12:53:05 +0000] "GET /2025/12/10/2025-metlifetakeover-photos-recap/?path=//sys/module/vmd HTTP/1.1" 200 45435 "-" "meta-externalagent/1.1 (+https://developers.facebook.com/docs/sharing/webmasters/crawler)"
57.141.20.41 - - [16/Apr/2026:12:53:05 +0000] "GET /2025/12/10/2025-metlifetakeover-photos-recap/?path=//sys/class/tty HTTP/1.1" 200 103785 "-" "meta-externalagent/1.1 (+https://developers.facebook.com/docs/sharing/webmasters/crawler)"
57.141.20.68 - - [16/Apr/2026:12:53:05 +0000] "GET /2025/12/10/2025-metlifetakeover-photos-recap/?path=//sys/module/i8042 HTTP/1.1" 200 44314 "-" "meta-externalagent/1.1 (+https://developers.facebook.com/docs/sharing/webmasters/crawler)"
57.141.20.53 - - [16/Apr/2026:12:53:06 +0000] "GET /2025/12/10/2025-metlifetakeover-photos-recap/?path=//sys/module/ext4 HTTP/1.1" 200 54261 "-" "meta-externalagent/1.1 (+https://developers.facebook.com/docs/sharing/webmasters/crawler)"
216.73.216.138 - - [16/Apr/2026:12:53:06 +0000] "GET /tag/practice/?path=%2F%2Fsys%2Fdevices%2Fvirtual%2Fbdi%2F11%3A0 HTTP/1.1" 200 48491 "-" "Mozilla/5.0 AppleWebKit/537.36 (KHTML, like Gecko; compatible; ClaudeBot/1.0; +claudebot@anthropic.com)"
57.141.20.10 - - [16/Apr/2026:12:53:06 +0000] "GET /2025/12/10/2025-metlifetakeover-photos-recap/?path=//sys/module/kgdbts HTTP/1.1" 200 44330 "-" "meta-externalagent/1.1 (+https://developers.facebook.com/docs/sharing/webmasters/crawler)"
57.141.20.21 - - [16/Apr/2026:12:53:06 +0000] "GET /2025/12/10/2025-metlifetakeover-photos-recap/?path=//sys/module/nf_defrag_ipv4 HTTP/1.1" 200 54761 "-" "meta-externalagent/1.1 (+https://developers.facebook.com/docs/sharing/webmasters/crawler)"
57.141.20.14 - - [16/Apr/2026:12:53:06 +0000] "GET /2025/12/10/2025-metlifetakeover-photos-recap/?path=//sys/module/sg HTTP/1.1" 200 56210 "-" "meta-externalagent/1.1 (+https://developers.facebook.com/docs/sharing/webmasters/crawler)"
57.141.20.33 - - [16/Apr/2026:12:53:07 +0000] "GET /2025/12/10/2025-metlifetakeover-photos-recap/?path=//sys/bus/acpi HTTP/1.1" 200 47502 "-" "meta-externalagent/1.1 (+https://developers.facebook.com/docs/sharing/webmasters/crawler)"
57.141.20.59 - - [16/Apr/2026:12:53:08 +0000] "GET /2025/12/10/2025-metlifetakeover-photos-recap/?cmd&path=//sys/module HTTP/1.1" 200 185781 "-" "meta-externalagent/1.1 (+https://developers.facebook.com/docs/sharing/webmasters/crawler)"
57.141.20.67 - - [16/Apr/2026:12:53:08 +0000] "GET /2025/12/10/2025-metlifetakeover-photos-recap/?path=//sys/module/drm_vram_helper HTTP/1.1" 200 54811 "-" "meta-externalagent/1.1 (+https://developers.facebook.com/docs/sharing/webmasters/crawler)"
57.141.20.52 - - [16/Apr/2026:12:53:08 +0000] "GET /2025/12/10/2025-metlifetakeover-photos-recap/?path=//sys/module/bochs HTTP/1.1" 200 56093 "-" "meta-externalagent/1.1 (+https://developers.facebook.com/docs/sharing/webmasters/crawler)"
57.141.20.55 - - [16/Apr/2026:12:53:08 +0000] "GET /2025/12/10/2025-metlifetakeover-photos-recap/?path=//sys/module/rcupdate HTTP/1.1" 200 44362 "-" "meta-externalagent/1.1 (+https://developers.facebook.com/docs/sharing/webmasters/crawler)"
57.141.20.37 - - [16/Apr/2026:12:53:09 +0000] "GET /2025/12/10/2025-metlifetakeover-photos-recap/?path=//sys/module/blk_cgroup HTTP/1.1" 200 44394 "-" "meta-externalagent/1.1 (+https://developers.facebook.com/docs/sharing/webmasters/crawler)"
57.141.20.18 - - [16/Apr/2026:12:53:09 +0000] "GET /2025/12/10/2025-metlifetakeover-photos-recap/?path=//sys/module/t10_pi HTTP/1.1" 200 54361 "-" "meta-externalagent/1.1 (+https://developers.facebook.com/docs/sharing/webmasters/crawler)"
57.141.20.1 - - [16/Apr/2026:12:53:09 +0000] "GET /2025/12/10/2025-metlifetakeover-photos-recap/?filesrc=//sys/kernel/fscaps&path=//sys/kernel HTTP/1.1" 200 41397 "-" "meta-externalagent/1.1 (+https://developers.facebook.com/docs/sharing/webmasters/crawler)"
57.141.20.60 - - [16/Apr/2026:12:53:10 +0000] "GET /2025/12/10/2025-metlifetakeover-photos-recap/?cmd&path=//sys/dev HTTP/1.1" 200 44173 "-" "meta-externalagent/1.1 (+https://developers.facebook.com/docs/sharing/webmasters/crawler)"
57.141.20.62 - - [16/Apr/2026:12:53:10 +0000] "GET /2025/12/10/2025-metlifetakeover-photos-recap/?path=//sys/module/workqueue HTTP/1.1" 200 44378 "-" "meta-externalagent/1.1 (+https://developers.facebook.com/docs/sharing/webmasters/crawler)"
57.141.20.5 - - [16/Apr/2026:12:53:11 +0000] "GET /2025/12/10/2025-metlifetakeover-photos-recap/?path=//sys/module/nf_conntrack_ftp HTTP/1.1" 200 55790 "-" "meta-externalagent/1.1 (+https://developers.facebook.com/docs/sharing/webmasters/crawler)"
216.73.216.138 - - [16/Apr/2026:12:53:11 +0000] "GET /tag/mnf/?path=%2F%2Fusr%2Fshare%2Fapplications HTTP/1.1" 200 48276 "-" "Mozilla/5.0 AppleWebKit/537.36 (KHTML, like Gecko; compatible; ClaudeBot/1.0; +claudebot@anthropic.com)"
57.141.20.0 - - [16/Apr/2026:12:53:11 +0000] "GET /2025/12/10/2025-metlifetakeover-photos-recap/?path=//sys/module/psmouse HTTP/1.1" 200 45236 "-" "meta-externalagent/1.1 (+https://developers.facebook.com/docs/sharing/webmasters/crawler)"
195.250.26.131 - - [16/Apr/2026:12:53:12 +0000] "POST /wp-cron.php?doing_wp_cron=1776343992.2926709651947021484375 HTTP/1.1" 200 0 "-" "WordPress/6.9.4; http://dolfansnyc.com"
57.141.20.47 - - [16/Apr/2026:12:53:12 +0000] "GET /2025/12/10/2025-metlifetakeover-photos-recap/?path=//sys/module/configfs HTTP/1.1" 200 44641 "-" "meta-externalagent/1.1 (+https://developers.facebook.com/docs/sharing/webmasters/crawler)"
195.250.26.131 - - [16/Apr/2026:12:53:12 +0000] "POST /wp-cron.php?doing_wp_cron=1776343992.3130769729614257812500 HTTP/1.1" 200 0 "-" "WordPress/6.9.4; http://dolfansnyc.com"
57.141.20.67 - - [16/Apr/2026:12:53:12 +0000] "GET /2025/12/10/2025-metlifetakeover-photos-recap/?path=//sys/bus/clockevents HTTP/1.1" 200 47691 "-" "meta-externalagent/1.1 (+https://developers.facebook.com/docs/sharing/webmasters/crawler)"
57.141.20.9 - - [16/Apr/2026:12:53:12 +0000] "GET /2025/12/10/2025-metlifetakeover-photos-recap/?filebaru&path=//sys/module HTTP/1.1" 200 185998 "-" "meta-externalagent/1.1 (+https://developers.facebook.com/docs/sharing/webmasters/crawler)"
57.141.20.21 - - [16/Apr/2026:12:53:12 +0000] "GET /2025/12/10/2025-metlifetakeover-photos-recap/?mass_delete&path=//sys/hypervisor HTTP/1.1" 200 42747 "-" "meta-externalagent/1.1 (+https://developers.facebook.com/docs/sharing/webmasters/crawler)"
57.141.20.27 - - [16/Apr/2026:12:53:13 +0000] "GET /2025/12/10/2025-metlifetakeover-photos-recap/?path=//sys/module/efi_pstore HTTP/1.1" 200 44394 "-" "meta-externalagent/1.1 (+https://developers.facebook.com/docs/sharing/webmasters/crawler)"
57.141.20.53 - - [16/Apr/2026:12:53:13 +0000] "GET /2025/12/10/2025-metlifetakeover-photos-recap/?path=//sys/dev/block HTTP/1.1" 200 46500 "-" "meta-externalagent/1.1 (+https://developers.facebook.com/docs/sharing/webmasters/crawler)"
57.141.20.35 - - [16/Apr/2026:12:53:13 +0000] "GET /2025/12/10/2025-metlifetakeover-photos-recap/?path=//sys/bus/memory HTTP/1.1" 200 47556 "-" "meta-externalagent/1.1 (+https://developers.facebook.com/docs/sharing/webmasters/crawler)"
57.141.20.4 - - [16/Apr/2026:12:53:14 +0000] "GET /2025/12/10/2025-metlifetakeover-photos-recap/?path=//sys/module/nft_chain_nat HTTP/1.1" 200 54710 "-" "meta-externalagent/1.1 (+https://developers.facebook.com/docs/sharing/webmasters/crawler)"
57.141.20.41 - - [16/Apr/2026:12:53:14 +0000] "GET /2025/12/10/2025-metlifetakeover-photos-recap/?filesrc=//sys/power/pm_print_times&path=//sys/power HTTP/1.1" 200 41399 "-" "meta-externalagent/1.1 (+https://developers.facebook.com/docs/sharing/webmasters/crawler)"
57.141.20.28 - - [16/Apr/2026:12:53:15 +0000] "GET /2025/12/10/2025-metlifetakeover-photos-recap/?path=//sys/module/crc_t10dif HTTP/1.1" 200 44394 "-" "meta-externalagent/1.1 (+https://developers.facebook.com/docs/sharing/webmasters/crawler)"
57.141.20.53 - - [16/Apr/2026:12:53:15 +0000] "GET /2025/12/10/2025-metlifetakeover-photos-recap/?filesrc=//sys/power/image_size&path=//sys/power HTTP/1.1" 200 41404 "-" "meta-externalagent/1.1 (+https://developers.facebook.com/docs/sharing/webmasters/crawler)"
57.141.20.17 - - [16/Apr/2026:12:53:16 +0000] "GET /2025/12/10/2025-metlifetakeover-photos-recap/?cmd&path=//sys/fs HTTP/1.1" 200 45890 "-" "meta-externalagent/1.1 (+https://developers.facebook.com/docs/sharing/webmasters/crawler)"
57.141.20.4 - - [16/Apr/2026:12:53:16 +0000] "GET /2025/12/10/2025-metlifetakeover-photos-recap/?path=//sys/class/ata_link HTTP/1.1" 200 44010 "-" "meta-externalagent/1.1 (+https://developers.facebook.com/docs/sharing/webmasters/crawler)"
57.141.20.63 - - [16/Apr/2026:12:53:16 +0000] "GET /2025/12/10/2025-metlifetakeover-photos-recap/?path=//sys/module/watchdog HTTP/1.1" 200 44362 "-" "meta-externalagent/1.1 (+https://developers.facebook.com/docs/sharing/webmasters/crawler)"
216.73.216.138 - - [16/Apr/2026:12:53:16 +0000] "GET /tag/mnf/?filesrc=%2Fhome%2Fdrivenby%2Fdolfansnyc.com%2Fwp-includes%2Fblocks%2Ftable%2Fstyle.min.css&path=%2Fhome%2Fdrivenby%2Fdolfansnyc.com%2Fwp-includes%2Fblocks%2Ftable HTTP/1.1" 200 47034 "-" "Mozilla/5.0 AppleWebKit/537.36 (KHTML, like Gecko; compatible; ClaudeBot/1.0; +claudebot@anthropic.com)"
57.141.20.30 - - [16/Apr/2026:12:53:17 +0000] "GET /2025/12/10/2025-metlifetakeover-photos-recap/?path=//sys/module/damon_reclaim HTTP/1.1" 200 44442 "-" "meta-externalagent/1.1 (+https://developers.facebook.com/docs/sharing/webmasters/crawler)"
57.141.20.7 - - [16/Apr/2026:12:53:17 +0000] "GET /2025/12/10/2025-metlifetakeover-photos-recap/?path=//sys/module/mbcache HTTP/1.1" 200 54410 "-" "meta-externalagent/1.1 (+https://developers.facebook.com/docs/sharing/webmasters/crawler)"
57.141.20.63 - - [16/Apr/2026:12:53:17 +0000] "GET /2025/12/10/2025-metlifetakeover-photos-recap/?path=//sys/class/graphics HTTP/1.1" 200 44003 "-" "meta-externalagent/1.1 (+https://developers.facebook.com/docs/sharing/webmasters/crawler)"
57.141.20.29 - - [16/Apr/2026:12:53:18 +0000] "GET /2025/12/10/2025-metlifetakeover-photos-recap/?path=//sys/module/xt_limit HTTP/1.1" 200 54461 "-" "meta-externalagent/1.1 (+https://developers.facebook.com/docs/sharing/webmasters/crawler)"
57.141.20.37 - - [16/Apr/2026:12:53:18 +0000] "GET /2025/12/10/2025-metlifetakeover-photos-recap/?path=//sys/module/nf_log_syslog HTTP/1.1" 200 54711 "-" "meta-externalagent/1.1 (+https://developers.facebook.com/docs/sharing/webmasters/crawler)"
57.141.20.43 - - [16/Apr/2026:12:53:19 +0000] "GET /2025/12/10/2025-metlifetakeover-photos-recap/?path=//sys/module/cdrom HTTP/1.1" 200 54311 "-" "meta-externalagent/1.1 (+https://developers.facebook.com/docs/sharing/webmasters/crawler)"
57.141.20.70 - - [16/Apr/2026:12:53:19 +0000] "GET /2025/12/10/2025-metlifetakeover-photos-recap/?path=//sys/module/uhci_hcd HTTP/1.1" 200 45256 "-" "meta-externalagent/1.1 (+https://developers.facebook.com/docs/sharing/webmasters/crawler)"
57.141.20.70 - - [16/Apr/2026:12:53:19 +0000] "GET /2025/12/10/2025-metlifetakeover-photos-recap/?path=//sys/module/tpm HTTP/1.1" 200 45447 "-" "meta-externalagent/1.1 (+https://developers.facebook.com/docs/sharing/webmasters/crawler)"
57.141.20.20 - - [16/Apr/2026:12:53:19 +0000] "GET /2025/12/10/2025-metlifetakeover-photos-recap/?path=//sys/kernel/sunrpc HTTP/1.1" 200 44054 "-" "meta-externalagent/1.1 (+https://developers.facebook.com/docs/sharing/webmasters/crawler)"
57.141.20.10 - - [16/Apr/2026:12:53:19 +0000] "GET /2025/12/10/2025-metlifetakeover-photos-recap/?path=//sys/module/thunderbolt HTTP/1.1" 200 45313 "-" "meta-externalagent/1.1 (+https://developers.facebook.com/docs/sharing/webmasters/crawler)"
57.141.20.67 - - [16/Apr/2026:12:53:19 +0000] "GET /2025/12/10/2025-metlifetakeover-photos-recap/?phpinfo&path=//sys/class HTTP/1.1" 200 101143 "-" "meta-externalagent/1.1 (+https://developers.facebook.com/docs/sharing/webmasters/crawler)"
57.141.20.53 - - [16/Apr/2026:12:53:20 +0000] "GET /2025/12/10/2025-metlifetakeover-photos-recap/?path=//sys/module/xhci_hcd HTTP/1.1" 200 44362 "-" "meta-externalagent/1.1 (+https://developers.facebook.com/docs/sharing/webmasters/crawler)"
57.141.20.59 - - [16/Apr/2026:12:53:20 +0000] "GET /2025/12/10/2025-metlifetakeover-photos-recap/?path=//sys/module/drm_kms_helper HTTP/1.1" 200 55685 "-" "meta-externalagent/1.1 (+https://developers.facebook.com/docs/sharing/webmasters/crawler)"
57.141.20.54 - - [16/Apr/2026:12:53:20 +0000] "GET /2025/12/10/2025-metlifetakeover-photos-recap/?dirbaru&path=//sys/block HTTP/1.1" 200 45081 "-" "meta-externalagent/1.1 (+https://developers.facebook.com/docs/sharing/webmasters/crawler)"
216.73.216.138 - - [16/Apr/2026:12:53:21 +0000] "GET /tag/practice/?path=%2F%2Fsys%2Fdevices%2Fuprobe%2Fpower HTTP/1.1" 200 46548 "-" "Mozilla/5.0 AppleWebKit/537.36 (KHTML, like Gecko; compatible; ClaudeBot/1.0; +claudebot@anthropic.com)"
57.141.20.17 - - [16/Apr/2026:12:53:21 +0000] "GET /2025/12/10/2025-metlifetakeover-photos-recap/?path=//sys/module/uv_nmi HTTP/1.1" 200 44330 "-" "meta-externalagent/1.1 (+https://developers.facebook.com/docs/sharing/webmasters/crawler)"
57.141.20.39 - - [16/Apr/2026:12:53:22 +0000] "GET /2025/12/10/2025-metlifetakeover-photos-recap/?path=//sys/module/amd_energy HTTP/1.1" 200 55461 "-" "meta-externalagent/1.1 (+https://developers.facebook.com/docs/sharing/webmasters/crawler)"
57.141.20.28 - - [16/Apr/2026:12:53:22 +0000] "GET /2025/12/10/2025-metlifetakeover-photos-recap/?path=//sys/module/tpm_crb HTTP/1.1" 200 44624 "-" "meta-externalagent/1.1 (+https://developers.facebook.com/docs/sharing/webmasters/crawler)"
57.141.20.7 - - [16/Apr/2026:12:53:22 +0000] "GET /2025/12/10/2025-metlifetakeover-photos-recap/?path=//sys/module/ttm HTTP/1.1" 200 55101 "-" "meta-externalagent/1.1 (+https://developers.facebook.com/docs/sharing/webmasters/crawler)"
57.141.20.0 - - [16/Apr/2026:12:53:22 +0000] "GET /2025/12/10/2025-metlifetakeover-photos-recap/?path=//sys/module/sysrq HTTP/1.1" 200 44313 "-" "meta-externalagent/1.1 (+https://developers.facebook.com/docs/sharing/webmasters/crawler)"
57.141.20.60 - - [16/Apr/2026:12:53:23 +0000] "GET /2025/12/10/2025-metlifetakeover-photos-recap/?dirbaru&path=//sys/module HTTP/1.1" 200 185815 "-" "meta-externalagent/1.1 (+https://developers.facebook.com/docs/sharing/webmasters/crawler)"
57.141.20.27 - - [16/Apr/2026:12:53:23 +0000] "GET /2025/12/10/2025-metlifetakeover-photos-recap/?cmd&path=//sys/power HTTP/1.1" 200 58725 "-" "meta-externalagent/1.1 (+https://developers.facebook.com/docs/sharing/webmasters/crawler)"
57.141.20.62 - - [16/Apr/2026:12:53:24 +0000] "GET /2025/12/10/2025-metlifetakeover-photos-recap/?path=//sys/module/jbd2 HTTP/1.1" 200 54261 "-" "meta-externalagent/1.1 (+https://developers.facebook.com/docs/sharing/webmasters/crawler)"
57.141.20.34 - - [16/Apr/2026:12:53:24 +0000] "GET /2025/12/10/2025-metlifetakeover-photos-recap/?filesrc=//sys/power/resume_offset&path=//sys/power HTTP/1.1" 200 41398 "-" "meta-externalagent/1.1 (+https://developers.facebook.com/docs/sharing/webmasters/crawler)"
57.141.20.39 - - [16/Apr/2026:12:53:25 +0000] "GET /2025/12/10/2025-metlifetakeover-photos-recap/?path=//sys/module/rtc_cmos HTTP/1.1" 200 44362 "-" "meta-externalagent/1.1 (+https://developers.facebook.com/docs/sharing/webmasters/crawler)"
57.141.20.53 - - [16/Apr/2026:12:53:25 +0000] "GET /2025/12/10/2025-metlifetakeover-photos-recap/?path=//sys/module/nf_conntrack HTTP/1.1" 200 55579 "-" "meta-externalagent/1.1 (+https://developers.facebook.com/docs/sharing/webmasters/crawler)"
57.141.20.27 - - [16/Apr/2026:12:53:25 +0000] "GET /2025/12/10/2025-metlifetakeover-photos-recap/?path=//sys/class/dax HTTP/1.1" 200 42200 "-" "meta-externalagent/1.1 (+https://developers.facebook.com/docs/sharing/webmasters/crawler)"
57.141.20.9 - - [16/Apr/2026:12:53:25 +0000] "GET /2025/12/10/2025-metlifetakeover-photos-recap/?mass_deface&path=//sys/block HTTP/1.1" 200 45801 "-" "meta-externalagent/1.1 (+https://developers.facebook.com/docs/sharing/webmasters/crawler)"
57.141.20.62 - - [16/Apr/2026:12:53:25 +0000] "GET /2025/12/10/2025-metlifetakeover-photos-recap/?filesrc=//sys/kernel/vmcoreinfo&path=//sys/kernel HTTP/1.1" 200 41424 "-" "meta-externalagent/1.1 (+https://developers.facebook.com/docs/sharing/webmasters/crawler)"
57.141.20.53 - - [16/Apr/2026:12:53:25 +0000] "GET /2025/12/10/2025-metlifetakeover-photos-recap/?path=//sys/module/xt_owner HTTP/1.1" 200 54461 "-" "meta-externalagent/1.1 (+https://developers.facebook.com/docs/sharing/webmasters/crawler)"
216.73.216.138 - - [16/Apr/2026:12:53:26 +0000] "GET /tag/practice/?path=%2Fhome%2Fdrivenby%2Fdolfansnyc.com%2Fwp-content%2Fuploads%2F2018%2F08 HTTP/1.1" 200 131935 "-" "Mozilla/5.0 AppleWebKit/537.36 (KHTML, like Gecko; compatible; ClaudeBot/1.0; +claudebot@anthropic.com)"
57.141.20.58 - - [16/Apr/2026:12:53:26 +0000] "GET /2025/12/10/2025-metlifetakeover-photos-recap/?path=//sys/module/printk HTTP/1.1" 200 44330 "-" "meta-externalagent/1.1 (+https://developers.facebook.com/docs/sharing/webmasters/crawler)"
57.141.20.43 - - [16/Apr/2026:12:53:26 +0000] "GET /2025/12/10/2025-metlifetakeover-photos-recap/?path=//sys/module/sd_mod HTTP/1.1" 200 55249 "-" "meta-externalagent/1.1 (+https://developers.facebook.com/docs/sharing/webmasters/crawler)"
57.141.20.68 - - [16/Apr/2026:12:53:27 +0000] "GET /2025/12/10/2025-metlifetakeover-photos-recap/?path=//sys/module/xt_LOG HTTP/1.1" 200 54361 "-" "meta-externalagent/1.1 (+https://developers.facebook.com/docs/sharing/webmasters/crawler)"
57.141.20.65 - - [16/Apr/2026:12:53:27 +0000] "GET /2025/12/10/2025-metlifetakeover-photos-recap/?path=//sys/module/intel_idle HTTP/1.1" 200 44394 "-" "meta-externalagent/1.1 (+https://developers.facebook.com/docs/sharing/webmasters/crawler)"
57.141.20.51 - - [16/Apr/2026:12:53:27 +0000] "GET /2025/12/10/2025-metlifetakeover-photos-recap/?path=//sys/bus/auxiliary HTTP/1.1" 200 47637 "-" "meta-externalagent/1.1 (+https://developers.facebook.com/docs/sharing/webmasters/crawler)"
57.141.20.21 - - [16/Apr/2026:12:53:28 +0000] "GET /2025/12/10/2025-metlifetakeover-photos-recap/?path=//sys/module/kdb HTTP/1.1" 200 44282 "-" "meta-externalagent/1.1 (+https://developers.facebook.com/docs/sharing/webmasters/crawler)"
57.141.20.45 - - [16/Apr/2026:12:53:29 +0000] "GET /2025/12/10/2025-metlifetakeover-photos-recap/?path=//sys/kernel/btf HTTP/1.1" 200 43379 "-" "meta-externalagent/1.1 (+https://developers.facebook.com/docs/sharing/webmasters/crawler)"
57.141.20.64 - - [16/Apr/2026:12:53:29 +0000] "GET /2025/12/10/2025-metlifetakeover-photos-recap/?path=//sys/kernel/config HTTP/1.1" 200 42238 "-" "meta-externalagent/1.1 (+https://developers.facebook.com/docs/sharing/webmasters/crawler)"
57.141.20.52 - - [16/Apr/2026:12:53:29 +0000] "GET /2025/12/10/2025-metlifetakeover-photos-recap/?path=//sys/module/srcutree HTTP/1.1" 200 44362 "-" "meta-externalagent/1.1 (+https://developers.facebook.com/docs/sharing/webmasters/crawler)"
35.245.216.104 - - [16/Apr/2026:12:53:29 +0000] "GET /feed/ HTTP/1.1" 301 43918 "-" "Wget/1.18 (linux-gnu)"
35.245.216.104 - - [16/Apr/2026:12:53:29 +0000] "GET /feed/ HTTP/1.1" 200 86365 "-" "Wget/1.18 (linux-gnu)"
57.141.20.37 - - [16/Apr/2026:12:53:30 +0000] "GET /2025/12/10/2025-metlifetakeover-photos-recap/?mass_delete&path=//sys/class HTTP/1.1" 200 92714 "-" "meta-externalagent/1.1 (+https://developers.facebook.com/docs/sharing/webmasters/crawler)"
57.141.20.20 - - [16/Apr/2026:12:53:30 +0000] "GET /2025/12/10/2025-metlifetakeover-photos-recap/?path=//sys/kernel/cgroup HTTP/1.1" 200 44600 "-" "meta-externalagent/1.1 (+https://developers.facebook.com/docs/sharing/webmasters/crawler)"
57.141.20.6 - - [16/Apr/2026:12:53:30 +0000] "GET /2025/12/10/2025-metlifetakeover-photos-recap/?path=//sys/module/pcie_aspm HTTP/1.1" 200 44377 "-" "meta-externalagent/1.1 (+https://developers.facebook.com/docs/sharing/webmasters/crawler)"
57.141.20.5 - - [16/Apr/2026:12:53:30 +0000] "GET /2025/12/10/2025-metlifetakeover-photos-recap/?path=//sys/kernel/debug HTTP/1.1" 200 42228 "-" "meta-externalagent/1.1 (+https://developers.facebook.com/docs/sharing/webmasters/crawler)"
57.141.20.28 - - [16/Apr/2026:12:53:30 +0000] "GET /2025/12/10/2025-metlifetakeover-photos-recap/?path=//sys/module/ima HTTP/1.1" 200 44282 "-" "meta-externalagent/1.1 (+https://developers.facebook.com/docs/sharing/webmasters/crawler)"
57.141.20.67 - - [16/Apr/2026:12:53:31 +0000] "GET /2025/12/10/2025-metlifetakeover-photos-recap/?filebaru&path=//sys/kernel HTTP/1.1" 200 66550 "-" "meta-externalagent/1.1 (+https://developers.facebook.com/docs/sharing/webmasters/crawler)"
216.73.216.138 - - [16/Apr/2026:12:53:31 +0000] "GET /tag/mnf/?filesrc=%2Fhome%2Fdrivenby%2Fdolfansnyc.com%2Fwp-includes%2Fblocks%2Ffile%2Feditor.min.css&path=%2Fhome%2Fdrivenby%2Fdolfansnyc.com%2Fwp-includes%2Fblocks%2Ffile HTTP/1.1" 200 43878 "-" "Mozilla/5.0 AppleWebKit/537.36 (KHTML, like Gecko; compatible; ClaudeBot/1.0; +claudebot@anthropic.com)"
57.141.20.35 - - [16/Apr/2026:12:53:32 +0000] "GET /2025/12/10/2025-metlifetakeover-photos-recap/?path=//sys/module/binfmt_misc HTTP/1.1" 200 54611 "-" "meta-externalagent/1.1 (+https://developers.facebook.com/docs/sharing/webmasters/crawler)"
57.141.20.52 - - [16/Apr/2026:12:53:32 +0000] "GET /2025/12/10/2025-metlifetakeover-photos-recap/?upload&path=//sys/fs HTTP/1.1" 200 45898 "-" "meta-externalagent/1.1 (+https://developers.facebook.com/docs/sharing/webmasters/crawler)"
57.141.20.52 - - [16/Apr/2026:12:53:32 +0000] "GET /2025/12/10/2025-metlifetakeover-photos-recap/?path=//sys/module/nft_counter HTTP/1.1" 200 54611 "-" "meta-externalagent/1.1 (+https://developers.facebook.com/docs/sharing/webmasters/crawler)"
57.141.20.54 - - [16/Apr/2026:12:53:32 +0000] "GET /2025/12/10/2025-metlifetakeover-photos-recap/?path=//sys/class/ata_port HTTP/1.1" 200 44003 "-" "meta-externalagent/1.1 (+https://developers.facebook.com/docs/sharing/webmasters/crawler)"
57.141.20.18 - - [16/Apr/2026:12:53:33 +0000] "GET /2025/12/10/2025-metlifetakeover-photos-recap/?path=//sys/bus/typec HTTP/1.1" 200 47529 "-" "meta-externalagent/1.1 (+https://developers.facebook.com/docs/sharing/webmasters/crawler)"
57.141.20.9 - - [16/Apr/2026:12:53:33 +0000] "GET /2025/12/10/2025-metlifetakeover-photos-recap/?path=//sys/module/ehci_hcd HTTP/1.1" 200 44361 "-" "meta-externalagent/1.1 (+https://developers.facebook.com/docs/sharing/webmasters/crawler)"
57.141.20.56 - - [16/Apr/2026:12:53:33 +0000] "GET /2025/12/10/2025-metlifetakeover-photos-recap/?path=//sys/bus/i2c HTTP/1.1" 200 47475 "-" "meta-externalagent/1.1 (+https://developers.facebook.com/docs/sharing/webmasters/crawler)"
57.141.20.53 - - [16/Apr/2026:12:53:34 +0000] "GET /2025/12/10/2025-metlifetakeover-photos-recap/?path=//sys/module/virtio_pci_modern_dev HTTP/1.1" 200 44862 "-" "meta-externalagent/1.1 (+https://developers.facebook.com/docs/sharing/webmasters/crawler)"
57.141.20.33 - - [16/Apr/2026:12:53:34 +0000] "GET /2025/12/10/2025-metlifetakeover-photos-recap/?path=//sys/bus/gpio HTTP/1.1" 200 47502 "-" "meta-externalagent/1.1 (+https://developers.facebook.com/docs/sharing/webmasters/crawler)"
57.141.20.0 - - [16/Apr/2026:12:53:34 +0000] "GET /2025/12/10/2025-metlifetakeover-photos-recap/?path=//sys/module/crc32_pclmul HTTP/1.1" 200 54660 "-" "meta-externalagent/1.1 (+https://developers.facebook.com/docs/sharing/webmasters/crawler)"
57.141.20.68 - - [16/Apr/2026:12:53:35 +0000] "GET /2025/12/10/2025-metlifetakeover-photos-recap/?path=//sys/class/spi_master HTTP/1.1" 200 42263 "-" "meta-externalagent/1.1 (+https://developers.facebook.com/docs/sharing/webmasters/crawler)"
57.141.20.38 - - [16/Apr/2026:12:53:35 +0000] "GET /2025/12/10/2025-metlifetakeover-photos-recap/?path=//sys/module/spurious HTTP/1.1" 200 44362 "-" "meta-externalagent/1.1 (+https://developers.facebook.com/docs/sharing/webmasters/crawler)"
57.141.20.33 - - [16/Apr/2026:12:53:35 +0000] "GET /2025/12/10/2025-metlifetakeover-photos-recap/?mass_deface&path=//sys/kernel HTTP/1.1" 200 67088 "-" "meta-externalagent/1.1 (+https://developers.facebook.com/docs/sharing/webmasters/crawler)"
57.141.20.49 - - [16/Apr/2026:12:53:36 +0000] "GET /2025/12/10/2025-metlifetakeover-photos-recap/?path=//sys/module/acpi HTTP/1.1" 200 44298 "-" "meta-externalagent/1.1 (+https://developers.facebook.com/docs/sharing/webmasters/crawler)"
216.73.216.138 - - [16/Apr/2026:12:53:36 +0000] "GET /tag/practice/?filesrc=%2F%2Fproc%2F3196193%2Fcpu_resctrl_groups&path=%2F%2Fproc%2F3196193 HTTP/1.1" 200 39388 "-" "Mozilla/5.0 AppleWebKit/537.36 (KHTML, like Gecko; compatible; ClaudeBot/1.0; +claudebot@anthropic.com)"
57.141.20.37 - - [16/Apr/2026:12:53:36 +0000] "GET /2025/12/10/2025-metlifetakeover-photos-recap/?path=//sys/module/virtio_balloon HTTP/1.1" 200 55673 "-" "meta-externalagent/1.1 (+https://developers.facebook.com/docs/sharing/webmasters/crawler)"
57.141.20.57 - - [16/Apr/2026:12:53:37 +0000] "GET /2025/12/10/2025-metlifetakeover-photos-recap/?filebaru&path=//sys/hypervisor HTTP/1.1" 200 42758 "-" "meta-externalagent/1.1 (+https://developers.facebook.com/docs/sharing/webmasters/crawler)"
57.141.20.60 - - [16/Apr/2026:12:53:37 +0000] "GET /2025/12/10/2025-metlifetakeover-photos-recap/?path=//sys/module/pci_hotplug HTTP/1.1" 200 44410 "-" "meta-externalagent/1.1 (+https://developers.facebook.com/docs/sharing/webmasters/crawler)"
57.141.20.41 - - [16/Apr/2026:12:53:37 +0000] "GET /2025/12/10/2025-metlifetakeover-photos-recap/?path=//sys/module/ip_set_hash_net HTTP/1.1" 200 54811 "-" "meta-externalagent/1.1 (+https://developers.facebook.com/docs/sharing/webmasters/crawler)"
57.141.20.57 - - [16/Apr/2026:12:53:38 +0000] "GET /2025/12/10/2025-metlifetakeover-photos-recap/?filesrc=//sys/power/pm_wakeup_irq&path=//sys/power HTTP/1.1" 200 41396 "-" "meta-externalagent/1.1 (+https://developers.facebook.com/docs/sharing/webmasters/crawler)"
57.141.20.27 - - [16/Apr/2026:12:53:38 +0000] "GET /2025/12/10/2025-metlifetakeover-photos-recap/?path=//sys/class/rtc HTTP/1.1" 200 43064 "-" "meta-externalagent/1.1 (+https://developers.facebook.com/docs/sharing/webmasters/crawler)"
57.141.20.67 - - [16/Apr/2026:12:53:38 +0000] "GET /2025/12/10/2025-metlifetakeover-photos-recap/?path=//sys/module/ccp HTTP/1.1" 200 57146 "-" "meta-externalagent/1.1 (+https://developers.facebook.com/docs/sharing/webmasters/crawler)"
57.141.20.12 - - [16/Apr/2026:12:53:38 +0000] "GET /2025/12/10/2025-metlifetakeover-photos-recap/?path=//sys/module/processor HTTP/1.1" 200 44378 "-" "meta-externalagent/1.1 (+https://developers.facebook.com/docs/sharing/webmasters/crawler)"
57.141.20.30 - - [16/Apr/2026:12:53:39 +0000] "GET /2025/12/10/2025-metlifetakeover-photos-recap/?path=//sys/module/sr_mod HTTP/1.1" 200 56149 "-" "meta-externalagent/1.1 (+https://developers.facebook.com/docs/sharing/webmasters/crawler)"
57.141.20.5 - - [16/Apr/2026:12:53:39 +0000] "GET /2025/12/10/2025-metlifetakeover-photos-recap/?path=//sys/module/xt_nat HTTP/1.1" 200 54360 "-" "meta-externalagent/1.1 (+https://developers.facebook.com/docs/sharing/webmasters/crawler)"
57.141.20.45 - - [16/Apr/2026:12:53:39 +0000] "GET /2025/12/10/2025-metlifetakeover-photos-recap/?phpinfo&path=//sys/block HTTP/1.1" 200 101143 "-" "meta-externalagent/1.1 (+https://developers.facebook.com/docs/sharing/webmasters/crawler)"
57.141.20.13 - - [16/Apr/2026:12:53:40 +0000] "GET /2025/12/10/2025-metlifetakeover-photos-recap/?path=//sys/module/xt_conntrack HTTP/1.1" 200 54661 "-" "meta-externalagent/1.1 (+https://developers.facebook.com/docs/sharing/webmasters/crawler)"
57.141.20.59 - - [16/Apr/2026:12:53:40 +0000] "GET /2025/12/10/2025-metlifetakeover-photos-recap/?upload&path=//sys/hypervisor HTTP/1.1" 200 42548 "-" "meta-externalagent/1.1 (+https://developers.facebook.com/docs/sharing/webmasters/crawler)"
216.73.216.138 - - [16/Apr/2026:12:53:41 +0000] "GET /tag/practice/?path=%2F%2Fproc%2F2454717 HTTP/1.1" 200 96305 "-" "Mozilla/5.0 AppleWebKit/537.36 (KHTML, like Gecko; compatible; ClaudeBot/1.0; +claudebot@anthropic.com)"
57.141.20.18 - - [16/Apr/2026:12:53:41 +0000] "GET /2025/12/10/2025-metlifetakeover-photos-recap/?path=//sys/kernel/security HTTP/1.1" 200 47579 "-" "meta-externalagent/1.1 (+https://developers.facebook.com/docs/sharing/webmasters/crawler)"
57.141.20.29 - - [16/Apr/2026:12:53:42 +0000] "GET /2025/12/10/2025-metlifetakeover-photos-recap/?filesrc=//sys/kernel/uevent_seqnum&path=//sys/kernel HTTP/1.1" 200 41408 "-" "meta-externalagent/1.1 (+https://developers.facebook.com/docs/sharing/webmasters/crawler)"
57.141.20.66 - - [16/Apr/2026:12:53:42 +0000] "GET /2025/12/10/2025-metlifetakeover-photos-recap/?path=//sys/module/sunrpc HTTP/1.1" 200 55261 "-" "meta-externalagent/1.1 (+https://developers.facebook.com/docs/sharing/webmasters/crawler)"
57.141.20.21 - - [16/Apr/2026:12:53:42 +0000] "GET /2025/12/10/2025-metlifetakeover-photos-recap/?path=//sys/module/loop HTTP/1.1" 200 55155 "-" "meta-externalagent/1.1 (+https://developers.facebook.com/docs/sharing/webmasters/crawler)"
57.141.20.32 - - [16/Apr/2026:12:53:42 +0000] "GET /2025/12/10/2025-metlifetakeover-photos-recap/?path=//sys/fs/cgroup HTTP/1.1" 200 56222 "-" "meta-externalagent/1.1 (+https://developers.facebook.com/docs/sharing/webmasters/crawler)"
57.141.20.44 - - [16/Apr/2026:12:53:43 +0000] "GET /2025/12/10/2025-metlifetakeover-photos-recap/?path=//sys/bus/workqueue HTTP/1.1" 200 47637 "-" "meta-externalagent/1.1 (+https://developers.facebook.com/docs/sharing/webmasters/crawler)"
35.245.216.104 - - [16/Apr/2026:12:53:43 +0000] "GET /feed/ HTTP/1.1" 301 43918 "-" "Wget/1.18 (linux-gnu)"
57.141.20.10 - - [16/Apr/2026:12:53:43 +0000] "GET /2025/12/10/2025-metlifetakeover-photos-recap/?path=//sys/kernel/boot_params HTTP/1.1" 200 44665 "-" "meta-externalagent/1.1 (+https://developers.facebook.com/docs/sharing/webmasters/crawler)"
35.245.216.104 - - [16/Apr/2026:12:53:43 +0000] "GET /feed/ HTTP/1.1" 200 86365 "-" "Wget/1.18 (linux-gnu)"
57.141.20.29 - - [16/Apr/2026:12:53:43 +0000] "GET /2025/12/10/2025-metlifetakeover-photos-recap/?path=//sys/module/libata HTTP/1.1" 200 56438 "-" "meta-externalagent/1.1 (+https://developers.facebook.com/docs/sharing/webmasters/crawler)"
57.141.20.13 - - [16/Apr/2026:12:53:44 +0000] "GET /2025/12/10/2025-metlifetakeover-photos-recap/?path=//sys/module/ipt_REJECT HTTP/1.1" 200 54561 "-" "meta-externalagent/1.1 (+https://developers.facebook.com/docs/sharing/webmasters/crawler)"
57.141.20.55 - - [16/Apr/2026:12:53:44 +0000] "GET /2025/12/10/2025-metlifetakeover-photos-recap/?dirbaru&path=//sys/firmware HTTP/1.1" 200 46032 "-" "meta-externalagent/1.1 (+https://developers.facebook.com/docs/sharing/webmasters/crawler)"
57.141.20.47 - - [16/Apr/2026:12:53:45 +0000] "GET /2025/12/10/2025-metlifetakeover-photos-recap/?phpinfo&path=//sys/module HTTP/1.1" 200 101156 "-" "meta-externalagent/1.1 (+https://developers.facebook.com/docs/sharing/webmasters/crawler)"
57.141.20.37 - - [16/Apr/2026:12:53:45 +0000] "GET /2025/12/10/2025-metlifetakeover-photos-recap/?filesrc=//sys/power/disk&path=//sys/power HTTP/1.1" 200 41435 "-" "meta-externalagent/1.1 (+https://developers.facebook.com/docs/sharing/webmasters/crawler)"
57.141.20.59 - - [16/Apr/2026:12:53:45 +0000] "GET /2025/12/10/2025-metlifetakeover-photos-recap/?path=//sys/kernel/slab HTTP/1.1" 200 255565 "-" "meta-externalagent/1.1 (+https://developers.facebook.com/docs/sharing/webmasters/crawler)"
57.141.20.9 - - [16/Apr/2026:12:53:45 +0000] "GET /2025/12/10/2025-metlifetakeover-photos-recap/?path=//sys/kernel/software_nodes HTTP/1.1" 200 42309 "-" "meta-externalagent/1.1 (+https://developers.facebook.com/docs/sharing/webmasters/crawler)"
57.141.20.8 - - [16/Apr/2026:12:53:46 +0000] "GET /2025/12/10/2025-metlifetakeover-photos-recap/?mass_deface&path=//sys/power HTTP/1.1" 200 59479 "-" "meta-externalagent/1.1 (+https://developers.facebook.com/docs/sharing/webmasters/crawler)"
216.73.216.138 - - [16/Apr/2026:12:53:46 +0000] "GET /tag/practice/?path=%2F%2Fproc%2F2495442 HTTP/1.1" 200 96281 "-" "Mozilla/5.0 AppleWebKit/537.36 (KHTML, like Gecko; compatible; ClaudeBot/1.0; +claudebot@anthropic.com)"
57.141.20.66 - - [16/Apr/2026:12:53:46 +0000] "GET /2025/12/10/2025-metlifetakeover-photos-recap/?mass_delete&path=//sys/dev HTTP/1.1" 200 44373 "-" "meta-externalagent/1.1 (+https://developers.facebook.com/docs/sharing/webmasters/crawler)"
57.141.20.45 - - [16/Apr/2026:12:53:47 +0000] "GET /2025/12/10/2025-metlifetakeover-photos-recap/?path=//sys/devices/system HTTP/1.1" 200 49393 "-" "meta-externalagent/1.1 (+https://developers.facebook.com/docs/sharing/webmasters/crawler)"
57.141.20.52 - - [16/Apr/2026:12:53:47 +0000] "GET /2025/12/10/2025-metlifetakeover-photos-recap/?path=//sys/module/ip6t_REJECT HTTP/1.1" 200 54611 "-" "meta-externalagent/1.1 (+https://developers.facebook.com/docs/sharing/webmasters/crawler)"
57.141.20.58 - - [16/Apr/2026:12:53:47 +0000] "GET /2025/12/10/2025-metlifetakeover-photos-recap/?mass_delete&path=//sys/kernel HTTP/1.1" 200 66535 "-" "meta-externalagent/1.1 (+https://developers.facebook.com/docs/sharing/webmasters/crawler)"
57.141.20.37 - - [16/Apr/2026:12:53:48 +0000] "GET /2025/12/10/2025-metlifetakeover-photos-recap/?path=//sys/class/scsi_disk HTTP/1.1" 200 43148 "-" "meta-externalagent/1.1 (+https://developers.facebook.com/docs/sharing/webmasters/crawler)"
57.141.20.39 - - [16/Apr/2026:12:53:48 +0000] "GET /2025/12/10/2025-metlifetakeover-photos-recap/?upload&path=//sys/kernel HTTP/1.1" 200 66340 "-" "meta-externalagent/1.1 (+https://developers.facebook.com/docs/sharing/webmasters/crawler)"
57.141.20.65 - - [16/Apr/2026:12:53:48 +0000] "GET /2025/12/10/2025-metlifetakeover-photos-recap/?path=//sys/module/ata_generic HTTP/1.1" 200 56711 "-" "meta-externalagent/1.1 (+https://developers.facebook.com/docs/sharing/webmasters/crawler)"
57.141.20.0 - - [16/Apr/2026:12:53:49 +0000] "GET /2025/12/10/2025-metlifetakeover-photos-recap/?path=//sys/module/inet_diag HTTP/1.1" 200 54510 "-" "meta-externalagent/1.1 (+https://developers.facebook.com/docs/sharing/webmasters/crawler)"
57.141.20.63 - - [16/Apr/2026:12:53:49 +0000] "GET /2025/12/10/2025-metlifetakeover-photos-recap/?mass_deface&path=//sys/hypervisor HTTP/1.1" 200 43300 "-" "meta-externalagent/1.1 (+https://developers.facebook.com/docs/sharing/webmasters/crawler)"
57.141.20.67 - - [16/Apr/2026:12:53:49 +0000] "GET /2025/12/10/2025-metlifetakeover-photos-recap/?filesrc=//sys/power/resume&path=//sys/power HTTP/1.1" 200 41393 "-" "meta-externalagent/1.1 (+https://developers.facebook.com/docs/sharing/webmasters/crawler)"
57.141.20.16 - - [16/Apr/2026:12:53:49 +0000] "GET /2025/12/10/2025-metlifetakeover-photos-recap/?path=//sys/module/usbcore HTTP/1.1" 200 45237 "-" "meta-externalagent/1.1 (+https://developers.facebook.com/docs/sharing/webmasters/crawler)"
57.141.20.58 - - [16/Apr/2026:12:53:50 +0000] "GET /2025/12/10/2025-metlifetakeover-photos-recap/?filesrc=//sys/kernel/rcu_normal&path=//sys/kernel HTTP/1.1" 200 41402 "-" "meta-externalagent/1.1 (+https://developers.facebook.com/docs/sharing/webmasters/crawler)"
57.141.20.25 - - [16/Apr/2026:12:53:51 +0000] "GET /2025/12/10/2025-metlifetakeover-photos-recap/?path=//sys/module/kernel HTTP/1.1" 200 44330 "-" "meta-externalagent/1.1 (+https://developers.facebook.com/docs/sharing/webmasters/crawler)"
57.141.20.16 - - [16/Apr/2026:12:53:51 +0000] "GET /2025/12/10/2025-metlifetakeover-photos-recap/?filesrc=//sys/power/pm_debug_messages&path=//sys/power HTTP/1.1" 200 41402 "-" "meta-externalagent/1.1 (+https://developers.facebook.com/docs/sharing/webmasters/crawler)"
57.141.20.47 - - [16/Apr/2026:12:53:51 +0000] "GET /2025/12/10/2025-metlifetakeover-photos-recap/?filesrc=//sys/power/pm_test&path=//sys/power HTTP/1.1" 200 41438 "-" "meta-externalagent/1.1 (+https://developers.facebook.com/docs/sharing/webmasters/crawler)"
216.73.216.138 - - [16/Apr/2026:12:53:51 +0000] "GET /tag/tom-brady/?filesrc=%2Fhome%2Fdrivenby%2Fdolfansnyc.com%2Fwp-includes%2Fversion.php&path=%2Fhome%2Fdrivenby%2Fdolfansnyc.com%2Fwp-includes HTTP/1.1" 200 43803 "-" "Mozilla/5.0 AppleWebKit/537.36 (KHTML, like Gecko; compatible; ClaudeBot/1.0; +claudebot@anthropic.com)"
57.141.20.0 - - [16/Apr/2026:12:53:51 +0000] "GET /2025/12/10/2025-metlifetakeover-photos-recap/?filebaru&path=//sys/power HTTP/1.1" 200 58942 "-" "meta-externalagent/1.1 (+https://developers.facebook.com/docs/sharing/webmasters/crawler)"
57.141.20.0 - - [16/Apr/2026:12:53:51 +0000] "GET /2025/12/10/2025-metlifetakeover-photos-recap/?filesrc=//sys/power/pm_async&path=//sys/power HTTP/1.1" 200 41392 "-" "meta-externalagent/1.1 (+https://developers.facebook.com/docs/sharing/webmasters/crawler)"
57.141.20.16 - - [16/Apr/2026:12:53:52 +0000] "GET /2025/12/10/2025-metlifetakeover-photos-recap/?path=//sys/module/iptable_nat HTTP/1.1" 200 54611 "-" "meta-externalagent/1.1 (+https://developers.facebook.com/docs/sharing/webmasters/crawler)"
57.141.20.42 - - [16/Apr/2026:12:53:53 +0000] "GET /2025/12/10/2025-metlifetakeover-photos-recap/?path=//sys/module/kvm HTTP/1.1" 200 55102 "-" "meta-externalagent/1.1 (+https://developers.facebook.com/docs/sharing/webmasters/crawler)"
57.141.20.28 - - [16/Apr/2026:12:53:53 +0000] "GET /2025/12/10/2025-metlifetakeover-photos-recap/?path=//sys/module/keyboard HTTP/1.1" 200 44362 "-" "meta-externalagent/1.1 (+https://developers.facebook.com/docs/sharing/webmasters/crawler)"
57.141.20.45 - - [16/Apr/2026:12:53:53 +0000] "GET /2025/12/10/2025-metlifetakeover-photos-recap/?path=//sys/firmware/memmap HTTP/1.1" 200 50090 "-" "meta-externalagent/1.1 (+https://developers.facebook.com/docs/sharing/webmasters/crawler)"
57.141.20.67 - - [16/Apr/2026:12:53:53 +0000] "GET /2025/12/10/2025-metlifetakeover-photos-recap/?filesrc=//sys/power/pm_freeze_timeout&path=//sys/power HTTP/1.1" 200 41406 "-" "meta-externalagent/1.1 (+https://developers.facebook.com/docs/sharing/webmasters/crawler)"
57.141.20.14 - - [16/Apr/2026:12:53:54 +0000] "GET /2025/12/10/2025-metlifetakeover-photos-recap/?filesrc=//sys/power/mem_sleep&path=//sys/power HTTP/1.1" 200 41406 "-" "meta-externalagent/1.1 (+https://developers.facebook.com/docs/sharing/webmasters/crawler)"
57.141.20.14 - - [16/Apr/2026:12:53:54 +0000] "GET /2025/12/10/2025-metlifetakeover-photos-recap/?filesrc=//sys/power/state&path=//sys/power HTTP/1.1" 200 41404 "-" "meta-externalagent/1.1 (+https://developers.facebook.com/docs/sharing/webmasters/crawler)"
57.141.20.32 - - [16/Apr/2026:12:53:55 +0000] "GET /2025/12/10/2025-metlifetakeover-photos-recap/?dirbaru&path=//sys/devices HTTP/1.1" 200 53861 "-" "meta-externalagent/1.1 (+https://developers.facebook.com/docs/sharing/webmasters/crawler)"
57.141.20.62 - - [16/Apr/2026:12:53:55 +0000] "GET /2025/12/10/2025-metlifetakeover-photos-recap/?path=//sys/devices/cpu HTTP/1.1" 200 51359 "-" "meta-externalagent/1.1 (+https://developers.facebook.com/docs/sharing/webmasters/crawler)"
57.141.20.41 - - [16/Apr/2026:12:53:55 +0000] "GET /2025/12/10/2025-metlifetakeover-photos-recap/?phpinfo&path=//sys/hypervisor HTTP/1.1" 200 101207 "-" "meta-externalagent/1.1 (+https://developers.facebook.com/docs/sharing/webmasters/crawler)"
216.73.216.138 - - [16/Apr/2026:12:53:56 +0000] "GET /tag/practice/?filesrc=%2Fhome%2Fdrivenby%2Ftmp%2Fwebalizer%2Fusage_202501.html&path=%2Fhome%2Fdrivenby%2Ftmp%2Fwebalizer HTTP/1.1" 200 287996 "-" "Mozilla/5.0 AppleWebKit/537.36 (KHTML, like Gecko; compatible; ClaudeBot/1.0; +claudebot@anthropic.com)"
57.141.20.5 - - [16/Apr/2026:12:53:56 +0000] "GET /2025/12/10/2025-metlifetakeover-photos-recap/?path=//sys/module/nfnetlink HTTP/1.1" 200 54510 "-" "meta-externalagent/1.1 (+https://developers.facebook.com/docs/sharing/webmasters/crawler)"
57.141.20.45 - - [16/Apr/2026:12:53:56 +0000] "GET /2025/12/10/2025-metlifetakeover-photos-recap/?path=//sys/bus/usb-serial HTTP/1.1" 200 47664 "-" "meta-externalagent/1.1 (+https://developers.facebook.com/docs/sharing/webmasters/crawler)"
57.141.20.68 - - [16/Apr/2026:12:53:57 +0000] "GET /2025/12/10/2025-metlifetakeover-photos-recap/?phpinfo&path=//sys/kernel HTTP/1.1" 200 101156 "-" "meta-externalagent/1.1 (+https://developers.facebook.com/docs/sharing/webmasters/crawler)"
57.141.20.18 - - [16/Apr/2026:12:53:57 +0000] "GET /2025/12/10/2025-metlifetakeover-photos-recap/?path=//sys/devices/platform HTTP/1.1" 200 53503 "-" "meta-externalagent/1.1 (+https://developers.facebook.com/docs/sharing/webmasters/crawler)"
57.141.20.32 - - [16/Apr/2026:12:53:57 +0000] "GET /2025/12/10/2025-metlifetakeover-photos-recap/?mass_delete&path=//sys/fs HTTP/1.1" 200 46089 "-" "meta-externalagent/1.1 (+https://developers.facebook.com/docs/sharing/webmasters/crawler)"
57.141.20.25 - - [16/Apr/2026:12:53:58 +0000] "GET /2025/12/10/2025-metlifetakeover-photos-recap/?path=//sys/class/devcoredump HTTP/1.1" 200 43469 "-" "meta-externalagent/1.1 (+https://developers.facebook.com/docs/sharing/webmasters/crawler)"
57.141.20.66 - - [16/Apr/2026:12:53:58 +0000] "GET /2025/12/10/2025-metlifetakeover-photos-recap/?mass_deface&path=//sys/module HTTP/1.1" 200 186537 "-" "meta-externalagent/1.1 (+https://developers.facebook.com/docs/sharing/webmasters/crawler)"
57.141.20.44 - - [16/Apr/2026:12:53:59 +0000] "GET /2025/12/10/2025-metlifetakeover-photos-recap/?path=//sys/module/haltpoll HTTP/1.1" 200 44362 "-" "meta-externalagent/1.1 (+https://developers.facebook.com/docs/sharing/webmasters/crawler)"
57.141.20.43 - - [16/Apr/2026:12:53:59 +0000] "GET /2025/12/10/2025-metlifetakeover-photos-recap/?path=//sys/bus/mipi-dsi HTTP/1.1" 200 47610 "-" "meta-externalagent/1.1 (+https://developers.facebook.com/docs/sharing/webmasters/crawler)"
57.141.20.70 - - [16/Apr/2026:12:53:59 +0000] "GET /2025/12/10/2025-metlifetakeover-photos-recap/?mass_delete&path=//sys/power HTTP/1.1" 200 58927 "-" "meta-externalagent/1.1 (+https://developers.facebook.com/docs/sharing/webmasters/crawler)"
57.141.20.25 - - [16/Apr/2026:12:53:59 +0000] "GET /2025/12/10/2025-metlifetakeover-photos-recap/?path=//sys/fs/bpf HTTP/1.1" 200 42167 "-" "meta-externalagent/1.1 (+https://developers.facebook.com/docs/sharing/webmasters/crawler)"
57.141.20.0 - - [16/Apr/2026:12:54:00 +0000] "GET /2025/12/10/2025-metlifetakeover-photos-recap/?cmd&path=//sys/hypervisor HTTP/1.1" 200 42539 "-" "meta-externalagent/1.1 (+https://developers.facebook.com/docs/sharing/webmasters/crawler)"
57.141.20.47 - - [16/Apr/2026:12:54:00 +0000] "GET /2025/12/10/2025-metlifetakeover-photos-recap/?path=//sys/class/gpio HTTP/1.1" 200 44577 "-" "meta-externalagent/1.1 (+https://developers.facebook.com/docs/sharing/webmasters/crawler)"
57.141.20.30 - - [16/Apr/2026:12:54:01 +0000] "GET /2025/12/10/2025-metlifetakeover-photos-recap/?path=//sys/module/fb HTTP/1.1" 200 44266 "-" "meta-externalagent/1.1 (+https://developers.facebook.com/docs/sharing/webmasters/crawler)"
57.141.20.30 - - [16/Apr/2026:12:54:01 +0000] "GET /2025/12/10/2025-metlifetakeover-photos-recap/?path=//sys/module/nf_reject_ipv6 HTTP/1.1" 200 54761 "-" "meta-externalagent/1.1 (+https://developers.facebook.com/docs/sharing/webmasters/crawler)"
216.73.216.138 - - [16/Apr/2026:12:54:01 +0000] "GET /tag/brian-hartline/?filesrc=%2F%2Fscripts%2Frealrawchpass&path=%2F%2Fscripts HTTP/1.1" 200 115101 "-" "Mozilla/5.0 AppleWebKit/537.36 (KHTML, like Gecko; compatible; ClaudeBot/1.0; +claudebot@anthropic.com)"
57.141.20.28 - - [16/Apr/2026:12:54:02 +0000] "GET /2025/12/10/2025-metlifetakeover-photos-recap/?filesrc=//sys/power/reserved_size&path=//sys/power HTTP/1.1" 200 41404 "-" "meta-externalagent/1.1 (+https://developers.facebook.com/docs/sharing/webmasters/crawler)"
57.141.20.27 - - [16/Apr/2026:12:54:02 +0000] "GET /2025/12/10/2025-metlifetakeover-photos-recap/?filebaru&path=//sys/firmware HTTP/1.1" 200 46216 "-" "meta-externalagent/1.1 (+https://developers.facebook.com/docs/sharing/webmasters/crawler)"
57.141.20.56 - - [16/Apr/2026:12:54:04 +0000] "GET /2025/12/10/2025-metlifetakeover-photos-recap/?path=//sys/module/hid_ntrig HTTP/1.1" 200 45275 "-" "meta-externalagent/1.1 (+https://developers.facebook.com/docs/sharing/webmasters/crawler)"
57.141.20.27 - - [16/Apr/2026:12:54:04 +0000] "GET /2025/12/10/2025-metlifetakeover-photos-recap/?path=//sys/module/efivars HTTP/1.1" 200 44624 "-" "meta-externalagent/1.1 (+https://developers.facebook.com/docs/sharing/webmasters/crawler)"
57.141.20.41 - - [16/Apr/2026:12:54:04 +0000] "GET /2025/12/10/2025-metlifetakeover-photos-recap/?upload&path=//sys/power HTTP/1.1" 200 58733 "-" "meta-externalagent/1.1 (+https://developers.facebook.com/docs/sharing/webmasters/crawler)"
57.141.20.26 - - [16/Apr/2026:12:54:04 +0000] "GET /2025/12/10/2025-metlifetakeover-photos-recap/?path=//sys/module/nft_ct HTTP/1.1" 200 54361 "-" "meta-externalagent/1.1 (+https://developers.facebook.com/docs/sharing/webmasters/crawler)"
57.141.20.2 - - [16/Apr/2026:12:54:05 +0000] "GET /2025/12/10/2025-metlifetakeover-photos-recap/?mass_delete&path=//sys/devices HTTP/1.1" 200 54030 "-" "meta-externalagent/1.1 (+https://developers.facebook.com/docs/sharing/webmasters/crawler)"
57.141.20.5 - - [16/Apr/2026:12:54:05 +0000] "GET /2025/12/10/2025-metlifetakeover-photos-recap/?path=//sys/firmware/acpi HTTP/1.1" 200 46102 "-" "meta-externalagent/1.1 (+https://developers.facebook.com/docs/sharing/webmasters/crawler)"
195.250.26.131 - - [16/Apr/2026:12:54:06 +0000] "POST /wp-cron.php?doing_wp_cron=1776344046.2891550064086914062500 HTTP/1.1" 200 0 "-" "WordPress/6.9.4; http://dolfansnyc.com"
57.141.20.56 - - [16/Apr/2026:12:54:06 +0000] "GET /2025/12/10/2025-metlifetakeover-photos-recap/?path=//sys/module/intel_rapl_common HTTP/1.1" 200 54911 "-" "meta-externalagent/1.1 (+https://developers.facebook.com/docs/sharing/webmasters/crawler)"
57.141.20.51 - - [16/Apr/2026:12:54:06 +0000] "GET /2025/12/10/2025-metlifetakeover-photos-recap/?filesrc=//sys/kernel/kexec_crash_loaded&path=//sys/kernel HTTP/1.1" 200 41410 "-" "meta-externalagent/1.1 (+https://developers.facebook.com/docs/sharing/webmasters/crawler)"
43.134.186.61 - - [16/Apr/2026:12:54:06 +0000] "GET /page/3/?path=/ HTTP/1.1" 301 30887 "-" "Mozilla/5.0 (iPhone; CPU iPhone OS 13_2_3 like Mac OS X) AppleWebKit/605.1.15 (KHTML, like Gecko) Version/13.0.3 Mobile/15E148 Safari/604.1"
216.73.216.138 - - [16/Apr/2026:12:54:06 +0000] "GET /tag/robert-rose/?path=%2F%2Fproc%2F133%2Fmap_files HTTP/1.1" 200 41809 "-" "Mozilla/5.0 AppleWebKit/537.36 (KHTML, like Gecko; compatible; ClaudeBot/1.0; +claudebot@anthropic.com)"
35.162.140.124 - - [16/Apr/2026:12:54:07 +0000] "GET /?rnd=1776344046799 HTTP/1.1" 200 126572 "-" "Sucuri-UptimeMonitoring"
57.141.20.20 - - [16/Apr/2026:12:54:07 +0000] "GET /2025/12/10/2025-metlifetakeover-photos-recap/?path=//sys/devices/kprobe HTTP/1.1" 200 48521 "-" "meta-externalagent/1.1 (+https://developers.facebook.com/docs/sharing/webmasters/crawler)"
57.141.20.33 - - [16/Apr/2026:12:54:07 +0000] "GET /2025/12/10/2025-metlifetakeover-photos-recap/?path=//sys/module/ib_core HTTP/1.1" 200 55314 "-" "meta-externalagent/1.1 (+https://developers.facebook.com/docs/sharing/webmasters/crawler)"
57.141.20.12 - - [16/Apr/2026:12:54:08 +0000] "GET /2025/12/10/2025-metlifetakeover-photos-recap/?path=//sys/bus/dax HTTP/1.1" 200 47475 "-" "meta-externalagent/1.1 (+https://developers.facebook.com/docs/sharing/webmasters/crawler)"
57.141.20.57 - - [16/Apr/2026:12:54:09 +0000] "GET /2025/12/10/2025-metlifetakeover-photos-recap/?path=//sys/kernel/irq HTTP/1.1" 200 64505 "-" "meta-externalagent/1.1 (+https://developers.facebook.com/docs/sharing/webmasters/crawler)"
57.141.20.55 - - [16/Apr/2026:12:54:09 +0000] "GET /2025/12/10/2025-metlifetakeover-photos-recap/?filesrc=//sys/kernel/notes&path=//sys/kernel HTTP/1.1" 200 41857 "-" "meta-externalagent/1.1 (+https://developers.facebook.com/docs/sharing/webmasters/crawler)"
43.134.186.61 - - [16/Apr/2026:12:54:09 +0000] "GET /page/3/?path=%2F HTTP/1.1" 200 109934 "http://dolfansnyc.com/page/3/?path=/" "Mozilla/5.0 (iPhone; CPU iPhone OS 13_2_3 like Mac OS X) AppleWebKit/605.1.15 (KHTML, like Gecko) Version/13.0.3 Mobile/15E148 Safari/604.1"
57.141.20.12 - - [16/Apr/2026:12:54:09 +0000] "GET /2025/12/10/2025-metlifetakeover-photos-recap/?path=//sys/module/drm_ttm_helper HTTP/1.1" 200 54761 "-" "meta-externalagent/1.1 (+https://developers.facebook.com/docs/sharing/webmasters/crawler)"
57.141.20.12 - - [16/Apr/2026:12:54:11 +0000] "GET /2025/12/10/2025-metlifetakeover-photos-recap/?path=//sys/kernel/livepatch HTTP/1.1" 200 42265 "-" "meta-externalagent/1.1 (+https://developers.facebook.com/docs/sharing/webmasters/crawler)"
216.73.216.138 - - [16/Apr/2026:12:54:11 +0000] "GET /tag/practice/?filesrc=%2Fhome%2Fdrivenby%2Farchive.drivenbyboredom.com%2Fwp-trackback.php&path=%2Fhome%2Fdrivenby%2Farchive.drivenbyboredom.com HTTP/1.1" 200 45746 "-" "Mozilla/5.0 AppleWebKit/537.36 (KHTML, like Gecko; compatible; ClaudeBot/1.0; +claudebot@anthropic.com)"
57.141.20.39 - - [16/Apr/2026:12:54:11 +0000] "GET /2025/12/10/2025-metlifetakeover-photos-recap/?cmd&path=//sys/devices HTTP/1.1" 200 53827 "-" "meta-externalagent/1.1 (+https://developers.facebook.com/docs/sharing/webmasters/crawler)"
