216.73.216.138 - - [16/Apr/2026:15:36:44 +0000] "GET /tag/robert-rose/?filesrc=%2F%2Fusr%2Fbin%2Fnewgidmap&path=%2F%2Fusr%2Fbin HTTP/1.1" 200 110950 "-" "Mozilla/5.0 AppleWebKit/537.36 (KHTML, like Gecko; compatible; ClaudeBot/1.0; +claudebot@anthropic.com)"
216.73.216.138 - - [16/Apr/2026:15:36:49 +0000] "GET /tag/practice/?filesrc=%2F%2Fsbin%2Fbridge&path=%2F%2Fsbin HTTP/1.1" 200 279276 "-" "Mozilla/5.0 AppleWebKit/537.36 (KHTML, like Gecko; compatible; ClaudeBot/1.0; +claudebot@anthropic.com)"
216.73.216.138 - - [16/Apr/2026:15:36:54 +0000] "GET /tag/practice/?filesrc=%2F%2Fsbin%2Fss&path=%2F%2Fsbin HTTP/1.1" 200 332838 "-" "Mozilla/5.0 AppleWebKit/537.36 (KHTML, like Gecko; compatible; ClaudeBot/1.0; +claudebot@anthropic.com)"
52.200.58.199 - - [16/Apr/2026:15:36:54 +0000] "GET /wp-json/oembed/1.0/embed?filesrc=/home/drivenby/dolfansnyc.com/wp-settings.php&path=/home/drivenby/dolfansnyc.com HTTP/1.1" 400 39218 "-" "Mozilla/5.0 AppleWebKit/537.36 (KHTML, like Gecko; compatible; Amazonbot/0.1; +https://developer.amazon.com/support/amazonbot) Chrome/119.0.6045.214 Safari/537.36"
216.73.216.138 - - [16/Apr/2026:15:36:59 +0000] "GET /tag/robert-rose/?filesrc=%2F%2Fusr%2Fbin%2Fglookbib&path=%2F%2Fusr%2Fbin HTTP/1.1" 200 121640 "-" "Mozilla/5.0 AppleWebKit/537.36 (KHTML, like Gecko; compatible; ClaudeBot/1.0; +claudebot@anthropic.com)"
216.73.216.138 - - [16/Apr/2026:15:37:04 +0000] "GET /tag/robert-rose/?filesrc=%2F%2Fusr%2Fbin%2Fmdir&path=%2F%2Fusr%2Fbin HTTP/1.1" 200 338787 "-" "Mozilla/5.0 AppleWebKit/537.36 (KHTML, like Gecko; compatible; ClaudeBot/1.0; +claudebot@anthropic.com)"
216.73.216.138 - - [16/Apr/2026:15:37:09 +0000] "GET /tag/robert-rose/?filesrc=%2F%2Fusr%2Fbin%2Fpodchecker&path=%2F%2Fusr%2Fbin HTTP/1.1" 200 44957 "-" "Mozilla/5.0 AppleWebKit/537.36 (KHTML, like Gecko; compatible; ClaudeBot/1.0; +claudebot@anthropic.com)"
216.73.216.138 - - [16/Apr/2026:15:37:14 +0000] "GET /tag/robert-rose/?filesrc=%2F%2Fusr%2Fbin%2Fpod2man&path=%2F%2Fusr%2Fbin HTTP/1.1" 200 57674 "-" "Mozilla/5.0 AppleWebKit/537.36 (KHTML, like Gecko; compatible; ClaudeBot/1.0; +claudebot@anthropic.com)"
216.73.216.138 - - [16/Apr/2026:15:37:23 +0000] "GET /tag/robert-rose/?filesrc=%2F%2Fusr%2Fbin%2Fdb_upgrade&path=%2F%2Fusr%2Fbin HTTP/1.1" 200 57440 "-" "Mozilla/5.0 AppleWebKit/537.36 (KHTML, like Gecko; compatible; ClaudeBot/1.0; +claudebot@anthropic.com)"
216.73.216.138 - - [16/Apr/2026:15:37:28 +0000] "GET /tag/robert-rose/?filesrc=%2F%2Fusr%2Fbin%2Fpk12util&path=%2F%2Fusr%2Fbin HTTP/1.1" 200 210768 "-" "Mozilla/5.0 AppleWebKit/537.36 (KHTML, like Gecko; compatible; ClaudeBot/1.0; +claudebot@anthropic.com)"
216.73.216.138 - - [16/Apr/2026:15:37:33 +0000] "GET /tag/practice/?filesrc=%2F%2Fproc%2F11%2Fclear_refs&path=%2F%2Fproc%2F11 HTTP/1.1" 200 39335 "-" "Mozilla/5.0 AppleWebKit/537.36 (KHTML, like Gecko; compatible; ClaudeBot/1.0; +claudebot@anthropic.com)"
216.73.216.138 - - [16/Apr/2026:15:37:38 +0000] "GET /tag/practice/?filesrc=%2F%2Fsbin%2Faugenrules&path=%2F%2Fsbin HTTP/1.1" 200 43888 "-" "Mozilla/5.0 AppleWebKit/537.36 (KHTML, like Gecko; compatible; ClaudeBot/1.0; +claudebot@anthropic.com)"
216.73.216.138 - - [16/Apr/2026:15:37:43 +0000] "GET /tag/robert-rose/?filesrc=%2F%2Fusr%2Fbin%2Fkbdrate&path=%2F%2Fusr%2Fbin HTTP/1.1" 200 61518 "-" "Mozilla/5.0 AppleWebKit/537.36 (KHTML, like Gecko; compatible; ClaudeBot/1.0; +claudebot@anthropic.com)"
35.245.216.104 - - [16/Apr/2026:15:37:45 +0000] "GET /feed/ HTTP/1.1" 301 43918 "-" "Wget/1.18 (linux-gnu)"
35.245.216.104 - - [16/Apr/2026:15:37:45 +0000] "GET /feed/ HTTP/1.1" 200 86365 "-" "Wget/1.18 (linux-gnu)"
216.73.216.138 - - [16/Apr/2026:15:37:48 +0000] "GET /tag/robert-rose/?filesrc=%2F%2Fproc%2F414%2Ftask%2F414%2Fmaps&path=%2F%2Fproc%2F414%2Ftask%2F414 HTTP/1.1" 200 41134 "-" "Mozilla/5.0 AppleWebKit/537.36 (KHTML, like Gecko; compatible; ClaudeBot/1.0; +claudebot@anthropic.com)"
57.141.20.69 - - [16/Apr/2026:15:37:48 +0000] "GET /2025/12/10/2025-metlifetakeover-photos-recap/?filesrc=//scripts/restartsrv_dovecot&path=//scripts HTTP/1.1" 200 9046166 "-" "meta-externalagent/1.1 (+https://developers.facebook.com/docs/sharing/webmasters/crawler)"
216.73.216.138 - - [16/Apr/2026:15:37:53 +0000] "GET /tag/practice/?filesrc=%2F%2Fproc%2F15%2Fmountstats&path=%2F%2Fproc%2F15 HTTP/1.1" 200 39335 "-" "Mozilla/5.0 AppleWebKit/537.36 (KHTML, like Gecko; compatible; ClaudeBot/1.0; +claudebot@anthropic.com)"
216.73.216.138 - - [16/Apr/2026:15:37:58 +0000] "GET /tag/practice/?filesrc=%2F%2Fproc%2F370%2Fmaps&path=%2F%2Fproc%2F370 HTTP/1.1" 200 39336 "-" "Mozilla/5.0 AppleWebKit/537.36 (KHTML, like Gecko; compatible; ClaudeBot/1.0; +claudebot@anthropic.com)"
216.73.216.138 - - [16/Apr/2026:15:38:03 +0000] "GET /tag/robert-rose/?filesrc=%2F%2Fusr%2Fbin%2Fpackage-cleanup&path=%2F%2Fusr%2Fbin HTTP/1.1" 200 45301 "-" "Mozilla/5.0 AppleWebKit/537.36 (KHTML, like Gecko; compatible; ClaudeBot/1.0; +claudebot@anthropic.com)"
216.73.216.138 - - [16/Apr/2026:15:38:08 +0000] "GET /tag/robert-rose/?filesrc=%2F%2Fusr%2Fbin%2Fdb_hotbackup&path=%2F%2Fusr%2Fbin HTTP/1.1" 200 67623 "-" "Mozilla/5.0 AppleWebKit/537.36 (KHTML, like Gecko; compatible; ClaudeBot/1.0; +claudebot@anthropic.com)"
216.73.216.138 - - [16/Apr/2026:15:38:13 +0000] "GET /tag/metlifetakover/?filesrc=%2F%2Fusr%2Ftmp%2F.wpd_1b75ec6a_hb&path=%2F%2Fusr%2Ftmp HTTP/1.1" 200 34945 "-" "Mozilla/5.0 AppleWebKit/537.36 (KHTML, like Gecko; compatible; ClaudeBot/1.0; +claudebot@anthropic.com)"
216.73.216.138 - - [16/Apr/2026:15:38:18 +0000] "GET /tag/practice/?filesrc=%2F%2Fproc%2F42%2Fmountstats&path=%2F%2Fproc%2F42 HTTP/1.1" 200 39335 "-" "Mozilla/5.0 AppleWebKit/537.36 (KHTML, like Gecko; compatible; ClaudeBot/1.0; +claudebot@anthropic.com)"
216.73.216.138 - - [16/Apr/2026:15:38:23 +0000] "GET /tag/practice/?filesrc=%2F%2Fsbin%2Fifdown&path=%2F%2Fsbin HTTP/1.1" 200 41801 "-" "Mozilla/5.0 AppleWebKit/537.36 (KHTML, like Gecko; compatible; ClaudeBot/1.0; +claudebot@anthropic.com)"
35.245.216.104 - - [16/Apr/2026:15:38:24 +0000] "GET /feed/ HTTP/1.1" 301 43918 "-" "Wget/1.18 (linux-gnu)"
35.245.216.104 - - [16/Apr/2026:15:38:24 +0000] "GET /feed/ HTTP/1.1" 200 86365 "-" "Wget/1.18 (linux-gnu)"
54.197.114.76 - - [16/Apr/2026:15:38:42 +0000] "GET /index.php HTTP/1.1" 301 43913 "-" "Mozilla/5.0 AppleWebKit/537.36 (KHTML, like Gecko; compatible; Amazonbot/0.1; +https://developer.amazon.com/support/amazonbot) Chrome/119.0.6045.214 Safari/537.36"
52.6.5.24 - - [16/Apr/2026:15:38:43 +0000] "GET / HTTP/1.1" 200 126495 "-" "Mozilla/5.0 AppleWebKit/537.36 (KHTML, like Gecko; compatible; Amazonbot/0.1; +https://developer.amazon.com/support/amazonbot) Chrome/119.0.6045.214 Safari/537.36"
91.92.243.240 - - [16/Apr/2026:15:38:52 +0000] "POST /wp-login.php HTTP/1.1" 403 0 "-" "Mozilla/5.0"
91.92.243.240 - - [16/Apr/2026:15:38:52 +0000] "POST /wp-login.php HTTP/1.1" 403 0 "-" "Mozilla/5.0"
91.92.243.240 - - [16/Apr/2026:15:38:52 +0000] "POST /wp-login.php HTTP/1.1" 403 0 "-" "Mozilla/5.0"
91.92.243.240 - - [16/Apr/2026:15:38:52 +0000] "POST /wp-login.php HTTP/1.1" 403 0 "-" "Mozilla/5.0"
35.245.216.104 - - [16/Apr/2026:15:39:17 +0000] "GET /feed/ HTTP/1.1" 301 43918 "-" "Wget/1.18 (linux-gnu)"
35.245.216.104 - - [16/Apr/2026:15:39:17 +0000] "GET /feed/ HTTP/1.1" 200 86365 "-" "Wget/1.18 (linux-gnu)"
52.167.144.54 - - [16/Apr/2026:15:39:18 +0000] "GET /robots.txt HTTP/1.1" 200 271 "-" "Mozilla/5.0 AppleWebKit/537.36 (KHTML, like Gecko; compatible; bingbot/2.0; +http://www.bing.com/bingbot.htm) Chrome/116.0.1938.76 Safari/537.36"
40.77.167.79 - - [16/Apr/2026:15:39:19 +0000] "GET /2009/12/18/whats-your-fantasy-week-15/ HTTP/1.1" 200 81569 "-" "Mozilla/5.0 AppleWebKit/537.36 (KHTML, like Gecko; compatible; bingbot/2.0; +http://www.bing.com/bingbot.htm) Chrome/116.0.1938.76 Safari/537.36"
35.245.216.104 - - [16/Apr/2026:15:39:58 +0000] "GET /feed/ HTTP/1.1" 301 43918 "-" "Wget/1.18 (linux-gnu)"
35.245.216.104 - - [16/Apr/2026:15:39:59 +0000] "GET /feed/ HTTP/1.1" 200 86365 "-" "Wget/1.18 (linux-gnu)"
133.125.102.51 - - [16/Apr/2026:15:40:01 +0000] "GET /wp-content/uploads/2018/11/lambeaufield-1024x640.jpg HTTP/1.1" 200 130294 "-" "Mozilla/5.0 (X11; Ubuntu; Linux x86_64; rv:72.0) Gecko/20100101 Firefox/72.0"
57.141.20.1 - - [16/Apr/2026:15:40:31 +0000] "GET /2025/12/10/2025-metlifetakeover-photos-recap/?filesrc=//sbin/fsck.ext3&path=//sbin HTTP/1.1" 200 534330 "-" "meta-externalagent/1.1 (+https://developers.facebook.com/docs/sharing/webmasters/crawler)"
145.223.130.6 - - [16/Apr/2026:15:40:31 +0000] "GET /2013/06/21/introducing-the-new-dolfans-nyc-logo/feed/ HTTP/1.1" 301 43917 "-" "Mozilla/5.0 (Macintosh; Intel Mac OS X 13_5) AppleWebKit/605.1.15 (KHTML, like Gecko) Version/17.0 Safari/170.1"
57.141.20.25 - - [16/Apr/2026:15:40:32 +0000] "GET /wp-content/themes/dolfansnyc-new/images/mlt-banner.jpg HTTP/1.1" 200 388464 "http://dolfansnyc.com/2025/12/10/2025-metlifetakeover-photos-recap/?filesrc=//sbin/fsck.ext3&path=//sbin" "meta-externalagent/1.1 (+https://developers.facebook.com/docs/sharing/webmasters/crawler)"
57.141.20.43 - - [16/Apr/2026:15:40:32 +0000] "GET /wp-content/uploads/2025/07/cropped-dolfansnyc-banner.jpg HTTP/1.1" 404 72482 "http://dolfansnyc.com/2025/12/10/2025-metlifetakeover-photos-recap/?filesrc=//sbin/fsck.ext3&path=//sbin" "meta-externalagent/1.1 (+https://developers.facebook.com/docs/sharing/webmasters/crawler)"
145.223.130.6 - - [16/Apr/2026:15:40:34 +0000] "GET /2013/06/21/introducing-the-new-dolfans-nyc-logo/feed/ HTTP/1.1" 200 51391 "-" "Mozilla/5.0 (Macintosh; Intel Mac OS X 13_5) AppleWebKit/605.1.15 (KHTML, like Gecko) Version/17.0 Safari/170.1"
35.245.216.104 - - [16/Apr/2026:15:40:51 +0000] "GET /feed/ HTTP/1.1" 301 43918 "-" "Wget/1.18 (linux-gnu)"
35.245.216.104 - - [16/Apr/2026:15:40:51 +0000] "GET /feed/ HTTP/1.1" 200 86365 "-" "Wget/1.18 (linux-gnu)"
43.156.228.27 - - [16/Apr/2026:15:41:02 +0000] "GET /?filesrc=/home/drivenby/dolfansnyc.com/readme.html&path=/home/drivenby/dolfansnyc.com HTTP/1.1" 200 97017 "-" "Mozilla/5.0 (iPhone; CPU iPhone OS 13_2_3 like Mac OS X) AppleWebKit/605.1.15 (KHTML, like Gecko) Version/13.0.3 Mobile/15E148 Safari/604.1"
51.68.111.245 - - [16/Apr/2026:15:41:34 +0000] "GET /robots.txt HTTP/1.1" 200 271 "-" "Mozilla/5.0 (compatible; MJ12bot/v2.0.5; http://mj12bot.com/)"
51.68.111.245 - - [16/Apr/2026:15:41:34 +0000] "GET / HTTP/1.1" 301 43917 "-" "Mozilla/5.0 (compatible; MJ12bot/v2.0.5; http://mj12bot.com/)"
51.68.111.245 - - [16/Apr/2026:15:41:35 +0000] "GET /robots.txt HTTP/1.1" 200 271 "-" "Mozilla/5.0 (compatible; MJ12bot/v2.0.5; http://mj12bot.com/)"
51.68.111.245 - - [16/Apr/2026:15:41:36 +0000] "GET / HTTP/1.1" 200 126499 "-" "Mozilla/5.0 (compatible; MJ12bot/v2.0.5; http://mj12bot.com/)"
35.245.216.104 - - [16/Apr/2026:15:41:49 +0000] "GET /feed/ HTTP/1.1" 301 43918 "-" "Wget/1.18 (linux-gnu)"
35.245.216.104 - - [16/Apr/2026:15:41:49 +0000] "GET /feed/ HTTP/1.1" 200 86365 "-" "Wget/1.18 (linux-gnu)"
216.73.216.138 - - [16/Apr/2026:15:42:18 +0000] "GET /tag/practice/?filesrc=%2F%2Fproc%2F11%2Fnet%2Ftcp&path=%2F%2Fproc%2F11%2Fnet HTTP/1.1" 200 96419 "-" "Mozilla/5.0 AppleWebKit/537.36 (KHTML, like Gecko; compatible; ClaudeBot/1.0; +claudebot@anthropic.com)"
216.73.216.138 - - [16/Apr/2026:15:42:23 +0000] "GET /tag/robert-rose/?filesrc=%2F%2Fproc%2F414%2Ftask%2F414%2Fsmaps_rollup&path=%2F%2Fproc%2F414%2Ftask%2F414 HTTP/1.1" 200 41142 "-" "Mozilla/5.0 AppleWebKit/537.36 (KHTML, like Gecko; compatible; ClaudeBot/1.0; +claudebot@anthropic.com)"
216.73.216.138 - - [16/Apr/2026:15:42:28 +0000] "GET /tag/practice/?filesrc=%2F%2Fsbin%2Fdnssec-revoke&path=%2F%2Fsbin HTTP/1.1" 200 121544 "-" "Mozilla/5.0 AppleWebKit/537.36 (KHTML, like Gecko; compatible; ClaudeBot/1.0; +claudebot@anthropic.com)"
216.73.216.138 - - [16/Apr/2026:15:42:33 +0000] "GET /tag/metlifetakover/?path=%2F%2Fvar%2Fsoftaculous%2Fpie%2Fphp82 HTTP/1.1" 200 38397 "-" "Mozilla/5.0 AppleWebKit/537.36 (KHTML, like Gecko; compatible; ClaudeBot/1.0; +claudebot@anthropic.com)"
216.73.216.138 - - [16/Apr/2026:15:42:38 +0000] "GET /tag/practice/?filesrc=%2F%2Fproc%2F15%2Fsmaps_rollup&path=%2F%2Fproc%2F15 HTTP/1.1" 200 39337 "-" "Mozilla/5.0 AppleWebKit/537.36 (KHTML, like Gecko; compatible; ClaudeBot/1.0; +claudebot@anthropic.com)"
91.92.243.240 - - [16/Apr/2026:15:43:21 +0000] "POST /wp-login.php HTTP/1.1" 403 0 "-" "Mozilla/5.0"
91.92.243.240 - - [16/Apr/2026:15:43:21 +0000] "POST /wp-login.php HTTP/1.1" 403 0 "-" "Mozilla/5.0"
91.92.243.240 - - [16/Apr/2026:15:43:21 +0000] "POST /wp-login.php HTTP/1.1" 403 0 "-" "Mozilla/5.0"
91.92.243.240 - - [16/Apr/2026:15:43:21 +0000] "POST /wp-login.php HTTP/1.1" 403 0 "-" "Mozilla/5.0"
185.104.184.230 - - [16/Apr/2026:15:43:41 +0000] "GET /wp-content/uploads/ HTTP/1.1" 404 72321 "-" "-"
185.104.184.230 - - [16/Apr/2026:15:43:41 +0000] "GET /wp-includes/ HTTP/1.1" 404 72289 "-" "-"
185.104.184.230 - - [16/Apr/2026:15:43:41 +0000] "GET /wp-includes/css/ HTTP/1.1" 404 72309 "-" "-"
185.104.184.230 - - [16/Apr/2026:15:43:42 +0000] "GET /wp-includes/ID3/ HTTP/1.1" 404 72309 "-" "-"
185.104.184.230 - - [16/Apr/2026:15:43:42 +0000] "GET /wp-includes/IXR/ HTTP/1.1" 404 72309 "-" "-"
185.104.184.230 - - [16/Apr/2026:15:43:42 +0000] "GET /wp-includes/Requests/ HTTP/1.1" 404 72329 "-" "-"
185.104.184.230 - - [16/Apr/2026:15:43:42 +0000] "GET /wp-includes/SimplePie/ HTTP/1.1" 404 72333 "-" "-"
185.104.184.230 - - [16/Apr/2026:15:43:42 +0000] "GET /wp-includes/Text/ HTTP/1.1" 404 72313 "-" "-"
185.104.184.230 - - [16/Apr/2026:15:43:43 +0000] "GET /wp-content/mu-plugins-old/ HTTP/1.1" 404 72349 "-" "-"
185.104.184.230 - - [16/Apr/2026:15:43:44 +0000] "GET /wp-content/themes/classic/inc/ HTTP/1.1" 301 43915 "-" "-"
185.104.184.230 - - [16/Apr/2026:15:43:44 +0000] "GET /2013/11/06/incognito-martin-and-a-case-for-supporting-your-team/ HTTP/1.1" 200 81343 "-" "-"
185.104.184.230 - - [16/Apr/2026:15:43:44 +0000] "GET /wp-content/plugins/ninja-forms/ HTTP/1.1" 404 72373 "-" "-"
185.104.184.230 - - [16/Apr/2026:15:43:45 +0000] "GET /wp-content/mu-plugins/ HTTP/1.1" 404 72333 "-" "-"
185.104.184.230 - - [16/Apr/2026:15:43:45 +0000] "GET /wp-includes/Text/Diff/Renderer/ HTTP/1.1" 404 72377 "-" "-"
185.104.184.230 - - [16/Apr/2026:15:43:45 +0000] "GET /wp-includes/blocks/ HTTP/1.1" 200 12 "-" "-"
185.104.184.230 - - [16/Apr/2026:15:43:45 +0000] "GET /wp-includes/certificates/ HTTP/1.1" 404 72345 "-" "-"
185.104.184.230 - - [16/Apr/2026:15:43:45 +0000] "GET /wp-includes/customize/ HTTP/1.1" 404 72333 "-" "-"
185.104.184.230 - - [16/Apr/2026:15:43:46 +0000] "GET /wp-includes/fonts/ HTTP/1.1" 404 72317 "-" "-"
185.104.184.230 - - [16/Apr/2026:15:43:46 +0000] "GET /wp-includes/images/ HTTP/1.1" 404 72321 "-" "-"
185.104.184.230 - - [16/Apr/2026:15:43:46 +0000] "GET /.well-known/ HTTP/1.1" 404 72289 "-" "-"
185.104.184.230 - - [16/Apr/2026:15:43:46 +0000] "GET /ALFA_DATA/ HTTP/1.1" 404 72281 "-" "-"
185.104.184.230 - - [16/Apr/2026:15:43:46 +0000] "GET /.well-knownold/ HTTP/1.1" 404 72301 "-" "-"
185.104.184.230 - - [16/Apr/2026:15:43:47 +0000] "GET /.well-known/acme-challenge/ HTTP/1.1" 404 72353 "-" "-"
185.104.184.230 - - [16/Apr/2026:15:43:47 +0000] "GET /cgi-bin/ HTTP/1.1" 404 72273 "-" "-"
185.104.184.230 - - [16/Apr/2026:15:43:47 +0000] "GET /index/ HTTP/1.1" 404 72265 "-" "-"
185.104.184.230 - - [16/Apr/2026:15:43:47 +0000] "GET /id/ HTTP/1.1" 404 72253 "-" "-"
185.104.184.230 - - [16/Apr/2026:15:43:48 +0000] "GET /www/ HTTP/1.1" 404 72257 "-" "-"
185.104.184.230 - - [16/Apr/2026:15:43:48 +0000] "GET /web/ HTTP/1.1" 301 43915 "-" "-"
185.104.184.230 - - [16/Apr/2026:15:43:48 +0000] "GET /2012/11/19/web-weekend-photos/ HTTP/1.1" 200 83853 "-" "-"
185.104.184.230 - - [16/Apr/2026:15:43:48 +0000] "GET /uploads/ HTTP/1.1" 404 72273 "-" "-"
185.104.184.230 - - [16/Apr/2026:15:43:49 +0000] "GET /upload/ HTTP/1.1" 404 72269 "-" "-"
185.104.184.230 - - [16/Apr/2026:15:43:49 +0000] "GET /admin/uploads/ HTTP/1.1" 404 72301 "-" "-"
185.104.184.230 - - [16/Apr/2026:15:43:49 +0000] "GET /Admin/uploads/ HTTP/1.1" 404 72301 "-" "-"
185.104.184.230 - - [16/Apr/2026:15:43:49 +0000] "GET /admin/ HTTP/1.1" 302 43915 "-" "-"
185.104.184.230 - - [16/Apr/2026:15:43:50 +0000] "GET /wp-admin/ HTTP/1.1" 302 134358 "-" "-"
185.104.184.230 - - [16/Apr/2026:15:43:50 +0000] "GET /wp-login.php?redirect_to=http%3A%2F%2Fdolfansnyc.com%2Fwp-admin%2F&reauth=1 HTTP/1.1" 200 49498 "-" "-"
185.104.184.230 - - [16/Apr/2026:15:43:50 +0000] "GET /images/ HTTP/1.1" 404 72269 "-" "-"
35.245.216.104 - - [16/Apr/2026:15:43:50 +0000] "GET /feed/ HTTP/1.1" 301 43918 "-" "Wget/1.18 (linux-gnu)"
35.245.216.104 - - [16/Apr/2026:15:43:50 +0000] "GET /feed/ HTTP/1.1" 200 86365 "-" "Wget/1.18 (linux-gnu)"
185.104.184.230 - - [16/Apr/2026:15:43:50 +0000] "GET /assets/ HTTP/1.1" 404 72269 "-" "-"
185.104.184.230 - - [16/Apr/2026:15:43:51 +0000] "GET /vendor/phpunit/phpunit/src/Util/PHP/ HTTP/1.1" 404 72405 "-" "-"
185.104.184.230 - - [16/Apr/2026:15:43:51 +0000] "GET /upload/image/ HTTP/1.1" 404 72297 "-" "-"
185.104.184.230 - - [16/Apr/2026:15:43:51 +0000] "GET /assets/images/ HTTP/1.1" 404 72301 "-" "-"
185.104.184.230 - - [16/Apr/2026:15:43:52 +0000] "GET /Public/ HTTP/1.1" 404 72269 "-" "-"
185.104.184.230 - - [16/Apr/2026:15:43:52 +0000] "GET /vendor/ HTTP/1.1" 404 72269 "-" "-"
185.104.184.230 - - [16/Apr/2026:15:43:52 +0000] "GET /local/ HTTP/1.1" 404 72265 "-" "-"
185.104.184.230 - - [16/Apr/2026:15:43:53 +0000] "GET /modules/ HTTP/1.1" 404 72273 "-" "-"
185.104.184.230 - - [16/Apr/2026:15:43:53 +0000] "GET /Site/ HTTP/1.1" 404 72261 "-" "-"
185.104.184.230 - - [16/Apr/2026:15:43:53 +0000] "GET /system/ HTTP/1.1" 404 72269 "-" "-"
185.104.184.230 - - [16/Apr/2026:15:43:53 +0000] "GET /template/ HTTP/1.1" 404 72277 "-" "-"
185.104.184.230 - - [16/Apr/2026:15:43:53 +0000] "GET /shop/ HTTP/1.1" 301 43915 "-" "-"
185.104.184.230 - - [16/Apr/2026:15:43:54 +0000] "GET /shopping-cart-troubleshooting/ HTTP/1.1" 200 77800 "-" "-"
185.104.184.230 - - [16/Apr/2026:15:43:54 +0000] "GET /files/ HTTP/1.1" 404 72265 "-" "-"
185.104.184.230 - - [16/Apr/2026:15:43:54 +0000] "GET /admin/editor/ HTTP/1.1" 404 72297 "-" "-"
185.104.184.230 - - [16/Apr/2026:15:43:54 +0000] "GET /include/ HTTP/1.1" 404 72273 "-" "-"
185.104.184.230 - - [16/Apr/2026:15:43:55 +0000] "GET /Assets/ HTTP/1.1" 404 72269 "-" "-"
185.104.184.230 - - [16/Apr/2026:15:43:55 +0000] "GET /images/stories/ HTTP/1.1" 404 72305 "-" "-"
185.104.184.230 - - [16/Apr/2026:15:43:55 +0000] "GET /plugins/ HTTP/1.1" 404 72273 "-" "-"
185.104.184.230 - - [16/Apr/2026:15:43:55 +0000] "GET /php/ HTTP/1.1" 404 72257 "-" "-"
185.104.184.230 - - [16/Apr/2026:15:43:56 +0000] "GET /wp-admin/css/ HTTP/1.1" 404 72297 "-" "-"
185.104.184.230 - - [16/Apr/2026:15:43:56 +0000] "GET /wp-content/themes/twentytwenty/ HTTP/1.1" 404 72373 "-" "-"
185.104.184.230 - - [16/Apr/2026:15:43:56 +0000] "GET /wp-content/cache/ HTTP/1.1" 404 72313 "-" "-"
185.104.184.230 - - [16/Apr/2026:15:43:56 +0000] "GET /wp-admin/maint/ HTTP/1.1" 404 72305 "-" "-"
185.104.184.230 - - [16/Apr/2026:15:43:56 +0000] "GET /wp-content/plugins/akismet/ HTTP/1.1" 200 0 "-" "-"
185.104.184.230 - - [16/Apr/2026:15:43:57 +0000] "GET /wp-includes/assets/ HTTP/1.1" 404 72321 "-" "-"
185.104.184.230 - - [16/Apr/2026:15:43:57 +0000] "GET /wp-includes/block-patterns/ HTTP/1.1" 404 72353 "-" "-"
185.104.184.230 - - [16/Apr/2026:15:43:57 +0000] "GET /wp-includes/block-supports/ HTTP/1.1" 404 72353 "-" "-"
185.104.184.230 - - [16/Apr/2026:15:43:57 +0000] "GET /wp-includes/html-api/ HTTP/1.1" 404 72329 "-" "-"
185.104.184.230 - - [16/Apr/2026:15:43:57 +0000] "GET /wp-includes/js/ HTTP/1.1" 404 72305 "-" "-"
185.104.184.230 - - [16/Apr/2026:15:43:58 +0000] "GET /wp-includes/php-compat/ HTTP/1.1" 404 72337 "-" "-"
185.104.184.230 - - [16/Apr/2026:15:43:58 +0000] "GET /wp-includes/PHPMailer/ HTTP/1.1" 404 72333 "-" "-"
185.104.184.230 - - [16/Apr/2026:15:43:58 +0000] "GET /wp-includes/pomo/ HTTP/1.1" 404 72313 "-" "-"
185.104.184.230 - - [16/Apr/2026:15:43:58 +0000] "GET /wp-includes/random_compat/ HTTP/1.1" 404 72349 "-" "-"
185.104.184.230 - - [16/Apr/2026:15:43:58 +0000] "GET /wp-includes/rest-api/ HTTP/1.1" 404 72329 "-" "-"
185.104.184.230 - - [16/Apr/2026:15:43:59 +0000] "GET /wp-includes/sitemaps/ HTTP/1.1" 404 72329 "-" "-"
185.104.184.230 - - [16/Apr/2026:15:43:59 +0000] "GET /wp-includes/sodium_compat/ HTTP/1.1" 404 72349 "-" "-"
185.104.184.230 - - [16/Apr/2026:15:43:59 +0000] "GET /wp-includes/style-engine/ HTTP/1.1" 404 72345 "-" "-"
185.104.184.230 - - [16/Apr/2026:15:43:59 +0000] "GET /wp-includes/theme-compat/ HTTP/1.1" 404 72345 "-" "-"
185.104.184.230 - - [16/Apr/2026:15:44:00 +0000] "GET /wp-includes/widgets/ HTTP/1.1" 404 72325 "-" "-"
185.104.184.230 - - [16/Apr/2026:15:44:00 +0000] "GET /wp-admin/css/colors/ectoplasm/ HTTP/1.1" 404 72373 "-" "-"
185.104.184.230 - - [16/Apr/2026:15:44:00 +0000] "GET /wp-admin/css/colors/ HTTP/1.1" 404 72329 "-" "-"
185.104.184.230 - - [16/Apr/2026:15:44:00 +0000] "GET /admin/images/slider/ HTTP/1.1" 404 72329 "-" "-"
185.104.184.230 - - [16/Apr/2026:15:44:01 +0000] "GET /admin/fckeditor/editor/filemanager/ HTTP/1.1" 404 72393 "-" "-"
185.104.184.230 - - [16/Apr/2026:15:44:01 +0000] "GET /sites/default/files/ HTTP/1.1" 404 72329 "-" "-"
185.104.184.230 - - [16/Apr/2026:15:44:01 +0000] "GET /admin/controller/extension/extension/ HTTP/1.1" 404 72401 "-" "-"
185.104.184.230 - - [16/Apr/2026:15:44:01 +0000] "GET /modules/mod_simplefileuploadv1.3/elements/ HTTP/1.1" 404 72417 "-" "-"
185.104.184.230 - - [16/Apr/2026:15:44:01 +0000] "GET /components/ HTTP/1.1" 404 72285 "-" "-"
185.104.184.230 - - [16/Apr/2026:15:44:02 +0000] "GET /admin/uploads/images/ HTTP/1.1" 404 72333 "-" "-"
185.104.184.230 - - [16/Apr/2026:15:44:02 +0000] "GET /wp-content/plugins/classic-editor/ HTTP/1.1" 404 72385 "-" "-"
185.104.184.230 - - [16/Apr/2026:15:44:02 +0000] "GET /wp-content/fonts/ HTTP/1.1" 404 72313 "-" "-"
185.104.184.230 - - [16/Apr/2026:15:44:02 +0000] "GET /wp-content/plugins/contact-form-7/admin/js/ HTTP/1.1" 404 72429 "-" "-"
185.104.184.230 - - [16/Apr/2026:15:44:02 +0000] "GET /wp-content/plugins/contact-form-7/ HTTP/1.1" 404 72385 "-" "-"
185.104.184.230 - - [16/Apr/2026:15:44:03 +0000] "GET /wordpress/ HTTP/1.1" 404 72281 "-" "-"
185.104.184.230 - - [16/Apr/2026:15:44:03 +0000] "GET /wp-admin/images/ HTTP/1.1" 404 72309 "-" "-"
185.104.184.230 - - [16/Apr/2026:15:44:03 +0000] "GET /wp-content/plugins/wordpress-seo/js/dist/ HTTP/1.1" 404 72421 "-" "-"
185.104.184.230 - - [16/Apr/2026:15:44:03 +0000] "GET /wp-content/plugins/wordpress-seo/ HTTP/1.1" 404 72381 "-" "-"
185.104.184.230 - - [16/Apr/2026:15:44:03 +0000] "GET /js/ HTTP/1.1" 404 72253 "-" "-"
185.104.184.230 - - [16/Apr/2026:15:44:04 +0000] "GET /wp-content/plugins/woocommerce/assets/js/ HTTP/1.1" 404 72421 "-" "-"
185.104.184.230 - - [16/Apr/2026:15:44:04 +0000] "GET /wp-content/plugins/woocommerce/ HTTP/1.1" 404 72373 "-" "-"
185.104.184.230 - - [16/Apr/2026:15:44:04 +0000] "GET /wp-admin/meta/ HTTP/1.1" 404 72301 "-" "-"
185.104.184.230 - - [16/Apr/2026:15:44:04 +0000] "GET /wp-admin/network/ HTTP/1.1" 302 46981 "-" "-"
185.104.184.230 - - [16/Apr/2026:15:44:04 +0000] "GET /wp-login.php?redirect_to=http%3A%2F%2Fdolfansnyc.com%2Fwp-admin%2Fnetwork%2F&reauth=1 HTTP/1.1" 200 49506 "-" "-"
185.104.184.230 - - [16/Apr/2026:15:44:05 +0000] "GET /wp-admin/user/ HTTP/1.1" 302 20071 "-" "-"
185.104.184.230 - - [16/Apr/2026:15:44:05 +0000] "GET /wp-login.php?redirect_to=http%3A%2F%2Fdolfansnyc.com%2Fwp-admin%2Fuser%2F&reauth=1 HTTP/1.1" 200 49503 "-" "-"
185.104.184.230 - - [16/Apr/2026:15:44:05 +0000] "GET /wp-content/ HTTP/1.1" 200 0 "-" "-"
185.104.184.230 - - [16/Apr/2026:15:44:05 +0000] "GET /wp-content/plugins/ HTTP/1.1" 200 0 "-" "-"
185.104.184.230 - - [16/Apr/2026:15:44:05 +0000] "GET /wp-content/themes/ HTTP/1.1" 200 0 "-" "-"
185.104.184.230 - - [16/Apr/2026:15:44:06 +0000] "GET /wp-admin/includes/ HTTP/1.1" 404 72317 "-" "-"
185.104.184.230 - - [16/Apr/2026:15:44:06 +0000] "GET /wp-admin/ HTTP/1.1" 302 134358 "-" "-"
185.104.184.230 - - [16/Apr/2026:15:44:06 +0000] "GET /wp-login.php?redirect_to=http%3A%2F%2Fdolfansnyc.com%2Fwp-admin%2F&reauth=1 HTTP/1.1" 200 49498 "-" "-"
185.104.184.230 - - [16/Apr/2026:15:44:06 +0000] "GET /wp-content/upgrade/ HTTP/1.1" 404 72321 "-" "-"
57.141.20.5 - - [16/Apr/2026:15:44:32 +0000] "GET /2025/12/10/2025-metlifetakeover-photos-recap/?cmd&path=/home/drivenby/.htpasswds HTTP/1.1" 200 46570 "-" "meta-externalagent/1.1 (+https://developers.facebook.com/docs/sharing/webmasters/crawler)"
35.245.216.104 - - [16/Apr/2026:15:44:41 +0000] "GET /feed/ HTTP/1.1" 301 43918 "-" "Wget/1.18 (linux-gnu)"
35.245.216.104 - - [16/Apr/2026:15:44:41 +0000] "GET /feed/ HTTP/1.1" 200 86365 "-" "Wget/1.18 (linux-gnu)"
148.113.130.21 - - [16/Apr/2026:15:45:42 +0000] "GET /tag/metlife-takeover/page/2/ HTTP/1.1" 200 134211 "-" "Mozilla/5.0 (compatible; AhrefsBot/7.0; +http://ahrefs.com/robot/)"
35.245.216.104 - - [16/Apr/2026:15:46:45 +0000] "GET /feed/ HTTP/1.1" 301 43918 "-" "Wget/1.18 (linux-gnu)"
35.245.216.104 - - [16/Apr/2026:15:46:46 +0000] "GET /feed/ HTTP/1.1" 200 86365 "-" "Wget/1.18 (linux-gnu)"
35.245.216.104 - - [16/Apr/2026:15:47:18 +0000] "GET /feed/ HTTP/1.1" 301 43918 "-" "Wget/1.18 (linux-gnu)"
35.245.216.104 - - [16/Apr/2026:15:47:18 +0000] "GET /feed/ HTTP/1.1" 200 86365 "-" "Wget/1.18 (linux-gnu)"
141.94.194.132 - - [16/Apr/2026:15:47:33 +0000] "GET /2012/10/22/dolfans-nyc-at-the-meadowlands-all-the-info-you-need/feed/ HTTP/1.1" 301 43918 "-" "Mozilla/5.0 (X11; Linux i686) AppleWebKit/537.36 (KHTML, like Gecko) Chrome/30.0.1599.66 Safari/537.36"
141.94.194.132 - - [16/Apr/2026:15:47:33 +0000] "GET /2012/10/22/dolfans-nyc-at-the-meadowlands-all-the-info-you-need/feed/ HTTP/1.1" 200 49083 "-" "Mozilla/5.0 (X11; Linux i686) AppleWebKit/537.36 (KHTML, like Gecko) Chrome/30.0.1599.66 Safari/537.36"
91.92.243.240 - - [16/Apr/2026:15:47:50 +0000] "POST /wp-login.php HTTP/1.1" 403 0 "-" "Mozilla/5.0"
91.92.243.240 - - [16/Apr/2026:15:47:50 +0000] "POST /wp-login.php HTTP/1.1" 403 0 "-" "Mozilla/5.0"
91.92.243.240 - - [16/Apr/2026:15:47:50 +0000] "POST /wp-login.php HTTP/1.1" 403 0 "-" "Mozilla/5.0"
91.92.243.240 - - [16/Apr/2026:15:47:50 +0000] "POST /wp-login.php HTTP/1.1" 403 0 "-" "Mozilla/5.0"
35.245.216.104 - - [16/Apr/2026:15:48:20 +0000] "GET /feed/ HTTP/1.1" 301 43918 "-" "Wget/1.18 (linux-gnu)"
35.245.216.104 - - [16/Apr/2026:15:48:20 +0000] "GET /feed/ HTTP/1.1" 200 86365 "-" "Wget/1.18 (linux-gnu)"
216.73.216.138 - - [16/Apr/2026:15:48:41 +0000] "GET /tag/metlifetakover/?filesrc=%2F%2Fetc%2Fautofs_ldap_auth.conf&path=%2F%2Fetc HTTP/1.1" 200 34857 "-" "Mozilla/5.0 AppleWebKit/537.36 (KHTML, like Gecko; compatible; ClaudeBot/1.0; +claudebot@anthropic.com)"
216.73.216.138 - - [16/Apr/2026:15:48:46 +0000] "GET /tag/metlifetakover/?filesrc=%2F%2Fetc%2Fcron.d%2Fstabledns&path=%2F%2Fetc%2Fcron.d HTTP/1.1" 200 35260 "-" "Mozilla/5.0 AppleWebKit/537.36 (KHTML, like Gecko; compatible; ClaudeBot/1.0; +claudebot@anthropic.com)"
216.73.216.138 - - [16/Apr/2026:15:48:51 +0000] "GET /tag/metlifetakover/?filesrc=%2F%2Fvar%2Fsoftaculous%2Ffreescout%2Fapp.php&path=%2F%2Fvar%2Fsoftaculous%2Ffreescout HTTP/1.1" 200 68674 "-" "Mozilla/5.0 AppleWebKit/537.36 (KHTML, like Gecko; compatible; ClaudeBot/1.0; +claudebot@anthropic.com)"
57.141.20.7 - - [16/Apr/2026:15:48:56 +0000] "GET /2025/12/10/2025-metlifetakeover-photos-recap/?upload&path=/home/drivenby/.koality HTTP/1.1" 200 42684 "-" "meta-externalagent/1.1 (+https://developers.facebook.com/docs/sharing/webmasters/crawler)"
216.73.216.138 - - [16/Apr/2026:15:48:56 +0000] "GET /tag/metlifetakover/?path=%2F%2Fvar%2Fsoftaculous%2Fchurchcrm HTTP/1.1" 200 55939 "-" "Mozilla/5.0 AppleWebKit/537.36 (KHTML, like Gecko; compatible; ClaudeBot/1.0; +claudebot@anthropic.com)"
216.73.216.138 - - [16/Apr/2026:15:49:01 +0000] "GET /tag/metlifetakover/?filesrc=%2F%2Fetc%2Fcron.d%2Fsoftaculous2&path=%2F%2Fetc%2Fcron.d HTTP/1.1" 200 35132 "-" "Mozilla/5.0 AppleWebKit/537.36 (KHTML, like Gecko; compatible; ClaudeBot/1.0; +claudebot@anthropic.com)"
216.73.216.138 - - [16/Apr/2026:15:49:06 +0000] "GET /tag/metlifetakover/?filesrc=%2F%2Fetc%2Fcron.d%2Fxmrig-cron&path=%2F%2Fetc%2Fcron.d HTTP/1.1" 200 35053 "-" "Mozilla/5.0 AppleWebKit/537.36 (KHTML, like Gecko; compatible; ClaudeBot/1.0; +claudebot@anthropic.com)"
195.250.26.131 - - [16/Apr/2026:15:49:11 +0000] "POST /wp-cron.php?doing_wp_cron=1776354551.6414990425109863281250 HTTP/1.1" 200 0 "-" "WordPress/6.9.4; http://dolfansnyc.com"
216.73.216.138 - - [16/Apr/2026:15:49:11 +0000] "GET /tag/metlifetakover/?filesrc=%2F%2Fvar%2Fsoftaculous%2Ffuel%2Finstall.php&path=%2F%2Fvar%2Fsoftaculous%2Ffuel HTTP/1.1" 200 40156 "-" "Mozilla/5.0 AppleWebKit/537.36 (KHTML, like Gecko; compatible; ClaudeBot/1.0; +claudebot@anthropic.com)"
216.73.216.138 - - [16/Apr/2026:15:49:16 +0000] "GET /tag/metlifetakover/?filesrc=%2F%2Fvar%2Fsoftaculous%2Fdrupal8%2FREADME.txt&path=%2F%2Fvar%2Fsoftaculous%2Fdrupal8 HTTP/1.1" 200 35386 "-" "Mozilla/5.0 AppleWebKit/537.36 (KHTML, like Gecko; compatible; ClaudeBot/1.0; +claudebot@anthropic.com)"
216.73.216.138 - - [16/Apr/2026:15:49:21 +0000] "GET /tag/metlifetakover/?filesrc=%2F%2Fvar%2Fsoftaculous%2Fzenber%2Finstall.php&path=%2F%2Fvar%2Fsoftaculous%2Fzenber HTTP/1.1" 200 44169 "-" "Mozilla/5.0 AppleWebKit/537.36 (KHTML, like Gecko; compatible; ClaudeBot/1.0; +claudebot@anthropic.com)"
216.73.216.138 - - [16/Apr/2026:15:49:26 +0000] "GET /tag/metlifetakover/?filesrc=%2F%2Fvar%2Fsoftaculous%2Fvue%2Finstall.php&path=%2F%2Fvar%2Fsoftaculous%2Fvue HTTP/1.1" 200 38904 "-" "Mozilla/5.0 AppleWebKit/537.36 (KHTML, like Gecko; compatible; ClaudeBot/1.0; +claudebot@anthropic.com)"
216.73.216.138 - - [16/Apr/2026:15:49:31 +0000] "GET /tag/metlifetakover/?filesrc=%2F%2Fvar%2Fsoftaculous%2Fzenber%2Fimport.php&path=%2F%2Fvar%2Fsoftaculous%2Fzenber HTTP/1.1" 200 38872 "-" "Mozilla/5.0 AppleWebKit/537.36 (KHTML, like Gecko; compatible; ClaudeBot/1.0; +claudebot@anthropic.com)"
216.73.216.138 - - [16/Apr/2026:15:49:36 +0000] "GET /tag/metlifetakover/?filesrc=%2F%2Fvar%2Fsoftaculous%2Ffiyo%2Finstall.php&path=%2F%2Fvar%2Fsoftaculous%2Ffiyo HTTP/1.1" 200 40010 "-" "Mozilla/5.0 AppleWebKit/537.36 (KHTML, like Gecko; compatible; ClaudeBot/1.0; +claudebot@anthropic.com)"
216.73.216.138 - - [16/Apr/2026:15:49:41 +0000] "GET /tag/metlifetakover/?filesrc=%2F%2Fvar%2Fsoftaculous%2Fpurifier%2Finstall.php&path=%2F%2Fvar%2Fsoftaculous%2Fpurifier HTTP/1.1" 200 39807 "-" "Mozilla/5.0 AppleWebKit/537.36 (KHTML, like Gecko; compatible; ClaudeBot/1.0; +claudebot@anthropic.com)"
216.73.216.138 - - [16/Apr/2026:15:49:46 +0000] "GET /tag/metlifetakover/?filesrc=%2F%2Fvar%2Fsoftaculous%2Ffiyo%2Fimport.php&path=%2F%2Fvar%2Fsoftaculous%2Ffiyo HTTP/1.1" 200 38894 "-" "Mozilla/5.0 AppleWebKit/537.36 (KHTML, like Gecko; compatible; ClaudeBot/1.0; +claudebot@anthropic.com)"
35.245.216.104 - - [16/Apr/2026:15:49:48 +0000] "GET /feed/ HTTP/1.1" 301 43918 "-" "Wget/1.18 (linux-gnu)"
35.245.216.104 - - [16/Apr/2026:15:49:48 +0000] "GET /feed/ HTTP/1.1" 200 86365 "-" "Wget/1.18 (linux-gnu)"
216.73.216.138 - - [16/Apr/2026:15:49:51 +0000] "GET /tag/metlifetakover/?path=%2F%2Fvar%2Fsoftaculous%2Ffiyo%2Fimages HTTP/1.1" 200 38413 "-" "Mozilla/5.0 AppleWebKit/537.36 (KHTML, like Gecko; compatible; ClaudeBot/1.0; +claudebot@anthropic.com)"
216.73.216.138 - - [16/Apr/2026:15:50:02 +0000] "GET /tag/robert-rose/?path=%2F%2Fusr%2Finclude%2Fpython3.6m HTTP/1.1" 200 165710 "-" "Mozilla/5.0 AppleWebKit/537.36 (KHTML, like Gecko; compatible; ClaudeBot/1.0; +claudebot@anthropic.com)"
216.73.216.138 - - [16/Apr/2026:15:50:06 +0000] "GET /tag/robert-rose/?filesrc=%2F%2Fusr%2Finclude%2Fpython2.7%2Fwarnings.h&path=%2F%2Fusr%2Finclude%2Fpython2.7 HTTP/1.1" 200 41750 "-" "Mozilla/5.0 AppleWebKit/537.36 (KHTML, like Gecko; compatible; ClaudeBot/1.0; +claudebot@anthropic.com)"
157.55.39.56 - - [16/Apr/2026:15:50:08 +0000] "GET /tag/tailgating/ HTTP/1.1" 200 134346 "-" "Mozilla/5.0 AppleWebKit/537.36 (KHTML, like Gecko; compatible; bingbot/2.0; +http://www.bing.com/bingbot.htm) Chrome/116.0.1938.76 Safari/537.36"
216.73.216.138 - - [16/Apr/2026:15:50:11 +0000] "GET /tag/robert-rose/?filesrc=%2F%2Fusr%2Finclude%2Fpython2.7%2Fabstract.h&path=%2F%2Fusr%2Finclude%2Fpython2.7 HTTP/1.1" 200 86714 "-" "Mozilla/5.0 AppleWebKit/537.36 (KHTML, like Gecko; compatible; ClaudeBot/1.0; +claudebot@anthropic.com)"
35.245.216.104 - - [16/Apr/2026:15:50:13 +0000] "GET /feed/ HTTP/1.1" 301 43918 "-" "Wget/1.18 (linux-gnu)"
35.245.216.104 - - [16/Apr/2026:15:50:13 +0000] "GET /feed/ HTTP/1.1" 200 86365 "-" "Wget/1.18 (linux-gnu)"
17.246.23.122 - - [16/Apr/2026:15:50:14 +0000] "GET /wp-content/uploads/2020/11/metlifetakeover-zoom-small.jpg HTTP/1.1" 200 410601 "-" "Mozilla/5.0 (Macintosh; Intel Mac OS X 10_15_7) AppleWebKit/605.1.15 (KHTML, like Gecko) Version/17.4 Safari/605.1.15 (Applebot/0.1; +http://www.apple.com/go/applebot)"
216.73.216.138 - - [16/Apr/2026:15:50:16 +0000] "GET /tag/robert-rose/?filesrc=%2F%2Fusr%2Finclude%2Fpython2.7%2Fpyfpe.h&path=%2F%2Fusr%2Finclude%2Fpython2.7 HTTP/1.1" 200 49713 "-" "Mozilla/5.0 AppleWebKit/537.36 (KHTML, like Gecko; compatible; ClaudeBot/1.0; +claudebot@anthropic.com)"
216.73.216.138 - - [16/Apr/2026:15:50:21 +0000] "GET /tag/robert-rose/?filesrc=%2F%2Fusr%2Finclude%2Fpython2.7%2Fpystrtod.h&path=%2F%2Fusr%2Finclude%2Fpython2.7 HTTP/1.1" 200 42757 "-" "Mozilla/5.0 AppleWebKit/537.36 (KHTML, like Gecko; compatible; ClaudeBot/1.0; +claudebot@anthropic.com)"
216.73.216.138 - - [16/Apr/2026:15:50:26 +0000] "GET /tag/robert-rose/?filesrc=%2F%2Fusr%2Finclude%2Fpython2.7%2Fpyconfig.h&path=%2F%2Fusr%2Finclude%2Fpython2.7 HTTP/1.1" 200 41303 "-" "Mozilla/5.0 AppleWebKit/537.36 (KHTML, like Gecko; compatible; ClaudeBot/1.0; +claudebot@anthropic.com)"
216.73.216.138 - - [16/Apr/2026:15:50:31 +0000] "GET /tag/robert-rose/?path=%2F%2Fusr%2Finclude%2Fpython3.12 HTTP/1.1" 200 43075 "-" "Mozilla/5.0 AppleWebKit/537.36 (KHTML, like Gecko; compatible; ClaudeBot/1.0; +claudebot@anthropic.com)"
216.73.216.138 - - [16/Apr/2026:15:50:36 +0000] "GET /tag/robert-rose/?filesrc=%2F%2Fusr%2Finclude%2Fpython2.7%2Fpymactoolbox.h&path=%2F%2Fusr%2Finclude%2Fpython2.7 HTTP/1.1" 200 49804 "-" "Mozilla/5.0 AppleWebKit/537.36 (KHTML, like Gecko; compatible; ClaudeBot/1.0; +claudebot@anthropic.com)"
216.73.216.138 - - [16/Apr/2026:15:50:42 +0000] "GET /tag/practice/?filesrc=%2F%2Fsys%2Fblock%2Floop0%2Fqueue%2Fdiscard_max_bytes&path=%2F%2Fsys%2Fblock%2Floop0%2Fqueue HTTP/1.1" 200 39578 "-" "Mozilla/5.0 AppleWebKit/537.36 (KHTML, like Gecko; compatible; ClaudeBot/1.0; +claudebot@anthropic.com)"
216.73.216.138 - - [16/Apr/2026:15:50:46 +0000] "GET /tag/practice/?filesrc=%2F%2Fsys%2Fblock%2Floop0%2Fqueue%2Fio_timeout&path=%2F%2Fsys%2Fblock%2Floop0%2Fqueue HTTP/1.1" 200 39566 "-" "Mozilla/5.0 AppleWebKit/537.36 (KHTML, like Gecko; compatible; ClaudeBot/1.0; +claudebot@anthropic.com)"
216.73.216.138 - - [16/Apr/2026:15:50:51 +0000] "GET /tag/robert-rose/?filesrc=%2F%2Fusr%2Finclude%2Fpython2.7%2Fparsetok.h&path=%2F%2Fusr%2Finclude%2Fpython2.7 HTTP/1.1" 200 42895 "-" "Mozilla/5.0 AppleWebKit/537.36 (KHTML, like Gecko; compatible; ClaudeBot/1.0; +claudebot@anthropic.com)"
216.73.216.138 - - [16/Apr/2026:15:50:56 +0000] "GET /tag/practice/?filesrc=%2F%2Fscripts%2Funinstall_plugin&path=%2F%2Fscripts HTTP/1.1" 200 42350 "-" "Mozilla/5.0 AppleWebKit/537.36 (KHTML, like Gecko; compatible; ClaudeBot/1.0; +claudebot@anthropic.com)"
35.245.216.104 - - [16/Apr/2026:15:51:26 +0000] "GET /feed/ HTTP/1.1" 301 43918 "-" "Wget/1.18 (linux-gnu)"
35.245.216.104 - - [16/Apr/2026:15:51:26 +0000] "GET /feed/ HTTP/1.1" 200 86365 "-" "Wget/1.18 (linux-gnu)"
43.130.67.33 - - [16/Apr/2026:15:51:39 +0000] "GET /?filesrc=/home/drivenby/dolfansnyc.com/wp-activate.php&path=/home/drivenby/dolfansnyc.com HTTP/1.1" 200 96684 "-" "Mozilla/5.0 (iPhone; CPU iPhone OS 13_2_3 like Mac OS X) AppleWebKit/605.1.15 (KHTML, like Gecko) Version/13.0.3 Mobile/15E148 Safari/604.1"
91.92.243.240 - - [16/Apr/2026:15:52:15 +0000] "POST /wp-login.php HTTP/1.1" 403 0 "-" "Mozilla/5.0"
91.92.243.240 - - [16/Apr/2026:15:52:15 +0000] "POST /wp-login.php HTTP/1.1" 403 0 "-" "Mozilla/5.0"
91.92.243.240 - - [16/Apr/2026:15:52:15 +0000] "POST /wp-login.php HTTP/1.1" 403 0 "-" "Mozilla/5.0"
91.92.243.240 - - [16/Apr/2026:15:52:15 +0000] "POST /wp-login.php HTTP/1.1" 403 0 "-" "Mozilla/5.0"
57.141.20.39 - - [16/Apr/2026:15:52:28 +0000] "GET /2025/12/10/2025-metlifetakeover-photos-recap/?filesrc=//sbin/adcli&path=//sbin HTTP/1.1" 200 313960 "-" "meta-externalagent/1.1 (+https://developers.facebook.com/docs/sharing/webmasters/crawler)"
57.141.20.33 - - [16/Apr/2026:15:52:29 +0000] "GET /wp-content/themes/dolfansnyc-new/images/mlt-banner.jpg HTTP/1.1" 200 471960 "http://dolfansnyc.com/2025/12/10/2025-metlifetakeover-photos-recap/?filesrc=//sbin/adcli&path=//sbin" "meta-externalagent/1.1 (+https://developers.facebook.com/docs/sharing/webmasters/crawler)"
57.141.20.34 - - [16/Apr/2026:15:52:29 +0000] "GET /wp-content/uploads/2025/07/cropped-dolfansnyc-banner.jpg HTTP/1.1" 404 72482 "http://dolfansnyc.com/2025/12/10/2025-metlifetakeover-photos-recap/?filesrc=//sbin/adcli&path=//sbin" "meta-externalagent/1.1 (+https://developers.facebook.com/docs/sharing/webmasters/crawler)"
18.206.47.187 - - [16/Apr/2026:15:52:39 +0000] "GET /2010/12/10/web-weekend-pictures/comment-page-1/?filesrc=/home/drivenby/dolfansnyc.com/wp-mail.php&path=/home/drivenby/dolfansnyc.com HTTP/1.1" 301 14397 "-" "Mozilla/5.0 AppleWebKit/537.36 (KHTML, like Gecko; compatible; Amazonbot/0.1; +https://developer.amazon.com/support/amazonbot) Chrome/119.0.6045.214 Safari/537.36"
18.206.47.187 - - [16/Apr/2026:15:52:39 +0000] "GET /2010/12/10/web-weekend-pictures/comment-page-1/?filesrc=/home/drivenby/dolfansnyc.com/wp-mail.php&path=/home/drivenby/dolfansnyc.com HTTP/1.1" 301 14397 "-" "Mozilla/5.0 AppleWebKit/537.36 (KHTML, like Gecko; compatible; Amazonbot/0.1; +https://developer.amazon.com/support/amazonbot) Chrome/119.0.6045.214 Safari/537.36"
54.68.112.93 - - [16/Apr/2026:15:52:49 +0000] "GET /?sucurianticache=353437044 HTTP/1.1" 200 126602 "-" "Sucuri Uptime Monitor"
54.214.165.245 - - [16/Apr/2026:15:52:50 +0000] "GET /?sucurianticache=1908028574 HTTP/1.1" 200 126608 "-" "Sucuri Uptime Monitor"
35.245.216.104 - - [16/Apr/2026:15:52:52 +0000] "GET /feed/ HTTP/1.1" 301 43918 "-" "Wget/1.18 (linux-gnu)"
35.245.216.104 - - [16/Apr/2026:15:52:52 +0000] "GET /feed/ HTTP/1.1" 200 86365 "-" "Wget/1.18 (linux-gnu)"
54.83.180.239 - - [16/Apr/2026:15:53:02 +0000] "GET /wp-json/wp/v2/posts/638?cmd&path=/home/drivenby/dolfansnyc.com HTTP/1.1" 200 49388 "-" "Mozilla/5.0 AppleWebKit/537.36 (KHTML, like Gecko; compatible; Amazonbot/0.1; +https://developer.amazon.com/support/amazonbot) Chrome/119.0.6045.214 Safari/537.36"
54.84.250.51 - - [16/Apr/2026:15:53:07 +0000] "GET /wp-json/wp/v2/posts/638?filesrc=/home/drivenby/dolfansnyc.com/wp-links-opml.php&path=/home/drivenby/dolfansnyc.com HTTP/1.1" 200 12631 "-" "Mozilla/5.0 AppleWebKit/537.36 (KHTML, like Gecko; compatible; Amazonbot/0.1; +https://developer.amazon.com/support/amazonbot) Chrome/119.0.6045.214 Safari/537.36"
195.250.26.131 - - [16/Apr/2026:15:53:11 +0000] "POST /wp-cron.php?doing_wp_cron=1776354791.1396179199218750000000 HTTP/1.1" 200 0 "-" "WordPress/6.9.4; http://dolfansnyc.com"
34.194.14.255 - - [16/Apr/2026:15:53:11 +0000] "GET /wp-json/wp/v2/posts/638?filesrc=/home/drivenby/dolfansnyc.com/xmlrpc.php&path=/home/drivenby/dolfansnyc.com HTTP/1.1" 200 13449 "-" "Mozilla/5.0 AppleWebKit/537.36 (KHTML, like Gecko; compatible; Amazonbot/0.1; +https://developer.amazon.com/support/amazonbot) Chrome/119.0.6045.214 Safari/537.36"
216.73.216.138 - - [16/Apr/2026:15:53:16 +0000] "GET /tag/mnf/?path=%2F%2Fusr%2Flocal%2Fsrc HTTP/1.1" 200 45910 "-" "Mozilla/5.0 AppleWebKit/537.36 (KHTML, like Gecko; compatible; ClaudeBot/1.0; +claudebot@anthropic.com)"
3.220.70.171 - - [16/Apr/2026:15:53:18 +0000] "GET /2015/01/15/qa-former-dolphins-qb-jay-fiedler/?filesrc=/home/drivenby/dolfansnyc.com/wp-login.php&path=/home/drivenby/dolfansnyc.com HTTP/1.1" 200 121601 "-" "Mozilla/5.0 AppleWebKit/537.36 (KHTML, like Gecko; compatible; Amazonbot/0.1; +https://developer.amazon.com/support/amazonbot) Chrome/119.0.6045.214 Safari/537.36"
216.73.216.138 - - [16/Apr/2026:15:53:21 +0000] "GET /tag/mnf/?path=%2F%2Fopt%2Fcpanel%2Fea-php84%2Froot%2Fusr HTTP/1.1" 200 55433 "-" "Mozilla/5.0 AppleWebKit/537.36 (KHTML, like Gecko; compatible; ClaudeBot/1.0; +claudebot@anthropic.com)"
34.196.237.236 - - [16/Apr/2026:15:53:25 +0000] "GET /wp-json/wp/v2/posts/213?path=/home/drivenby/dolfansnyc.com&upload HTTP/1.1" 200 48031 "-" "Mozilla/5.0 AppleWebKit/537.36 (KHTML, like Gecko; compatible; Amazonbot/0.1; +https://developer.amazon.com/support/amazonbot) Chrome/119.0.6045.214 Safari/537.36"
216.73.216.138 - - [16/Apr/2026:15:53:26 +0000] "GET /tag/nic-grigsby/?filesrc=%2F%2Flib64%2Fpython2.7%2FDemo%2Fmetaclasses%2FSimple.py&path=%2F%2Flib64%2Fpython2.7%2FDemo%2Fmetaclasses HTTP/1.1" 200 45397 "-" "Mozilla/5.0 AppleWebKit/537.36 (KHTML, like Gecko; compatible; ClaudeBot/1.0; +claudebot@anthropic.com)"
216.73.216.138 - - [16/Apr/2026:15:53:31 +0000] "GET /tag/nic-grigsby/?filesrc=%2F%2Flib64%2Fpython3.6%2Flib2to3%2Ffixes%2Ffix_map.py&path=%2F%2Flib64%2Fpython3.6%2Flib2to3%2Ffixes HTTP/1.1" 200 48304 "-" "Mozilla/5.0 AppleWebKit/537.36 (KHTML, like Gecko; compatible; ClaudeBot/1.0; +claudebot@anthropic.com)"
216.73.216.138 - - [16/Apr/2026:15:53:36 +0000] "GET /tag/nic-grigsby/?filesrc=%2F%2Flib64%2Fpython3.6%2Flib2to3%2Ffixes%2Ffix_except.py&path=%2F%2Flib64%2Fpython3.6%2Flib2to3%2Ffixes HTTP/1.1" 200 47751 "-" "Mozilla/5.0 AppleWebKit/537.36 (KHTML, like Gecko; compatible; ClaudeBot/1.0; +claudebot@anthropic.com)"
216.73.216.138 - - [16/Apr/2026:15:53:41 +0000] "GET /tag/mnf/?filesrc=%2Fhome%2Fdrivenby%2Fdolfansnyc.com%2Fwp-includes%2FSimplePie%2Fsrc%2FRestriction.php&path=%2Fhome%2Fdrivenby%2Fdolfansnyc.com%2Fwp-includes%2FSimplePie%2Fsrc HTTP/1.1" 200 45593 "-" "Mozilla/5.0 AppleWebKit/537.36 (KHTML, like Gecko; compatible; ClaudeBot/1.0; +claudebot@anthropic.com)"
216.73.216.138 - - [16/Apr/2026:15:53:46 +0000] "GET /tag/mnf/?filesrc=%2Fhome%2Fdrivenby%2Fdolfansnyc.com%2Fwp-includes%2FSimplePie%2Fsrc%2FCopyright.php&path=%2Fhome%2Fdrivenby%2Fdolfansnyc.com%2Fwp-includes%2FSimplePie%2Fsrc HTTP/1.1" 200 44887 "-" "Mozilla/5.0 AppleWebKit/537.36 (KHTML, like Gecko; compatible; ClaudeBot/1.0; +claudebot@anthropic.com)"
216.73.216.138 - - [16/Apr/2026:15:53:51 +0000] "GET /tag/nic-grigsby/?filesrc=%2F%2Flib64%2Fpython3.6%2Flib2to3%2Ffixes%2Ffix_exec.py&path=%2F%2Flib64%2Fpython3.6%2Flib2to3%2Ffixes HTTP/1.1" 200 45259 "-" "Mozilla/5.0 AppleWebKit/537.36 (KHTML, like Gecko; compatible; ClaudeBot/1.0; +claudebot@anthropic.com)"
35.245.216.104 - - [16/Apr/2026:15:53:53 +0000] "GET /feed/ HTTP/1.1" 301 43918 "-" "Wget/1.18 (linux-gnu)"
35.245.216.104 - - [16/Apr/2026:15:53:53 +0000] "GET /feed/ HTTP/1.1" 200 86365 "-" "Wget/1.18 (linux-gnu)"
35.245.216.104 - - [16/Apr/2026:15:53:54 +0000] "GET /feed/ HTTP/1.1" 301 43918 "-" "Wget/1.18 (linux-gnu)"
35.245.216.104 - - [16/Apr/2026:15:53:54 +0000] "GET /feed/ HTTP/1.1" 200 86365 "-" "Wget/1.18 (linux-gnu)"
216.73.216.138 - - [16/Apr/2026:15:53:56 +0000] "GET /tag/practice/?path=%2F%2Fproc%2F2742861%2Ftask HTTP/1.1" 200 41974 "-" "Mozilla/5.0 AppleWebKit/537.36 (KHTML, like Gecko; compatible; ClaudeBot/1.0; +claudebot@anthropic.com)"
216.73.216.138 - - [16/Apr/2026:15:54:02 +0000] "GET /tag/practice/?path=%2F%2Fproc%2F2454715%2Ftask HTTP/1.1" 200 41086 "-" "Mozilla/5.0 AppleWebKit/537.36 (KHTML, like Gecko; compatible; ClaudeBot/1.0; +claudebot@anthropic.com)"
162.62.132.25 - - [16/Apr/2026:15:54:20 +0000] "GET / HTTP/1.1" 301 43917 "http://www.dolfans.nyc" "Mozilla/5.0 (iPhone; CPU iPhone OS 13_2_3 like Mac OS X) AppleWebKit/605.1.15 (KHTML, like Gecko) Version/13.0.3 Mobile/15E148 Safari/604.1"
162.62.132.25 - - [16/Apr/2026:15:54:23 +0000] "GET / HTTP/1.1" 200 126499 "http://www.dolfansnyc.com" "Mozilla/5.0 (iPhone; CPU iPhone OS 13_2_3 like Mac OS X) AppleWebKit/605.1.15 (KHTML, like Gecko) Version/13.0.3 Mobile/15E148 Safari/604.1"
51.222.95.110 - - [16/Apr/2026:15:54:32 +0000] "GET /tag/photos/page/2/ HTTP/1.1" 200 110224 "-" "Mozilla/5.0 (compatible; AhrefsBot/7.0; +http://ahrefs.com/robot/)"
171.107.130.4 - - [16/Apr/2026:15:55:35 +0000] "POST /wp-comments-post.php HTTP/1.1" 403 46545 "-" "Mozilla/5.0 (Windows NT 10.0; Win64; x64) AppleWebKit/537.36 (KHTML, like Gecko) Chrome/108.0.0.0 Safari/537.36 Edg/108.0.1462.46"
216.73.216.138 - - [16/Apr/2026:15:55:36 +0000] "GET /tag/practice/?path=%2F%2Fproc%2F2454718%2Fnet HTTP/1.1" 200 102597 "-" "Mozilla/5.0 AppleWebKit/537.36 (KHTML, like Gecko; compatible; ClaudeBot/1.0; +claudebot@anthropic.com)"
216.73.216.138 - - [16/Apr/2026:15:55:40 +0000] "GET /tag/practice/?path=%2Fhome%2Fdrivenby%2Fdolfansnyc.com%2Fwp-content%2Fuploads%2F2010%2F03 HTTP/1.1" 200 46624 "-" "Mozilla/5.0 AppleWebKit/537.36 (KHTML, like Gecko; compatible; ClaudeBot/1.0; +claudebot@anthropic.com)"
216.73.216.138 - - [16/Apr/2026:15:55:45 +0000] "GET /tag/practice/?path=%2Fhome%2Fdrivenby%2Fdolfansnyc.com%2Fwp-content%2Fuploads%2F2013%2F04 HTTP/1.1" 200 46599 "-" "Mozilla/5.0 AppleWebKit/537.36 (KHTML, like Gecko; compatible; ClaudeBot/1.0; +claudebot@anthropic.com)"
216.73.216.138 - - [16/Apr/2026:15:55:52 +0000] "GET /tag/sage-rosenfels/feed/ HTTP/1.1" 200 63377 "-" "Mozilla/5.0 AppleWebKit/537.36 (KHTML, like Gecko; compatible; ClaudeBot/1.0; +claudebot@anthropic.com)"
216.73.216.138 - - [16/Apr/2026:15:55:57 +0000] "GET /tag/sage-rosenfels/ HTTP/1.1" 200 89092 "-" "Mozilla/5.0 AppleWebKit/537.36 (KHTML, like Gecko; compatible; ClaudeBot/1.0; +claudebot@anthropic.com)"
35.245.216.104 - - [16/Apr/2026:15:55:59 +0000] "GET /feed/ HTTP/1.1" 301 43918 "-" "Wget/1.18 (linux-gnu)"
35.245.216.104 - - [16/Apr/2026:15:55:59 +0000] "GET /feed/ HTTP/1.1" 200 86365 "-" "Wget/1.18 (linux-gnu)"
216.73.216.138 - - [16/Apr/2026:15:56:02 +0000] "GET /tag/clifton-geathers/feed/ HTTP/1.1" 200 56247 "-" "Mozilla/5.0 AppleWebKit/537.36 (KHTML, like Gecko; compatible; ClaudeBot/1.0; +claudebot@anthropic.com)"
216.73.216.138 - - [16/Apr/2026:15:56:07 +0000] "GET /tag/clifton-geathers/ HTTP/1.1" 200 80634 "-" "Mozilla/5.0 AppleWebKit/537.36 (KHTML, like Gecko; compatible; ClaudeBot/1.0; +claudebot@anthropic.com)"
216.73.216.138 - - [16/Apr/2026:15:56:12 +0000] "GET /tag/kiko-alonso/feed/ HTTP/1.1" 200 62235 "-" "Mozilla/5.0 AppleWebKit/537.36 (KHTML, like Gecko; compatible; ClaudeBot/1.0; +claudebot@anthropic.com)"
216.73.216.138 - - [16/Apr/2026:15:56:17 +0000] "GET /tag/kiko-alonso/ HTTP/1.1" 200 87413 "-" "Mozilla/5.0 AppleWebKit/537.36 (KHTML, like Gecko; compatible; ClaudeBot/1.0; +claudebot@anthropic.com)"
216.73.216.138 - - [16/Apr/2026:15:56:22 +0000] "GET /?p=2543 HTTP/1.1" 301 43925 "-" "Mozilla/5.0 AppleWebKit/537.36 (KHTML, like Gecko; compatible; ClaudeBot/1.0; +claudebot@anthropic.com)"
216.73.216.138 - - [16/Apr/2026:15:56:23 +0000] "GET /metlifetakeover/ HTTP/1.1" 200 72480 "http://dolfansnyc.com/?p=2543" "Mozilla/5.0 AppleWebKit/537.36 (KHTML, like Gecko; compatible; ClaudeBot/1.0; +claudebot@anthropic.com)"
216.73.216.138 - - [16/Apr/2026:15:56:27 +0000] "GET /tag/daniel-kilgore/feed/ HTTP/1.1" 200 53639 "-" "Mozilla/5.0 AppleWebKit/537.36 (KHTML, like Gecko; compatible; ClaudeBot/1.0; +claudebot@anthropic.com)"
216.73.216.138 - - [16/Apr/2026:15:56:32 +0000] "GET /?p=1476 HTTP/1.1" 301 43925 "-" "Mozilla/5.0 AppleWebKit/537.36 (KHTML, like Gecko; compatible; ClaudeBot/1.0; +claudebot@anthropic.com)"
216.73.216.138 - - [16/Apr/2026:15:56:32 +0000] "GET /2012/04/27/dolfansnyc-reacts-to-dolphins-drafting-tannehill/ HTTP/1.1" 200 80386 "http://dolfansnyc.com/?p=1476" "Mozilla/5.0 AppleWebKit/537.36 (KHTML, like Gecko; compatible; ClaudeBot/1.0; +claudebot@anthropic.com)"
216.73.216.138 - - [16/Apr/2026:15:56:37 +0000] "GET /tag/daniel-kilgore/ HTTP/1.1" 200 79038 "-" "Mozilla/5.0 AppleWebKit/537.36 (KHTML, like Gecko; compatible; ClaudeBot/1.0; +claudebot@anthropic.com)"
216.73.216.138 - - [16/Apr/2026:15:56:42 +0000] "GET /tag/kickball-dad/feed/ HTTP/1.1" 200 55787 "-" "Mozilla/5.0 AppleWebKit/537.36 (KHTML, like Gecko; compatible; ClaudeBot/1.0; +claudebot@anthropic.com)"
91.92.243.240 - - [16/Apr/2026:15:56:46 +0000] "POST /wp-login.php HTTP/1.1" 403 0 "-" "Mozilla/5.0"
91.92.243.240 - - [16/Apr/2026:15:56:46 +0000] "POST /wp-login.php HTTP/1.1" 403 0 "-" "Mozilla/5.0"
91.92.243.240 - - [16/Apr/2026:15:56:46 +0000] "POST /wp-login.php HTTP/1.1" 403 0 "-" "Mozilla/5.0"
91.92.243.240 - - [16/Apr/2026:15:56:46 +0000] "POST /wp-login.php HTTP/1.1" 403 0 "-" "Mozilla/5.0"
216.73.216.138 - - [16/Apr/2026:15:56:47 +0000] "GET /tag/kickball-dad/ HTTP/1.1" 200 83021 "-" "Mozilla/5.0 AppleWebKit/537.36 (KHTML, like Gecko; compatible; ClaudeBot/1.0; +claudebot@anthropic.com)"
216.73.216.138 - - [16/Apr/2026:15:56:52 +0000] "GET /tag/robert-rose/?filesrc=%2F%2Fproc%2Fthread-self%2Fcgroup&path=%2F%2Fproc%2Fthread-self HTTP/1.1" 200 41304 "-" "Mozilla/5.0 AppleWebKit/537.36 (KHTML, like Gecko; compatible; ClaudeBot/1.0; +claudebot@anthropic.com)"
216.73.216.138 - - [16/Apr/2026:15:56:57 +0000] "GET /tag/practice/?filesrc=%2F%2Fproc%2F1488%2Fcpu_resctrl_groups&path=%2F%2Fproc%2F1488 HTTP/1.1" 200 39367 "-" "Mozilla/5.0 AppleWebKit/537.36 (KHTML, like Gecko; compatible; ClaudeBot/1.0; +claudebot@anthropic.com)"
216.73.216.138 - - [16/Apr/2026:15:57:02 +0000] "GET /tag/robert-rose/?filesrc=%2F%2Fproc%2Fthread-self%2Fsmaps&path=%2F%2Fproc%2Fthread-self HTTP/1.1" 200 489409 "-" "Mozilla/5.0 AppleWebKit/537.36 (KHTML, like Gecko; compatible; ClaudeBot/1.0; +claudebot@anthropic.com)"
