216.73.216.138 - - [16/Apr/2026:15:57:07 +0000] "GET /tag/nic-grigsby/?filesrc=%2F%2Flib64%2Fpython2.7%2Flib2to3%2Ffixes%2Ffix_metaclass.pyo&path=%2F%2Flib64%2Fpython2.7%2Flib2to3%2Ffixes HTTP/1.1" 200 51034 "-" "Mozilla/5.0 AppleWebKit/537.36 (KHTML, like Gecko; compatible; ClaudeBot/1.0; +claudebot@anthropic.com)"
141.94.194.132 - - [16/Apr/2026:15:57:15 +0000] "GET /tag/ryan-tannehill/feed/ HTTP/1.1" 301 43918 "-" "Mozilla/5.0 (X11; Linux i686) AppleWebKit/537.36 (KHTML, like Gecko) Chrome/30.0.1599.66 Safari/537.36"
141.94.194.132 - - [16/Apr/2026:15:57:15 +0000] "GET /tag/ryan-tannehill/feed/ HTTP/1.1" 200 101094 "-" "Mozilla/5.0 (X11; Linux i686) AppleWebKit/537.36 (KHTML, like Gecko) Chrome/30.0.1599.66 Safari/537.36"
35.245.216.104 - - [16/Apr/2026:15:57:18 +0000] "GET /feed/ HTTP/1.1" 301 43918 "-" "Wget/1.18 (linux-gnu)"
35.245.216.104 - - [16/Apr/2026:15:57:18 +0000] "GET /feed/ HTTP/1.1" 200 86365 "-" "Wget/1.18 (linux-gnu)"
65.108.2.171 - - [16/Apr/2026:15:57:29 +0000] "GET /robots.txt HTTP/1.1" 200 271 "-" "Mozilla/5.0 (compatible; MJ12bot/v1.4.8; http://mj12bot.com/)"
216.73.216.138 - - [16/Apr/2026:15:57:30 +0000] "GET /tag/mnf/?path=%2F%2Fusr%2Flocal%2Fman HTTP/1.1" 200 44147 "-" "Mozilla/5.0 AppleWebKit/537.36 (KHTML, like Gecko; compatible; ClaudeBot/1.0; +claudebot@anthropic.com)"
216.73.216.138 - - [16/Apr/2026:15:57:35 +0000] "GET /tag/practice/?filesrc=%2Fhome%2Fdrivenby%2Fdolfansnyc.com%2Fwp-content%2Fuploads%2F2010%2Fdashboards.php&path=%2Fhome%2Fdrivenby%2Fdolfansnyc.com%2Fwp-content%2Fuploads%2F2010 HTTP/1.1" 200 71756 "-" "Mozilla/5.0 AppleWebKit/537.36 (KHTML, like Gecko; compatible; ClaudeBot/1.0; +claudebot@anthropic.com)"
65.108.2.171 - - [16/Apr/2026:15:57:35 +0000] "GET /2009/09/13/atlanta-game-meet-up-recap/?filesrc=/home/drivenby/dolfansnyc.com/llms.txt&path=/home/drivenby/dolfansnyc.com HTTP/1.1" 200 220948 "-" "Mozilla/5.0 (compatible; MJ12bot/v1.4.8; http://mj12bot.com/)"
216.73.216.138 - - [16/Apr/2026:15:57:40 +0000] "GET /tag/nic-grigsby/?path=%2F%2Fproc%2F20%2Ftask HTTP/1.1" 200 45452 "-" "Mozilla/5.0 AppleWebKit/537.36 (KHTML, like Gecko; compatible; ClaudeBot/1.0; +claudebot@anthropic.com)"
3.229.164.203 - - [16/Apr/2026:15:57:42 +0000] "GET /wp-json/wp/v2/posts/1094?path=/home/drivenby/dolfansnyc.com/.well-known HTTP/1.1" 200 11872 "-" "Mozilla/5.0 AppleWebKit/537.36 (KHTML, like Gecko; compatible; Amazonbot/0.1; +https://developer.amazon.com/support/amazonbot) Chrome/119.0.6045.214 Safari/537.36"
65.108.2.171 - - [16/Apr/2026:15:57:44 +0000] "GET /2010/09/22/what%E2%80%99s-your-fantasy-week-3-2010/feed/?filesrc=/home/drivenby/dolfansnyc.com/wp-activate.php&path=/home/drivenby/dolfansnyc.com HTTP/1.1" 301 13486 "-" "Mozilla/5.0 (compatible; MJ12bot/v1.4.8; http://mj12bot.com/)"
216.73.216.138 - - [16/Apr/2026:15:57:45 +0000] "GET /tag/robert-rose/?path=%2F%2Frun%2Fsepermit HTTP/1.1" 200 41689 "-" "Mozilla/5.0 AppleWebKit/537.36 (KHTML, like Gecko; compatible; ClaudeBot/1.0; +claudebot@anthropic.com)"
216.73.216.138 - - [16/Apr/2026:15:57:50 +0000] "GET /tag/mnf/?path=%2F%2Fusr%2Fshare%2Ftcl8 HTTP/1.1" 200 45881 "-" "Mozilla/5.0 AppleWebKit/537.36 (KHTML, like Gecko; compatible; ClaudeBot/1.0; +claudebot@anthropic.com)"
65.108.2.171 - - [16/Apr/2026:15:57:50 +0000] "GET /2010/09/22/what%E2%80%99s-your-fantasy-week-3-2010/feed/?filesrc=%2Fhome%2Fdrivenby%2Fdolfansnyc.com%2Fwp-activate.php&path=%2Fhome%2Fdrivenby%2Fdolfansnyc.com HTTP/1.1" 200 14465 "-" "Mozilla/5.0 (compatible; MJ12bot/v1.4.8; http://mj12bot.com/)"
35.245.216.104 - - [16/Apr/2026:15:57:52 +0000] "GET /feed/ HTTP/1.1" 301 43918 "-" "Wget/1.18 (linux-gnu)"
35.245.216.104 - - [16/Apr/2026:15:57:52 +0000] "GET /feed/ HTTP/1.1" 200 86365 "-" "Wget/1.18 (linux-gnu)"
216.73.216.138 - - [16/Apr/2026:15:57:55 +0000] "GET /tag/robert-rose/?path=%2F%2Fproc%2F27 HTTP/1.1" 200 96881 "-" "Mozilla/5.0 AppleWebKit/537.36 (KHTML, like Gecko; compatible; ClaudeBot/1.0; +claudebot@anthropic.com)"
216.73.216.138 - - [16/Apr/2026:15:58:00 +0000] "GET /tag/mnf/?filesrc=%2F%2Fusr%2Fbin%2Fwhich&path=%2F%2Fusr%2Fbin HTTP/1.1" 200 82735 "-" "Mozilla/5.0 AppleWebKit/537.36 (KHTML, like Gecko; compatible; ClaudeBot/1.0; +claudebot@anthropic.com)"
18.210.58.238 - - [16/Apr/2026:15:58:02 +0000] "GET /wp-json/wp/v2/posts/213?filesrc=/home/drivenby/dolfansnyc.com/wp-blog-header.php&path=/home/drivenby/dolfansnyc.com HTTP/1.1" 200 8592 "-" "Mozilla/5.0 AppleWebKit/537.36 (KHTML, like Gecko; compatible; Amazonbot/0.1; +https://developer.amazon.com/support/amazonbot) Chrome/119.0.6045.214 Safari/537.36"
216.73.216.138 - - [16/Apr/2026:15:58:06 +0000] "GET /tag/robert-rose/?filesrc=%2F%2Fusr%2Finclude%2Fpython2.7%2Fpystate.h&path=%2F%2Fusr%2Finclude%2Fpython2.7 HTTP/1.1" 200 47562 "-" "Mozilla/5.0 AppleWebKit/537.36 (KHTML, like Gecko; compatible; ClaudeBot/1.0; +claudebot@anthropic.com)"
216.73.216.138 - - [16/Apr/2026:15:58:11 +0000] "GET /tag/robert-rose/?filesrc=%2F%2Fusr%2Finclude%2Fpython2.7%2Fpycapsule.h&path=%2F%2Fusr%2Finclude%2Fpython2.7 HTTP/1.1" 200 42824 "-" "Mozilla/5.0 AppleWebKit/537.36 (KHTML, like Gecko; compatible; ClaudeBot/1.0; +claudebot@anthropic.com)"
65.108.2.171 - - [16/Apr/2026:15:58:16 +0000] "GET /2010/10/08/what%E2%80%99s-your-fantasy-week-5-2010/?filesrc=/home/drivenby/dolfansnyc.com/wp-links-opml.php&path=/home/drivenby/dolfansnyc.com HTTP/1.1" 200 42054 "-" "Mozilla/5.0 (compatible; MJ12bot/v1.4.8; http://mj12bot.com/)"
216.73.216.138 - - [16/Apr/2026:15:58:16 +0000] "GET /tag/robert-rose/?filesrc=%2F%2Fusr%2Finclude%2Fpython2.7%2Fdictobject.h&path=%2F%2Fusr%2Finclude%2Fpython2.7 HTTP/1.1" 200 48045 "-" "Mozilla/5.0 AppleWebKit/537.36 (KHTML, like Gecko; compatible; ClaudeBot/1.0; +claudebot@anthropic.com)"
216.73.216.138 - - [16/Apr/2026:15:58:21 +0000] "GET /tag/robert-rose/?filesrc=%2F%2Fusr%2Finclude%2Fpython2.7%2Fceval.h&path=%2F%2Fusr%2Finclude%2Fpython2.7 HTTP/1.1" 200 46231 "-" "Mozilla/5.0 AppleWebKit/537.36 (KHTML, like Gecko; compatible; ClaudeBot/1.0; +claudebot@anthropic.com)"
65.108.2.171 - - [16/Apr/2026:15:58:28 +0000] "GET /2010/10/08/what%E2%80%99s-your-fantasy-week-5-2010/?filesrc=/home/drivenby/dolfansnyc.com/wp-mail.php&path=/home/drivenby/dolfansnyc.com HTTP/1.1" 200 48896 "-" "Mozilla/5.0 (compatible; MJ12bot/v1.4.8; http://mj12bot.com/)"
65.108.2.171 - - [16/Apr/2026:15:58:40 +0000] "GET /2010/10/08/what%E2%80%99s-your-fantasy-week-5-2010/?filesrc=/home/drivenby/dolfansnyc.com/wp-sample.php&path=/home/drivenby/dolfansnyc.com HTTP/1.1" 200 54694 "-" "Mozilla/5.0 (compatible; MJ12bot/v1.4.8; http://mj12bot.com/)"
65.108.2.171 - - [16/Apr/2026:15:58:53 +0000] "GET /2010/10/08/what%E2%80%99s-your-fantasy-week-5-2010/?filesrc=/home/drivenby/dolfansnyc.com/wp-settings.php&path=/home/drivenby/dolfansnyc.com HTTP/1.1" 200 73603 "-" "Mozilla/5.0 (compatible; MJ12bot/v1.4.8; http://mj12bot.com/)"
3.215.59.93 - - [16/Apr/2026:15:58:58 +0000] "GET /category/on-the-road/?path=/home/drivenby HTTP/1.1" 200 145497 "-" "Mozilla/5.0 AppleWebKit/537.36 (KHTML, like Gecko; compatible; Amazonbot/0.1; +https://developer.amazon.com/support/amazonbot) Chrome/119.0.6045.214 Safari/537.36"
35.245.216.104 - - [16/Apr/2026:15:59:01 +0000] "GET /feed/ HTTP/1.1" 301 43918 "-" "Wget/1.18 (linux-gnu)"
35.245.216.104 - - [16/Apr/2026:15:59:02 +0000] "GET /feed/ HTTP/1.1" 200 86365 "-" "Wget/1.18 (linux-gnu)"
65.108.2.171 - - [16/Apr/2026:15:59:05 +0000] "GET /2010/10/08/what%E2%80%99s-your-fantasy-week-5-2010/?filesrc=/home/drivenby/dolfansnyc.com/wp-signup.php&path=/home/drivenby/dolfansnyc.com HTTP/1.1" 200 80530 "-" "Mozilla/5.0 (compatible; MJ12bot/v1.4.8; http://mj12bot.com/)"
65.108.2.171 - - [16/Apr/2026:15:59:17 +0000] "GET /2010/10/08/what%E2%80%99s-your-fantasy-week-5-2010/?filesrc=/home/drivenby/dolfansnyc.com/wp-trackback.php&path=/home/drivenby/dolfansnyc.com HTTP/1.1" 200 45114 "-" "Mozilla/5.0 (compatible; MJ12bot/v1.4.8; http://mj12bot.com/)"
65.108.2.171 - - [16/Apr/2026:15:59:29 +0000] "GET /2010/10/08/what%E2%80%99s-your-fantasy-week-5-2010/?mass_deface&path=/home/drivenby/dolfansnyc.com HTTP/1.1" 200 79584 "-" "Mozilla/5.0 (compatible; MJ12bot/v1.4.8; http://mj12bot.com/)"
65.108.2.171 - - [16/Apr/2026:15:59:36 +0000] "GET /2010/10/08/what%E2%80%99s-your-fantasy-week-5-2010/?mass_delete&path=/home/drivenby/dolfansnyc.com HTTP/1.1" 200 79031 "-" "Mozilla/5.0 (compatible; MJ12bot/v1.4.8; http://mj12bot.com/)"
65.108.2.171 - - [16/Apr/2026:15:59:48 +0000] "GET /2010/10/08/what%E2%80%99s-your-fantasy-week-5-2010/?path=/ HTTP/1.1" 200 65386 "-" "Mozilla/5.0 (compatible; MJ12bot/v1.4.8; http://mj12bot.com/)"
65.108.2.171 - - [16/Apr/2026:16:00:00 +0000] "GET /2010/10/08/what%E2%80%99s-your-fantasy-week-5-2010/?path=/home HTTP/1.1" 200 39399 "-" "Mozilla/5.0 (compatible; MJ12bot/v1.4.8; http://mj12bot.com/)"
54.184.226.94 - - [16/Apr/2026:16:00:05 +0000] "GET /?rnd=1776355203403 HTTP/1.1" 200 99648 "-" "Sucuri-UptimeMonitoring"
65.108.2.171 - - [16/Apr/2026:16:00:06 +0000] "GET /2010/10/08/what%E2%80%99s-your-fantasy-week-5-2010/?path=/home/drivenby HTTP/1.1" 200 84009 "-" "Mozilla/5.0 (compatible; MJ12bot/v1.4.8; http://mj12bot.com/)"
3.232.82.72 - - [16/Apr/2026:16:00:06 +0000] "GET /category/video/page/5/?filesrc=/home/drivenby/dolfansnyc.com/wp-config.php&path=/home/drivenby/dolfansnyc.com HTTP/1.1" 301 9780 "-" "Mozilla/5.0 AppleWebKit/537.36 (KHTML, like Gecko; compatible; Amazonbot/0.1; +https://developer.amazon.com/support/amazonbot) Chrome/119.0.6045.214 Safari/537.36"
3.230.69.161 - - [16/Apr/2026:16:00:06 +0000] "GET /category/video/page/5/?filesrc=/home/drivenby/dolfansnyc.com/wp-config.php&path=/home/drivenby/dolfansnyc.com HTTP/1.1" 301 9781 "-" "Mozilla/5.0 AppleWebKit/537.36 (KHTML, like Gecko; compatible; Amazonbot/0.1; +https://developer.amazon.com/support/amazonbot) Chrome/119.0.6045.214 Safari/537.36"
35.245.216.104 - - [16/Apr/2026:16:00:09 +0000] "GET /feed/ HTTP/1.1" 301 43918 "-" "Wget/1.18 (linux-gnu)"
35.245.216.104 - - [16/Apr/2026:16:00:09 +0000] "GET /feed/ HTTP/1.1" 200 86365 "-" "Wget/1.18 (linux-gnu)"
65.108.2.171 - - [16/Apr/2026:16:00:18 +0000] "GET /2010/10/08/what%E2%80%99s-your-fantasy-week-5-2010/?path=/home/drivenby/dolfansnyc.com HTTP/1.1" 200 78413 "-" "Mozilla/5.0 (compatible; MJ12bot/v1.4.8; http://mj12bot.com/)"
65.108.2.171 - - [16/Apr/2026:16:00:31 +0000] "GET /2010/10/08/what%E2%80%99s-your-fantasy-week-5-2010/?path=/home/drivenby/dolfansnyc.com/.tmb HTTP/1.1" 200 45663 "-" "Mozilla/5.0 (compatible; MJ12bot/v1.4.8; http://mj12bot.com/)"
65.108.2.171 - - [16/Apr/2026:16:00:43 +0000] "GET /2010/10/08/what%E2%80%99s-your-fantasy-week-5-2010/?path=/home/drivenby/dolfansnyc.com/.well-known HTTP/1.1" 200 42282 "-" "Mozilla/5.0 (compatible; MJ12bot/v1.4.8; http://mj12bot.com/)"
65.108.2.171 - - [16/Apr/2026:16:00:55 +0000] "GET /2010/10/08/what%E2%80%99s-your-fantasy-week-5-2010/?path=/home/drivenby/dolfansnyc.com/99dewa-agen-poker-online-terbaik HTTP/1.1" 200 41530 "-" "Mozilla/5.0 (compatible; MJ12bot/v1.4.8; http://mj12bot.com/)"
91.92.243.240 - - [16/Apr/2026:16:01:05 +0000] "POST /wp-login.php HTTP/1.1" 403 0 "-" "Mozilla/5.0"
91.92.243.240 - - [16/Apr/2026:16:01:05 +0000] "POST /wp-login.php HTTP/1.1" 403 0 "-" "Mozilla/5.0"
91.92.243.240 - - [16/Apr/2026:16:01:05 +0000] "POST /wp-login.php HTTP/1.1" 403 0 "-" "Mozilla/5.0"
91.92.243.240 - - [16/Apr/2026:16:01:05 +0000] "POST /wp-login.php HTTP/1.1" 403 0 "-" "Mozilla/5.0"
65.108.2.171 - - [16/Apr/2026:16:01:07 +0000] "GET /2010/10/08/what%E2%80%99s-your-fantasy-week-5-2010/?path=/home/drivenby/dolfansnyc.com/99dewa-daftar-situs-poker-online-terpercaya HTTP/1.1" 200 41673 "-" "Mozilla/5.0 (compatible; MJ12bot/v1.4.8; http://mj12bot.com/)"
43.156.109.53 - - [16/Apr/2026:16:01:16 +0000] "GET /?filesrc=/home/drivenby/dolfansnyc.com/wp-config.php&path=/home/drivenby/dolfansnyc.com HTTP/1.1" 200 92972 "-" "Mozilla/5.0 (iPhone; CPU iPhone OS 13_2_3 like Mac OS X) AppleWebKit/605.1.15 (KHTML, like Gecko) Version/13.0.3 Mobile/15E148 Safari/604.1"
65.108.2.171 - - [16/Apr/2026:16:01:19 +0000] "GET /2010/10/08/what%E2%80%99s-your-fantasy-week-5-2010/?path=/home/drivenby/dolfansnyc.com/wp-content HTTP/1.1" 200 53038 "-" "Mozilla/5.0 (compatible; MJ12bot/v1.4.8; http://mj12bot.com/)"
65.108.2.171 - - [16/Apr/2026:16:01:26 +0000] "GET /2010/10/08/what%E2%80%99s-your-fantasy-week-5-2010/?path=/home/drivenby/dolfansnyc.com/wp-includes HTTP/1.1" 200 410099 "-" "Mozilla/5.0 (compatible; MJ12bot/v1.4.8; http://mj12bot.com/)"
65.108.2.171 - - [16/Apr/2026:16:01:31 +0000] "GET /2010/10/08/what%E2%80%99s-your-fantasy-week-5-2010/feed/?dirbaru&path=/home/drivenby/dolfansnyc.com/.tmb HTTP/1.1" 301 11595 "-" "Mozilla/5.0 (compatible; MJ12bot/v1.4.8; http://mj12bot.com/)"
57.141.20.35 - - [16/Apr/2026:16:01:37 +0000] "GET /2025/12/10/2025-metlifetakeover-photos-recap/?phpinfo&path=/home/drivenby/.koality HTTP/1.1" 200 101364 "-" "meta-externalagent/1.1 (+https://developers.facebook.com/docs/sharing/webmasters/crawler)"
65.108.2.171 - - [16/Apr/2026:16:01:37 +0000] "GET /2010/10/08/what%E2%80%99s-your-fantasy-week-5-2010/feed/?dirbaru&path=%2Fhome%2Fdrivenby%2Fdolfansnyc.com%2F.tmb HTTP/1.1" 200 12527 "-" "Mozilla/5.0 (compatible; MJ12bot/v1.4.8; http://mj12bot.com/)"
35.245.216.104 - - [16/Apr/2026:16:01:39 +0000] "GET /feed/ HTTP/1.1" 301 43918 "-" "Wget/1.18 (linux-gnu)"
35.245.216.104 - - [16/Apr/2026:16:01:39 +0000] "GET /feed/ HTTP/1.1" 200 86365 "-" "Wget/1.18 (linux-gnu)"
51.68.107.150 - - [16/Apr/2026:16:01:59 +0000] "GET /robots.txt HTTP/1.1" 200 271 "-" "Mozilla/5.0 (compatible; MJ12bot/v2.0.5; http://mj12bot.com/)"
51.68.107.150 - - [16/Apr/2026:16:01:59 +0000] "GET /category/events/ HTTP/1.1" 200 132346 "-" "Mozilla/5.0 (compatible; MJ12bot/v2.0.5; http://mj12bot.com/)"
65.108.2.171 - - [16/Apr/2026:16:02:07 +0000] "GET /2010/10/08/what%E2%80%99s-your-fantasy-week-5-2010/feed/?filesrc=/home/drivenby/dolfansnyc.com/wp-includes/class-http.php&path=/home/drivenby/dolfansnyc.com/wp-includes HTTP/1.1" 301 5075 "-" "Mozilla/5.0 (compatible; MJ12bot/v1.4.8; http://mj12bot.com/)"
65.108.2.171 - - [16/Apr/2026:16:02:13 +0000] "GET /2010/10/08/what%E2%80%99s-your-fantasy-week-5-2010/feed/?filesrc=%2Fhome%2Fdrivenby%2Fdolfansnyc.com%2Fwp-includes%2Fclass-http.php&path=%2Fhome%2Fdrivenby%2Fdolfansnyc.com%2Fwp-includes HTTP/1.1" 200 6081 "-" "Mozilla/5.0 (compatible; MJ12bot/v1.4.8; http://mj12bot.com/)"
65.108.2.171 - - [16/Apr/2026:16:02:31 +0000] "GET /2010/10/08/what%E2%80%99s-your-fantasy-week-5-2010/feed/?filesrc=/home/drivenby/dolfansnyc.com/wp-includes/class-json.php&path=/home/drivenby/dolfansnyc.com/wp-includes HTTP/1.1" 301 51468 "-" "Mozilla/5.0 (compatible; MJ12bot/v1.4.8; http://mj12bot.com/)"
65.108.2.171 - - [16/Apr/2026:16:02:37 +0000] "GET /2010/10/08/what%E2%80%99s-your-fantasy-week-5-2010/feed/?filesrc=%2Fhome%2Fdrivenby%2Fdolfansnyc.com%2Fwp-includes%2Fclass-json.php&path=%2Fhome%2Fdrivenby%2Fdolfansnyc.com%2Fwp-includes HTTP/1.1" 200 52474 "-" "Mozilla/5.0 (compatible; MJ12bot/v1.4.8; http://mj12bot.com/)"
216.73.216.138 - - [16/Apr/2026:16:02:44 +0000] "GET /tag/metlifetakover/?filesrc=%2F%2Fvar%2Fsoftaculous%2Fzenber%2Fedit.php&path=%2F%2Fvar%2Fsoftaculous%2Fzenber HTTP/1.1" 200 40762 "-" "Mozilla/5.0 AppleWebKit/537.36 (KHTML, like Gecko; compatible; ClaudeBot/1.0; +claudebot@anthropic.com)"
44.194.139.149 - - [16/Apr/2026:16:02:46 +0000] "GET /wp-json/wp/v2/posts/1094?filesrc=/home/drivenby/dolfansnyc.com/wp-settings.php&path=/home/drivenby/dolfansnyc.com HTTP/1.1" 200 43193 "-" "Mozilla/5.0 AppleWebKit/537.36 (KHTML, like Gecko; compatible; Amazonbot/0.1; +https://developer.amazon.com/support/amazonbot) Chrome/119.0.6045.214 Safari/537.36"
216.73.216.138 - - [16/Apr/2026:16:02:49 +0000] "GET /tag/metlifetakover/?filesrc=%2F%2Fvar%2Fsoftaculous%2Fwp61%2Finfo.xml&path=%2F%2Fvar%2Fsoftaculous%2Fwp61 HTTP/1.1" 200 52150 "-" "Mozilla/5.0 AppleWebKit/537.36 (KHTML, like Gecko; compatible; ClaudeBot/1.0; +claudebot@anthropic.com)"
35.245.216.104 - - [16/Apr/2026:16:02:53 +0000] "GET /feed/ HTTP/1.1" 301 43918 "-" "Wget/1.18 (linux-gnu)"
35.245.216.104 - - [16/Apr/2026:16:02:53 +0000] "GET /feed/ HTTP/1.1" 200 86365 "-" "Wget/1.18 (linux-gnu)"
216.73.216.138 - - [16/Apr/2026:16:02:54 +0000] "GET /tag/metlifetakover/?filesrc=%2F%2Fetc%2Fcron.d%2Fimunify-notifier&path=%2F%2Fetc%2Fcron.d HTTP/1.1" 200 35110 "-" "Mozilla/5.0 AppleWebKit/537.36 (KHTML, like Gecko; compatible; ClaudeBot/1.0; +claudebot@anthropic.com)"
65.108.2.171 - - [16/Apr/2026:16:02:56 +0000] "GET /2010/10/08/what%E2%80%99s-your-fantasy-week-5-2010/feed/?filesrc=/home/drivenby/dolfansnyc.com/wp-includes/class-oembed.php&path=/home/drivenby/dolfansnyc.com/wp-includes HTTP/1.1" 301 5111 "-" "Mozilla/5.0 (compatible; MJ12bot/v1.4.8; http://mj12bot.com/)"
216.73.216.138 - - [16/Apr/2026:16:02:59 +0000] "GET /tag/metlifetakover/?filesrc=%2F%2Fvar%2Fsoftaculous%2Fphoenix%2Finstall.xml&path=%2F%2Fvar%2Fsoftaculous%2Fphoenix HTTP/1.1" 200 37015 "-" "Mozilla/5.0 AppleWebKit/537.36 (KHTML, like Gecko; compatible; ClaudeBot/1.0; +claudebot@anthropic.com)"
65.108.2.171 - - [16/Apr/2026:16:03:02 +0000] "GET /2010/10/08/what%E2%80%99s-your-fantasy-week-5-2010/feed/?filesrc=%2Fhome%2Fdrivenby%2Fdolfansnyc.com%2Fwp-includes%2Fclass-oembed.php&path=%2Fhome%2Fdrivenby%2Fdolfansnyc.com%2Fwp-includes HTTP/1.1" 200 6119 "-" "Mozilla/5.0 (compatible; MJ12bot/v1.4.8; http://mj12bot.com/)"
216.73.216.138 - - [16/Apr/2026:16:03:04 +0000] "GET /tag/practice/?filesrc=%2F%2Fproc%2F2495442%2Ftimens_offsets&path=%2F%2Fproc%2F2495442 HTTP/1.1" 200 39438 "-" "Mozilla/5.0 AppleWebKit/537.36 (KHTML, like Gecko; compatible; ClaudeBot/1.0; +claudebot@anthropic.com)"
216.73.216.138 - - [16/Apr/2026:16:03:09 +0000] "GET /tag/practice/?filesrc=%2F%2Fproc%2F2454715%2Ftimens_offsets&path=%2F%2Fproc%2F2454715 HTTP/1.1" 200 39438 "-" "Mozilla/5.0 AppleWebKit/537.36 (KHTML, like Gecko; compatible; ClaudeBot/1.0; +claudebot@anthropic.com)"
35.245.216.104 - - [16/Apr/2026:16:03:12 +0000] "GET /feed/ HTTP/1.1" 301 43918 "-" "Wget/1.18 (linux-gnu)"
35.245.216.104 - - [16/Apr/2026:16:03:12 +0000] "GET /feed/ HTTP/1.1" 200 86365 "-" "Wget/1.18 (linux-gnu)"
216.73.216.138 - - [16/Apr/2026:16:03:14 +0000] "GET /tag/metlifetakover/?filesrc=%2F%2Fetc%2Fcron.d%2Fbackuply&path=%2F%2Fetc%2Fcron.d HTTP/1.1" 200 35263 "-" "Mozilla/5.0 AppleWebKit/537.36 (KHTML, like Gecko; compatible; ClaudeBot/1.0; +claudebot@anthropic.com)"
216.73.216.138 - - [16/Apr/2026:16:03:19 +0000] "GET /tag/metlifetakover/?filesrc=%2F%2Fvar%2Fsoftaculous%2Ffeng%2Finstall.xml&path=%2F%2Fvar%2Fsoftaculous%2Ffeng HTTP/1.1" 200 38469 "-" "Mozilla/5.0 AppleWebKit/537.36 (KHTML, like Gecko; compatible; ClaudeBot/1.0; +claudebot@anthropic.com)"
65.108.2.171 - - [16/Apr/2026:16:03:20 +0000] "GET /2010/10/08/what%E2%80%99s-your-fantasy-week-5-2010/feed/?filesrc=/home/drivenby/dolfansnyc.com/wp-includes/class-phpass.php&path=/home/drivenby/dolfansnyc.com/wp-includes HTTP/1.1" 301 11968 "-" "Mozilla/5.0 (compatible; MJ12bot/v1.4.8; http://mj12bot.com/)"
216.73.216.138 - - [16/Apr/2026:16:03:24 +0000] "GET /tag/metlifetakover/?filesrc=%2F%2Fvar%2Fsoftaculous%2Fmyweb%2Finfo.xml&path=%2F%2Fvar%2Fsoftaculous%2Fmyweb HTTP/1.1" 200 37259 "-" "Mozilla/5.0 AppleWebKit/537.36 (KHTML, like Gecko; compatible; ClaudeBot/1.0; +claudebot@anthropic.com)"
65.108.2.171 - - [16/Apr/2026:16:03:25 +0000] "GET /2010/10/08/what%E2%80%99s-your-fantasy-week-5-2010/feed/?filesrc=%2Fhome%2Fdrivenby%2Fdolfansnyc.com%2Fwp-includes%2Fclass-phpass.php&path=%2Fhome%2Fdrivenby%2Fdolfansnyc.com%2Fwp-includes HTTP/1.1" 200 12976 "-" "Mozilla/5.0 (compatible; MJ12bot/v1.4.8; http://mj12bot.com/)"
216.73.216.138 - - [16/Apr/2026:16:03:29 +0000] "GET /tag/metlifetakover/?filesrc=%2F%2Fvar%2Fsoftaculous%2Ftinyrss%2Fedit.php&path=%2F%2Fvar%2Fsoftaculous%2Ftinyrss HTTP/1.1" 200 39793 "-" "Mozilla/5.0 AppleWebKit/537.36 (KHTML, like Gecko; compatible; ClaudeBot/1.0; +claudebot@anthropic.com)"
54.225.199.17 - - [16/Apr/2026:16:03:30 +0000] "GET /2015/01/15/qa-former-dolphins-qb-jay-fiedler/?filesrc=/home/drivenby/dolfansnyc.com/license.txt&path=/home/drivenby/dolfansnyc.com HTTP/1.1" 200 79129 "-" "Mozilla/5.0 AppleWebKit/537.36 (KHTML, like Gecko; compatible; Amazonbot/0.1; +https://developer.amazon.com/support/amazonbot) Chrome/119.0.6045.214 Safari/537.36"
216.73.216.138 - - [16/Apr/2026:16:03:34 +0000] "GET /tag/metlifetakover/?filesrc=%2F%2Fvar%2Fsoftaculous%2Fwp61%2Finstall.xml&path=%2F%2Fvar%2Fsoftaculous%2Fwp61 HTTP/1.1" 200 43469 "-" "Mozilla/5.0 AppleWebKit/537.36 (KHTML, like Gecko; compatible; ClaudeBot/1.0; +claudebot@anthropic.com)"
35.245.216.104 - - [16/Apr/2026:16:03:38 +0000] "GET /feed/ HTTP/1.1" 301 43918 "-" "Wget/1.18 (linux-gnu)"
35.245.216.104 - - [16/Apr/2026:16:03:38 +0000] "GET /feed/ HTTP/1.1" 200 86365 "-" "Wget/1.18 (linux-gnu)"
216.73.216.138 - - [16/Apr/2026:16:03:39 +0000] "GET /tag/metlifetakover/?filesrc=%2F%2Fvar%2Fsoftaculous%2Fwp49%2Finstall.xml&path=%2F%2Fvar%2Fsoftaculous%2Fwp49 HTTP/1.1" 200 43060 "-" "Mozilla/5.0 AppleWebKit/537.36 (KHTML, like Gecko; compatible; ClaudeBot/1.0; +claudebot@anthropic.com)"
65.108.2.171 - - [16/Apr/2026:16:03:43 +0000] "GET /2010/10/08/what%E2%80%99s-your-fantasy-week-5-2010/feed/?filesrc=/home/drivenby/dolfansnyc.com/wp-includes/class-phpmailer.php&path=/home/drivenby/dolfansnyc.com/wp-includes HTTP/1.1" 301 5417 "-" "Mozilla/5.0 (compatible; MJ12bot/v1.4.8; http://mj12bot.com/)"
216.73.216.138 - - [16/Apr/2026:16:03:44 +0000] "GET /tag/metlifetakover/?filesrc=%2F%2Fvar%2Fsoftaculous%2Fdada%2Fconfig.local.php&path=%2F%2Fvar%2Fsoftaculous%2Fdada HTTP/1.1" 200 46080 "-" "Mozilla/5.0 AppleWebKit/537.36 (KHTML, like Gecko; compatible; ClaudeBot/1.0; +claudebot@anthropic.com)"
216.73.216.138 - - [16/Apr/2026:16:03:49 +0000] "GET /tag/metlifetakover/?filesrc=%2F%2Fvar%2Fsoftaculous%2Fmyweb%2Finstall.xml&path=%2F%2Fvar%2Fsoftaculous%2Fmyweb HTTP/1.1" 200 35469 "-" "Mozilla/5.0 AppleWebKit/537.36 (KHTML, like Gecko; compatible; ClaudeBot/1.0; +claudebot@anthropic.com)"
65.108.2.171 - - [16/Apr/2026:16:03:49 +0000] "GET /2010/10/08/what%E2%80%99s-your-fantasy-week-5-2010/feed/?filesrc=%2Fhome%2Fdrivenby%2Fdolfansnyc.com%2Fwp-includes%2Fclass-phpmailer.php&path=%2Fhome%2Fdrivenby%2Fdolfansnyc.com%2Fwp-includes HTTP/1.1" 200 6428 "-" "Mozilla/5.0 (compatible; MJ12bot/v1.4.8; http://mj12bot.com/)"
216.73.216.138 - - [16/Apr/2026:16:03:55 +0000] "GET /tag/metlifetakover/?filesrc=%2F%2Fetc%2Fudev%2Fhwdb.bin&path=%2F%2Fetc%2Fudev HTTP/1.1" 200 13109768 "-" "Mozilla/5.0 AppleWebKit/537.36 (KHTML, like Gecko; compatible; ClaudeBot/1.0; +claudebot@anthropic.com)"
216.73.216.138 - - [16/Apr/2026:16:03:59 +0000] "GET /tag/metlifetakover/?filesrc=%2F%2Fvar%2Fsoftaculous%2Fzenber%2Fremove.php&path=%2F%2Fvar%2Fsoftaculous%2Fzenber HTTP/1.1" 200 37919 "-" "Mozilla/5.0 AppleWebKit/537.36 (KHTML, like Gecko; compatible; ClaudeBot/1.0; +claudebot@anthropic.com)"
216.73.216.138 - - [16/Apr/2026:16:04:04 +0000] "GET /tag/metlifetakover/?filesrc=%2F%2Fvar%2Fsoftaculous%2Fmoodle28%2Fedit.php&path=%2F%2Fvar%2Fsoftaculous%2Fmoodle28 HTTP/1.1" 200 41246 "-" "Mozilla/5.0 AppleWebKit/537.36 (KHTML, like Gecko; compatible; ClaudeBot/1.0; +claudebot@anthropic.com)"
216.73.216.138 - - [16/Apr/2026:16:04:09 +0000] "GET /tag/practice/?path=%2F%2Fsys%2Fblock%2Floop0%2Fpower HTTP/1.1" 200 46453 "-" "Mozilla/5.0 AppleWebKit/537.36 (KHTML, like Gecko; compatible; ClaudeBot/1.0; +claudebot@anthropic.com)"
216.73.216.138 - - [16/Apr/2026:16:04:14 +0000] "GET /tag/practice/?path=%2F%2Fdev%2Fdisk%2Fby-path HTTP/1.1" 200 40180 "-" "Mozilla/5.0 AppleWebKit/537.36 (KHTML, like Gecko; compatible; ClaudeBot/1.0; +claudebot@anthropic.com)"
65.108.2.171 - - [16/Apr/2026:16:04:19 +0000] "GET /2010/10/08/what%E2%80%99s-your-fantasy-week-5-2010/feed/?filesrc=/home/drivenby/dolfansnyc.com/wp-includes/class-requests.php&path=/home/drivenby/dolfansnyc.com/wp-includes HTTP/1.1" 301 6999 "-" "Mozilla/5.0 (compatible; MJ12bot/v1.4.8; http://mj12bot.com/)"
216.73.216.138 - - [16/Apr/2026:16:04:19 +0000] "GET /tag/practice/?filesrc=%2F%2Fsys%2Fclass%2Finput%2Finput4%2Fcapabilities%2Fabs&path=%2F%2Fsys%2Fclass%2Finput%2Finput4%2Fcapabilities HTTP/1.1" 200 39727 "-" "Mozilla/5.0 AppleWebKit/537.36 (KHTML, like Gecko; compatible; ClaudeBot/1.0; +claudebot@anthropic.com)"
35.245.216.104 - - [16/Apr/2026:16:04:21 +0000] "GET /feed/ HTTP/1.1" 301 43918 "-" "Wget/1.18 (linux-gnu)"
35.245.216.104 - - [16/Apr/2026:16:04:21 +0000] "GET /feed/ HTTP/1.1" 200 86365 "-" "Wget/1.18 (linux-gnu)"
216.73.216.138 - - [16/Apr/2026:16:04:24 +0000] "GET /tag/robert-rose/?path=%2F%2Fusr%2Finclude%2Fgssapi HTTP/1.1" 200 49045 "-" "Mozilla/5.0 AppleWebKit/537.36 (KHTML, like Gecko; compatible; ClaudeBot/1.0; +claudebot@anthropic.com)"
65.108.2.171 - - [16/Apr/2026:16:04:25 +0000] "GET /2010/10/08/what%E2%80%99s-your-fantasy-week-5-2010/feed/?filesrc=%2Fhome%2Fdrivenby%2Fdolfansnyc.com%2Fwp-includes%2Fclass-requests.php&path=%2Fhome%2Fdrivenby%2Fdolfansnyc.com%2Fwp-includes HTTP/1.1" 200 8009 "-" "Mozilla/5.0 (compatible; MJ12bot/v1.4.8; http://mj12bot.com/)"
35.245.216.104 - - [16/Apr/2026:16:04:25 +0000] "GET /feed/ HTTP/1.1" 301 43918 "-" "Wget/1.18 (linux-gnu)"
35.245.216.104 - - [16/Apr/2026:16:04:25 +0000] "GET /feed/ HTTP/1.1" 200 86365 "-" "Wget/1.18 (linux-gnu)"
216.73.216.138 - - [16/Apr/2026:16:04:29 +0000] "GET /tag/mnf/?filesrc=%2F%2Fscripts%2Frestorecpuserfromcache&path=%2F%2Fscripts HTTP/1.1" 200 44665 "-" "Mozilla/5.0 AppleWebKit/537.36 (KHTML, like Gecko; compatible; ClaudeBot/1.0; +claudebot@anthropic.com)"
216.73.216.138 - - [16/Apr/2026:16:04:34 +0000] "GET /tag/practice/?filesrc=%2F%2Fscripts%2Fensure_vhost_includes&path=%2F%2Fscripts HTTP/1.1" 200 54773 "-" "Mozilla/5.0 AppleWebKit/537.36 (KHTML, like Gecko; compatible; ClaudeBot/1.0; +claudebot@anthropic.com)"
216.73.216.138 - - [16/Apr/2026:16:04:39 +0000] "GET /tag/practice/?path=%2F%2Fdev%2Fbus HTTP/1.1" 200 40876 "-" "Mozilla/5.0 AppleWebKit/537.36 (KHTML, like Gecko; compatible; ClaudeBot/1.0; +claudebot@anthropic.com)"
65.108.2.171 - - [16/Apr/2026:16:04:42 +0000] "GET /2010/10/08/what%E2%80%99s-your-fantasy-week-5-2010/feed/?filesrc=/home/drivenby/dolfansnyc.com/wp-includes/class-simplepie.php&path=/home/drivenby/dolfansnyc.com/wp-includes HTTP/1.1" 301 5166 "-" "Mozilla/5.0 (compatible; MJ12bot/v1.4.8; http://mj12bot.com/)"
216.73.216.138 - - [16/Apr/2026:16:04:44 +0000] "GET /tag/robert-rose/?filesrc=%2F%2Fusr%2Finclude%2Fbits%2Fcpu-set.h&path=%2F%2Fusr%2Finclude%2Fbits HTTP/1.1" 200 45691 "-" "Mozilla/5.0 AppleWebKit/537.36 (KHTML, like Gecko; compatible; ClaudeBot/1.0; +claudebot@anthropic.com)"
65.108.2.171 - - [16/Apr/2026:16:04:48 +0000] "GET /2010/10/08/what%E2%80%99s-your-fantasy-week-5-2010/feed/?filesrc=%2Fhome%2Fdrivenby%2Fdolfansnyc.com%2Fwp-includes%2Fclass-simplepie.php&path=%2Fhome%2Fdrivenby%2Fdolfansnyc.com%2Fwp-includes HTTP/1.1" 200 6177 "-" "Mozilla/5.0 (compatible; MJ12bot/v1.4.8; http://mj12bot.com/)"
216.73.216.138 - - [16/Apr/2026:16:04:49 +0000] "GET /tag/practice/?path=%2F%2Fdev%2Ffd HTTP/1.1" 200 44527 "-" "Mozilla/5.0 AppleWebKit/537.36 (KHTML, like Gecko; compatible; ClaudeBot/1.0; +claudebot@anthropic.com)"
216.73.216.138 - - [16/Apr/2026:16:04:54 +0000] "GET /tag/mnf/?filesrc=%2F%2Fscripts%2Ffetchfile&path=%2F%2Fscripts HTTP/1.1" 200 42838 "-" "Mozilla/5.0 AppleWebKit/537.36 (KHTML, like Gecko; compatible; ClaudeBot/1.0; +claudebot@anthropic.com)"
216.73.216.138 - - [16/Apr/2026:16:04:59 +0000] "GET /tag/nic-grigsby/?filesrc=%2F%2Flib64%2Fpython3.12%2Ftkinter%2Ftix.py&path=%2F%2Flib64%2Fpython3.12%2Ftkinter HTTP/1.1" 200 131110 "-" "Mozilla/5.0 AppleWebKit/537.36 (KHTML, like Gecko; compatible; ClaudeBot/1.0; +claudebot@anthropic.com)"
216.73.216.138 - - [16/Apr/2026:16:05:04 +0000] "GET /tag/robert-rose/?filesrc=%2F%2Fusr%2Finclude%2Fbits%2Fparam.h&path=%2F%2Fusr%2Finclude%2Fbits HTTP/1.1" 200 42539 "-" "Mozilla/5.0 AppleWebKit/537.36 (KHTML, like Gecko; compatible; ClaudeBot/1.0; +claudebot@anthropic.com)"
65.108.2.171 - - [16/Apr/2026:16:05:06 +0000] "GET /2010/10/08/what%E2%80%99s-your-fantasy-week-5-2010/feed/?filesrc=/home/drivenby/dolfansnyc.com/wp-includes/class-smtp.php&path=/home/drivenby/dolfansnyc.com/wp-includes HTTP/1.1" 301 5175 "-" "Mozilla/5.0 (compatible; MJ12bot/v1.4.8; http://mj12bot.com/)"
216.73.216.138 - - [16/Apr/2026:16:05:09 +0000] "GET /tag/mnf/?filesrc=%2F%2Fscripts%2Funinstall_cpanel_analytics&path=%2F%2Fscripts HTTP/1.1" 200 43708 "-" "Mozilla/5.0 AppleWebKit/537.36 (KHTML, like Gecko; compatible; ClaudeBot/1.0; +claudebot@anthropic.com)"
141.94.194.132 - - [16/Apr/2026:16:05:10 +0000] "GET /2009/11/28/over-500/feed/ HTTP/1.1" 301 43918 "-" "Mozilla/5.0 (X11; Linux i686) AppleWebKit/537.36 (KHTML, like Gecko) Chrome/30.0.1599.66 Safari/537.36"
195.250.26.131 - - [16/Apr/2026:16:05:11 +0000] "POST /wp-cron.php?doing_wp_cron=1776355511.0016589164733886718750 HTTP/1.1" 200 0 "-" "WordPress/6.9.4; http://dolfansnyc.com"
141.94.194.132 - - [16/Apr/2026:16:05:11 +0000] "GET /2009/11/28/over-500/feed/ HTTP/1.1" 200 45424 "-" "Mozilla/5.0 (X11; Linux i686) AppleWebKit/537.36 (KHTML, like Gecko) Chrome/30.0.1599.66 Safari/537.36"
65.108.2.171 - - [16/Apr/2026:16:05:11 +0000] "GET /2010/10/08/what%E2%80%99s-your-fantasy-week-5-2010/feed/?filesrc=%2Fhome%2Fdrivenby%2Fdolfansnyc.com%2Fwp-includes%2Fclass-smtp.php&path=%2Fhome%2Fdrivenby%2Fdolfansnyc.com%2Fwp-includes HTTP/1.1" 200 6181 "-" "Mozilla/5.0 (compatible; MJ12bot/v1.4.8; http://mj12bot.com/)"
216.73.216.138 - - [16/Apr/2026:16:05:14 +0000] "GET /tag/practice/?path=%2F%2Fsys%2Fdev%2Fchar%2F4%3A39 HTTP/1.1" 200 44366 "-" "Mozilla/5.0 AppleWebKit/537.36 (KHTML, like Gecko; compatible; ClaudeBot/1.0; +claudebot@anthropic.com)"
216.73.216.138 - - [16/Apr/2026:16:05:19 +0000] "GET /tag/practice/?filesrc=%2F%2Fsys%2Fmodule%2Fiptable_mangle%2Ftaint&path=%2F%2Fsys%2Fmodule%2Fiptable_mangle HTTP/1.1" 200 39518 "-" "Mozilla/5.0 AppleWebKit/537.36 (KHTML, like Gecko; compatible; ClaudeBot/1.0; +claudebot@anthropic.com)"
57.141.20.37 - - [16/Apr/2026:16:05:21 +0000] "GET /2025/12/10/2025-metlifetakeover-photos-recap/?path=/home/drivenby/.htpasswds/dolfansnyc.com HTTP/1.1" 200 42518 "-" "meta-externalagent/1.1 (+https://developers.facebook.com/docs/sharing/webmasters/crawler)"
65.108.2.171 - - [16/Apr/2026:16:05:29 +0000] "GET /2010/10/08/what%E2%80%99s-your-fantasy-week-5-2010/feed/?filesrc=/home/drivenby/dolfansnyc.com/wp-includes/class-snoopy.php&path=/home/drivenby/dolfansnyc.com/wp-includes HTTP/1.1" 301 47629 "-" "Mozilla/5.0 (compatible; MJ12bot/v1.4.8; http://mj12bot.com/)"
54.152.163.42 - - [16/Apr/2026:16:05:34 +0000] "GET /2013/06/21/introducing-the-new-dolfans-nyc-logo/comment-page-1/?filesrc=/home/drivenby/dolfansnyc.com/wp-cron-tasks.php&path=/home/drivenby/dolfansnyc.com HTTP/1.1" 301 8259 "-" "Mozilla/5.0 AppleWebKit/537.36 (KHTML, like Gecko; compatible; Amazonbot/0.1; +https://developer.amazon.com/support/amazonbot) Chrome/119.0.6045.214 Safari/537.36"
54.84.147.79 - - [16/Apr/2026:16:05:34 +0000] "GET /2013/06/21/introducing-the-new-dolfans-nyc-logo/comment-page-1/?filesrc=/home/drivenby/dolfansnyc.com/wp-cron-tasks.php&path=/home/drivenby/dolfansnyc.com HTTP/1.1" 301 8258 "-" "Mozilla/5.0 AppleWebKit/537.36 (KHTML, like Gecko; compatible; Amazonbot/0.1; +https://developer.amazon.com/support/amazonbot) Chrome/119.0.6045.214 Safari/537.36"
65.108.2.171 - - [16/Apr/2026:16:05:35 +0000] "GET /2010/10/08/what%E2%80%99s-your-fantasy-week-5-2010/feed/?filesrc=%2Fhome%2Fdrivenby%2Fdolfansnyc.com%2Fwp-includes%2Fclass-snoopy.php&path=%2Fhome%2Fdrivenby%2Fdolfansnyc.com%2Fwp-includes HTTP/1.1" 200 48637 "-" "Mozilla/5.0 (compatible; MJ12bot/v1.4.8; http://mj12bot.com/)"
35.245.216.104 - - [16/Apr/2026:16:05:42 +0000] "GET /feed/ HTTP/1.1" 301 43918 "-" "Wget/1.18 (linux-gnu)"
35.245.216.104 - - [16/Apr/2026:16:05:42 +0000] "GET /feed/ HTTP/1.1" 200 86365 "-" "Wget/1.18 (linux-gnu)"
91.92.243.240 - - [16/Apr/2026:16:05:43 +0000] "POST /wp-login.php HTTP/1.1" 403 0 "-" "Mozilla/5.0"
91.92.243.240 - - [16/Apr/2026:16:05:43 +0000] "POST /wp-login.php HTTP/1.1" 403 0 "-" "Mozilla/5.0"
91.92.243.240 - - [16/Apr/2026:16:05:43 +0000] "POST /wp-login.php HTTP/1.1" 403 0 "-" "Mozilla/5.0"
91.92.243.240 - - [16/Apr/2026:16:05:43 +0000] "POST /wp-login.php HTTP/1.1" 403 0 "-" "Mozilla/5.0"
35.245.216.104 - - [16/Apr/2026:16:05:48 +0000] "GET /feed/ HTTP/1.1" 301 43918 "-" "Wget/1.18 (linux-gnu)"
35.245.216.104 - - [16/Apr/2026:16:05:48 +0000] "GET /feed/ HTTP/1.1" 200 86365 "-" "Wget/1.18 (linux-gnu)"
65.108.2.171 - - [16/Apr/2026:16:05:54 +0000] "GET /2010/10/08/what%E2%80%99s-your-fantasy-week-5-2010/feed/?filesrc=/home/drivenby/dolfansnyc.com/wp-includes/class-walker-category-dropdown.php&path=/home/drivenby/dolfansnyc.com/wp-includes HTTP/1.1" 301 7474 "-" "Mozilla/5.0 (compatible; MJ12bot/v1.4.8; http://mj12bot.com/)"
65.108.2.171 - - [16/Apr/2026:16:05:59 +0000] "GET /2010/10/08/what%E2%80%99s-your-fantasy-week-5-2010/feed/?filesrc=%2Fhome%2Fdrivenby%2Fdolfansnyc.com%2Fwp-includes%2Fclass-walker-category-dropdown.php&path=%2Fhome%2Fdrivenby%2Fdolfansnyc.com%2Fwp-includes HTTP/1.1" 200 8500 "-" "Mozilla/5.0 (compatible; MJ12bot/v1.4.8; http://mj12bot.com/)"
3.212.86.97 - - [16/Apr/2026:16:06:06 +0000] "GET /2009/11/28/over-500/feed/?filesrc=/home/drivenby/dolfansnyc.com/wp-login.php&path=/home/drivenby/dolfansnyc.com HTTP/1.1" 301 67054 "-" "Mozilla/5.0 AppleWebKit/537.36 (KHTML, like Gecko; compatible; Amazonbot/0.1; +https://developer.amazon.com/support/amazonbot) Chrome/119.0.6045.214 Safari/537.36"
3.212.86.97 - - [16/Apr/2026:16:06:06 +0000] "GET /2009/11/28/over-500/feed/?filesrc=/home/drivenby/dolfansnyc.com/wp-login.php&path=/home/drivenby/dolfansnyc.com HTTP/1.1" 301 67054 "-" "Mozilla/5.0 AppleWebKit/537.36 (KHTML, like Gecko; compatible; Amazonbot/0.1; +https://developer.amazon.com/support/amazonbot) Chrome/119.0.6045.214 Safari/537.36"
65.108.2.171 - - [16/Apr/2026:16:06:17 +0000] "GET /2010/10/08/what%E2%80%99s-your-fantasy-week-5-2010/feed/?filesrc=/home/drivenby/dolfansnyc.com/wp-includes/class-walker-category.php&path=/home/drivenby/dolfansnyc.com/wp-includes HTTP/1.1" 301 14339 "-" "Mozilla/5.0 (compatible; MJ12bot/v1.4.8; http://mj12bot.com/)"
65.108.2.171 - - [16/Apr/2026:16:06:23 +0000] "GET /2010/10/08/what%E2%80%99s-your-fantasy-week-5-2010/feed/?filesrc=%2Fhome%2Fdrivenby%2Fdolfansnyc.com%2Fwp-includes%2Fclass-walker-category.php&path=%2Fhome%2Fdrivenby%2Fdolfansnyc.com%2Fwp-includes HTTP/1.1" 200 15356 "-" "Mozilla/5.0 (compatible; MJ12bot/v1.4.8; http://mj12bot.com/)"
23.23.104.107 - - [16/Apr/2026:16:06:31 +0000] "GET /2024/01/04/2023-metlifetakeover-recap-video/?path=/home/drivenby/dolfansnyc.com/wp-admin HTTP/1.1" 200 172417 "-" "Mozilla/5.0 AppleWebKit/537.36 (KHTML, like Gecko; compatible; Amazonbot/0.1; +https://developer.amazon.com/support/amazonbot) Chrome/119.0.6045.214 Safari/537.36"
35.245.216.104 - - [16/Apr/2026:16:06:39 +0000] "GET /feed/ HTTP/1.1" 301 43918 "-" "Wget/1.18 (linux-gnu)"
35.245.216.104 - - [16/Apr/2026:16:06:39 +0000] "GET /feed/ HTTP/1.1" 200 86365 "-" "Wget/1.18 (linux-gnu)"
65.108.2.171 - - [16/Apr/2026:16:06:41 +0000] "GET /2010/10/08/what%E2%80%99s-your-fantasy-week-5-2010/feed/?filesrc=/home/drivenby/dolfansnyc.com/wp-includes/class-walker-comment.php&path=/home/drivenby/dolfansnyc.com/wp-includes HTTP/1.1" 301 21294 "-" "Mozilla/5.0 (compatible; MJ12bot/v1.4.8; http://mj12bot.com/)"
65.108.2.171 - - [16/Apr/2026:16:06:46 +0000] "GET /2010/10/08/what%E2%80%99s-your-fantasy-week-5-2010/feed/?filesrc=%2Fhome%2Fdrivenby%2Fdolfansnyc.com%2Fwp-includes%2Fclass-walker-comment.php&path=%2Fhome%2Fdrivenby%2Fdolfansnyc.com%2Fwp-includes HTTP/1.1" 200 22310 "-" "Mozilla/5.0 (compatible; MJ12bot/v1.4.8; http://mj12bot.com/)"
216.73.216.138 - - [16/Apr/2026:16:06:57 +0000] "GET /tag/mnf/?filesrc=%2F%2Fusr%2Fbin%2Fsetkeycodes&path=%2F%2Fusr%2Fbin HTTP/1.1" 200 58708 "-" "Mozilla/5.0 AppleWebKit/537.36 (KHTML, like Gecko; compatible; ClaudeBot/1.0; +claudebot@anthropic.com)"
216.73.216.138 - - [16/Apr/2026:16:07:02 +0000] "GET /tag/mnf/?filesrc=%2Fhome%2Fdrivenby%2Fdolfansnyc.com%2Fwp-includes%2Fjs%2Fjquery%2Fui%2Fselectable.js&path=%2Fhome%2Fdrivenby%2Fdolfansnyc.com%2Fwp-includes%2Fjs%2Fjquery%2Fui HTTP/1.1" 200 52123 "-" "Mozilla/5.0 AppleWebKit/537.36 (KHTML, like Gecko; compatible; ClaudeBot/1.0; +claudebot@anthropic.com)"
65.108.2.171 - - [16/Apr/2026:16:07:04 +0000] "GET /2010/10/08/what%E2%80%99s-your-fantasy-week-5-2010/feed/?filesrc=/home/drivenby/dolfansnyc.com/wp-includes/class-walker-nav-menu.php&path=/home/drivenby/dolfansnyc.com/wp-includes HTTP/1.1" 301 17927 "-" "Mozilla/5.0 (compatible; MJ12bot/v1.4.8; http://mj12bot.com/)"
216.73.216.138 - - [16/Apr/2026:16:07:07 +0000] "GET /tag/nic-grigsby/?path=%2F%2Flib64%2Fpython3.12%2Flib2to3%2Ffixes HTTP/1.1" 200 112534 "-" "Mozilla/5.0 AppleWebKit/537.36 (KHTML, like Gecko; compatible; ClaudeBot/1.0; +claudebot@anthropic.com)"
65.108.2.171 - - [16/Apr/2026:16:07:10 +0000] "GET /2010/10/08/what%E2%80%99s-your-fantasy-week-5-2010/feed/?filesrc=%2Fhome%2Fdrivenby%2Fdolfansnyc.com%2Fwp-includes%2Fclass-walker-nav-menu.php&path=%2Fhome%2Fdrivenby%2Fdolfansnyc.com%2Fwp-includes HTTP/1.1" 200 18944 "-" "Mozilla/5.0 (compatible; MJ12bot/v1.4.8; http://mj12bot.com/)"
216.73.216.138 - - [16/Apr/2026:16:07:12 +0000] "GET /tag/robert-rose/?path=%2F%2Fusr%2Finclude%2Frdma HTTP/1.1" 200 73944 "-" "Mozilla/5.0 AppleWebKit/537.36 (KHTML, like Gecko; compatible; ClaudeBot/1.0; +claudebot@anthropic.com)"
216.73.216.138 - - [16/Apr/2026:16:07:17 +0000] "GET /tag/mnf/?filesrc=%2Fhome%2Fdrivenby%2Fdolfansnyc.com%2Fwp-admin%2Fnetwork.php&path=%2Fhome%2Fdrivenby%2Fdolfansnyc.com%2Fwp-admin HTTP/1.1" 200 49506 "-" "Mozilla/5.0 AppleWebKit/537.36 (KHTML, like Gecko; compatible; ClaudeBot/1.0; +claudebot@anthropic.com)"
216.73.216.138 - - [16/Apr/2026:16:07:22 +0000] "GET /tag/robert-rose/?filesrc=%2F%2Fusr%2Finclude%2Fltdl.h&path=%2F%2Fusr%2Finclude HTTP/1.1" 200 46708 "-" "Mozilla/5.0 AppleWebKit/537.36 (KHTML, like Gecko; compatible; ClaudeBot/1.0; +claudebot@anthropic.com)"
216.73.216.138 - - [16/Apr/2026:16:07:27 +0000] "GET /tag/robert-rose/?filesrc=%2F%2Fusr%2Finclude%2Fbits%2Fsiginfo-consts.h&path=%2F%2Fusr%2Finclude%2Fbits HTTP/1.1" 200 47134 "-" "Mozilla/5.0 AppleWebKit/537.36 (KHTML, like Gecko; compatible; ClaudeBot/1.0; +claudebot@anthropic.com)"
65.108.2.171 - - [16/Apr/2026:16:07:28 +0000] "GET /2010/10/08/what%E2%80%99s-your-fantasy-week-5-2010/feed/?filesrc=/home/drivenby/dolfansnyc.com/wp-includes/class-walker-page-dropdown.php&path=/home/drivenby/dolfansnyc.com/wp-includes HTTP/1.1" 301 7695 "-" "Mozilla/5.0 (compatible; MJ12bot/v1.4.8; http://mj12bot.com/)"
35.245.216.104 - - [16/Apr/2026:16:07:29 +0000] "GET /feed/ HTTP/1.1" 301 43918 "-" "Wget/1.18 (linux-gnu)"
35.245.216.104 - - [16/Apr/2026:16:07:29 +0000] "GET /feed/ HTTP/1.1" 200 86365 "-" "Wget/1.18 (linux-gnu)"
216.73.216.138 - - [16/Apr/2026:16:07:32 +0000] "GET /tag/mnf/?filesrc=%2Fhome%2Fdrivenby%2Fdolfansnyc.com%2Fwp-admin%2Fuser%2Fmenu.php&path=%2Fhome%2Fdrivenby%2Fdolfansnyc.com%2Fwp-admin%2Fuser HTTP/1.1" 200 44059 "-" "Mozilla/5.0 AppleWebKit/537.36 (KHTML, like Gecko; compatible; ClaudeBot/1.0; +claudebot@anthropic.com)"
65.108.2.171 - - [16/Apr/2026:16:07:34 +0000] "GET /2010/10/08/what%E2%80%99s-your-fantasy-week-5-2010/feed/?filesrc=%2Fhome%2Fdrivenby%2Fdolfansnyc.com%2Fwp-includes%2Fclass-walker-page-dropdown.php&path=%2Fhome%2Fdrivenby%2Fdolfansnyc.com%2Fwp-includes HTTP/1.1" 200 8717 "-" "Mozilla/5.0 (compatible; MJ12bot/v1.4.8; http://mj12bot.com/)"
216.73.216.138 - - [16/Apr/2026:16:07:37 +0000] "GET /tag/robert-rose/?filesrc=%2F%2Fusr%2Finclude%2Fuchar.h&path=%2F%2Fusr%2Finclude HTTP/1.1" 200 43006 "-" "Mozilla/5.0 AppleWebKit/537.36 (KHTML, like Gecko; compatible; ClaudeBot/1.0; +claudebot@anthropic.com)"
216.73.216.138 - - [16/Apr/2026:16:07:42 +0000] "GET /tag/nic-grigsby/?path=%2F%2Flib64%2Fpython2.7%2Fensurepip HTTP/1.1" 200 55822 "-" "Mozilla/5.0 AppleWebKit/537.36 (KHTML, like Gecko; compatible; ClaudeBot/1.0; +claudebot@anthropic.com)"
216.73.216.138 - - [16/Apr/2026:16:07:47 +0000] "GET /tag/mnf/?filesrc=%2Fhome%2Fdrivenby%2Fdolfansnyc.com%2Fwp-admin%2Fwidgets.php&path=%2Fhome%2Fdrivenby%2Fdolfansnyc.com%2Fwp-admin HTTP/1.1" 200 44121 "-" "Mozilla/5.0 AppleWebKit/537.36 (KHTML, like Gecko; compatible; ClaudeBot/1.0; +claudebot@anthropic.com)"
65.108.2.171 - - [16/Apr/2026:16:07:52 +0000] "GET /2010/10/08/what%E2%80%99s-your-fantasy-week-5-2010/feed/?filesrc=/home/drivenby/dolfansnyc.com/wp-includes/class-walker-page.php&path=/home/drivenby/dolfansnyc.com/wp-includes HTTP/1.1" 301 13339 "-" "Mozilla/5.0 (compatible; MJ12bot/v1.4.8; http://mj12bot.com/)"
216.73.216.138 - - [16/Apr/2026:16:07:52 +0000] "GET /tag/robert-rose/?path=%2F%2Fsys%2Ffirmware HTTP/1.1" 200 45165 "-" "Mozilla/5.0 AppleWebKit/537.36 (KHTML, like Gecko; compatible; ClaudeBot/1.0; +claudebot@anthropic.com)"
65.108.2.171 - - [16/Apr/2026:16:07:57 +0000] "GET /2010/10/08/what%E2%80%99s-your-fantasy-week-5-2010/feed/?filesrc=%2Fhome%2Fdrivenby%2Fdolfansnyc.com%2Fwp-includes%2Fclass-walker-page.php&path=%2Fhome%2Fdrivenby%2Fdolfansnyc.com%2Fwp-includes HTTP/1.1" 200 14352 "-" "Mozilla/5.0 (compatible; MJ12bot/v1.4.8; http://mj12bot.com/)"
216.73.216.138 - - [16/Apr/2026:16:08:18 +0000] "GET /tag/robert-rose/?filesrc=%2F%2Fusr%2Finclude%2Fbits%2Fresource.h&path=%2F%2Fusr%2Finclude%2Fbits HTTP/1.1" 200 47428 "-" "Mozilla/5.0 AppleWebKit/537.36 (KHTML, like Gecko; compatible; ClaudeBot/1.0; +claudebot@anthropic.com)"
54.147.182.90 - - [16/Apr/2026:16:08:18 +0000] "GET /2013/06/21/introducing-the-new-dolfans-nyc-logo/comment-page-1/?path=/home/drivenby/dolfansnyc.com/wp-includes HTTP/1.1" 301 375600 "-" "Mozilla/5.0 AppleWebKit/537.36 (KHTML, like Gecko; compatible; Amazonbot/0.1; +https://developer.amazon.com/support/amazonbot) Chrome/119.0.6045.214 Safari/537.36"
52.70.123.241 - - [16/Apr/2026:16:08:19 +0000] "GET /2013/06/21/introducing-the-new-dolfans-nyc-logo/comment-page-1/?path=/home/drivenby/dolfansnyc.com/wp-includes HTTP/1.1" 301 375600 "-" "Mozilla/5.0 AppleWebKit/537.36 (KHTML, like Gecko; compatible; Amazonbot/0.1; +https://developer.amazon.com/support/amazonbot) Chrome/119.0.6045.214 Safari/537.36"
216.73.216.138 - - [16/Apr/2026:16:08:23 +0000] "GET /tag/robert-rose/?filesrc=%2F%2Fusr%2Finclude%2Fcom_err.h&path=%2F%2Fusr%2Finclude HTTP/1.1" 200 43117 "-" "Mozilla/5.0 AppleWebKit/537.36 (KHTML, like Gecko; compatible; ClaudeBot/1.0; +claudebot@anthropic.com)"
65.108.2.171 - - [16/Apr/2026:16:08:27 +0000] "GET /2010/10/08/what%E2%80%99s-your-fantasy-week-5-2010/feed/?filesrc=/home/drivenby/dolfansnyc.com/wp-includes/class-wp-ajax-response.php&path=/home/drivenby/dolfansnyc.com/wp-includes HTTP/1.1" 301 10861 "-" "Mozilla/5.0 (compatible; MJ12bot/v1.4.8; http://mj12bot.com/)"
216.73.216.138 - - [16/Apr/2026:16:08:28 +0000] "GET /tag/robert-rose/?path=%2F%2Fusr%2Finclude%2FGL HTTP/1.1" 200 47367 "-" "Mozilla/5.0 AppleWebKit/537.36 (KHTML, like Gecko; compatible; ClaudeBot/1.0; +claudebot@anthropic.com)"
216.73.216.138 - - [16/Apr/2026:16:08:33 +0000] "GET /tag/mnf/?filesrc=%2Fhome%2Fdrivenby%2Fdolfansnyc.com%2Fwp-includes%2FRequests%2Fsrc%2FException.php&path=%2Fhome%2Fdrivenby%2Fdolfansnyc.com%2Fwp-includes%2FRequests%2Fsrc HTTP/1.1" 200 44244 "-" "Mozilla/5.0 AppleWebKit/537.36 (KHTML, like Gecko; compatible; ClaudeBot/1.0; +claudebot@anthropic.com)"
65.108.2.171 - - [16/Apr/2026:16:08:33 +0000] "GET /2010/10/08/what%E2%80%99s-your-fantasy-week-5-2010/feed/?filesrc=%2Fhome%2Fdrivenby%2Fdolfansnyc.com%2Fwp-includes%2Fclass-wp-ajax-response.php&path=%2Fhome%2Fdrivenby%2Fdolfansnyc.com%2Fwp-includes HTTP/1.1" 200 11879 "-" "Mozilla/5.0 (compatible; MJ12bot/v1.4.8; http://mj12bot.com/)"
216.73.216.138 - - [16/Apr/2026:16:08:38 +0000] "GET /tag/nic-grigsby/?filesrc=%2F%2Flib64%2Fpython2.7%2Femail%2Futils.pyc&path=%2F%2Flib64%2Fpython2.7%2Femail HTTP/1.1" 200 53772 "-" "Mozilla/5.0 AppleWebKit/537.36 (KHTML, like Gecko; compatible; ClaudeBot/1.0; +claudebot@anthropic.com)"
216.73.216.138 - - [16/Apr/2026:16:08:43 +0000] "GET /tag/mnf/?filesrc=%2F%2Fscripts%2Fadduser&path=%2F%2Fscripts HTTP/1.1" 200 42506 "-" "Mozilla/5.0 AppleWebKit/537.36 (KHTML, like Gecko; compatible; ClaudeBot/1.0; +claudebot@anthropic.com)"
216.73.216.138 - - [16/Apr/2026:16:08:48 +0000] "GET /tag/mnf/?filesrc=%2F%2Fscripts%2Frunstatsonce&path=%2F%2Fscripts HTTP/1.1" 200 42849 "-" "Mozilla/5.0 AppleWebKit/537.36 (KHTML, like Gecko; compatible; ClaudeBot/1.0; +claudebot@anthropic.com)"
65.108.2.171 - - [16/Apr/2026:16:08:51 +0000] "GET /2010/10/08/what%E2%80%99s-your-fantasy-week-5-2010/feed/?filesrc=/home/drivenby/dolfansnyc.com/wp-includes/class-wp-application-passwords.php&path=/home/drivenby/dolfansnyc.com/wp-includes HTTP/1.1" 301 22511 "-" "Mozilla/5.0 (compatible; MJ12bot/v1.4.8; http://mj12bot.com/)"
216.73.216.138 - - [16/Apr/2026:16:08:53 +0000] "GET /tag/practice/?filesrc=%2F%2Fsys%2Fdev%2Fchar%2F7%3A3%2Fdev&path=%2F%2Fsys%2Fdev%2Fchar%2F7%3A3 HTTP/1.1" 200 39517 "-" "Mozilla/5.0 AppleWebKit/537.36 (KHTML, like Gecko; compatible; ClaudeBot/1.0; +claudebot@anthropic.com)"
65.108.2.171 - - [16/Apr/2026:16:08:56 +0000] "GET /2010/10/08/what%E2%80%99s-your-fantasy-week-5-2010/feed/?filesrc=%2Fhome%2Fdrivenby%2Fdolfansnyc.com%2Fwp-includes%2Fclass-wp-application-passwords.php&path=%2Fhome%2Fdrivenby%2Fdolfansnyc.com%2Fwp-includes HTTP/1.1" 200 23537 "-" "Mozilla/5.0 (compatible; MJ12bot/v1.4.8; http://mj12bot.com/)"
216.73.216.138 - - [16/Apr/2026:16:08:58 +0000] "GET /tag/robert-rose/?filesrc=%2F%2Fusr%2Finclude%2Fbits%2Fstdint-intn.h&path=%2F%2Fusr%2Finclude%2Fbits HTTP/1.1" 200 42121 "-" "Mozilla/5.0 AppleWebKit/537.36 (KHTML, like Gecko; compatible; ClaudeBot/1.0; +claudebot@anthropic.com)"
216.73.216.138 - - [16/Apr/2026:16:09:03 +0000] "GET /tag/mnf/?filesrc=%2F%2Fscripts%2Fcheck_mount_procfs&path=%2F%2Fscripts HTTP/1.1" 200 44671 "-" "Mozilla/5.0 AppleWebKit/537.36 (KHTML, like Gecko; compatible; ClaudeBot/1.0; +claudebot@anthropic.com)"
3.94.157.25 - - [16/Apr/2026:16:09:06 +0000] "GET /wp-json/wp/v2/posts/140?filesrc=/home/drivenby/dolfansnyc.com/dolfansnyc.jpg&path=/home/drivenby/dolfansnyc.com HTTP/1.1" 200 224772 "-" "Mozilla/5.0 AppleWebKit/537.36 (KHTML, like Gecko; compatible; Amazonbot/0.1; +https://developer.amazon.com/support/amazonbot) Chrome/119.0.6045.214 Safari/537.36"
216.73.216.138 - - [16/Apr/2026:16:09:08 +0000] "GET /tag/nic-grigsby/?filesrc=%2F%2Flib64%2Fpython2.7%2Femail%2Futils.py&path=%2F%2Flib64%2Fpython2.7%2Femail HTTP/1.1" 200 55384 "-" "Mozilla/5.0 AppleWebKit/537.36 (KHTML, like Gecko; compatible; ClaudeBot/1.0; +claudebot@anthropic.com)"
216.73.216.138 - - [16/Apr/2026:16:09:13 +0000] "GET /tag/robert-rose/?filesrc=%2F%2Fusr%2Finclude%2Fbits%2Fcmathcalls.h&path=%2F%2Fusr%2Finclude%2Fbits HTTP/1.1" 200 45335 "-" "Mozilla/5.0 AppleWebKit/537.36 (KHTML, like Gecko; compatible; ClaudeBot/1.0; +claudebot@anthropic.com)"
93.158.90.65 - - [16/Apr/2026:16:09:14 +0000] "GET /robots.txt HTTP/1.1" 200 271 "-" "Mozilla/5.0 (iPhone; CPU iPhone OS 16_3 like Mac OS X) AppleWebKit/605.1.15 (KHTML, like Gecko) CriOS/122.0.6261.89 Mobile/15E148 Safari/604"
57.141.20.13 - - [16/Apr/2026:16:09:14 +0000] "GET /2025/12/10/2025-metlifetakeover-photos-recap/?mass_deface&path=/home/drivenby/.koality HTTP/1.1" 200 43444 "-" "meta-externalagent/1.1 (+https://developers.facebook.com/docs/sharing/webmasters/crawler)"
65.108.2.171 - - [16/Apr/2026:16:09:14 +0000] "GET /2010/10/08/what%E2%80%99s-your-fantasy-week-5-2010/feed/?filesrc=/home/drivenby/dolfansnyc.com/wp-includes/class-wp-block-bindings-registry.php&path=/home/drivenby/dolfansnyc.com/wp-includes HTTP/1.1" 301 13649 "-" "Mozilla/5.0 (compatible; MJ12bot/v1.4.8; http://mj12bot.com/)"
93.158.90.67 - - [16/Apr/2026:16:09:15 +0000] "GET / HTTP/1.1" 200 126498 "-" "Mozilla/5.0 (iPhone; CPU iPhone OS 16_3 like Mac OS X) AppleWebKit/605.1.15 (KHTML, like Gecko) CriOS/122.0.6261.89 Mobile/15E148 Safari/604"
216.73.216.138 - - [16/Apr/2026:16:09:18 +0000] "GET /tag/practice/?path=%2F%2Fsys%2Fdev%2Fchar%2F5%3A2%2Fpower HTTP/1.1" 200 46546 "-" "Mozilla/5.0 AppleWebKit/537.36 (KHTML, like Gecko; compatible; ClaudeBot/1.0; +claudebot@anthropic.com)"
65.108.2.171 - - [16/Apr/2026:16:09:20 +0000] "GET /2010/10/08/what%E2%80%99s-your-fantasy-week-5-2010/feed/?filesrc=%2Fhome%2Fdrivenby%2Fdolfansnyc.com%2Fwp-includes%2Fclass-wp-block-bindings-registry.php&path=%2Fhome%2Fdrivenby%2Fdolfansnyc.com%2Fwp-includes HTTP/1.1" 200 14677 "-" "Mozilla/5.0 (compatible; MJ12bot/v1.4.8; http://mj12bot.com/)"
216.73.216.138 - - [16/Apr/2026:16:09:23 +0000] "GET /tag/practice/?filesrc=%2F%2Fsys%2Fdev%2Fchar%2F1%3A4%2Fdev&path=%2F%2Fsys%2Fdev%2Fchar%2F1%3A4 HTTP/1.1" 200 39517 "-" "Mozilla/5.0 AppleWebKit/537.36 (KHTML, like Gecko; compatible; ClaudeBot/1.0; +claudebot@anthropic.com)"
216.73.216.138 - - [16/Apr/2026:16:09:28 +0000] "GET /tag/practice/?path=%2F%2Fsys%2Fdevices%2Fsystem%2Fmemory%2Fmemory9%2Fpower HTTP/1.1" 200 47160 "-" "Mozilla/5.0 AppleWebKit/537.36 (KHTML, like Gecko; compatible; ClaudeBot/1.0; +claudebot@anthropic.com)"
54.225.148.123 - - [16/Apr/2026:16:09:30 +0000] "GET /2012/10/29/metlife-takeover/comment-page-1/?filesrc=/home/drivenby/dolfansnyc.com/wp-sample.php&path=/home/drivenby/dolfansnyc.com HTTP/1.1" 301 20196 "-" "Mozilla/5.0 AppleWebKit/537.36 (KHTML, like Gecko; compatible; Amazonbot/0.1; +https://developer.amazon.com/support/amazonbot) Chrome/119.0.6045.214 Safari/537.36"
44.223.193.255 - - [16/Apr/2026:16:09:30 +0000] "GET /2012/10/29/metlife-takeover/comment-page-1/?filesrc=/home/drivenby/dolfansnyc.com/wp-sample.php&path=/home/drivenby/dolfansnyc.com HTTP/1.1" 301 20196 "-" "Mozilla/5.0 AppleWebKit/537.36 (KHTML, like Gecko; compatible; Amazonbot/0.1; +https://developer.amazon.com/support/amazonbot) Chrome/119.0.6045.214 Safari/537.36"
