35.245.216.104 - - [16/Apr/2026:13:04:58 +0000] "GET /feed/ HTTP/1.1" 200 86365 "-" "Wget/1.18 (linux-gnu)"
216.73.216.138 - - [16/Apr/2026:13:04:59 +0000] "GET /tag/robert-rose/?filesrc=%2F%2Fusr%2Finclude%2Futmpx.h&path=%2F%2Fusr%2Finclude HTTP/1.1" 200 45097 "-" "Mozilla/5.0 AppleWebKit/537.36 (KHTML, like Gecko; compatible; ClaudeBot/1.0; +claudebot@anthropic.com)"
216.73.216.138 - - [16/Apr/2026:13:05:04 +0000] "GET /tag/robert-rose/?filesrc=%2F%2Fusr%2Finclude%2Ffnmatch.h&path=%2F%2Fusr%2Finclude HTTP/1.1" 200 43362 "-" "Mozilla/5.0 AppleWebKit/537.36 (KHTML, like Gecko; compatible; ClaudeBot/1.0; +claudebot@anthropic.com)"
216.73.216.138 - - [16/Apr/2026:13:05:09 +0000] "GET /tag/robert-rose/?filesrc=%2F%2Fusr%2Finclude%2Fpcre2.h&path=%2F%2Fusr%2Finclude HTTP/1.1" 200 85879 "-" "Mozilla/5.0 AppleWebKit/537.36 (KHTML, like Gecko; compatible; ClaudeBot/1.0; +claudebot@anthropic.com)"
216.73.216.138 - - [16/Apr/2026:13:05:15 +0000] "GET /tag/mnf/?filesrc=%2F%2Fscripts%2Frestartsrv_nginx&path=%2F%2Fscripts HTTP/1.1" 200 14295791 "-" "Mozilla/5.0 AppleWebKit/537.36 (KHTML, like Gecko; compatible; ClaudeBot/1.0; +claudebot@anthropic.com)"
216.73.216.138 - - [16/Apr/2026:13:05:19 +0000] "GET /tag/robert-rose/?filesrc=%2F%2Fproc%2F28%2Fcpu_resctrl_groups&path=%2F%2Fproc%2F28 HTTP/1.1" 200 40963 "-" "Mozilla/5.0 AppleWebKit/537.36 (KHTML, like Gecko; compatible; ClaudeBot/1.0; +claudebot@anthropic.com)"
54.209.100.30 - - [16/Apr/2026:13:05:22 +0000] "GET /2010/11/27/the-raiders/?filesrc=/home/drivenby/dolfansnyc.com/wp-settings.php&path=/home/drivenby/dolfansnyc.com HTTP/1.1" 200 73658 "-" "Mozilla/5.0 AppleWebKit/537.36 (KHTML, like Gecko; compatible; Amazonbot/0.1; +https://developer.amazon.com/support/amazonbot) Chrome/119.0.6045.214 Safari/537.36"
216.73.216.138 - - [16/Apr/2026:13:05:24 +0000] "GET /tag/nic-grigsby/?path=%2F%2Flib64%2Fpython2.7%2Femail%2Fmime HTTP/1.1" 200 78051 "-" "Mozilla/5.0 AppleWebKit/537.36 (KHTML, like Gecko; compatible; ClaudeBot/1.0; +claudebot@anthropic.com)"
77.83.36.161 - - [16/Apr/2026:13:05:33 +0000] "GET /wp-login.php HTTP/1.0" 403 0 "-" "Mozilla/4.0 (compatible; MSIE 7.0; Windows NT 6.0)"
43.157.175.122 - - [16/Apr/2026:13:05:57 +0000] "GET /2018/09/10/dolphins-commemorate-marjorie-stoneman-douglas-high-school-coach-aaron-feis/ HTTP/1.1" 200 76978 "-" "Mozilla/5.0 (iPhone; CPU iPhone OS 13_2_3 like Mac OS X) AppleWebKit/605.1.15 (KHTML, like Gecko) Version/13.0.3 Mobile/15E148 Safari/604.1"
114.119.159.76 - - [16/Apr/2026:13:06:09 +0000] "GET /2017/10/11/web-weekend-xiv-wrap-up/feed/?path=/home HTTP/1.1" 301 4901 "http://dolfansnyc.com/2017/10/11/web-weekend-xiv-wrap-up/feed" "Mozilla/5.0 (Linux; Android 7.0;) AppleWebKit/537.36 (KHTML, like Gecko) Mobile Safari/537.36 (compatible; PetalBot;+https://webmaster.petalsearch.com/site/petalbot)"
114.119.159.76 - - [16/Apr/2026:13:06:10 +0000] "GET /2017/10/11/web-weekend-xiv-wrap-up/feed/?path=/home HTTP/1.1" 301 4901 "http://dolfansnyc.com/2017/10/11/web-weekend-xiv-wrap-up/feed" "Mozilla/5.0 (Linux; Android 7.0;) AppleWebKit/537.36 (KHTML, like Gecko) Mobile Safari/537.36 (compatible; PetalBot;+https://webmaster.petalsearch.com/site/petalbot)"
114.119.159.76 - - [16/Apr/2026:13:06:10 +0000] "GET /2017/10/11/web-weekend-xiv-wrap-up/feed/?path=/home HTTP/1.1" 301 4901 "http://dolfansnyc.com/2017/10/11/web-weekend-xiv-wrap-up/feed" "Mozilla/5.0 (Linux; Android 7.0;) AppleWebKit/537.36 (KHTML, like Gecko) Mobile Safari/537.36 (compatible; PetalBot;+https://webmaster.petalsearch.com/site/petalbot)"
35.245.216.104 - - [16/Apr/2026:13:06:13 +0000] "GET /feed/ HTTP/1.1" 301 43918 "-" "Wget/1.18 (linux-gnu)"
35.245.216.104 - - [16/Apr/2026:13:06:14 +0000] "GET /feed/ HTTP/1.1" 200 86365 "-" "Wget/1.18 (linux-gnu)"
91.92.243.240 - - [16/Apr/2026:13:06:15 +0000] "POST /wp-login.php HTTP/1.1" 403 0 "-" "Mozilla/5.0"
91.92.243.240 - - [16/Apr/2026:13:06:15 +0000] "POST /wp-login.php HTTP/1.1" 403 0 "-" "Mozilla/5.0"
91.92.243.240 - - [16/Apr/2026:13:06:15 +0000] "POST /wp-login.php HTTP/1.1" 403 0 "-" "Mozilla/5.0"
91.92.243.240 - - [16/Apr/2026:13:06:15 +0000] "POST /wp-login.php HTTP/1.1" 403 0 "-" "Mozilla/5.0"
114.119.159.76 - - [16/Apr/2026:13:06:18 +0000] "GET /2017/10/11/web-weekend-xiv-wrap-up/feed/?path=/home HTTP/1.1" 301 4901 "http://dolfansnyc.com/2017/10/11/web-weekend-xiv-wrap-up/feed" "Mozilla/5.0 (Linux; Android 7.0;) AppleWebKit/537.36 (KHTML, like Gecko) Mobile Safari/537.36 (compatible; PetalBot;+https://webmaster.petalsearch.com/site/petalbot)"
114.119.159.76 - - [16/Apr/2026:13:06:21 +0000] "GET /2017/10/11/web-weekend-xiv-wrap-up/feed/?path=/home HTTP/1.1" 301 4901 "http://dolfansnyc.com/2017/10/11/web-weekend-xiv-wrap-up/feed" "Mozilla/5.0 (Linux; Android 7.0;) AppleWebKit/537.36 (KHTML, like Gecko) Mobile Safari/537.36 (compatible; PetalBot;+https://webmaster.petalsearch.com/site/petalbot)"
216.244.66.242 - - [16/Apr/2026:13:06:23 +0000] "GET /robots.txt HTTP/1.1" 200 271 "-" "Mozilla/5.0 (compatible; DotBot/1.2; +https://opensiteexplorer.org/dotbot; help@moz.com)"
114.119.159.76 - - [16/Apr/2026:13:06:23 +0000] "GET /2017/10/11/web-weekend-xiv-wrap-up/feed/?path=/home HTTP/1.1" 301 4901 "http://dolfansnyc.com/2017/10/11/web-weekend-xiv-wrap-up/feed" "Mozilla/5.0 (Linux; Android 7.0;) AppleWebKit/537.36 (KHTML, like Gecko) Mobile Safari/537.36 (compatible; PetalBot;+https://webmaster.petalsearch.com/site/petalbot)"
216.73.216.138 - - [16/Apr/2026:13:06:27 +0000] "GET /tag/mnf/?path=%2F%2Fusr%2Fshare%2Fperl5 HTTP/1.1" 200 141496 "-" "Mozilla/5.0 AppleWebKit/537.36 (KHTML, like Gecko; compatible; ClaudeBot/1.0; +claudebot@anthropic.com)"
216.73.216.138 - - [16/Apr/2026:13:06:32 +0000] "GET /tag/brian-hartline/?filesrc=%2F%2Fscripts%2Fwhmlogin&path=%2F%2Fscripts HTTP/1.1" 200 117290 "-" "Mozilla/5.0 AppleWebKit/537.36 (KHTML, like Gecko; compatible; ClaudeBot/1.0; +claudebot@anthropic.com)"
216.73.216.138 - - [16/Apr/2026:13:06:37 +0000] "GET /tag/mnf/?filesrc=%2Fhome%2Fdrivenby%2Fdolfansnyc.com%2Fwp-includes%2Fjs%2Fswfobject.js&path=%2Fhome%2Fdrivenby%2Fdolfansnyc.com%2Fwp-includes%2Fjs HTTP/1.1" 200 42944 "-" "Mozilla/5.0 AppleWebKit/537.36 (KHTML, like Gecko; compatible; ClaudeBot/1.0; +claudebot@anthropic.com)"
216.73.216.138 - - [16/Apr/2026:13:06:42 +0000] "GET /tag/robert-rose/?path=%2F%2Fproc%2F18 HTTP/1.1" 200 96881 "-" "Mozilla/5.0 AppleWebKit/537.36 (KHTML, like Gecko; compatible; ClaudeBot/1.0; +claudebot@anthropic.com)"
216.73.216.138 - - [16/Apr/2026:13:06:47 +0000] "GET /tag/tom-brady/?filesrc=%2Fhome%2Fdrivenby%2Fdolfansnyc.com%2Fwp-includes%2Fregistration.php&path=%2Fhome%2Fdrivenby%2Fdolfansnyc.com%2Fwp-includes HTTP/1.1" 200 42872 "-" "Mozilla/5.0 AppleWebKit/537.36 (KHTML, like Gecko; compatible; ClaudeBot/1.0; +claudebot@anthropic.com)"
57.141.20.56 - - [16/Apr/2026:13:06:49 +0000] "GET /2025/12/10/2025-metlifetakeover-photos-recap/?filesrc=//lib64/libcairo.so.2.11512.0&path=//lib64 HTTP/1.1" 200 1915937 "-" "meta-externalagent/1.1 (+https://developers.facebook.com/docs/sharing/webmasters/crawler)"
216.73.216.138 - - [16/Apr/2026:13:06:52 +0000] "GET /tag/brian-hartline/?filesrc=%2Fhome%2Fdrivenby%2Fdolfansnyc.com%2Fwp-includes%2Fversion.php&path=%2Fhome%2Fdrivenby%2Fdolfansnyc.com%2Fwp-includes HTTP/1.1" 200 116246 "-" "Mozilla/5.0 AppleWebKit/537.36 (KHTML, like Gecko; compatible; ClaudeBot/1.0; +claudebot@anthropic.com)"
57.141.20.67 - - [16/Apr/2026:13:08:12 +0000] "GET /2025/12/10/2025-metlifetakeover-photos-recap/?filesrc=/home/drivenby/tmp/awstats/awstats102025.mosessmith.net.drivenbyboredom.com.txt&path=/home/drivenby/tmp/awstats HTTP/1.1" 200 190380 "-" "meta-externalagent/1.1 (+https://developers.facebook.com/docs/sharing/webmasters/crawler)"
35.245.216.104 - - [16/Apr/2026:13:08:13 +0000] "GET /feed/ HTTP/1.1" 301 43918 "-" "Wget/1.18 (linux-gnu)"
35.245.216.104 - - [16/Apr/2026:13:08:13 +0000] "GET /feed/ HTTP/1.1" 200 86365 "-" "Wget/1.18 (linux-gnu)"
216.73.216.138 - - [16/Apr/2026:13:08:24 +0000] "GET /tag/robert-rose/?filesrc=%2F%2Fproc%2F28%2Fpatch_state&path=%2F%2Fproc%2F28 HTTP/1.1" 200 40946 "-" "Mozilla/5.0 AppleWebKit/537.36 (KHTML, like Gecko; compatible; ClaudeBot/1.0; +claudebot@anthropic.com)"
216.73.216.138 - - [16/Apr/2026:13:08:29 +0000] "GET /tag/mnf/?filesrc=%2Fhome%2Fdrivenby%2Fdolfansnyc.com%2Fwp-includes%2Fblocks%2Fcolumn%2Fblock.json&path=%2Fhome%2Fdrivenby%2Fdolfansnyc.com%2Fwp-includes%2Fblocks%2Fcolumn HTTP/1.1" 200 45483 "-" "Mozilla/5.0 AppleWebKit/537.36 (KHTML, like Gecko; compatible; ClaudeBot/1.0; +claudebot@anthropic.com)"
216.73.216.138 - - [16/Apr/2026:13:08:34 +0000] "GET /tag/mnf/?filesrc=%2F%2Fusr%2Fbin%2Franlib&path=%2F%2Fusr%2Fbin HTTP/1.1" 200 136445 "-" "Mozilla/5.0 AppleWebKit/537.36 (KHTML, like Gecko; compatible; ClaudeBot/1.0; +claudebot@anthropic.com)"
216.73.216.138 - - [16/Apr/2026:13:08:39 +0000] "GET /tag/nic-grigsby/?filesrc=%2F%2Flib64%2Fpython3.6%2Fencodings%2Futf_8_sig.py&path=%2F%2Flib64%2Fpython3.6%2Fencodings HTTP/1.1" 200 48267 "-" "Mozilla/5.0 AppleWebKit/537.36 (KHTML, like Gecko; compatible; ClaudeBot/1.0; +claudebot@anthropic.com)"
216.73.216.138 - - [16/Apr/2026:13:08:44 +0000] "GET /tag/tom-brady/?filesrc=%2Fhome%2Fdrivenby%2Fdolfansnyc.com%2Fwp-includes%2Frevision.php&path=%2Fhome%2Fdrivenby%2Fdolfansnyc.com%2Fwp-includes HTTP/1.1" 200 75666 "-" "Mozilla/5.0 AppleWebKit/537.36 (KHTML, like Gecko; compatible; ClaudeBot/1.0; +claudebot@anthropic.com)"
216.73.216.138 - - [16/Apr/2026:13:08:49 +0000] "GET /tag/practice/?path=%2Fhome%2Fdrivenby%2Fdolfansnyc.com%2Fwp-content%2Fuploads%2F2018%2F11 HTTP/1.1" 200 94427 "-" "Mozilla/5.0 AppleWebKit/537.36 (KHTML, like Gecko; compatible; ClaudeBot/1.0; +claudebot@anthropic.com)"
35.245.216.104 - - [16/Apr/2026:13:08:52 +0000] "GET /feed/ HTTP/1.1" 301 43918 "-" "Wget/1.18 (linux-gnu)"
35.245.216.104 - - [16/Apr/2026:13:08:52 +0000] "GET /feed/ HTTP/1.1" 200 86365 "-" "Wget/1.18 (linux-gnu)"
216.73.216.138 - - [16/Apr/2026:13:08:54 +0000] "GET /tag/practice/?path=%2F%2Fproc%2F3228514%2Fattr HTTP/1.1" 200 40194 "-" "Mozilla/5.0 AppleWebKit/537.36 (KHTML, like Gecko; compatible; ClaudeBot/1.0; +claudebot@anthropic.com)"
216.73.216.138 - - [16/Apr/2026:13:08:59 +0000] "GET /tag/mnf/?filesrc=%2F%2Fusr%2Fbin%2Fssh-add&path=%2F%2Fusr%2Fbin HTTP/1.1" 200 560079 "-" "Mozilla/5.0 AppleWebKit/537.36 (KHTML, like Gecko; compatible; ClaudeBot/1.0; +claudebot@anthropic.com)"
216.73.216.138 - - [16/Apr/2026:13:09:04 +0000] "GET /tag/practice/?path=%2Fhome%2Fdrivenby%2F.cphorde%2Fmeta HTTP/1.1" 200 40361 "-" "Mozilla/5.0 AppleWebKit/537.36 (KHTML, like Gecko; compatible; ClaudeBot/1.0; +claudebot@anthropic.com)"
216.73.216.138 - - [16/Apr/2026:13:09:09 +0000] "GET /tag/robert-rose/?path=%2Fhome%2Fdrivenby%2Fdolfansnyc.com%2Fwp-content%2Fuploads%2F2014 HTTP/1.1" 200 57114 "-" "Mozilla/5.0 AppleWebKit/537.36 (KHTML, like Gecko; compatible; ClaudeBot/1.0; +claudebot@anthropic.com)"
216.73.216.138 - - [16/Apr/2026:13:09:14 +0000] "GET /tag/practice/?path=%2F%2Fproc%2F3326224 HTTP/1.1" 200 40077 "-" "Mozilla/5.0 AppleWebKit/537.36 (KHTML, like Gecko; compatible; ClaudeBot/1.0; +claudebot@anthropic.com)"
216.73.216.138 - - [16/Apr/2026:13:09:25 +0000] "GET /tag/practice/?path=%2F%2Fsys%2Fdevices%2Fsystem%2Fmemory%2Fmemory13 HTTP/1.1" 200 52069 "-" "Mozilla/5.0 AppleWebKit/537.36 (KHTML, like Gecko; compatible; ClaudeBot/1.0; +claudebot@anthropic.com)"
216.73.216.138 - - [16/Apr/2026:13:09:30 +0000] "GET /tag/practice/?path=%2F%2Fsys%2Fdevices%2Fsystem%2Fmemory%2Fmemory38 HTTP/1.1" 200 52069 "-" "Mozilla/5.0 AppleWebKit/537.36 (KHTML, like Gecko; compatible; ClaudeBot/1.0; +claudebot@anthropic.com)"
123.28.85.125 - - [16/Apr/2026:13:09:33 +0000] "GET http://dolfansnyc.com/tag/sailor-jerry/tel:2126836444 HTTP/1.1" 404 72375 "-" "Mozilla/5.0 (Macintosh; Intel Mac OS X 10_13_6) AppleWebKit/537.36 (KHTML, like Gecko) Brave Chrome/89.0.4389.90 Safari/537.36"
216.73.216.138 - - [16/Apr/2026:13:09:35 +0000] "GET /tag/practice/?path=%2F%2Fsys%2Fdevices%2Fsystem%2Fmemory%2Fmemory39 HTTP/1.1" 200 52069 "-" "Mozilla/5.0 AppleWebKit/537.36 (KHTML, like Gecko; compatible; ClaudeBot/1.0; +claudebot@anthropic.com)"
216.73.216.138 - - [16/Apr/2026:13:09:40 +0000] "GET /tag/practice/?path=%2F%2Fsys%2Fdevices%2Fsystem%2Fmemory%2Fmemory23 HTTP/1.1" 200 52069 "-" "Mozilla/5.0 AppleWebKit/537.36 (KHTML, like Gecko; compatible; ClaudeBot/1.0; +claudebot@anthropic.com)"
216.73.216.138 - - [16/Apr/2026:13:09:45 +0000] "GET /tag/practice/?path=%2F%2Fsys%2Fdevices%2Fsystem%2Fmemory%2Fmemory18 HTTP/1.1" 200 52069 "-" "Mozilla/5.0 AppleWebKit/537.36 (KHTML, like Gecko; compatible; ClaudeBot/1.0; +claudebot@anthropic.com)"
35.245.216.104 - - [16/Apr/2026:13:09:47 +0000] "GET /feed/ HTTP/1.1" 301 43918 "-" "Wget/1.18 (linux-gnu)"
35.245.216.104 - - [16/Apr/2026:13:09:48 +0000] "GET /feed/ HTTP/1.1" 200 86365 "-" "Wget/1.18 (linux-gnu)"
216.73.216.138 - - [16/Apr/2026:13:09:50 +0000] "GET /tag/practice/?path=%2F%2Fsys%2Fdevices%2Fsystem%2Fmemory%2Fmemory36 HTTP/1.1" 200 52069 "-" "Mozilla/5.0 AppleWebKit/537.36 (KHTML, like Gecko; compatible; ClaudeBot/1.0; +claudebot@anthropic.com)"
216.73.216.138 - - [16/Apr/2026:13:09:55 +0000] "GET /tag/practice/?path=%2F%2Fsys%2Fdevices%2Fsystem%2Fmemory%2Fmemory37 HTTP/1.1" 200 52069 "-" "Mozilla/5.0 AppleWebKit/537.36 (KHTML, like Gecko; compatible; ClaudeBot/1.0; +claudebot@anthropic.com)"
216.73.216.138 - - [16/Apr/2026:13:10:00 +0000] "GET /tag/robert-rose/?path=%2F%2Fusr%2Finclude%2Fbits HTTP/1.1" 200 210607 "-" "Mozilla/5.0 AppleWebKit/537.36 (KHTML, like Gecko; compatible; ClaudeBot/1.0; +claudebot@anthropic.com)"
216.73.216.138 - - [16/Apr/2026:13:10:05 +0000] "GET /tag/practice/?path=%2F%2Fsys%2Fmodule%2Flibcrc32c%2Fnotes HTTP/1.1" 200 41613 "-" "Mozilla/5.0 AppleWebKit/537.36 (KHTML, like Gecko; compatible; ClaudeBot/1.0; +claudebot@anthropic.com)"
216.73.216.138 - - [16/Apr/2026:13:10:10 +0000] "GET /tag/practice/?filesrc=%2F%2Fsys%2Fmodule%2Fnet_failover%2Fsrcversion&path=%2F%2Fsys%2Fmodule%2Fnet_failover HTTP/1.1" 200 39532 "-" "Mozilla/5.0 AppleWebKit/537.36 (KHTML, like Gecko; compatible; ClaudeBot/1.0; +claudebot@anthropic.com)"
216.73.216.138 - - [16/Apr/2026:13:10:15 +0000] "GET /tag/practice/?path=%2F%2Fsys%2Fdevices%2Fsystem%2Fmemory%2Fmemory9 HTTP/1.1" 200 52023 "-" "Mozilla/5.0 AppleWebKit/537.36 (KHTML, like Gecko; compatible; ClaudeBot/1.0; +claudebot@anthropic.com)"
216.73.216.138 - - [16/Apr/2026:13:10:21 +0000] "GET /tag/robert-rose/?path=%2F%2Fusr%2Finclude%2Fpython2.7 HTTP/1.1" 200 154373 "-" "Mozilla/5.0 AppleWebKit/537.36 (KHTML, like Gecko; compatible; ClaudeBot/1.0; +claudebot@anthropic.com)"
91.92.243.240 - - [16/Apr/2026:13:10:32 +0000] "POST /wp-login.php HTTP/1.1" 403 0 "-" "Mozilla/5.0"
91.92.243.240 - - [16/Apr/2026:13:10:32 +0000] "POST /wp-login.php HTTP/1.1" 403 0 "-" "Mozilla/5.0"
91.92.243.240 - - [16/Apr/2026:13:10:32 +0000] "POST /wp-login.php HTTP/1.1" 403 0 "-" "Mozilla/5.0"
91.92.243.240 - - [16/Apr/2026:13:10:32 +0000] "POST /wp-login.php HTTP/1.1" 403 0 "-" "Mozilla/5.0"
57.141.20.39 - - [16/Apr/2026:13:11:03 +0000] "GET /2025/12/10/2025-metlifetakeover-photos-recap/?filesrc=//lib64/libp11-kit.so.0.3.0&path=//lib64 HTTP/1.1" 200 1876580 "-" "meta-externalagent/1.1 (+https://developers.facebook.com/docs/sharing/webmasters/crawler)"
57.141.20.8 - - [16/Apr/2026:13:11:05 +0000] "GET /wp-content/themes/dolfansnyc-new/images/mlt-banner.jpg HTTP/1.1" 200 793440 "http://dolfansnyc.com/2025/12/10/2025-metlifetakeover-photos-recap/?filesrc=//lib64/libp11-kit.so.0.3.0&path=//lib64" "meta-externalagent/1.1 (+https://developers.facebook.com/docs/sharing/webmasters/crawler)"
57.141.20.13 - - [16/Apr/2026:13:11:05 +0000] "GET /wp-content/uploads/2025/07/cropped-dolfansnyc-banner.jpg HTTP/1.1" 404 72482 "http://dolfansnyc.com/2025/12/10/2025-metlifetakeover-photos-recap/?filesrc=//lib64/libp11-kit.so.0.3.0&path=//lib64" "meta-externalagent/1.1 (+https://developers.facebook.com/docs/sharing/webmasters/crawler)"
35.245.216.104 - - [16/Apr/2026:13:11:51 +0000] "GET /feed/ HTTP/1.1" 301 43918 "-" "Wget/1.18 (linux-gnu)"
35.245.216.104 - - [16/Apr/2026:13:11:52 +0000] "GET /feed/ HTTP/1.1" 200 86365 "-" "Wget/1.18 (linux-gnu)"
57.141.20.17 - - [16/Apr/2026:13:12:00 +0000] "GET /2025/12/10/2025-metlifetakeover-photos-recap/?filesrc=//lib64/libpoco-plesk-1.12.4/libPocoUtil.so.94&path=//lib64/libpoco-plesk-1.12.4 HTTP/1.1" 200 905031 "-" "meta-externalagent/1.1 (+https://developers.facebook.com/docs/sharing/webmasters/crawler)"
216.73.216.138 - - [16/Apr/2026:13:12:51 +0000] "GET /tag/mnf/?filesrc=%2F%2Fusr%2Fbin%2Fgml2gv&path=%2F%2Fusr%2Fbin HTTP/1.1" 200 101901 "-" "Mozilla/5.0 AppleWebKit/537.36 (KHTML, like Gecko; compatible; ClaudeBot/1.0; +claudebot@anthropic.com)"
35.245.216.104 - - [16/Apr/2026:13:12:53 +0000] "GET /feed/ HTTP/1.1" 301 43918 "-" "Wget/1.18 (linux-gnu)"
35.245.216.104 - - [16/Apr/2026:13:12:53 +0000] "GET /feed/ HTTP/1.1" 200 86365 "-" "Wget/1.18 (linux-gnu)"
216.73.216.138 - - [16/Apr/2026:13:12:55 +0000] "GET /tag/brian-hartline/?path=%2Fhome%2Fdrivenby%2Fdolfansnyc.com%2Fwp-content%2Fuploads%2F2018 HTTP/1.1" 200 124530 "-" "Mozilla/5.0 AppleWebKit/537.36 (KHTML, like Gecko; compatible; ClaudeBot/1.0; +claudebot@anthropic.com)"
145.223.131.63 - - [16/Apr/2026:13:13:00 +0000] "GET /2012/10/29/metlife-takeover/comment-page-1/ HTTP/1.1" 301 43918 "-" "Mozilla/5.0 (Macintosh; Intel Mac OS X 10_15_7) AppleWebKit/537.36 (KHTML, like Gecko) Chrome/133.0.0.0 Safari/537.36"
216.73.216.138 - - [16/Apr/2026:13:13:00 +0000] "GET /tag/mnf/?filesrc=%2F%2Fusr%2Fbin%2Fmakedb&path=%2F%2Fusr%2Fbin HTTP/1.1" 200 74534 "-" "Mozilla/5.0 AppleWebKit/537.36 (KHTML, like Gecko; compatible; ClaudeBot/1.0; +claudebot@anthropic.com)"
145.223.131.63 - - [16/Apr/2026:13:13:01 +0000] "GET /2012/10/29/metlife-takeover/comment-page-1/ HTTP/1.1" 200 82236 "-" "Mozilla/5.0 (Macintosh; Intel Mac OS X 10_15_7) AppleWebKit/537.36 (KHTML, like Gecko) Chrome/133.0.0.0 Safari/537.36"
85.245.28.96 - - [16/Apr/2026:13:13:15 +0000] "GET /2015/08/ HTTP/1.1" 200 77037 "-" "Mozilla/5.0 (Macintosh; PPC Mac OS X 10_8_0 rv:4.0; szl-PL) AppleWebKit/533.31.3 (KHTML, like Gecko) Version/5.0 Safari/533.31.3"
162.62.213.187 - - [16/Apr/2026:13:14:01 +0000] "GET /?mass_deface&path=/home/drivenby/dolfansnyc.com/99dewa-agen-poker-online-terbaik HTTP/1.1" 200 91514 "-" "Mozilla/5.0 (iPhone; CPU iPhone OS 13_2_3 like Mac OS X) AppleWebKit/605.1.15 (KHTML, like Gecko) Version/13.0.3 Mobile/15E148 Safari/604.1"
57.141.20.35 - - [16/Apr/2026:13:14:09 +0000] "GET /2025/12/10/2025-metlifetakeover-photos-recap/?filesrc=//usr/bin/edgepaint&path=//usr/bin HTTP/1.1" 200 693226 "-" "meta-externalagent/1.1 (+https://developers.facebook.com/docs/sharing/webmasters/crawler)"
35.245.216.104 - - [16/Apr/2026:13:14:29 +0000] "GET /feed/ HTTP/1.1" 301 43918 "-" "Wget/1.18 (linux-gnu)"
35.245.216.104 - - [16/Apr/2026:13:14:29 +0000] "GET /feed/ HTTP/1.1" 200 86365 "-" "Wget/1.18 (linux-gnu)"
93.143.43.192 - - [16/Apr/2026:13:14:51 +0000] "GET /feed/ HTTP/1.1" 200 86364 "-" "Undisclosed/dev"
35.245.216.104 - - [16/Apr/2026:13:15:08 +0000] "GET /feed/ HTTP/1.1" 301 43918 "-" "Wget/1.18 (linux-gnu)"
35.245.216.104 - - [16/Apr/2026:13:15:08 +0000] "GET /feed/ HTTP/1.1" 200 86365 "-" "Wget/1.18 (linux-gnu)"
91.92.243.240 - - [16/Apr/2026:13:15:13 +0000] "POST /wp-login.php HTTP/1.1" 403 0 "-" "Mozilla/5.0"
91.92.243.240 - - [16/Apr/2026:13:15:13 +0000] "POST /wp-login.php HTTP/1.1" 403 0 "-" "Mozilla/5.0"
91.92.243.240 - - [16/Apr/2026:13:15:13 +0000] "POST /wp-login.php HTTP/1.1" 403 0 "-" "Mozilla/5.0"
91.92.243.240 - - [16/Apr/2026:13:15:13 +0000] "POST /wp-login.php HTTP/1.1" 403 0 "-" "Mozilla/5.0"
216.73.216.138 - - [16/Apr/2026:13:15:41 +0000] "GET /tag/mnf/?filesrc=%2F%2Fusr%2Fbin%2Fpydoc2&path=%2F%2Fusr%2Fbin HTTP/1.1" 200 42546 "-" "Mozilla/5.0 AppleWebKit/537.36 (KHTML, like Gecko; compatible; ClaudeBot/1.0; +claudebot@anthropic.com)"
216.73.216.138 - - [16/Apr/2026:13:15:44 +0000] "GET /tag/mnf/?path=%2Fhome%2Fdrivenby%2F.htpasswds HTTP/1.1" 200 47256 "-" "Mozilla/5.0 AppleWebKit/537.36 (KHTML, like Gecko; compatible; ClaudeBot/1.0; +claudebot@anthropic.com)"
216.73.216.138 - - [16/Apr/2026:13:15:49 +0000] "GET /tag/mnf/?filesrc=%2F%2Fbin%2Falias&path=%2F%2Fbin HTTP/1.1" 200 42413 "-" "Mozilla/5.0 AppleWebKit/537.36 (KHTML, like Gecko; compatible; ClaudeBot/1.0; +claudebot@anthropic.com)"
216.73.216.138 - - [16/Apr/2026:13:15:54 +0000] "GET /tag/mnf/?filesrc=%2F%2Fusr%2Fbin%2Fmysql_config&path=%2F%2Fusr%2Fbin HTTP/1.1" 200 47898 "-" "Mozilla/5.0 AppleWebKit/537.36 (KHTML, like Gecko; compatible; ClaudeBot/1.0; +claudebot@anthropic.com)"
216.73.216.138 - - [16/Apr/2026:13:15:59 +0000] "GET /tag/robert-rose/?path=%2Fhome%2Fdrivenby%2Fdolfansnyc.com%2Fwp-content%2Fupgrade-temp-backup HTTP/1.1" 200 43772 "-" "Mozilla/5.0 AppleWebKit/537.36 (KHTML, like Gecko; compatible; ClaudeBot/1.0; +claudebot@anthropic.com)"
216.73.216.138 - - [16/Apr/2026:13:16:04 +0000] "GET /tag/robert-rose/?filesrc=%2F%2Frun%2Fsystemd%2Fgenerator%2F-.mount&path=%2F%2Frun%2Fsystemd%2Fgenerator HTTP/1.1" 200 41394 "-" "Mozilla/5.0 AppleWebKit/537.36 (KHTML, like Gecko; compatible; ClaudeBot/1.0; +claudebot@anthropic.com)"
216.73.216.138 - - [16/Apr/2026:13:16:09 +0000] "GET /tag/nic-grigsby/?filesrc=%2F%2Fproc%2F20%2Fstack&path=%2F%2Fproc%2F20 HTTP/1.1" 200 43786 "-" "Mozilla/5.0 AppleWebKit/537.36 (KHTML, like Gecko; compatible; ClaudeBot/1.0; +claudebot@anthropic.com)"
216.73.216.138 - - [16/Apr/2026:13:16:14 +0000] "GET /tag/robert-rose/?filesrc=%2F%2Ftmp%2F.wpd_53a08101_ldr&path=%2F%2Ftmp HTTP/1.1" 200 40878 "-" "Mozilla/5.0 AppleWebKit/537.36 (KHTML, like Gecko; compatible; ClaudeBot/1.0; +claudebot@anthropic.com)"
216.73.216.138 - - [16/Apr/2026:13:16:19 +0000] "GET /tag/mnf/?filesrc=%2F%2Fusr%2Fbin%2Fsnice&path=%2F%2Fusr%2Fbin HTTP/1.1" 200 81249 "-" "Mozilla/5.0 AppleWebKit/537.36 (KHTML, like Gecko; compatible; ClaudeBot/1.0; +claudebot@anthropic.com)"
70.39.246.37 - - [16/Apr/2026:13:16:22 +0000] "GET /comments/feed/ HTTP/1.1" 301 43916 "-" "Mozilla/5.0 Moreover/5.1 (+http://www.moreover.com)"
70.39.246.37 - - [16/Apr/2026:13:16:22 +0000] "GET /comments/feed/ HTTP/1.1" 200 52458 "-" "Mozilla/5.0 Moreover/5.1 (+http://www.moreover.com)"
216.73.216.138 - - [16/Apr/2026:13:16:25 +0000] "GET /tag/mnf/?filesrc=%2F%2Fbin%2Fsupervisorctl&path=%2F%2Fbin HTTP/1.1" 200 42887 "-" "Mozilla/5.0 AppleWebKit/537.36 (KHTML, like Gecko; compatible; ClaudeBot/1.0; +claudebot@anthropic.com)"
216.73.216.138 - - [16/Apr/2026:13:16:29 +0000] "GET /tag/mnf/?filesrc=%2F%2Fusr%2Fbin%2Fgunzip&path=%2F%2Fusr%2Fbin HTTP/1.1" 200 44890 "-" "Mozilla/5.0 AppleWebKit/537.36 (KHTML, like Gecko; compatible; ClaudeBot/1.0; +claudebot@anthropic.com)"
216.73.216.138 - - [16/Apr/2026:13:16:34 +0000] "GET /tag/mnf/?filesrc=%2F%2Fusr%2Fbin%2Fpip3.6&path=%2F%2Fusr%2Fbin HTTP/1.1" 200 42697 "-" "Mozilla/5.0 AppleWebKit/537.36 (KHTML, like Gecko; compatible; ClaudeBot/1.0; +claudebot@anthropic.com)"
216.73.216.138 - - [16/Apr/2026:13:16:39 +0000] "GET /tag/robert-rose/?filesrc=%2F%2Fproc%2F35%2Fuid_map&path=%2F%2Fproc%2F35 HTTP/1.1" 200 40975 "-" "Mozilla/5.0 AppleWebKit/537.36 (KHTML, like Gecko; compatible; ClaudeBot/1.0; +claudebot@anthropic.com)"
216.73.216.138 - - [16/Apr/2026:13:16:45 +0000] "GET /tag/mnf/?filesrc=%2F%2Fbin%2Fmysql_waitpid&path=%2F%2Fbin HTTP/1.1" 200 4809309 "-" "Mozilla/5.0 AppleWebKit/537.36 (KHTML, like Gecko; compatible; ClaudeBot/1.0; +claudebot@anthropic.com)"
216.73.216.138 - - [16/Apr/2026:13:16:49 +0000] "GET /tag/robert-rose/?filesrc=%2F%2Fsbin%2Funix_update&path=%2F%2Fsbin HTTP/1.1" 200 40869 "-" "Mozilla/5.0 AppleWebKit/537.36 (KHTML, like Gecko; compatible; ClaudeBot/1.0; +claudebot@anthropic.com)"
35.245.216.104 - - [16/Apr/2026:13:16:54 +0000] "GET /feed/ HTTP/1.1" 301 43918 "-" "Wget/1.18 (linux-gnu)"
216.73.216.138 - - [16/Apr/2026:13:16:55 +0000] "GET /tag/practice/?filesrc=%2F%2Fproc%2F1488%2Fuid_map&path=%2F%2Fproc%2F1488 HTTP/1.1" 200 39379 "-" "Mozilla/5.0 AppleWebKit/537.36 (KHTML, like Gecko; compatible; ClaudeBot/1.0; +claudebot@anthropic.com)"
35.245.216.104 - - [16/Apr/2026:13:16:55 +0000] "GET /feed/ HTTP/1.1" 200 86365 "-" "Wget/1.18 (linux-gnu)"
57.141.20.41 - - [16/Apr/2026:13:17:35 +0000] "GET /2025/12/10/2025-metlifetakeover-photos-recap/?filesrc=//sbin/anacron&path=//sbin HTTP/1.1" 200 98349 "-" "meta-externalagent/1.1 (+https://developers.facebook.com/docs/sharing/webmasters/crawler)"
57.141.20.18 - - [16/Apr/2026:13:17:36 +0000] "GET /2025/12/10/2025-metlifetakeover-photos-recap/?filesrc=//sbin/certmonger&path=//sbin HTTP/1.1" 200 854784 "-" "meta-externalagent/1.1 (+https://developers.facebook.com/docs/sharing/webmasters/crawler)"
57.141.20.42 - - [16/Apr/2026:13:17:36 +0000] "GET /2025/12/10/2025-metlifetakeover-photos-recap/?filesrc=//sbin/exinext&path=//sbin HTTP/1.1" 200 50421 "-" "meta-externalagent/1.1 (+https://developers.facebook.com/docs/sharing/webmasters/crawler)"
57.141.20.62 - - [16/Apr/2026:13:17:37 +0000] "GET /2025/12/10/2025-metlifetakeover-photos-recap/?filesrc=//sbin/grub2-install&path=//sbin HTTP/1.1" 200 2631839 "-" "meta-externalagent/1.1 (+https://developers.facebook.com/docs/sharing/webmasters/crawler)"
57.141.20.61 - - [16/Apr/2026:13:17:37 +0000] "GET /2025/12/10/2025-metlifetakeover-photos-recap/?filesrc=//sbin/atd&path=//sbin HTTP/1.1" 200 84809 "-" "meta-externalagent/1.1 (+https://developers.facebook.com/docs/sharing/webmasters/crawler)"
57.141.20.61 - - [16/Apr/2026:13:17:37 +0000] "GET /2025/12/10/2025-metlifetakeover-photos-recap/?filesrc=//sbin/cfdisk&path=//sbin HTTP/1.1" 200 189038 "-" "meta-externalagent/1.1 (+https://developers.facebook.com/docs/sharing/webmasters/crawler)"
57.141.20.61 - - [16/Apr/2026:13:17:38 +0000] "GET /2025/12/10/2025-metlifetakeover-photos-recap/?filesrc=//sbin/icinga2&path=//sbin HTTP/1.1" 200 42218 "-" "meta-externalagent/1.1 (+https://developers.facebook.com/docs/sharing/webmasters/crawler)"
57.141.20.30 - - [16/Apr/2026:13:17:38 +0000] "GET /2025/12/10/2025-metlifetakeover-photos-recap/?filesrc=//sbin/cracklib-packer&path=//sbin HTTP/1.1" 200 56858 "-" "meta-externalagent/1.1 (+https://developers.facebook.com/docs/sharing/webmasters/crawler)"
57.141.20.44 - - [16/Apr/2026:13:17:39 +0000] "GET /2025/12/10/2025-metlifetakeover-photos-recap/?filesrc=//sbin/visudo&path=//sbin HTTP/1.1" 200 408972 "-" "meta-externalagent/1.1 (+https://developers.facebook.com/docs/sharing/webmasters/crawler)"
57.141.20.20 - - [16/Apr/2026:13:17:40 +0000] "GET /2025/12/10/2025-metlifetakeover-photos-recap/?filesrc=//sbin/nologin&path=//sbin HTTP/1.1" 200 56028 "-" "meta-externalagent/1.1 (+https://developers.facebook.com/docs/sharing/webmasters/crawler)"
57.141.20.14 - - [16/Apr/2026:13:17:40 +0000] "GET /2025/12/10/2025-metlifetakeover-photos-recap/?filesrc=//sbin/autrace&path=//sbin HTTP/1.1" 200 41300 "-" "meta-externalagent/1.1 (+https://developers.facebook.com/docs/sharing/webmasters/crawler)"
57.141.20.4 - - [16/Apr/2026:13:17:41 +0000] "GET /2025/12/10/2025-metlifetakeover-photos-recap/?filesrc=//sbin/ip6tables-translate&path=//sbin HTTP/1.1" 200 381332 "-" "meta-externalagent/1.1 (+https://developers.facebook.com/docs/sharing/webmasters/crawler)"
57.141.20.67 - - [16/Apr/2026:13:17:42 +0000] "GET /2025/12/10/2025-metlifetakeover-photos-recap/?filesrc=//sbin/key.dns_resolver&path=//sbin HTTP/1.1" 200 74138 "-" "meta-externalagent/1.1 (+https://developers.facebook.com/docs/sharing/webmasters/crawler)"
57.141.20.51 - - [16/Apr/2026:13:17:42 +0000] "GET /2025/12/10/2025-metlifetakeover-photos-recap/?filesrc=//sbin/ebtables&path=//sbin HTTP/1.1" 200 381322 "-" "meta-externalagent/1.1 (+https://developers.facebook.com/docs/sharing/webmasters/crawler)"
57.141.20.64 - - [16/Apr/2026:13:17:42 +0000] "GET /2025/12/10/2025-metlifetakeover-photos-recap/?filesrc=//sbin/zdump&path=//sbin HTTP/1.1" 200 70130 "-" "meta-externalagent/1.1 (+https://developers.facebook.com/docs/sharing/webmasters/crawler)"
57.141.20.8 - - [16/Apr/2026:13:17:42 +0000] "GET /2025/12/10/2025-metlifetakeover-photos-recap/?filesrc=//sbin/quot&path=//sbin HTTP/1.1" 200 161819 "-" "meta-externalagent/1.1 (+https://developers.facebook.com/docs/sharing/webmasters/crawler)"
57.141.20.7 - - [16/Apr/2026:13:17:43 +0000] "GET /2025/12/10/2025-metlifetakeover-photos-recap/?filesrc=//sbin/getsebool&path=//sbin HTTP/1.1" 200 56069 "-" "meta-externalagent/1.1 (+https://developers.facebook.com/docs/sharing/webmasters/crawler)"
57.141.20.44 - - [16/Apr/2026:13:17:44 +0000] "GET /2025/12/10/2025-metlifetakeover-photos-recap/?filesrc=//sbin/resize2fs&path=//sbin HTTP/1.1" 200 138818 "-" "meta-externalagent/1.1 (+https://developers.facebook.com/docs/sharing/webmasters/crawler)"
57.141.20.68 - - [16/Apr/2026:13:17:44 +0000] "GET /2025/12/10/2025-metlifetakeover-photos-recap/?filesrc=//sbin/e2freefrag&path=//sbin HTTP/1.1" 200 62355 "-" "meta-externalagent/1.1 (+https://developers.facebook.com/docs/sharing/webmasters/crawler)"
35.245.216.104 - - [16/Apr/2026:13:17:44 +0000] "GET /feed/ HTTP/1.1" 301 43918 "-" "Wget/1.18 (linux-gnu)"
35.245.216.104 - - [16/Apr/2026:13:17:44 +0000] "GET /feed/ HTTP/1.1" 200 86365 "-" "Wget/1.18 (linux-gnu)"
57.141.20.70 - - [16/Apr/2026:13:17:44 +0000] "GET /2025/12/10/2025-metlifetakeover-photos-recap/?filesrc=//sbin/dmfilemapd&path=//sbin HTTP/1.1" 200 73391 "-" "meta-externalagent/1.1 (+https://developers.facebook.com/docs/sharing/webmasters/crawler)"
57.141.20.45 - - [16/Apr/2026:13:17:45 +0000] "GET /2025/12/10/2025-metlifetakeover-photos-recap/?filesrc=//sbin/pwconv&path=//sbin HTTP/1.1" 200 116541 "-" "meta-externalagent/1.1 (+https://developers.facebook.com/docs/sharing/webmasters/crawler)"
57.141.20.37 - - [16/Apr/2026:13:17:45 +0000] "GET /2025/12/10/2025-metlifetakeover-photos-recap/?filesrc=//sbin/ctstat&path=//sbin HTTP/1.1" 200 75399 "-" "meta-externalagent/1.1 (+https://developers.facebook.com/docs/sharing/webmasters/crawler)"
57.141.20.70 - - [16/Apr/2026:13:17:45 +0000] "GET /2025/12/10/2025-metlifetakeover-photos-recap/?filesrc=//sbin/chpasswd&path=//sbin HTTP/1.1" 200 129665 "-" "meta-externalagent/1.1 (+https://developers.facebook.com/docs/sharing/webmasters/crawler)"
57.141.20.27 - - [16/Apr/2026:13:17:46 +0000] "GET /2025/12/10/2025-metlifetakeover-photos-recap/?filesrc=//sbin/ifenslave&path=//sbin HTTP/1.1" 200 74164 "-" "meta-externalagent/1.1 (+https://developers.facebook.com/docs/sharing/webmasters/crawler)"
57.141.20.0 - - [16/Apr/2026:13:17:46 +0000] "GET /2025/12/10/2025-metlifetakeover-photos-recap/?filesrc=//sbin/dnssec-coverage&path=//sbin HTTP/1.1" 200 42335 "-" "meta-externalagent/1.1 (+https://developers.facebook.com/docs/sharing/webmasters/crawler)"
57.141.20.17 - - [16/Apr/2026:13:17:47 +0000] "GET /2025/12/10/2025-metlifetakeover-photos-recap/?filesrc=//sbin/blkdeactivate&path=//sbin HTTP/1.1" 200 60954 "-" "meta-externalagent/1.1 (+https://developers.facebook.com/docs/sharing/webmasters/crawler)"
57.141.20.56 - - [16/Apr/2026:13:17:47 +0000] "GET /2025/12/10/2025-metlifetakeover-photos-recap/?filesrc=//sbin/rdisc&path=//sbin HTTP/1.1" 200 75048 "-" "meta-externalagent/1.1 (+https://developers.facebook.com/docs/sharing/webmasters/crawler)"
57.141.20.61 - - [16/Apr/2026:13:17:47 +0000] "GET /2025/12/10/2025-metlifetakeover-photos-recap/?filesrc=//sbin/exicyclog&path=//sbin HTTP/1.1" 200 53437 "-" "meta-externalagent/1.1 (+https://developers.facebook.com/docs/sharing/webmasters/crawler)"
57.141.20.12 - - [16/Apr/2026:13:17:48 +0000] "GET /2025/12/10/2025-metlifetakeover-photos-recap/?filesrc=//sbin/sysctl&path=//sbin HTTP/1.1" 200 80820 "-" "meta-externalagent/1.1 (+https://developers.facebook.com/docs/sharing/webmasters/crawler)"
57.141.20.18 - - [16/Apr/2026:13:17:48 +0000] "GET /2025/12/10/2025-metlifetakeover-photos-recap/?filesrc=//sbin/mtr&path=//sbin HTTP/1.1" 200 190755 "-" "meta-externalagent/1.1 (+https://developers.facebook.com/docs/sharing/webmasters/crawler)"
57.141.20.63 - - [16/Apr/2026:13:17:48 +0000] "GET /2025/12/10/2025-metlifetakeover-photos-recap/?filesrc=//sbin/avcstat&path=//sbin HTTP/1.1" 200 61507 "-" "meta-externalagent/1.1 (+https://developers.facebook.com/docs/sharing/webmasters/crawler)"
57.141.20.53 - - [16/Apr/2026:13:17:48 +0000] "GET /2025/12/10/2025-metlifetakeover-photos-recap/?filesrc=//sbin/xfs_spaceman&path=//sbin HTTP/1.1" 200 106556 "-" "meta-externalagent/1.1 (+https://developers.facebook.com/docs/sharing/webmasters/crawler)"
57.141.20.67 - - [16/Apr/2026:13:17:49 +0000] "GET /2025/12/10/2025-metlifetakeover-photos-recap/?filesrc=//sbin/shutdown&path=//sbin HTTP/1.1" 200 387822 "-" "meta-externalagent/1.1 (+https://developers.facebook.com/docs/sharing/webmasters/crawler)"
57.141.20.27 - - [16/Apr/2026:13:17:50 +0000] "GET /2025/12/10/2025-metlifetakeover-photos-recap/?filesrc=//sbin/chroot&path=//sbin HTTP/1.1" 200 102370 "-" "meta-externalagent/1.1 (+https://developers.facebook.com/docs/sharing/webmasters/crawler)"
57.141.20.52 - - [16/Apr/2026:13:17:50 +0000] "GET /2025/12/10/2025-metlifetakeover-photos-recap/?filesrc=//sbin/rdma&path=//sbin HTTP/1.1" 200 323552 "-" "meta-externalagent/1.1 (+https://developers.facebook.com/docs/sharing/webmasters/crawler)"
57.141.20.35 - - [16/Apr/2026:13:17:50 +0000] "GET /2025/12/10/2025-metlifetakeover-photos-recap/?filesrc=//sbin/ipmaddr&path=//sbin HTTP/1.1" 200 70159 "-" "meta-externalagent/1.1 (+https://developers.facebook.com/docs/sharing/webmasters/crawler)"
57.141.20.62 - - [16/Apr/2026:13:17:50 +0000] "GET /2025/12/10/2025-metlifetakeover-photos-recap/?filesrc=//sbin/crond&path=//sbin HTTP/1.1" 200 150892 "-" "meta-externalagent/1.1 (+https://developers.facebook.com/docs/sharing/webmasters/crawler)"
57.141.20.31 - - [16/Apr/2026:13:17:51 +0000] "GET /2025/12/10/2025-metlifetakeover-photos-recap/?filesrc=//sbin/genl&path=//sbin HTTP/1.1" 200 215040 "-" "meta-externalagent/1.1 (+https://developers.facebook.com/docs/sharing/webmasters/crawler)"
57.141.20.3 - - [16/Apr/2026:13:17:52 +0000] "GET /2025/12/10/2025-metlifetakeover-photos-recap/?filesrc=//sbin/insmod&path=//sbin HTTP/1.1" 200 292621 "-" "meta-externalagent/1.1 (+https://developers.facebook.com/docs/sharing/webmasters/crawler)"
57.141.20.69 - - [16/Apr/2026:13:17:52 +0000] "GET /2025/12/10/2025-metlifetakeover-photos-recap/?filesrc=//sbin/grub2-bios-setup&path=//sbin HTTP/1.1" 200 2125397 "-" "meta-externalagent/1.1 (+https://developers.facebook.com/docs/sharing/webmasters/crawler)"
57.141.20.5 - - [16/Apr/2026:13:17:52 +0000] "GET /2025/12/10/2025-metlifetakeover-photos-recap/?filesrc=//sbin/showmount&path=//sbin HTTP/1.1" 200 70253 "-" "meta-externalagent/1.1 (+https://developers.facebook.com/docs/sharing/webmasters/crawler)"
57.141.20.49 - - [16/Apr/2026:13:17:52 +0000] "GET /2025/12/10/2025-metlifetakeover-photos-recap/?filesrc=//sbin/fcgistarter&path=//sbin HTTP/1.1" 200 61069 "-" "meta-externalagent/1.1 (+https://developers.facebook.com/docs/sharing/webmasters/crawler)"
57.141.20.43 - - [16/Apr/2026:13:17:53 +0000] "GET /2025/12/10/2025-metlifetakeover-photos-recap/?filesrc=//sbin/exim_dumpdb&path=//sbin HTTP/1.1" 200 95533 "-" "meta-externalagent/1.1 (+https://developers.facebook.com/docs/sharing/webmasters/crawler)"
57.141.20.65 - - [16/Apr/2026:13:17:53 +0000] "GET /2025/12/10/2025-metlifetakeover-photos-recap/?filesrc=//sbin/ether-wake&path=//sbin HTTP/1.1" 200 150160 "-" "meta-externalagent/1.1 (+https://developers.facebook.com/docs/sharing/webmasters/crawler)"
57.141.20.51 - - [16/Apr/2026:13:17:53 +0000] "GET /2025/12/10/2025-metlifetakeover-photos-recap/?filesrc=//sbin/sim_server&path=//sbin HTTP/1.1" 200 56640 "-" "meta-externalagent/1.1 (+https://developers.facebook.com/docs/sharing/webmasters/crawler)"
57.141.20.55 - - [16/Apr/2026:13:17:54 +0000] "GET /2025/12/10/2025-metlifetakeover-photos-recap/?filesrc=//sbin/lsmod&path=//sbin HTTP/1.1" 200 292622 "-" "meta-externalagent/1.1 (+https://developers.facebook.com/docs/sharing/webmasters/crawler)"
57.141.20.5 - - [16/Apr/2026:13:17:54 +0000] "GET /2025/12/10/2025-metlifetakeover-photos-recap/?filesrc=//sbin/dovecot_cpshutdown&path=//sbin HTTP/1.1" 200 44912 "-" "meta-externalagent/1.1 (+https://developers.facebook.com/docs/sharing/webmasters/crawler)"
57.141.20.65 - - [16/Apr/2026:13:17:55 +0000] "GET /2025/12/10/2025-metlifetakeover-photos-recap/?filebaru&path=//sbin HTTP/1.1" 200 601689 "-" "meta-externalagent/1.1 (+https://developers.facebook.com/docs/sharing/webmasters/crawler)"
57.141.20.14 - - [16/Apr/2026:13:17:55 +0000] "GET /2025/12/10/2025-metlifetakeover-photos-recap/?filesrc=//sbin/setfiles&path=//sbin HTTP/1.1" 200 67839 "-" "meta-externalagent/1.1 (+https://developers.facebook.com/docs/sharing/webmasters/crawler)"
57.141.20.49 - - [16/Apr/2026:13:17:55 +0000] "GET /2025/12/10/2025-metlifetakeover-photos-recap/?filesrc=//sbin/e2image&path=//sbin HTTP/1.1" 200 93398 "-" "meta-externalagent/1.1 (+https://developers.facebook.com/docs/sharing/webmasters/crawler)"
57.141.20.55 - - [16/Apr/2026:13:17:55 +0000] "GET /2025/12/10/2025-metlifetakeover-photos-recap/?filesrc=//sbin/luseradd&path=//sbin HTTP/1.1" 200 66517 "-" "meta-externalagent/1.1 (+https://developers.facebook.com/docs/sharing/webmasters/crawler)"
57.141.20.54 - - [16/Apr/2026:13:17:56 +0000] "GET /2025/12/10/2025-metlifetakeover-photos-recap/?filesrc=//sbin/grub2-set-default&path=//sbin HTTP/1.1" 200 45429 "-" "meta-externalagent/1.1 (+https://developers.facebook.com/docs/sharing/webmasters/crawler)"
57.141.20.53 - - [16/Apr/2026:13:17:56 +0000] "GET /2025/12/10/2025-metlifetakeover-photos-recap/?filesrc=//sbin/grpconv&path=//sbin HTTP/1.1" 200 124164 "-" "meta-externalagent/1.1 (+https://developers.facebook.com/docs/sharing/webmasters/crawler)"
57.141.20.59 - - [16/Apr/2026:13:17:56 +0000] "GET /2025/12/10/2025-metlifetakeover-photos-recap/?filesrc=//sbin/named-compilezone&path=//sbin HTTP/1.1" 200 90600 "-" "meta-externalagent/1.1 (+https://developers.facebook.com/docs/sharing/webmasters/crawler)"
57.141.20.4 - - [16/Apr/2026:13:17:57 +0000] "GET /2025/12/10/2025-metlifetakeover-photos-recap/?filesrc=//sbin/selinuxdefcon&path=//sbin HTTP/1.1" 200 55929 "-" "meta-externalagent/1.1 (+https://developers.facebook.com/docs/sharing/webmasters/crawler)"
57.141.20.59 - - [16/Apr/2026:13:17:57 +0000] "GET /2025/12/10/2025-metlifetakeover-photos-recap/?filesrc=//sbin/fancontrol&path=//sbin HTTP/1.1" 200 60367 "-" "meta-externalagent/1.1 (+https://developers.facebook.com/docs/sharing/webmasters/crawler)"
57.141.20.13 - - [16/Apr/2026:13:17:58 +0000] "GET /2025/12/10/2025-metlifetakeover-photos-recap/?filesrc=//sbin/rpc.nfsd&path=//sbin HTTP/1.1" 200 115582 "-" "meta-externalagent/1.1 (+https://developers.facebook.com/docs/sharing/webmasters/crawler)"
57.141.20.5 - - [16/Apr/2026:13:17:58 +0000] "GET /2025/12/10/2025-metlifetakeover-photos-recap/?filesrc=//sbin/grub2-mkconfig&path=//sbin HTTP/1.1" 200 51451 "-" "meta-externalagent/1.1 (+https://developers.facebook.com/docs/sharing/webmasters/crawler)"
57.141.20.43 - - [16/Apr/2026:13:17:58 +0000] "GET /2025/12/10/2025-metlifetakeover-photos-recap/?filesrc=//sbin/dnssec-dsfromkey&path=//sbin HTTP/1.1" 200 130191 "-" "meta-externalagent/1.1 (+https://developers.facebook.com/docs/sharing/webmasters/crawler)"
57.141.20.56 - - [16/Apr/2026:13:17:58 +0000] "GET /2025/12/10/2025-metlifetakeover-photos-recap/?filesrc=//sbin/ifdown&path=//sbin HTTP/1.1" 200 43846 "-" "meta-externalagent/1.1 (+https://developers.facebook.com/docs/sharing/webmasters/crawler)"
57.141.20.8 - - [16/Apr/2026:13:17:58 +0000] "GET /2025/12/10/2025-metlifetakeover-photos-recap/?filesrc=//sbin/ebtables-save&path=//sbin HTTP/1.1" 200 381326 "-" "meta-externalagent/1.1 (+https://developers.facebook.com/docs/sharing/webmasters/crawler)"
57.141.20.59 - - [16/Apr/2026:13:17:59 +0000] "GET /2025/12/10/2025-metlifetakeover-photos-recap/?filesrc=//sbin/create-cracklib-dict&path=//sbin HTTP/1.1" 200 42417 "-" "meta-externalagent/1.1 (+https://developers.facebook.com/docs/sharing/webmasters/crawler)"
57.141.20.64 - - [16/Apr/2026:13:17:59 +0000] "GET /2025/12/10/2025-metlifetakeover-photos-recap/?filesrc=//sbin/e2fsck&path=//sbin HTTP/1.1" 200 534328 "-" "meta-externalagent/1.1 (+https://developers.facebook.com/docs/sharing/webmasters/crawler)"
57.141.20.5 - - [16/Apr/2026:13:18:00 +0000] "GET /2025/12/10/2025-metlifetakeover-photos-recap/?filesrc=//sbin/udevadm&path=//sbin HTTP/1.1" 200 650518 "-" "meta-externalagent/1.1 (+https://developers.facebook.com/docs/sharing/webmasters/crawler)"
57.141.20.8 - - [16/Apr/2026:13:18:01 +0000] "GET /2025/12/10/2025-metlifetakeover-photos-recap/?filesrc=//sbin/quotaon&path=//sbin HTTP/1.1" 200 168691 "-" "meta-externalagent/1.1 (+https://developers.facebook.com/docs/sharing/webmasters/crawler)"
57.141.20.65 - - [16/Apr/2026:13:18:02 +0000] "GET /2025/12/10/2025-metlifetakeover-photos-recap/?filesrc=//sbin/e4defrag&path=//sbin HTTP/1.1" 200 81497 "-" "meta-externalagent/1.1 (+https://developers.facebook.com/docs/sharing/webmasters/crawler)"
57.141.20.58 - - [16/Apr/2026:13:18:02 +0000] "GET /2025/12/10/2025-metlifetakeover-photos-recap/?filesrc=//sbin/dnssec-revoke&path=//sbin HTTP/1.1" 200 123589 "-" "meta-externalagent/1.1 (+https://developers.facebook.com/docs/sharing/webmasters/crawler)"
35.245.216.104 - - [16/Apr/2026:13:18:02 +0000] "GET /feed/ HTTP/1.1" 301 43918 "-" "Wget/1.18 (linux-gnu)"
35.245.216.104 - - [16/Apr/2026:13:18:02 +0000] "GET /feed/ HTTP/1.1" 200 86365 "-" "Wget/1.18 (linux-gnu)"
57.141.20.26 - - [16/Apr/2026:13:18:03 +0000] "GET /2025/12/10/2025-metlifetakeover-photos-recap/?filesrc=//sbin/iprdump&path=//sbin HTTP/1.1" 200 243684 "-" "meta-externalagent/1.1 (+https://developers.facebook.com/docs/sharing/webmasters/crawler)"
57.141.20.62 - - [16/Apr/2026:13:18:03 +0000] "GET /2025/12/10/2025-metlifetakeover-photos-recap/?filesrc=//sbin/sulogin&path=//sbin HTTP/1.1" 200 113677 "-" "meta-externalagent/1.1 (+https://developers.facebook.com/docs/sharing/webmasters/crawler)"
57.141.20.42 - - [16/Apr/2026:13:18:03 +0000] "GET /2025/12/10/2025-metlifetakeover-photos-recap/?filesrc=//sbin/whmapi1&path=//sbin HTTP/1.1" 200 4305959 "-" "meta-externalagent/1.1 (+https://developers.facebook.com/docs/sharing/webmasters/crawler)"
57.141.20.45 - - [16/Apr/2026:13:18:03 +0000] "GET /2025/12/10/2025-metlifetakeover-photos-recap/?filesrc=//sbin/mkfs.ext4&path=//sbin HTTP/1.1" 200 249634 "-" "meta-externalagent/1.1 (+https://developers.facebook.com/docs/sharing/webmasters/crawler)"
57.141.20.60 - - [16/Apr/2026:13:18:04 +0000] "GET /2025/12/10/2025-metlifetakeover-photos-recap/?filesrc=//sbin/unbound-anchor&path=//sbin HTTP/1.1" 200 125548 "-" "meta-externalagent/1.1 (+https://developers.facebook.com/docs/sharing/webmasters/crawler)"
57.141.20.55 - - [16/Apr/2026:13:18:04 +0000] "GET /2025/12/10/2025-metlifetakeover-photos-recap/?filesrc=//sbin/pidof&path=//sbin HTTP/1.1" 200 63415 "-" "meta-externalagent/1.1 (+https://developers.facebook.com/docs/sharing/webmasters/crawler)"
57.141.20.25 - - [16/Apr/2026:13:18:05 +0000] "GET /2025/12/10/2025-metlifetakeover-photos-recap/?filesrc=//sbin/saslpasswd2&path=//sbin HTTP/1.1" 200 62137 "-" "meta-externalagent/1.1 (+https://developers.facebook.com/docs/sharing/webmasters/crawler)"
57.141.20.57 - - [16/Apr/2026:13:18:05 +0000] "GET /2025/12/10/2025-metlifetakeover-photos-recap/?filesrc=//sbin/tcsd&path=//sbin HTTP/1.1" 200 544566 "-" "meta-externalagent/1.1 (+https://developers.facebook.com/docs/sharing/webmasters/crawler)"
57.141.20.5 - - [16/Apr/2026:13:18:05 +0000] "GET /2025/12/10/2025-metlifetakeover-photos-recap/?filesrc=//sbin/adduser&path=//sbin HTTP/1.1" 200 268377 "-" "meta-externalagent/1.1 (+https://developers.facebook.com/docs/sharing/webmasters/crawler)"
57.141.20.52 - - [16/Apr/2026:13:18:06 +0000] "GET /2025/12/10/2025-metlifetakeover-photos-recap/?filesrc=//sbin/grub2-set-password&path=//sbin HTTP/1.1" 200 44965 "-" "meta-externalagent/1.1 (+https://developers.facebook.com/docs/sharing/webmasters/crawler)"
57.141.20.56 - - [16/Apr/2026:13:18:06 +0000] "GET /2025/12/10/2025-metlifetakeover-photos-recap/?filesrc=//sbin/xfs_quota&path=//sbin HTTP/1.1" 200 182114 "-" "meta-externalagent/1.1 (+https://developers.facebook.com/docs/sharing/webmasters/crawler)"
57.141.20.30 - - [16/Apr/2026:13:18:06 +0000] "GET /2025/12/10/2025-metlifetakeover-photos-recap/?filesrc=//sbin/swaplabel&path=//sbin HTTP/1.1" 200 62682 "-" "meta-externalagent/1.1 (+https://developers.facebook.com/docs/sharing/webmasters/crawler)"
57.141.20.17 - - [16/Apr/2026:13:18:06 +0000] "GET /2025/12/10/2025-metlifetakeover-photos-recap/?filesrc=//sbin/iptables&path=//sbin HTTP/1.1" 200 381322 "-" "meta-externalagent/1.1 (+https://developers.facebook.com/docs/sharing/webmasters/crawler)"
57.141.20.1 - - [16/Apr/2026:13:18:06 +0000] "GET /2025/12/10/2025-metlifetakeover-photos-recap/?filesrc=//sbin/restorecon_xattr&path=//sbin HTTP/1.1" 200 62629 "-" "meta-externalagent/1.1 (+https://developers.facebook.com/docs/sharing/webmasters/crawler)"
57.141.20.12 - - [16/Apr/2026:13:18:07 +0000] "GET /2025/12/10/2025-metlifetakeover-photos-recap/?filesrc=//sbin/xfs_mkfile&path=//sbin HTTP/1.1" 200 42566 "-" "meta-externalagent/1.1 (+https://developers.facebook.com/docs/sharing/webmasters/crawler)"
57.141.20.70 - - [16/Apr/2026:13:18:08 +0000] "GET /2025/12/10/2025-metlifetakeover-photos-recap/?filesrc=//sbin/tracepath6&path=//sbin HTTP/1.1" 200 67977 "-" "meta-externalagent/1.1 (+https://developers.facebook.com/docs/sharing/webmasters/crawler)"
57.141.20.43 - - [16/Apr/2026:13:18:08 +0000] "GET /2025/12/10/2025-metlifetakeover-photos-recap/?filesrc=//sbin/rpcinfo&path=//sbin HTTP/1.1" 200 86349 "-" "meta-externalagent/1.1 (+https://developers.facebook.com/docs/sharing/webmasters/crawler)"
57.141.20.5 - - [16/Apr/2026:13:18:08 +0000] "GET /2025/12/10/2025-metlifetakeover-photos-recap/?filesrc=//sbin/dnssec-keymgr&path=//sbin HTTP/1.1" 200 42329 "-" "meta-externalagent/1.1 (+https://developers.facebook.com/docs/sharing/webmasters/crawler)"
57.141.20.39 - - [16/Apr/2026:13:18:08 +0000] "GET /2025/12/10/2025-metlifetakeover-photos-recap/?filesrc=//sbin/request-key&path=//sbin HTTP/1.1" 200 73668 "-" "meta-externalagent/1.1 (+https://developers.facebook.com/docs/sharing/webmasters/crawler)"
57.141.20.29 - - [16/Apr/2026:13:18:09 +0000] "GET /2025/12/10/2025-metlifetakeover-photos-recap/?filesrc=//sbin/dnssec-signzone&path=//sbin HTTP/1.1" 200 216853 "-" "meta-externalagent/1.1 (+https://developers.facebook.com/docs/sharing/webmasters/crawler)"
57.141.20.58 - - [16/Apr/2026:13:18:09 +0000] "GET /2025/12/10/2025-metlifetakeover-photos-recap/?filesrc=//sbin/pure-config.pl&path=//sbin HTTP/1.1" 200 47093 "-" "meta-externalagent/1.1 (+https://developers.facebook.com/docs/sharing/webmasters/crawler)"
57.141.20.42 - - [16/Apr/2026:13:18:10 +0000] "GET /2025/12/10/2025-metlifetakeover-photos-recap/?filesrc=//sbin/blkdiscard&path=//sbin HTTP/1.1" 200 82256 "-" "meta-externalagent/1.1 (+https://developers.facebook.com/docs/sharing/webmasters/crawler)"
57.141.20.62 - - [16/Apr/2026:13:18:10 +0000] "GET /2025/12/10/2025-metlifetakeover-photos-recap/?filesrc=//sbin/sm-notify&path=//sbin HTTP/1.1" 200 156697 "-" "meta-externalagent/1.1 (+https://developers.facebook.com/docs/sharing/webmasters/crawler)"
57.141.20.65 - - [16/Apr/2026:13:18:10 +0000] "GET /2025/12/10/2025-metlifetakeover-photos-recap/?filesrc=//sbin/fsck.ext4&path=//sbin HTTP/1.1" 200 534331 "-" "meta-externalagent/1.1 (+https://developers.facebook.com/docs/sharing/webmasters/crawler)"
57.141.20.27 - - [16/Apr/2026:13:18:10 +0000] "GET /2025/12/10/2025-metlifetakeover-photos-recap/?filesrc=//sbin/swapoff&path=//sbin HTTP/1.1" 200 68921 "-" "meta-externalagent/1.1 (+https://developers.facebook.com/docs/sharing/webmasters/crawler)"
57.141.20.9 - - [16/Apr/2026:13:18:11 +0000] "GET /2025/12/10/2025-metlifetakeover-photos-recap/?filesrc=//sbin/iptables-restore&path=//sbin HTTP/1.1" 200 381329 "-" "meta-externalagent/1.1 (+https://developers.facebook.com/docs/sharing/webmasters/crawler)"
57.141.20.38 - - [16/Apr/2026:13:18:11 +0000] "GET /2025/12/10/2025-metlifetakeover-photos-recap/?filesrc=//sbin/lgroupadd&path=//sbin HTTP/1.1" 200 56477 "-" "meta-externalagent/1.1 (+https://developers.facebook.com/docs/sharing/webmasters/crawler)"
57.141.20.20 - - [16/Apr/2026:13:18:11 +0000] "GET /2025/12/10/2025-metlifetakeover-photos-recap/?filesrc=//sbin/rpc.mountd&path=//sbin HTTP/1.1" 200 292566 "-" "meta-externalagent/1.1 (+https://developers.facebook.com/docs/sharing/webmasters/crawler)"
57.141.20.28 - - [16/Apr/2026:13:18:12 +0000] "GET /2025/12/10/2025-metlifetakeover-photos-recap/?filesrc=//sbin/nfsconvert&path=//sbin HTTP/1.1" 200 59638 "-" "meta-externalagent/1.1 (+https://developers.facebook.com/docs/sharing/webmasters/crawler)"
57.141.20.33 - - [16/Apr/2026:13:18:12 +0000] "GET /2025/12/10/2025-metlifetakeover-photos-recap/?filesrc=//sbin/partprobe&path=//sbin HTTP/1.1" 200 61241 "-" "meta-externalagent/1.1 (+https://developers.facebook.com/docs/sharing/webmasters/crawler)"
57.141.20.47 - - [16/Apr/2026:13:18:12 +0000] "GET /2025/12/10/2025-metlifetakeover-photos-recap/?filesrc=//sbin/mount.nfs&path=//sbin HTTP/1.1" 200 310885 "-" "meta-externalagent/1.1 (+https://developers.facebook.com/docs/sharing/webmasters/crawler)"
57.141.20.12 - - [16/Apr/2026:13:18:13 +0000] "GET /2025/12/10/2025-metlifetakeover-photos-recap/?filesrc=//sbin/biosdecode&path=//sbin HTTP/1.1" 200 69847 "-" "meta-externalagent/1.1 (+https://developers.facebook.com/docs/sharing/webmasters/crawler)"
57.141.20.41 - - [16/Apr/2026:13:18:13 +0000] "GET /2025/12/10/2025-metlifetakeover-photos-recap/?filesrc=//sbin/ebtables-restore&path=//sbin HTTP/1.1" 200 381330 "-" "meta-externalagent/1.1 (+https://developers.facebook.com/docs/sharing/webmasters/crawler)"
