216.73.216.138 - - [16/Apr/2026:14:07:45 +0000] "GET /tag/mnf/?filesrc=%2F%2Fusr%2Fbin%2Fssh&path=%2F%2Fusr%2Fbin HTTP/1.1" 200 1212591 "-" "Mozilla/5.0 AppleWebKit/537.36 (KHTML, like Gecko; compatible; ClaudeBot/1.0; +claudebot@anthropic.com)"
216.73.216.138 - - [16/Apr/2026:14:07:50 +0000] "GET /tag/robert-rose/?path=%2F%2Fusr%2Flib%2Fsysusers.d HTTP/1.1" 200 47788 "-" "Mozilla/5.0 AppleWebKit/537.36 (KHTML, like Gecko; compatible; ClaudeBot/1.0; +claudebot@anthropic.com)"
216.73.216.138 - - [16/Apr/2026:14:07:56 +0000] "GET /tag/mnf/?filesrc=%2F%2Fscripts%2Fccs-check&path=%2F%2Fscripts HTTP/1.1" 200 47774 "-" "Mozilla/5.0 AppleWebKit/537.36 (KHTML, like Gecko; compatible; ClaudeBot/1.0; +claudebot@anthropic.com)"
216.73.216.138 - - [16/Apr/2026:14:08:00 +0000] "GET /tag/nic-grigsby/?filesrc=%2F%2Flib64%2Fpython3.12%2Fdbm%2Fndbm.py&path=%2F%2Flib64%2Fpython3.12%2Fdbm HTTP/1.1" 200 44048 "-" "Mozilla/5.0 AppleWebKit/537.36 (KHTML, like Gecko; compatible; ClaudeBot/1.0; +claudebot@anthropic.com)"
57.141.20.9 - - [16/Apr/2026:14:08:02 +0000] "GET /2025/12/10/2025-metlifetakeover-photos-recap/?filesrc=//lib64/liblua-5.3.so&path=//lib64 HTTP/1.1" 200 430351 "-" "meta-externalagent/1.1 (+https://developers.facebook.com/docs/sharing/webmasters/crawler)"
216.73.216.138 - - [16/Apr/2026:14:08:05 +0000] "GET /tag/nic-grigsby/?filesrc=%2F%2Flib64%2Fpython2.7%2Flib2to3%2Ffixes%2Ffix_exitfunc.py&path=%2F%2Flib64%2Fpython2.7%2Flib2to3%2Ffixes HTTP/1.1" 200 46926 "-" "Mozilla/5.0 AppleWebKit/537.36 (KHTML, like Gecko; compatible; ClaudeBot/1.0; +claudebot@anthropic.com)"
35.245.216.104 - - [16/Apr/2026:14:08:10 +0000] "GET /feed/ HTTP/1.1" 301 43918 "-" "Wget/1.18 (linux-gnu)"
35.245.216.104 - - [16/Apr/2026:14:08:10 +0000] "GET /feed/ HTTP/1.1" 200 86365 "-" "Wget/1.18 (linux-gnu)"
216.73.216.138 - - [16/Apr/2026:14:08:10 +0000] "GET /tag/robert-rose/?path=%2F%2Fdev%2Fdisk%2Fby-path HTTP/1.1" 200 41790 "-" "Mozilla/5.0 AppleWebKit/537.36 (KHTML, like Gecko; compatible; ClaudeBot/1.0; +claudebot@anthropic.com)"
216.73.216.138 - - [16/Apr/2026:14:08:15 +0000] "GET /tag/nic-grigsby/?filesrc=%2F%2Flib64%2Fpython2.7%2Flib2to3%2Ffixes%2Ffix_exitfunc.pyc&path=%2F%2Flib64%2Fpython2.7%2Flib2to3%2Ffixes HTTP/1.1" 200 47062 "-" "Mozilla/5.0 AppleWebKit/537.36 (KHTML, like Gecko; compatible; ClaudeBot/1.0; +claudebot@anthropic.com)"
57.141.20.65 - - [16/Apr/2026:14:08:20 +0000] "GET /2025/12/10/2025-metlifetakeover-photos-recap/?filesrc=//lib64/samba/libsmbd-base-samba4.so&path=//lib64/samba HTTP/1.1" 200 3001022 "-" "meta-externalagent/1.1 (+https://developers.facebook.com/docs/sharing/webmasters/crawler)"
57.141.20.37 - - [16/Apr/2026:14:08:22 +0000] "GET /wp-content/themes/dolfansnyc-new/images/mlt-banner.jpg HTTP/1.1" 200 332424 "http://dolfansnyc.com/2025/12/10/2025-metlifetakeover-photos-recap/?filesrc=//lib64/samba/libsmbd-base-samba4.so&path=//lib64/samba" "meta-externalagent/1.1 (+https://developers.facebook.com/docs/sharing/webmasters/crawler)"
57.141.20.9 - - [16/Apr/2026:14:08:22 +0000] "GET /wp-content/uploads/2025/07/cropped-dolfansnyc-banner.jpg HTTP/1.1" 404 72481 "http://dolfansnyc.com/2025/12/10/2025-metlifetakeover-photos-recap/?filesrc=//lib64/samba/libsmbd-base-samba4.so&path=//lib64/samba" "meta-externalagent/1.1 (+https://developers.facebook.com/docs/sharing/webmasters/crawler)"
216.73.216.138 - - [16/Apr/2026:14:08:23 +0000] "GET /tag/mnf/?filesrc=%2F%2Fusr%2Fbin%2Fmsgfmt2.py&path=%2F%2Fusr%2Fbin HTTP/1.1" 200 49529 "-" "Mozilla/5.0 AppleWebKit/537.36 (KHTML, like Gecko; compatible; ClaudeBot/1.0; +claudebot@anthropic.com)"
216.73.216.138 - - [16/Apr/2026:14:08:28 +0000] "GET /tag/practice/?filesrc=%2F%2Fsys%2Fdev%2Fchar%2F4%3A44%2Fuevent&path=%2F%2Fsys%2Fdev%2Fchar%2F4%3A44 HTTP/1.1" 200 39554 "-" "Mozilla/5.0 AppleWebKit/537.36 (KHTML, like Gecko; compatible; ClaudeBot/1.0; +claudebot@anthropic.com)"
216.73.216.138 - - [16/Apr/2026:14:08:33 +0000] "GET /tag/mnf/?path=%2F%2Fusr%2Fshare%2Fpkgconfig HTTP/1.1" 200 82131 "-" "Mozilla/5.0 AppleWebKit/537.36 (KHTML, like Gecko; compatible; ClaudeBot/1.0; +claudebot@anthropic.com)"
35.245.216.104 - - [16/Apr/2026:14:08:34 +0000] "GET /feed/ HTTP/1.1" 301 43918 "-" "Wget/1.18 (linux-gnu)"
35.245.216.104 - - [16/Apr/2026:14:08:34 +0000] "GET /feed/ HTTP/1.1" 200 86365 "-" "Wget/1.18 (linux-gnu)"
216.73.216.138 - - [16/Apr/2026:14:08:38 +0000] "GET /tag/robert-rose/?filesrc=%2Fhome%2Fdrivenby%2Fdolfansnyc.com%2Fwp-admin%2Fcss%2Frevisions.css&path=%2Fhome%2Fdrivenby%2Fdolfansnyc.com%2Fwp-admin%2Fcss HTTP/1.1" 200 52346 "-" "Mozilla/5.0 AppleWebKit/537.36 (KHTML, like Gecko; compatible; ClaudeBot/1.0; +claudebot@anthropic.com)"
216.73.216.138 - - [16/Apr/2026:14:08:43 +0000] "GET /tag/mnf/?path=%2Fhome%2Fdrivenby%2Fdolfansnyc.com%2Fwp-includes%2FRequests%2Fsrc%2FTransport HTTP/1.1" 200 49760 "-" "Mozilla/5.0 AppleWebKit/537.36 (KHTML, like Gecko; compatible; ClaudeBot/1.0; +claudebot@anthropic.com)"
216.73.216.138 - - [16/Apr/2026:14:08:48 +0000] "GET /tag/mnf/?path=%2Fhome%2Fdrivenby%2Fdolfansnyc.com%2Fwp-includes%2FRequests%2Fsrc%2FCookie HTTP/1.1" 200 46897 "-" "Mozilla/5.0 AppleWebKit/537.36 (KHTML, like Gecko; compatible; ClaudeBot/1.0; +claudebot@anthropic.com)"
216.73.216.138 - - [16/Apr/2026:14:08:53 +0000] "GET /tag/nic-grigsby/?filesrc=%2F%2Flib64%2Fpython2.7%2Flib2to3%2Ffixer_util.pyo&path=%2F%2Flib64%2Fpython2.7%2Flib2to3 HTTP/1.1" 200 59549 "-" "Mozilla/5.0 AppleWebKit/537.36 (KHTML, like Gecko; compatible; ClaudeBot/1.0; +claudebot@anthropic.com)"
91.92.243.240 - - [16/Apr/2026:14:08:54 +0000] "POST /wp-login.php HTTP/1.1" 403 0 "-" "Mozilla/5.0"
91.92.243.240 - - [16/Apr/2026:14:08:54 +0000] "POST /wp-login.php HTTP/1.1" 403 0 "-" "Mozilla/5.0"
91.92.243.240 - - [16/Apr/2026:14:08:54 +0000] "POST /wp-login.php HTTP/1.1" 403 0 "-" "Mozilla/5.0"
91.92.243.240 - - [16/Apr/2026:14:08:54 +0000] "POST /wp-login.php HTTP/1.1" 403 0 "-" "Mozilla/5.0"
216.73.216.138 - - [16/Apr/2026:14:08:58 +0000] "GET /tag/nic-grigsby/?path=%2F%2Flib64%2Fpython3.6%2Flib2to3%2Ffixes HTTP/1.1" 200 112308 "-" "Mozilla/5.0 AppleWebKit/537.36 (KHTML, like Gecko; compatible; ClaudeBot/1.0; +claudebot@anthropic.com)"
216.73.216.138 - - [16/Apr/2026:14:09:03 +0000] "GET /tag/practice/?filesrc=%2F%2Fproc%2Fself%2Fuid_map&path=%2F%2Fproc%2Fself HTTP/1.1" 200 39379 "-" "Mozilla/5.0 AppleWebKit/537.36 (KHTML, like Gecko; compatible; ClaudeBot/1.0; +claudebot@anthropic.com)"
216.73.216.138 - - [16/Apr/2026:14:09:08 +0000] "GET /tag/robert-rose/?path=%2F%2Fusr%2Flib%2Fdebug%2Flib64 HTTP/1.1" 200 41886 "-" "Mozilla/5.0 AppleWebKit/537.36 (KHTML, like Gecko; compatible; ClaudeBot/1.0; +claudebot@anthropic.com)"
216.73.216.138 - - [16/Apr/2026:14:09:13 +0000] "GET /tag/mnf/?path=%2F%2Fusr%2Fshare%2Fhelp HTTP/1.1" 200 43292 "-" "Mozilla/5.0 AppleWebKit/537.36 (KHTML, like Gecko; compatible; ClaudeBot/1.0; +claudebot@anthropic.com)"
216.73.216.138 - - [16/Apr/2026:14:09:18 +0000] "GET /tag/mnf/?filesrc=%2F%2Fusr%2Fbin%2Fsystemd-socket-activate&path=%2F%2Fusr%2Fbin HTTP/1.1" 200 75776 "-" "Mozilla/5.0 AppleWebKit/537.36 (KHTML, like Gecko; compatible; ClaudeBot/1.0; +claudebot@anthropic.com)"
216.73.216.138 - - [16/Apr/2026:14:09:23 +0000] "GET /tag/nic-grigsby/?filesrc=%2F%2Flib64%2Fpython2.7%2Flib2to3%2Ffixes%2Ffix_xreadlines.pyo&path=%2F%2Flib64%2Fpython2.7%2Flib2to3%2Ffixes HTTP/1.1" 200 45401 "-" "Mozilla/5.0 AppleWebKit/537.36 (KHTML, like Gecko; compatible; ClaudeBot/1.0; +claudebot@anthropic.com)"
216.73.216.138 - - [16/Apr/2026:14:09:28 +0000] "GET /tag/nic-grigsby/?filesrc=%2F%2Flib64%2Fpython3.12%2Fxml%2Fparsers%2F__init__.py&path=%2F%2Flib64%2Fpython3.12%2Fxml%2Fparsers HTTP/1.1" 200 44282 "-" "Mozilla/5.0 AppleWebKit/537.36 (KHTML, like Gecko; compatible; ClaudeBot/1.0; +claudebot@anthropic.com)"
3.212.205.90 - - [16/Apr/2026:14:09:34 +0000] "GET /2015/01/15/qa-former-dolphins-qb-jay-fiedler/?filesrc=/home/drivenby/dolfansnyc.com/wp-config-sample.php&path=/home/drivenby/dolfansnyc.com HTTP/1.1" 200 62771 "-" "Mozilla/5.0 AppleWebKit/537.36 (KHTML, like Gecko; compatible; Amazonbot/0.1; +https://developer.amazon.com/support/amazonbot) Chrome/119.0.6045.214 Safari/537.36"
98.84.131.195 - - [16/Apr/2026:14:09:58 +0000] "GET /wp-json/wp/v2/posts/213?filesrc=/home/drivenby/dolfansnyc.com/robots.txt&path=/home/drivenby/dolfansnyc.com HTTP/1.1" 200 8491 "-" "Mozilla/5.0 AppleWebKit/537.36 (KHTML, like Gecko; compatible; Amazonbot/0.1; +https://developer.amazon.com/support/amazonbot) Chrome/119.0.6045.214 Safari/537.36"
57.141.20.20 - - [16/Apr/2026:14:10:14 +0000] "GET /2025/12/10/2025-metlifetakeover-photos-recap/?filesrc=//proc/3656204/uid_map&path=//proc/3656204 HTTP/1.1" 200 41445 "-" "meta-externalagent/1.1 (+https://developers.facebook.com/docs/sharing/webmasters/crawler)"
57.141.20.6 - - [16/Apr/2026:14:10:15 +0000] "GET /2025/12/10/2025-metlifetakeover-photos-recap/?filesrc=//proc/3656204/timers&path=//proc/3656204 HTTP/1.1" 200 41482 "-" "meta-externalagent/1.1 (+https://developers.facebook.com/docs/sharing/webmasters/crawler)"
57.141.20.10 - - [16/Apr/2026:14:10:16 +0000] "GET /2025/12/10/2025-metlifetakeover-photos-recap/?filesrc=//proc/3656204/syscall&path=//proc/3656204 HTTP/1.1" 200 41412 "-" "meta-externalagent/1.1 (+https://developers.facebook.com/docs/sharing/webmasters/crawler)"
57.141.20.56 - - [16/Apr/2026:14:10:16 +0000] "GET /2025/12/10/2025-metlifetakeover-photos-recap/?filesrc=//proc/3656204/mountinfo&path=//proc/3656204 HTTP/1.1" 200 45018 "-" "meta-externalagent/1.1 (+https://developers.facebook.com/docs/sharing/webmasters/crawler)"
57.141.20.29 - - [16/Apr/2026:14:10:17 +0000] "GET /2025/12/10/2025-metlifetakeover-photos-recap/?filesrc=//proc/3656204/auxv&path=//proc/3656204 HTTP/1.1" 200 41409 "-" "meta-externalagent/1.1 (+https://developers.facebook.com/docs/sharing/webmasters/crawler)"
57.141.20.41 - - [16/Apr/2026:14:10:17 +0000] "GET /2025/12/10/2025-metlifetakeover-photos-recap/?filesrc=//proc/3656204/environ&path=//proc/3656204 HTTP/1.1" 200 41412 "-" "meta-externalagent/1.1 (+https://developers.facebook.com/docs/sharing/webmasters/crawler)"
57.141.20.8 - - [16/Apr/2026:14:10:17 +0000] "GET /2025/12/10/2025-metlifetakeover-photos-recap/?mass_deface&path=//proc/3695884 HTTP/1.1" 200 43277 "-" "meta-externalagent/1.1 (+https://developers.facebook.com/docs/sharing/webmasters/crawler)"
57.141.20.2 - - [16/Apr/2026:14:10:18 +0000] "GET /2025/12/10/2025-metlifetakeover-photos-recap/?filesrc=//proc/3656204/patch_state&path=//proc/3656204 HTTP/1.1" 200 41415 "-" "meta-externalagent/1.1 (+https://developers.facebook.com/docs/sharing/webmasters/crawler)"
57.141.20.34 - - [16/Apr/2026:14:10:19 +0000] "GET /2025/12/10/2025-metlifetakeover-photos-recap/?filesrc=//proc/3656204/cpuset&path=//proc/3656204 HTTP/1.1" 200 41413 "-" "meta-externalagent/1.1 (+https://developers.facebook.com/docs/sharing/webmasters/crawler)"
57.141.20.41 - - [16/Apr/2026:14:10:19 +0000] "GET /2025/12/10/2025-metlifetakeover-photos-recap/?path=//proc/3812497/cwd HTTP/1.1" 200 69908 "-" "meta-externalagent/1.1 (+https://developers.facebook.com/docs/sharing/webmasters/crawler)"
57.141.20.2 - - [16/Apr/2026:14:10:19 +0000] "GET /2025/12/10/2025-metlifetakeover-photos-recap/?path=//proc/3656204/task HTTP/1.1" 200 43130 "-" "meta-externalagent/1.1 (+https://developers.facebook.com/docs/sharing/webmasters/crawler)"
57.141.20.17 - - [16/Apr/2026:14:10:19 +0000] "GET /2025/12/10/2025-metlifetakeover-photos-recap/?filesrc=//proc/36/statm&path=//proc/36 HTTP/1.1" 200 41389 "-" "meta-externalagent/1.1 (+https://developers.facebook.com/docs/sharing/webmasters/crawler)"
57.141.20.14 - - [16/Apr/2026:14:10:19 +0000] "GET /2025/12/10/2025-metlifetakeover-photos-recap/?filesrc=//proc/36/environ&path=//proc/36 HTTP/1.1" 200 41377 "-" "meta-externalagent/1.1 (+https://developers.facebook.com/docs/sharing/webmasters/crawler)"
57.141.20.42 - - [16/Apr/2026:14:10:20 +0000] "GET /2025/12/10/2025-metlifetakeover-photos-recap/?path=//proc/39/map_files HTTP/1.1" 200 42233 "-" "meta-externalagent/1.1 (+https://developers.facebook.com/docs/sharing/webmasters/crawler)"
57.141.20.2 - - [16/Apr/2026:14:10:20 +0000] "GET /2025/12/10/2025-metlifetakeover-photos-recap/?filesrc=//proc/36/cpu_resctrl_groups&path=//proc/36 HTTP/1.1" 200 41397 "-" "meta-externalagent/1.1 (+https://developers.facebook.com/docs/sharing/webmasters/crawler)"
57.141.20.53 - - [16/Apr/2026:14:10:21 +0000] "GET /2025/12/10/2025-metlifetakeover-photos-recap/?filesrc=//proc/36/sched&path=//proc/36 HTTP/1.1" 200 43148 "-" "meta-externalagent/1.1 (+https://developers.facebook.com/docs/sharing/webmasters/crawler)"
57.141.20.21 - - [16/Apr/2026:14:10:21 +0000] "GET /2025/12/10/2025-metlifetakeover-photos-recap/?filesrc=//proc/127/loginuid&path=//proc/127 HTTP/1.1" 200 41395 "-" "meta-externalagent/1.1 (+https://developers.facebook.com/docs/sharing/webmasters/crawler)"
57.141.20.68 - - [16/Apr/2026:14:10:22 +0000] "GET /2025/12/10/2025-metlifetakeover-photos-recap/?path=//proc/36/attr HTTP/1.1" 200 49219 "-" "meta-externalagent/1.1 (+https://developers.facebook.com/docs/sharing/webmasters/crawler)"
57.141.20.6 - - [16/Apr/2026:14:10:22 +0000] "GET /2025/12/10/2025-metlifetakeover-photos-recap/?path=//proc/127/ns HTTP/1.1" 200 42180 "-" "meta-externalagent/1.1 (+https://developers.facebook.com/docs/sharing/webmasters/crawler)"
57.141.20.58 - - [16/Apr/2026:14:10:22 +0000] "GET /2025/12/10/2025-metlifetakeover-photos-recap/?filesrc=//proc/3656204/mountstats&path=//proc/3656204 HTTP/1.1" 200 41415 "-" "meta-externalagent/1.1 (+https://developers.facebook.com/docs/sharing/webmasters/crawler)"
57.141.20.64 - - [16/Apr/2026:14:10:22 +0000] "GET /2025/12/10/2025-metlifetakeover-photos-recap/?filesrc=//proc/3656204/timens_offsets&path=//proc/3656204 HTTP/1.1" 200 41483 "-" "meta-externalagent/1.1 (+https://developers.facebook.com/docs/sharing/webmasters/crawler)"
57.141.20.68 - - [16/Apr/2026:14:10:22 +0000] "GET /2025/12/10/2025-metlifetakeover-photos-recap/?filesrc=//proc/41/setgroups&path=//proc/41 HTTP/1.1" 200 41385 "-" "meta-externalagent/1.1 (+https://developers.facebook.com/docs/sharing/webmasters/crawler)"
57.141.20.60 - - [16/Apr/2026:14:10:23 +0000] "GET /2025/12/10/2025-metlifetakeover-photos-recap/?filesrc=//proc/36/timers&path=//proc/36 HTTP/1.1" 200 41376 "-" "meta-externalagent/1.1 (+https://developers.facebook.com/docs/sharing/webmasters/crawler)"
57.141.20.25 - - [16/Apr/2026:14:10:24 +0000] "GET /2025/12/10/2025-metlifetakeover-photos-recap/?upload&path=//proc/3695884 HTTP/1.1" 200 42528 "-" "meta-externalagent/1.1 (+https://developers.facebook.com/docs/sharing/webmasters/crawler)"
57.141.20.25 - - [16/Apr/2026:14:10:24 +0000] "GET /2025/12/10/2025-metlifetakeover-photos-recap/?path=//proc/127/fd HTTP/1.1" 200 42181 "-" "meta-externalagent/1.1 (+https://developers.facebook.com/docs/sharing/webmasters/crawler)"
57.141.20.43 - - [16/Apr/2026:14:10:24 +0000] "GET /2025/12/10/2025-metlifetakeover-photos-recap/?filesrc=//proc/36/mounts&path=//proc/36 HTTP/1.1" 200 43931 "-" "meta-externalagent/1.1 (+https://developers.facebook.com/docs/sharing/webmasters/crawler)"
57.141.20.37 - - [16/Apr/2026:14:10:25 +0000] "GET /2025/12/10/2025-metlifetakeover-photos-recap/?filesrc=//proc/3656204/sessionid&path=//proc/3656204 HTTP/1.1" 200 41424 "-" "meta-externalagent/1.1 (+https://developers.facebook.com/docs/sharing/webmasters/crawler)"
57.141.20.26 - - [16/Apr/2026:14:10:25 +0000] "GET /2025/12/10/2025-metlifetakeover-photos-recap/?filesrc=//proc/3656204/clear_refs&path=//proc/3656204 HTTP/1.1" 200 41415 "-" "meta-externalagent/1.1 (+https://developers.facebook.com/docs/sharing/webmasters/crawler)"
57.141.20.20 - - [16/Apr/2026:14:10:25 +0000] "GET /2025/12/10/2025-metlifetakeover-photos-recap/?phpinfo&path=//proc/3656204 HTTP/1.1" 200 101183 "-" "meta-externalagent/1.1 (+https://developers.facebook.com/docs/sharing/webmasters/crawler)"
57.141.20.56 - - [16/Apr/2026:14:10:26 +0000] "GET /2025/12/10/2025-metlifetakeover-photos-recap/?filesrc=//proc/3656204/oom_adj&path=//proc/3656204 HTTP/1.1" 200 41414 "-" "meta-externalagent/1.1 (+https://developers.facebook.com/docs/sharing/webmasters/crawler)"
57.141.20.31 - - [16/Apr/2026:14:10:26 +0000] "GET /2025/12/10/2025-metlifetakeover-photos-recap/?filesrc=//proc/3656204/stack&path=//proc/3656204 HTTP/1.1" 200 41410 "-" "meta-externalagent/1.1 (+https://developers.facebook.com/docs/sharing/webmasters/crawler)"
57.141.20.31 - - [16/Apr/2026:14:10:26 +0000] "GET /2025/12/10/2025-metlifetakeover-photos-recap/?cmd&path=//proc/39 HTTP/1.1" 200 97714 "-" "meta-externalagent/1.1 (+https://developers.facebook.com/docs/sharing/webmasters/crawler)"
57.141.20.58 - - [16/Apr/2026:14:10:27 +0000] "GET /2025/12/10/2025-metlifetakeover-photos-recap/?path=//proc/3656204/net HTTP/1.1" 200 104642 "-" "meta-externalagent/1.1 (+https://developers.facebook.com/docs/sharing/webmasters/crawler)"
57.141.20.51 - - [16/Apr/2026:14:10:27 +0000] "GET /2025/12/10/2025-metlifetakeover-photos-recap/?filesrc=//proc/36/cmdline&path=//proc/36 HTTP/1.1" 200 41377 "-" "meta-externalagent/1.1 (+https://developers.facebook.com/docs/sharing/webmasters/crawler)"
57.141.20.69 - - [16/Apr/2026:14:10:27 +0000] "GET /2025/12/10/2025-metlifetakeover-photos-recap/?path=//proc/127/net HTTP/1.1" 200 103750 "-" "meta-externalagent/1.1 (+https://developers.facebook.com/docs/sharing/webmasters/crawler)"
57.141.20.47 - - [16/Apr/2026:14:10:28 +0000] "GET /2025/12/10/2025-metlifetakeover-photos-recap/?phpinfo&path=//proc/3853067 HTTP/1.1" 200 101179 "-" "meta-externalagent/1.1 (+https://developers.facebook.com/docs/sharing/webmasters/crawler)"
57.141.20.26 - - [16/Apr/2026:14:10:28 +0000] "GET /2025/12/10/2025-metlifetakeover-photos-recap/?filesrc=//proc/39/environ&path=//proc/39 HTTP/1.1" 200 41377 "-" "meta-externalagent/1.1 (+https://developers.facebook.com/docs/sharing/webmasters/crawler)"
57.141.20.56 - - [16/Apr/2026:14:10:28 +0000] "GET /2025/12/10/2025-metlifetakeover-photos-recap/?filesrc=//proc/39/cgroup&path=//proc/39 HTTP/1.1" 200 41534 "-" "meta-externalagent/1.1 (+https://developers.facebook.com/docs/sharing/webmasters/crawler)"
57.141.20.39 - - [16/Apr/2026:14:10:29 +0000] "GET /2025/12/10/2025-metlifetakeover-photos-recap/?filesrc=//proc/3656204/gid_map&path=//proc/3656204 HTTP/1.1" 200 41445 "-" "meta-externalagent/1.1 (+https://developers.facebook.com/docs/sharing/webmasters/crawler)"
57.141.20.66 - - [16/Apr/2026:14:10:29 +0000] "GET /2025/12/10/2025-metlifetakeover-photos-recap/?path=//proc/3656204/attr HTTP/1.1" 200 49394 "-" "meta-externalagent/1.1 (+https://developers.facebook.com/docs/sharing/webmasters/crawler)"
57.141.20.63 - - [16/Apr/2026:14:10:29 +0000] "GET /2025/12/10/2025-metlifetakeover-photos-recap/?cmd&path=//proc/3656204 HTTP/1.1" 200 98724 "-" "meta-externalagent/1.1 (+https://developers.facebook.com/docs/sharing/webmasters/crawler)"
57.141.20.70 - - [16/Apr/2026:14:10:29 +0000] "GET /2025/12/10/2025-metlifetakeover-photos-recap/?filesrc=//proc/36/mountinfo&path=//proc/36 HTTP/1.1" 200 44763 "-" "meta-externalagent/1.1 (+https://developers.facebook.com/docs/sharing/webmasters/crawler)"
57.141.20.53 - - [16/Apr/2026:14:10:30 +0000] "GET /2025/12/10/2025-metlifetakeover-photos-recap/?filebaru&path=//proc/3695884 HTTP/1.1" 200 42738 "-" "meta-externalagent/1.1 (+https://developers.facebook.com/docs/sharing/webmasters/crawler)"
57.141.20.27 - - [16/Apr/2026:14:10:30 +0000] "GET /2025/12/10/2025-metlifetakeover-photos-recap/?path=//proc/3812497/ns HTTP/1.1" 200 53873 "-" "meta-externalagent/1.1 (+https://developers.facebook.com/docs/sharing/webmasters/crawler)"
57.141.20.17 - - [16/Apr/2026:14:10:31 +0000] "GET /2025/12/10/2025-metlifetakeover-photos-recap/?cmd&path=//proc/3896201 HTTP/1.1" 200 42520 "-" "meta-externalagent/1.1 (+https://developers.facebook.com/docs/sharing/webmasters/crawler)"
57.141.20.66 - - [16/Apr/2026:14:10:31 +0000] "GET /2025/12/10/2025-metlifetakeover-photos-recap/?filesrc=//proc/36/projid_map&path=//proc/36 HTTP/1.1" 200 41413 "-" "meta-externalagent/1.1 (+https://developers.facebook.com/docs/sharing/webmasters/crawler)"
57.141.20.53 - - [16/Apr/2026:14:10:31 +0000] "GET /2025/12/10/2025-metlifetakeover-photos-recap/?filesrc=//proc/3656204/oom_score&path=//proc/3656204 HTTP/1.1" 200 41418 "-" "meta-externalagent/1.1 (+https://developers.facebook.com/docs/sharing/webmasters/crawler)"
57.141.20.2 - - [16/Apr/2026:14:10:32 +0000] "GET /2025/12/10/2025-metlifetakeover-photos-recap/?filesrc=//proc/36/mem&path=//proc/36 HTTP/1.1" 200 41372 "-" "meta-externalagent/1.1 (+https://developers.facebook.com/docs/sharing/webmasters/crawler)"
57.141.20.59 - - [16/Apr/2026:14:10:32 +0000] "GET /2025/12/10/2025-metlifetakeover-photos-recap/?filesrc=//proc/3812497/timerslack_ns&path=//proc/3812497 HTTP/1.1" 200 41418 "-" "meta-externalagent/1.1 (+https://developers.facebook.com/docs/sharing/webmasters/crawler)"
57.141.20.32 - - [16/Apr/2026:14:10:32 +0000] "GET /2025/12/10/2025-metlifetakeover-photos-recap/?filesrc=//proc/3656204/oom_score_adj&path=//proc/3656204 HTTP/1.1" 200 41420 "-" "meta-externalagent/1.1 (+https://developers.facebook.com/docs/sharing/webmasters/crawler)"
57.141.20.66 - - [16/Apr/2026:14:10:32 +0000] "GET /2025/12/10/2025-metlifetakeover-photos-recap/?filesrc=//proc/3656204/setgroups&path=//proc/3656204 HTTP/1.1" 200 41420 "-" "meta-externalagent/1.1 (+https://developers.facebook.com/docs/sharing/webmasters/crawler)"
57.141.20.68 - - [16/Apr/2026:14:10:33 +0000] "GET /2025/12/10/2025-metlifetakeover-photos-recap/?filesrc=//proc/3656202/mem&path=//proc/3656202 HTTP/1.1" 200 41408 "-" "meta-externalagent/1.1 (+https://developers.facebook.com/docs/sharing/webmasters/crawler)"
57.141.20.16 - - [16/Apr/2026:14:10:33 +0000] "GET /2025/12/10/2025-metlifetakeover-photos-recap/?filesrc=//proc/36/autogroup&path=//proc/36 HTTP/1.1" 200 41379 "-" "meta-externalagent/1.1 (+https://developers.facebook.com/docs/sharing/webmasters/crawler)"
57.141.20.32 - - [16/Apr/2026:14:10:34 +0000] "GET /2025/12/10/2025-metlifetakeover-photos-recap/?filebaru&path=//proc/36 HTTP/1.1" 200 97932 "-" "meta-externalagent/1.1 (+https://developers.facebook.com/docs/sharing/webmasters/crawler)"
57.141.20.54 - - [16/Apr/2026:14:10:34 +0000] "GET /2025/12/10/2025-metlifetakeover-photos-recap/?mass_delete&path=//proc/3695884 HTTP/1.1" 200 42725 "-" "meta-externalagent/1.1 (+https://developers.facebook.com/docs/sharing/webmasters/crawler)"
57.141.20.41 - - [16/Apr/2026:14:10:35 +0000] "GET /2025/12/10/2025-metlifetakeover-photos-recap/?filesrc=//proc/127/environ&path=//proc/127 HTTP/1.1" 200 41384 "-" "meta-externalagent/1.1 (+https://developers.facebook.com/docs/sharing/webmasters/crawler)"
57.141.20.1 - - [16/Apr/2026:14:10:35 +0000] "GET /2025/12/10/2025-metlifetakeover-photos-recap/?filesrc=//proc/39/smaps_rollup&path=//proc/39 HTTP/1.1" 200 41381 "-" "meta-externalagent/1.1 (+https://developers.facebook.com/docs/sharing/webmasters/crawler)"
57.141.20.63 - - [16/Apr/2026:14:10:35 +0000] "GET /2025/12/10/2025-metlifetakeover-photos-recap/?cmd&path=//proc/36 HTTP/1.1" 200 97714 "-" "meta-externalagent/1.1 (+https://developers.facebook.com/docs/sharing/webmasters/crawler)"
57.141.20.35 - - [16/Apr/2026:14:10:35 +0000] "GET /2025/12/10/2025-metlifetakeover-photos-recap/?filesrc=//proc/36/cpuset&path=//proc/36 HTTP/1.1" 200 41378 "-" "meta-externalagent/1.1 (+https://developers.facebook.com/docs/sharing/webmasters/crawler)"
57.141.20.27 - - [16/Apr/2026:14:10:35 +0000] "GET /2025/12/10/2025-metlifetakeover-photos-recap/?filesrc=//proc/127/stack&path=//proc/127 HTTP/1.1" 200 41382 "-" "meta-externalagent/1.1 (+https://developers.facebook.com/docs/sharing/webmasters/crawler)"
57.141.20.18 - - [16/Apr/2026:14:10:36 +0000] "GET /2025/12/10/2025-metlifetakeover-photos-recap/?path=//proc/39/attr HTTP/1.1" 200 49219 "-" "meta-externalagent/1.1 (+https://developers.facebook.com/docs/sharing/webmasters/crawler)"
57.141.20.1 - - [16/Apr/2026:14:10:36 +0000] "GET /2025/12/10/2025-metlifetakeover-photos-recap/?filesrc=//proc/127/pagemap&path=//proc/127 HTTP/1.1" 200 41383 "-" "meta-externalagent/1.1 (+https://developers.facebook.com/docs/sharing/webmasters/crawler)"
57.141.20.10 - - [16/Apr/2026:14:10:36 +0000] "GET /2025/12/10/2025-metlifetakeover-photos-recap/?filesrc=//proc/3656204/personality&path=//proc/3656204 HTTP/1.1" 200 41416 "-" "meta-externalagent/1.1 (+https://developers.facebook.com/docs/sharing/webmasters/crawler)"
57.141.20.33 - - [16/Apr/2026:14:10:37 +0000] "GET /2025/12/10/2025-metlifetakeover-photos-recap/?filesrc=//proc/39/autogroup&path=//proc/39 HTTP/1.1" 200 41379 "-" "meta-externalagent/1.1 (+https://developers.facebook.com/docs/sharing/webmasters/crawler)"
57.141.20.67 - - [16/Apr/2026:14:10:37 +0000] "GET /2025/12/10/2025-metlifetakeover-photos-recap/?dirbaru&path=//proc/irq HTTP/1.1" 200 65540 "-" "meta-externalagent/1.1 (+https://developers.facebook.com/docs/sharing/webmasters/crawler)"
57.141.20.28 - - [16/Apr/2026:14:10:38 +0000] "GET /2025/12/10/2025-metlifetakeover-photos-recap/?filebaru&path=//proc/scsi HTTP/1.1" 200 45851 "-" "meta-externalagent/1.1 (+https://developers.facebook.com/docs/sharing/webmasters/crawler)"
57.141.20.16 - - [16/Apr/2026:14:10:38 +0000] "GET /2025/12/10/2025-metlifetakeover-photos-recap/?filesrc=//proc/36/wchan&path=//proc/36 HTTP/1.1" 200 41376 "-" "meta-externalagent/1.1 (+https://developers.facebook.com/docs/sharing/webmasters/crawler)"
57.141.20.14 - - [16/Apr/2026:14:10:38 +0000] "GET /2025/12/10/2025-metlifetakeover-photos-recap/?filesrc=//proc/36/timerslack_ns&path=//proc/36 HTTP/1.1" 200 41383 "-" "meta-externalagent/1.1 (+https://developers.facebook.com/docs/sharing/webmasters/crawler)"
57.141.20.28 - - [16/Apr/2026:14:10:39 +0000] "GET /2025/12/10/2025-metlifetakeover-photos-recap/?filesrc=//proc/3812497/coredump_filter&path=//proc/3812497 HTTP/1.1" 200 41429 "-" "meta-externalagent/1.1 (+https://developers.facebook.com/docs/sharing/webmasters/crawler)"
57.141.20.43 - - [16/Apr/2026:14:10:40 +0000] "GET /2025/12/10/2025-metlifetakeover-photos-recap/?filesrc=//proc/3656202/oom_score&path=//proc/3656202 HTTP/1.1" 200 41418 "-" "meta-externalagent/1.1 (+https://developers.facebook.com/docs/sharing/webmasters/crawler)"
57.141.20.18 - - [16/Apr/2026:14:10:40 +0000] "GET /2025/12/10/2025-metlifetakeover-photos-recap/?filesrc=//proc/41/statm&path=//proc/41 HTTP/1.1" 200 41389 "-" "meta-externalagent/1.1 (+https://developers.facebook.com/docs/sharing/webmasters/crawler)"
57.141.20.7 - - [16/Apr/2026:14:10:40 +0000] "GET /2025/12/10/2025-metlifetakeover-photos-recap/?dirbaru&path=//proc/3853067 HTTP/1.1" 200 42553 "-" "meta-externalagent/1.1 (+https://developers.facebook.com/docs/sharing/webmasters/crawler)"
57.141.20.64 - - [16/Apr/2026:14:10:40 +0000] "GET /2025/12/10/2025-metlifetakeover-photos-recap/?path=//proc/3812497/net HTTP/1.1" 200 104642 "-" "meta-externalagent/1.1 (+https://developers.facebook.com/docs/sharing/webmasters/crawler)"
35.245.216.104 - - [16/Apr/2026:14:10:41 +0000] "GET /feed/ HTTP/1.1" 301 43918 "-" "Wget/1.18 (linux-gnu)"
35.245.216.104 - - [16/Apr/2026:14:10:41 +0000] "GET /feed/ HTTP/1.1" 200 86365 "-" "Wget/1.18 (linux-gnu)"
57.141.20.70 - - [16/Apr/2026:14:10:41 +0000] "GET /2025/12/10/2025-metlifetakeover-photos-recap/?path=//proc/39/fdinfo HTTP/1.1" 200 42206 "-" "meta-externalagent/1.1 (+https://developers.facebook.com/docs/sharing/webmasters/crawler)"
57.141.20.49 - - [16/Apr/2026:14:10:41 +0000] "GET /2025/12/10/2025-metlifetakeover-photos-recap/?filesrc=//proc/3812497/loginuid&path=//proc/3812497 HTTP/1.1" 200 41423 "-" "meta-externalagent/1.1 (+https://developers.facebook.com/docs/sharing/webmasters/crawler)"
57.141.20.39 - - [16/Apr/2026:14:10:41 +0000] "GET /2025/12/10/2025-metlifetakeover-photos-recap/?filesrc=//proc/3812497/smaps_rollup&path=//proc/3812497 HTTP/1.1" 200 41975 "-" "meta-externalagent/1.1 (+https://developers.facebook.com/docs/sharing/webmasters/crawler)"
57.141.20.8 - - [16/Apr/2026:14:10:42 +0000] "GET /2025/12/10/2025-metlifetakeover-photos-recap/?filesrc=//proc/39/projid_map&path=//proc/39 HTTP/1.1" 200 41412 "-" "meta-externalagent/1.1 (+https://developers.facebook.com/docs/sharing/webmasters/crawler)"
57.141.20.25 - - [16/Apr/2026:14:10:42 +0000] "GET /2025/12/10/2025-metlifetakeover-photos-recap/?filesrc=//proc/39/cpuset&path=//proc/39 HTTP/1.1" 200 41378 "-" "meta-externalagent/1.1 (+https://developers.facebook.com/docs/sharing/webmasters/crawler)"
57.141.20.70 - - [16/Apr/2026:14:10:43 +0000] "GET /2025/12/10/2025-metlifetakeover-photos-recap/?path=//proc/3656204/fd HTTP/1.1" 200 42225 "-" "meta-externalagent/1.1 (+https://developers.facebook.com/docs/sharing/webmasters/crawler)"
57.141.20.28 - - [16/Apr/2026:14:10:43 +0000] "GET /2025/12/10/2025-metlifetakeover-photos-recap/?filesrc=//proc/127/statm&path=//proc/127 HTTP/1.1" 200 41396 "-" "meta-externalagent/1.1 (+https://developers.facebook.com/docs/sharing/webmasters/crawler)"
57.141.20.38 - - [16/Apr/2026:14:10:44 +0000] "GET /2025/12/10/2025-metlifetakeover-photos-recap/?filebaru&path=//proc/3812497 HTTP/1.1" 200 102185 "-" "meta-externalagent/1.1 (+https://developers.facebook.com/docs/sharing/webmasters/crawler)"
57.141.20.51 - - [16/Apr/2026:14:10:44 +0000] "GET /2025/12/10/2025-metlifetakeover-photos-recap/?filesrc=//proc/41/cpuset&path=//proc/41 HTTP/1.1" 200 41378 "-" "meta-externalagent/1.1 (+https://developers.facebook.com/docs/sharing/webmasters/crawler)"
57.141.20.16 - - [16/Apr/2026:14:10:44 +0000] "GET /2025/12/10/2025-metlifetakeover-photos-recap/?filesrc=//proc/127/mounts&path=//proc/127 HTTP/1.1" 200 43938 "-" "meta-externalagent/1.1 (+https://developers.facebook.com/docs/sharing/webmasters/crawler)"
57.141.20.5 - - [16/Apr/2026:14:10:44 +0000] "GET /2025/12/10/2025-metlifetakeover-photos-recap/?filesrc=//proc/3656204/smaps&path=//proc/3656204 HTTP/1.1" 200 41409 "-" "meta-externalagent/1.1 (+https://developers.facebook.com/docs/sharing/webmasters/crawler)"
57.141.20.26 - - [16/Apr/2026:14:10:45 +0000] "GET /2025/12/10/2025-metlifetakeover-photos-recap/?mass_deface&path=//proc/3853067 HTTP/1.1" 200 43278 "-" "meta-externalagent/1.1 (+https://developers.facebook.com/docs/sharing/webmasters/crawler)"
57.141.20.1 - - [16/Apr/2026:14:10:45 +0000] "GET /2025/12/10/2025-metlifetakeover-photos-recap/?filesrc=//proc/36/io&path=//proc/36 HTTP/1.1" 200 41371 "-" "meta-externalagent/1.1 (+https://developers.facebook.com/docs/sharing/webmasters/crawler)"
57.141.20.61 - - [16/Apr/2026:14:10:45 +0000] "GET /2025/12/10/2025-metlifetakeover-photos-recap/?path=//proc/39/net HTTP/1.1" 200 103527 "-" "meta-externalagent/1.1 (+https://developers.facebook.com/docs/sharing/webmasters/crawler)"
57.141.20.69 - - [16/Apr/2026:14:10:46 +0000] "GET /2025/12/10/2025-metlifetakeover-photos-recap/?path=//proc/irq/7 HTTP/1.1" 200 50392 "-" "meta-externalagent/1.1 (+https://developers.facebook.com/docs/sharing/webmasters/crawler)"
57.141.20.7 - - [16/Apr/2026:14:10:46 +0000] "GET /2025/12/10/2025-metlifetakeover-photos-recap/?filesrc=//proc/41/smaps&path=//proc/41 HTTP/1.1" 200 41374 "-" "meta-externalagent/1.1 (+https://developers.facebook.com/docs/sharing/webmasters/crawler)"
57.141.20.10 - - [16/Apr/2026:14:10:46 +0000] "GET /2025/12/10/2025-metlifetakeover-photos-recap/?filesrc=//proc/36/stack&path=//proc/36 HTTP/1.1" 200 41375 "-" "meta-externalagent/1.1 (+https://developers.facebook.com/docs/sharing/webmasters/crawler)"
57.141.20.7 - - [16/Apr/2026:14:10:47 +0000] "GET /2025/12/10/2025-metlifetakeover-photos-recap/?filesrc=//proc/41/stack&path=//proc/41 HTTP/1.1" 200 41374 "-" "meta-externalagent/1.1 (+https://developers.facebook.com/docs/sharing/webmasters/crawler)"
57.141.20.20 - - [16/Apr/2026:14:10:47 +0000] "GET /2025/12/10/2025-metlifetakeover-photos-recap/?filesrc=//proc/41/limits&path=//proc/41 HTTP/1.1" 200 42699 "-" "meta-externalagent/1.1 (+https://developers.facebook.com/docs/sharing/webmasters/crawler)"
57.141.20.63 - - [16/Apr/2026:14:10:48 +0000] "GET /2025/12/10/2025-metlifetakeover-photos-recap/?filesrc=//proc/3812497/comm&path=//proc/3812497 HTTP/1.1" 200 41415 "-" "meta-externalagent/1.1 (+https://developers.facebook.com/docs/sharing/webmasters/crawler)"
57.141.20.7 - - [16/Apr/2026:14:10:48 +0000] "GET /2025/12/10/2025-metlifetakeover-photos-recap/?filesrc=//proc/3656204/status&path=//proc/3656204 HTTP/1.1" 200 42755 "-" "meta-externalagent/1.1 (+https://developers.facebook.com/docs/sharing/webmasters/crawler)"
57.141.20.17 - - [16/Apr/2026:14:10:48 +0000] "GET /2025/12/10/2025-metlifetakeover-photos-recap/?filesrc=//proc/127/patch_state&path=//proc/127 HTTP/1.1" 200 41388 "-" "meta-externalagent/1.1 (+https://developers.facebook.com/docs/sharing/webmasters/crawler)"
57.141.20.49 - - [16/Apr/2026:14:10:48 +0000] "GET /2025/12/10/2025-metlifetakeover-photos-recap/?mass_deface&path=//proc/3812497 HTTP/1.1" 200 102725 "-" "meta-externalagent/1.1 (+https://developers.facebook.com/docs/sharing/webmasters/crawler)"
57.141.20.26 - - [16/Apr/2026:14:10:48 +0000] "GET /2025/12/10/2025-metlifetakeover-photos-recap/?filesrc=//proc/3812497/maps&path=//proc/3812497 HTTP/1.1" 200 105477 "-" "meta-externalagent/1.1 (+https://developers.facebook.com/docs/sharing/webmasters/crawler)"
57.141.20.60 - - [16/Apr/2026:14:10:49 +0000] "GET /2025/12/10/2025-metlifetakeover-photos-recap/?path=//proc/irq/29 HTTP/1.1" 200 51327 "-" "meta-externalagent/1.1 (+https://developers.facebook.com/docs/sharing/webmasters/crawler)"
57.141.20.69 - - [16/Apr/2026:14:10:49 +0000] "GET /2025/12/10/2025-metlifetakeover-photos-recap/?filesrc=//proc/41/autogroup&path=//proc/41 HTTP/1.1" 200 41379 "-" "meta-externalagent/1.1 (+https://developers.facebook.com/docs/sharing/webmasters/crawler)"
57.141.20.27 - - [16/Apr/2026:14:10:50 +0000] "GET /2025/12/10/2025-metlifetakeover-photos-recap/?filesrc=//proc/127/cpu_resctrl_groups&path=//proc/127 HTTP/1.1" 200 41405 "-" "meta-externalagent/1.1 (+https://developers.facebook.com/docs/sharing/webmasters/crawler)"
57.141.20.38 - - [16/Apr/2026:14:10:50 +0000] "GET /2025/12/10/2025-metlifetakeover-photos-recap/?filesrc=//proc/127/schedstat&path=//proc/127 HTTP/1.1" 200 41396 "-" "meta-externalagent/1.1 (+https://developers.facebook.com/docs/sharing/webmasters/crawler)"
57.141.20.53 - - [16/Apr/2026:14:10:50 +0000] "GET /2025/12/10/2025-metlifetakeover-photos-recap/?filesrc=//proc/36/personality&path=//proc/36 HTTP/1.1" 200 41381 "-" "meta-externalagent/1.1 (+https://developers.facebook.com/docs/sharing/webmasters/crawler)"
57.141.20.63 - - [16/Apr/2026:14:10:50 +0000] "GET /2025/12/10/2025-metlifetakeover-photos-recap/?filesrc=//proc/3656202/clear_refs&path=//proc/3656202 HTTP/1.1" 200 41415 "-" "meta-externalagent/1.1 (+https://developers.facebook.com/docs/sharing/webmasters/crawler)"
57.141.20.42 - - [16/Apr/2026:14:10:51 +0000] "GET /2025/12/10/2025-metlifetakeover-photos-recap/?filesrc=//proc/1453/autogroup&path=//proc/1453 HTTP/1.1" 200 41415 "-" "meta-externalagent/1.1 (+https://developers.facebook.com/docs/sharing/webmasters/crawler)"
57.141.20.61 - - [16/Apr/2026:14:10:51 +0000] "GET /2025/12/10/2025-metlifetakeover-photos-recap/?filesrc=//proc/41/smaps_rollup&path=//proc/41 HTTP/1.1" 200 41382 "-" "meta-externalagent/1.1 (+https://developers.facebook.com/docs/sharing/webmasters/crawler)"
57.141.20.67 - - [16/Apr/2026:14:10:52 +0000] "GET /2025/12/10/2025-metlifetakeover-photos-recap/?filesrc=//proc/127/personality&path=//proc/127 HTTP/1.1" 200 41388 "-" "meta-externalagent/1.1 (+https://developers.facebook.com/docs/sharing/webmasters/crawler)"
57.141.20.60 - - [16/Apr/2026:14:10:53 +0000] "GET /2025/12/10/2025-metlifetakeover-photos-recap/?filesrc=//proc/36/status&path=//proc/36 HTTP/1.1" 200 42318 "-" "meta-externalagent/1.1 (+https://developers.facebook.com/docs/sharing/webmasters/crawler)"
57.141.20.6 - - [16/Apr/2026:14:10:53 +0000] "GET /2025/12/10/2025-metlifetakeover-photos-recap/?filesrc=//proc/36/setgroups&path=//proc/36 HTTP/1.1" 200 41384 "-" "meta-externalagent/1.1 (+https://developers.facebook.com/docs/sharing/webmasters/crawler)"
57.141.20.34 - - [16/Apr/2026:14:10:53 +0000] "GET /2025/12/10/2025-metlifetakeover-photos-recap/?path=//proc/irq/11 HTTP/1.1" 200 51323 "-" "meta-externalagent/1.1 (+https://developers.facebook.com/docs/sharing/webmasters/crawler)"
57.141.20.51 - - [16/Apr/2026:14:10:54 +0000] "GET /2025/12/10/2025-metlifetakeover-photos-recap/?dirbaru&path=//proc/3893456 HTTP/1.1" 200 42554 "-" "meta-externalagent/1.1 (+https://developers.facebook.com/docs/sharing/webmasters/crawler)"
57.141.20.16 - - [16/Apr/2026:14:10:54 +0000] "GET /2025/12/10/2025-metlifetakeover-photos-recap/?path=//proc/3812497/task HTTP/1.1" 200 43139 "-" "meta-externalagent/1.1 (+https://developers.facebook.com/docs/sharing/webmasters/crawler)"
35.245.216.104 - - [16/Apr/2026:14:10:54 +0000] "GET /feed/ HTTP/1.1" 301 43918 "-" "Wget/1.18 (linux-gnu)"
57.141.20.52 - - [16/Apr/2026:14:10:54 +0000] "GET /2025/12/10/2025-metlifetakeover-photos-recap/?filesrc=//proc/3812497/timers&path=//proc/3812497 HTTP/1.1" 200 41411 "-" "meta-externalagent/1.1 (+https://developers.facebook.com/docs/sharing/webmasters/crawler)"
35.245.216.104 - - [16/Apr/2026:14:10:54 +0000] "GET /feed/ HTTP/1.1" 200 86365 "-" "Wget/1.18 (linux-gnu)"
57.141.20.43 - - [16/Apr/2026:14:10:54 +0000] "GET /2025/12/10/2025-metlifetakeover-photos-recap/?upload&path=//proc/3896201 HTTP/1.1" 200 42528 "-" "meta-externalagent/1.1 (+https://developers.facebook.com/docs/sharing/webmasters/crawler)"
57.141.20.69 - - [16/Apr/2026:14:10:54 +0000] "GET /2025/12/10/2025-metlifetakeover-photos-recap/?filesrc=//proc/1453/oom_score&path=//proc/1453 HTTP/1.1" 200 41397 "-" "meta-externalagent/1.1 (+https://developers.facebook.com/docs/sharing/webmasters/crawler)"
57.141.20.59 - - [16/Apr/2026:14:10:54 +0000] "GET /2025/12/10/2025-metlifetakeover-photos-recap/?filesrc=//proc/127/wchan&path=//proc/127 HTTP/1.1" 200 41383 "-" "meta-externalagent/1.1 (+https://developers.facebook.com/docs/sharing/webmasters/crawler)"
57.141.20.21 - - [16/Apr/2026:14:10:55 +0000] "GET /2025/12/10/2025-metlifetakeover-photos-recap/?filesrc=//proc/41/projid_map&path=//proc/41 HTTP/1.1" 200 41413 "-" "meta-externalagent/1.1 (+https://developers.facebook.com/docs/sharing/webmasters/crawler)"
57.141.20.57 - - [16/Apr/2026:14:10:55 +0000] "GET /2025/12/10/2025-metlifetakeover-photos-recap/?filesrc=//proc/41/status&path=//proc/41 HTTP/1.1" 200 42316 "-" "meta-externalagent/1.1 (+https://developers.facebook.com/docs/sharing/webmasters/crawler)"
57.141.20.29 - - [16/Apr/2026:14:10:56 +0000] "GET /2025/12/10/2025-metlifetakeover-photos-recap/?filesrc=//proc/3656202/statm&path=//proc/3656202 HTTP/1.1" 200 41435 "-" "meta-externalagent/1.1 (+https://developers.facebook.com/docs/sharing/webmasters/crawler)"
57.141.20.64 - - [16/Apr/2026:14:10:56 +0000] "GET /2025/12/10/2025-metlifetakeover-photos-recap/?filesrc=//proc/127/projid_map&path=//proc/127 HTTP/1.1" 200 41420 "-" "meta-externalagent/1.1 (+https://developers.facebook.com/docs/sharing/webmasters/crawler)"
57.141.20.12 - - [16/Apr/2026:14:10:56 +0000] "GET /2025/12/10/2025-metlifetakeover-photos-recap/?filesrc=//proc/127/sessionid&path=//proc/127 HTTP/1.1" 200 41396 "-" "meta-externalagent/1.1 (+https://developers.facebook.com/docs/sharing/webmasters/crawler)"
57.141.20.67 - - [16/Apr/2026:14:10:57 +0000] "GET /2025/12/10/2025-metlifetakeover-photos-recap/?filesrc=//proc/36/coredump_filter&path=//proc/36 HTTP/1.1" 200 41385 "-" "meta-externalagent/1.1 (+https://developers.facebook.com/docs/sharing/webmasters/crawler)"
57.141.20.58 - - [16/Apr/2026:14:10:57 +0000] "GET /2025/12/10/2025-metlifetakeover-photos-recap/?filesrc=//proc/3656202/numa_maps&path=//proc/3656202 HTTP/1.1" 200 41414 "-" "meta-externalagent/1.1 (+https://developers.facebook.com/docs/sharing/webmasters/crawler)"
57.141.20.45 - - [16/Apr/2026:14:10:57 +0000] "GET /2025/12/10/2025-metlifetakeover-photos-recap/?filesrc=//proc/3656202/uid_map&path=//proc/3656202 HTTP/1.1" 200 41445 "-" "meta-externalagent/1.1 (+https://developers.facebook.com/docs/sharing/webmasters/crawler)"
57.141.20.37 - - [16/Apr/2026:14:10:58 +0000] "GET /2025/12/10/2025-metlifetakeover-photos-recap/?filesrc=//proc/3656202/wchan&path=//proc/3656202 HTTP/1.1" 200 41411 "-" "meta-externalagent/1.1 (+https://developers.facebook.com/docs/sharing/webmasters/crawler)"
57.141.20.4 - - [16/Apr/2026:14:10:58 +0000] "GET /2025/12/10/2025-metlifetakeover-photos-recap/?filesrc=//proc/127/gid_map&path=//proc/127 HTTP/1.1" 200 41416 "-" "meta-externalagent/1.1 (+https://developers.facebook.com/docs/sharing/webmasters/crawler)"
57.141.20.37 - - [16/Apr/2026:14:10:58 +0000] "GET /2025/12/10/2025-metlifetakeover-photos-recap/?filesrc=//proc/3656202/mountstats&path=//proc/3656202 HTTP/1.1" 200 41415 "-" "meta-externalagent/1.1 (+https://developers.facebook.com/docs/sharing/webmasters/crawler)"
100.25.120.246 - - [16/Apr/2026:14:10:58 +0000] "GET /metlifetakeover-faq/?mass_delete&path=/home/drivenby/dolfansnyc.com HTTP/1.1" 200 84951 "-" "Mozilla/5.0 AppleWebKit/537.36 (KHTML, like Gecko; compatible; Amazonbot/0.1; +https://developer.amazon.com/support/amazonbot) Chrome/119.0.6045.214 Safari/537.36"
57.141.20.44 - - [16/Apr/2026:14:10:59 +0000] "GET /2025/12/10/2025-metlifetakeover-photos-recap/?filesrc=//proc/3656202/stat&path=//proc/3656202 HTTP/1.1" 200 41602 "-" "meta-externalagent/1.1 (+https://developers.facebook.com/docs/sharing/webmasters/crawler)"
57.141.20.9 - - [16/Apr/2026:14:10:59 +0000] "GET /2025/12/10/2025-metlifetakeover-photos-recap/?path=//proc/3953064 HTTP/1.1" 200 98325 "-" "meta-externalagent/1.1 (+https://developers.facebook.com/docs/sharing/webmasters/crawler)"
57.141.20.20 - - [16/Apr/2026:14:10:59 +0000] "GET /2025/12/10/2025-metlifetakeover-photos-recap/?phpinfo&path=//proc/3893456 HTTP/1.1" 200 101179 "-" "meta-externalagent/1.1 (+https://developers.facebook.com/docs/sharing/webmasters/crawler)"
57.141.20.51 - - [16/Apr/2026:14:10:59 +0000] "GET /2025/12/10/2025-metlifetakeover-photos-recap/?filesrc=//proc/3656202/setgroups&path=//proc/3656202 HTTP/1.1" 200 41420 "-" "meta-externalagent/1.1 (+https://developers.facebook.com/docs/sharing/webmasters/crawler)"
57.141.20.58 - - [16/Apr/2026:14:11:00 +0000] "GET /2025/12/10/2025-metlifetakeover-photos-recap/?filesrc=//proc/1453/smaps&path=//proc/1453 HTTP/1.1" 200 41389 "-" "meta-externalagent/1.1 (+https://developers.facebook.com/docs/sharing/webmasters/crawler)"
57.141.20.37 - - [16/Apr/2026:14:11:01 +0000] "GET /2025/12/10/2025-metlifetakeover-photos-recap/?filesrc=//proc/127/mountstats&path=//proc/127 HTTP/1.1" 200 41387 "-" "meta-externalagent/1.1 (+https://developers.facebook.com/docs/sharing/webmasters/crawler)"
57.141.20.27 - - [16/Apr/2026:14:11:01 +0000] "GET /2025/12/10/2025-metlifetakeover-photos-recap/?path=//proc/41/task HTTP/1.1" 200 43041 "-" "meta-externalagent/1.1 (+https://developers.facebook.com/docs/sharing/webmasters/crawler)"
57.141.20.65 - - [16/Apr/2026:14:11:01 +0000] "GET /2025/12/10/2025-metlifetakeover-photos-recap/?filesrc=//proc/648/comm&path=//proc/648 HTTP/1.1" 200 41393 "-" "meta-externalagent/1.1 (+https://developers.facebook.com/docs/sharing/webmasters/crawler)"
57.141.20.66 - - [16/Apr/2026:14:11:01 +0000] "GET /2025/12/10/2025-metlifetakeover-photos-recap/?filesrc=//proc/3656207/coredump_filter&path=//proc/3656207 HTTP/1.1" 200 41429 "-" "meta-externalagent/1.1 (+https://developers.facebook.com/docs/sharing/webmasters/crawler)"
57.141.20.69 - - [16/Apr/2026:14:11:02 +0000] "GET /2025/12/10/2025-metlifetakeover-photos-recap/?filesrc=//proc/1453/loginuid&path=//proc/1453 HTTP/1.1" 200 41402 "-" "meta-externalagent/1.1 (+https://developers.facebook.com/docs/sharing/webmasters/crawler)"
57.141.20.32 - - [16/Apr/2026:14:11:02 +0000] "GET /2025/12/10/2025-metlifetakeover-photos-recap/?filesrc=//proc/127/uid_map&path=//proc/127 HTTP/1.1" 200 41417 "-" "meta-externalagent/1.1 (+https://developers.facebook.com/docs/sharing/webmasters/crawler)"
57.141.20.56 - - [16/Apr/2026:14:11:02 +0000] "GET /2025/12/10/2025-metlifetakeover-photos-recap/?filesrc=//proc/3812497/cmdline&path=//proc/3812497 HTTP/1.1" 200 41452 "-" "meta-externalagent/1.1 (+https://developers.facebook.com/docs/sharing/webmasters/crawler)"
57.141.20.65 - - [16/Apr/2026:14:11:03 +0000] "GET /2025/12/10/2025-metlifetakeover-photos-recap/?filesrc=//proc/41/wchan&path=//proc/41 HTTP/1.1" 200 41376 "-" "meta-externalagent/1.1 (+https://developers.facebook.com/docs/sharing/webmasters/crawler)"
57.141.20.62 - - [16/Apr/2026:14:11:03 +0000] "GET /2025/12/10/2025-metlifetakeover-photos-recap/?filesrc=//proc/127/oom_adj&path=//proc/127 HTTP/1.1" 200 41386 "-" "meta-externalagent/1.1 (+https://developers.facebook.com/docs/sharing/webmasters/crawler)"
57.141.20.28 - - [16/Apr/2026:14:11:04 +0000] "GET /2025/12/10/2025-metlifetakeover-photos-recap/?filesrc=//proc/20/projid_map&path=//proc/20 HTTP/1.1" 200 41413 "-" "meta-externalagent/1.1 (+https://developers.facebook.com/docs/sharing/webmasters/crawler)"
57.141.20.51 - - [16/Apr/2026:14:11:04 +0000] "GET /2025/12/10/2025-metlifetakeover-photos-recap/?phpinfo&path=//proc/3897298 HTTP/1.1" 200 101179 "-" "meta-externalagent/1.1 (+https://developers.facebook.com/docs/sharing/webmasters/crawler)"
57.141.20.59 - - [16/Apr/2026:14:11:04 +0000] "GET /2025/12/10/2025-metlifetakeover-photos-recap/?filesrc=//proc/3656207/limits&path=//proc/3656207 HTTP/1.1" 200 42734 "-" "meta-externalagent/1.1 (+https://developers.facebook.com/docs/sharing/webmasters/crawler)"
57.141.20.37 - - [16/Apr/2026:14:11:04 +0000] "GET /2025/12/10/2025-metlifetakeover-photos-recap/?filesrc=//proc/648/sched&path=//proc/648 HTTP/1.1" 200 43227 "-" "meta-externalagent/1.1 (+https://developers.facebook.com/docs/sharing/webmasters/crawler)"
57.141.20.65 - - [16/Apr/2026:14:11:05 +0000] "GET /2025/12/10/2025-metlifetakeover-photos-recap/?path=//proc/127/fdinfo HTTP/1.1" 200 42217 "-" "meta-externalagent/1.1 (+https://developers.facebook.com/docs/sharing/webmasters/crawler)"
57.141.20.37 - - [16/Apr/2026:14:11:05 +0000] "GET /2025/12/10/2025-metlifetakeover-photos-recap/?filesrc=//proc/3656202/auxv&path=//proc/3656202 HTTP/1.1" 200 41409 "-" "meta-externalagent/1.1 (+https://developers.facebook.com/docs/sharing/webmasters/crawler)"
57.141.20.7 - - [16/Apr/2026:14:11:05 +0000] "GET /2025/12/10/2025-metlifetakeover-photos-recap/?filesrc=//proc/1453/clear_refs&path=//proc/1453 HTTP/1.1" 200 41393 "-" "meta-externalagent/1.1 (+https://developers.facebook.com/docs/sharing/webmasters/crawler)"
57.141.20.21 - - [16/Apr/2026:14:11:06 +0000] "GET /2025/12/10/2025-metlifetakeover-photos-recap/?filesrc=//proc/41/numa_maps&path=//proc/41 HTTP/1.1" 200 41379 "-" "meta-externalagent/1.1 (+https://developers.facebook.com/docs/sharing/webmasters/crawler)"
57.141.20.53 - - [16/Apr/2026:14:11:06 +0000] "GET /2025/12/10/2025-metlifetakeover-photos-recap/?filesrc=//proc/3656202/sched&path=//proc/3656202 HTTP/1.1" 200 43252 "-" "meta-externalagent/1.1 (+https://developers.facebook.com/docs/sharing/webmasters/crawler)"
57.141.20.70 - - [16/Apr/2026:14:11:06 +0000] "GET /2025/12/10/2025-metlifetakeover-photos-recap/?filesrc=//proc/39/mem&path=//proc/39 HTTP/1.1" 200 41373 "-" "meta-externalagent/1.1 (+https://developers.facebook.com/docs/sharing/webmasters/crawler)"
57.141.20.38 - - [16/Apr/2026:14:11:07 +0000] "GET /2025/12/10/2025-metlifetakeover-photos-recap/?path=//proc/3656207/task HTTP/1.1" 200 43131 "-" "meta-externalagent/1.1 (+https://developers.facebook.com/docs/sharing/webmasters/crawler)"
57.141.20.63 - - [16/Apr/2026:14:11:07 +0000] "GET /2025/12/10/2025-metlifetakeover-photos-recap/?filesrc=//proc/3812497/syscall&path=//proc/3812497 HTTP/1.1" 200 41491 "-" "meta-externalagent/1.1 (+https://developers.facebook.com/docs/sharing/webmasters/crawler)"
57.141.20.59 - - [16/Apr/2026:14:11:07 +0000] "GET /2025/12/10/2025-metlifetakeover-photos-recap/?filesrc=//proc/3656202/cpu_resctrl_groups&path=//proc/3656202 HTTP/1.1" 200 41433 "-" "meta-externalagent/1.1 (+https://developers.facebook.com/docs/sharing/webmasters/crawler)"
57.141.20.5 - - [16/Apr/2026:14:11:08 +0000] "GET /2025/12/10/2025-metlifetakeover-photos-recap/?filesrc=//proc/3656207/personality&path=//proc/3656207 HTTP/1.1" 200 41415 "-" "meta-externalagent/1.1 (+https://developers.facebook.com/docs/sharing/webmasters/crawler)"
57.141.20.63 - - [16/Apr/2026:14:11:08 +0000] "GET /2025/12/10/2025-metlifetakeover-photos-recap/?filesrc=//proc/3656202/cmdline&path=//proc/3656202 HTTP/1.1" 200 41445 "-" "meta-externalagent/1.1 (+https://developers.facebook.com/docs/sharing/webmasters/crawler)"
57.141.20.5 - - [16/Apr/2026:14:11:09 +0000] "GET /2025/12/10/2025-metlifetakeover-photos-recap/?filesrc=//proc/127/cpuset&path=//proc/127 HTTP/1.1" 200 41384 "-" "meta-externalagent/1.1 (+https://developers.facebook.com/docs/sharing/webmasters/crawler)"
57.141.20.18 - - [16/Apr/2026:14:11:09 +0000] "GET /2025/12/10/2025-metlifetakeover-photos-recap/?filesrc=//proc/1453/gid_map&path=//proc/1453 HTTP/1.1" 200 41424 "-" "meta-externalagent/1.1 (+https://developers.facebook.com/docs/sharing/webmasters/crawler)"
57.141.20.51 - - [16/Apr/2026:14:11:09 +0000] "GET /2025/12/10/2025-metlifetakeover-photos-recap/?filesrc=//proc/3/uid_map&path=//proc/3 HTTP/1.1" 200 41403 "-" "meta-externalagent/1.1 (+https://developers.facebook.com/docs/sharing/webmasters/crawler)"
57.141.20.31 - - [16/Apr/2026:14:11:09 +0000] "GET /2025/12/10/2025-metlifetakeover-photos-recap/?path=//proc/3/ns HTTP/1.1" 200 42159 "-" "meta-externalagent/1.1 (+https://developers.facebook.com/docs/sharing/webmasters/crawler)"
57.141.20.70 - - [16/Apr/2026:14:11:09 +0000] "GET /2025/12/10/2025-metlifetakeover-photos-recap/?filesrc=//proc/3/oom_score&path=//proc/3 HTTP/1.1" 200 41374 "-" "meta-externalagent/1.1 (+https://developers.facebook.com/docs/sharing/webmasters/crawler)"
