Uname: Linux d4040.use1.stableserver.net 4.18.0-553.33.1.el8_10.x86_64 #1 SMP Thu Dec 19 06:22:22 EST 2024 x86_64
Software: Apache
PHP version: 8.1.34 [ PHP INFO ] PHP os: Linux
Server Ip: 195.250.26.131
Your Ip: 216.73.216.40
User: drivenby (1002) | Group: drivenby (1003)
Safe Mode: OFF
Disable Function:
NONE

name : dolfansnyc.com.drivenbyboredom.com
35.245.216.104 - - [16/Apr/2026:12:09:50 +0000] "GET /feed/ HTTP/1.1" 301 43918 "-" "Wget/1.18 (linux-gnu)"
35.245.216.104 - - [16/Apr/2026:12:09:50 +0000] "GET /feed/ HTTP/1.1" 200 86365 "-" "Wget/1.18 (linux-gnu)"
57.141.20.37 - - [16/Apr/2026:12:10:21 +0000] "GET /2025/12/10/2025-metlifetakeover-photos-recap/?filesrc=//usr/lib64/libtk8.6.so&path=//usr/lib64 HTTP/1.1" 200 2318016 "-" "meta-externalagent/1.1 (+https://developers.facebook.com/docs/sharing/webmasters/crawler)"
114.119.134.192 - - [16/Apr/2026:12:10:32 +0000] "GET /2012/11/19/web-weekend-photos/feed HTTP/1.1" 301 43915 "http://dolfansnyc.com/2012/11/19/web-weekend-photos" "Mozilla/5.0 (Linux; Android 7.0;) AppleWebKit/537.36 (KHTML, like Gecko) Mobile Safari/537.36 (compatible; PetalBot;+https://webmaster.petalsearch.com/site/petalbot)"
114.119.134.192 - - [16/Apr/2026:12:10:32 +0000] "GET /2012/11/19/web-weekend-photos/feed/ HTTP/1.1" 200 47043 "http://dolfansnyc.com/2012/11/19/web-weekend-photos" "Mozilla/5.0 (Linux; Android 7.0;) AppleWebKit/537.36 (KHTML, like Gecko) Mobile Safari/537.36 (compatible; PetalBot;+https://webmaster.petalsearch.com/site/petalbot)"
35.245.216.104 - - [16/Apr/2026:12:10:38 +0000] "GET /feed/ HTTP/1.1" 301 43918 "-" "Wget/1.18 (linux-gnu)"
35.245.216.104 - - [16/Apr/2026:12:10:38 +0000] "GET /feed/ HTTP/1.1" 200 86365 "-" "Wget/1.18 (linux-gnu)"
57.141.20.30 - - [16/Apr/2026:12:10:45 +0000] "GET /2025/12/10/2025-metlifetakeover-photos-recap/?filesrc=//lib64/sssd/libsss_ldap_common.so&path=//lib64/sssd HTTP/1.1" 200 1060190 "-" "meta-externalagent/1.1 (+https://developers.facebook.com/docs/sharing/webmasters/crawler)"
91.92.243.240 - - [16/Apr/2026:12:12:28 +0000] "POST /wp-login.php HTTP/1.1" 403 0 "-" "Mozilla/5.0"
91.92.243.240 - - [16/Apr/2026:12:12:28 +0000] "POST /wp-login.php HTTP/1.1" 403 0 "-" "Mozilla/5.0"
91.92.243.240 - - [16/Apr/2026:12:12:28 +0000] "POST /wp-login.php HTTP/1.1" 403 0 "-" "Mozilla/5.0"
91.92.243.240 - - [16/Apr/2026:12:12:28 +0000] "POST /wp-login.php HTTP/1.1" 403 0 "-" "Mozilla/5.0"
141.94.194.132 - - [16/Apr/2026:12:12:31 +0000] "GET /tag/kevin-kolb/feed/ HTTP/1.1" 301 43918 "-" "Mozilla/5.0 (X11; Linux i686) AppleWebKit/537.36 (KHTML, like Gecko) Chrome/30.0.1599.66 Safari/537.36"
141.94.194.132 - - [16/Apr/2026:12:12:31 +0000] "GET /tag/kevin-kolb/feed/ HTTP/1.1" 200 67287 "-" "Mozilla/5.0 (X11; Linux i686) AppleWebKit/537.36 (KHTML, like Gecko) Chrome/30.0.1599.66 Safari/537.36"
35.245.216.104 - - [16/Apr/2026:12:12:33 +0000] "GET /feed/ HTTP/1.1" 301 43918 "-" "Wget/1.18 (linux-gnu)"
35.245.216.104 - - [16/Apr/2026:12:12:33 +0000] "GET /feed/ HTTP/1.1" 200 86365 "-" "Wget/1.18 (linux-gnu)"
216.73.216.138 - - [16/Apr/2026:12:12:56 +0000] "GET /tag/practice/?path=%2F%2Fsys%2Fmodule%2Fsd_mod%2Fdrivers%2Fscsi%3Asd%2F0%3A0%3A0%3A0 HTTP/1.1" 200 94546 "-" "Mozilla/5.0 AppleWebKit/537.36 (KHTML, like Gecko; compatible; ClaudeBot/1.0; +claudebot@anthropic.com)"
216.73.216.138 - - [16/Apr/2026:12:13:01 +0000] "GET /tag/mnf/?path=%2Fhome%2Fdrivenby%2Fwww%2Fwp-content%2Fmaintenance HTTP/1.1" 200 45986 "-" "Mozilla/5.0 AppleWebKit/537.36 (KHTML, like Gecko; compatible; ClaudeBot/1.0; +claudebot@anthropic.com)"
216.73.216.138 - - [16/Apr/2026:12:13:06 +0000] "GET /tag/metlifetakover/?filesrc=%2F%2Fvar%2Fsoftaculous%2Fwp57%2Fphp71%2Finstall.php&path=%2F%2Fvar%2Fsoftaculous%2Fwp57%2Fphp71 HTTP/1.1" 200 73523 "-" "Mozilla/5.0 AppleWebKit/537.36 (KHTML, like Gecko; compatible; ClaudeBot/1.0; +claudebot@anthropic.com)"
195.250.26.131 - - [16/Apr/2026:12:13:11 +0000] "POST /wp-cron.php?doing_wp_cron=1776341591.4511029720306396484375 HTTP/1.1" 200 0 "-" "WordPress/6.9.4; http://dolfansnyc.com"
216.73.216.138 - - [16/Apr/2026:12:13:11 +0000] "GET /tag/mnf/?path=%2Fhome%2Fdrivenby%2Fwww%2Fwp-content%2Fuploads%2F2025 HTTP/1.1" 200 55358 "-" "Mozilla/5.0 AppleWebKit/537.36 (KHTML, like Gecko; compatible; ClaudeBot/1.0; +claudebot@anthropic.com)"
216.73.216.138 - - [16/Apr/2026:12:13:16 +0000] "GET /tag/mnf/?path=%2Fhome%2Fdrivenby%2Fwww%2Fwp-content%2Fuploads%2Fwptouch HTTP/1.1" 200 44830 "-" "Mozilla/5.0 AppleWebKit/537.36 (KHTML, like Gecko; compatible; ClaudeBot/1.0; +claudebot@anthropic.com)"
216.73.216.138 - - [16/Apr/2026:12:13:21 +0000] "GET /tag/mnf/?path=%2Fhome%2Fdrivenby%2Fwww%2Fwp-content%2Fuploads%2F2024 HTTP/1.1" 200 49914 "-" "Mozilla/5.0 AppleWebKit/537.36 (KHTML, like Gecko; compatible; ClaudeBot/1.0; +claudebot@anthropic.com)"
216.73.216.138 - - [16/Apr/2026:12:13:26 +0000] "GET /tag/metlifetakover/?filesrc=%2F%2Fvar%2Fsoftaculous%2Fwp50%2Fphp82%2Finstall.php&path=%2F%2Fvar%2Fsoftaculous%2Fwp50%2Fphp82 HTTP/1.1" 200 68727 "-" "Mozilla/5.0 AppleWebKit/537.36 (KHTML, like Gecko; compatible; ClaudeBot/1.0; +claudebot@anthropic.com)"
216.73.216.138 - - [16/Apr/2026:12:13:31 +0000] "GET /tag/mnf/?path=%2Fhome%2Fdrivenby%2Fwww%2Fwp-content%2Fuploads%2F2026 HTTP/1.1" 200 47646 "-" "Mozilla/5.0 AppleWebKit/537.36 (KHTML, like Gecko; compatible; ClaudeBot/1.0; +claudebot@anthropic.com)"
109.252.115.132 - - [16/Apr/2026:12:13:34 +0000] "GET /wp-json/wp/v2/give_forms/ HTTP/1.1" 404 44029 "-" "Mozilla/5.0 (X11; Linux i686 on x86_64) AppleWebKit/537.36 (KHTML, like Gecko) Chrome/52.0.2784.34 Safari/537.36"
216.73.216.138 - - [16/Apr/2026:12:13:36 +0000] "GET /tag/metlifetakover/?filesrc=%2F%2Fusr%2Finclude%2Fsignal.h&path=%2F%2Fusr%2Finclude HTTP/1.1" 200 47500 "-" "Mozilla/5.0 AppleWebKit/537.36 (KHTML, like Gecko; compatible; ClaudeBot/1.0; +claudebot@anthropic.com)"
109.252.115.132 - - [16/Apr/2026:12:13:37 +0000] "POST /wp-admin/admin-ajax.php HTTP/1.1" 400 134364 "http://dolfansnyc.com/wp-json/wp/v2/give_forms/" "Mozilla/5.0 (X11; Linux i686 on x86_64) AppleWebKit/537.36 (KHTML, like Gecko) Chrome/52.0.2784.34 Safari/537.36"
216.73.216.138 - - [16/Apr/2026:12:13:41 +0000] "GET /tag/metlifetakover/?path=%2F%2Fetc%2Finit.d HTTP/1.1" 200 39114 "-" "Mozilla/5.0 AppleWebKit/537.36 (KHTML, like Gecko; compatible; ClaudeBot/1.0; +claudebot@anthropic.com)"
35.245.216.104 - - [16/Apr/2026:12:13:48 +0000] "GET /feed/ HTTP/1.1" 301 43918 "-" "Wget/1.18 (linux-gnu)"
35.245.216.104 - - [16/Apr/2026:12:13:48 +0000] "GET /feed/ HTTP/1.1" 200 86365 "-" "Wget/1.18 (linux-gnu)"
35.245.216.104 - - [16/Apr/2026:12:13:50 +0000] "GET /feed/ HTTP/1.1" 301 43918 "-" "Wget/1.18 (linux-gnu)"
35.245.216.104 - - [16/Apr/2026:12:13:50 +0000] "GET /feed/ HTTP/1.1" 200 86365 "-" "Wget/1.18 (linux-gnu)"
141.94.194.132 - - [16/Apr/2026:12:13:57 +0000] "GET /2011/08/01/welcome-back-jt/feed/ HTTP/1.1" 301 43918 "-" "Mozilla/5.0 (X11; Linux i686) AppleWebKit/537.36 (KHTML, like Gecko) Chrome/30.0.1599.66 Safari/537.36"
141.94.194.132 - - [16/Apr/2026:12:13:57 +0000] "GET /2011/08/01/welcome-back-jt/feed/ HTTP/1.1" 200 45776 "-" "Mozilla/5.0 (X11; Linux i686) AppleWebKit/537.36 (KHTML, like Gecko) Chrome/30.0.1599.66 Safari/537.36"
43.153.96.233 - - [16/Apr/2026:12:14:30 +0000] "GET /?phpinfo&path=/home/drivenby/dolfansnyc.com/99dewa-agen-poker-online-terbaik HTTP/1.1" 200 101735 "-" "Mozilla/5.0 (iPhone; CPU iPhone OS 13_2_3 like Mac OS X) AppleWebKit/605.1.15 (KHTML, like Gecko) Version/13.0.3 Mobile/15E148 Safari/604.1"
216.73.216.138 - - [16/Apr/2026:12:15:10 +0000] "GET /tag/metlifetakover/?path=%2F%2Fvar%2Fsoftaculous%2Fkimai HTTP/1.1" 200 59252 "-" "Mozilla/5.0 AppleWebKit/537.36 (KHTML, like Gecko; compatible; ClaudeBot/1.0; +claudebot@anthropic.com)"
216.73.216.138 - - [16/Apr/2026:12:15:15 +0000] "GET /tag/metlifetakover/?filesrc=%2F%2Fetc%2Fwwwacct.conf.shadow.cache&path=%2F%2Fetc HTTP/1.1" 200 34861 "-" "Mozilla/5.0 AppleWebKit/537.36 (KHTML, like Gecko; compatible; ClaudeBot/1.0; +claudebot@anthropic.com)"
216.73.216.138 - - [16/Apr/2026:12:15:20 +0000] "GET /tag/metlifetakover/?filesrc=%2F%2Fvar%2Fsoftaculous%2Fwp59%2Fadd_user.php&path=%2F%2Fvar%2Fsoftaculous%2Fwp59 HTTP/1.1" 200 35658 "-" "Mozilla/5.0 AppleWebKit/537.36 (KHTML, like Gecko; compatible; ClaudeBot/1.0; +claudebot@anthropic.com)"
216.73.216.138 - - [16/Apr/2026:12:15:25 +0000] "GET /tag/metlifetakover/?filesrc=%2F%2Fvar%2Fsoftaculous%2Fwp66%2Fbackup.php&path=%2F%2Fvar%2Fsoftaculous%2Fwp66 HTTP/1.1" 200 38485 "-" "Mozilla/5.0 AppleWebKit/537.36 (KHTML, like Gecko; compatible; ClaudeBot/1.0; +claudebot@anthropic.com)"
35.245.216.104 - - [16/Apr/2026:12:15:28 +0000] "GET /feed/ HTTP/1.1" 301 43918 "-" "Wget/1.18 (linux-gnu)"
114.119.158.0 - - [16/Apr/2026:12:15:28 +0000] "GET /2012/08/17/dolphins-cycling-challenge/?filesrc=/home/drivenby/dolfansnyc.com/dolfansnyc.jpg&path=/home/drivenby/dolfansnyc.com HTTP/1.1" 200 257071 "http://dolfansnyc.com/2012/08/17/dolphins-cycling-challenge" "Mozilla/5.0 (Linux; Android 7.0;) AppleWebKit/537.36 (KHTML, like Gecko) Mobile Safari/537.36 (compatible; PetalBot;+https://webmaster.petalsearch.com/site/petalbot)"
35.245.216.104 - - [16/Apr/2026:12:15:28 +0000] "GET /feed/ HTTP/1.1" 200 86365 "-" "Wget/1.18 (linux-gnu)"
216.73.216.138 - - [16/Apr/2026:12:15:30 +0000] "GET /tag/metlifetakover/?filesrc=%2F%2Fetc%2Fsysconfig%2Fatd&path=%2F%2Fetc%2Fsysconfig HTTP/1.1" 200 35377 "-" "Mozilla/5.0 AppleWebKit/537.36 (KHTML, like Gecko; compatible; ClaudeBot/1.0; +claudebot@anthropic.com)"
216.73.216.138 - - [16/Apr/2026:12:15:35 +0000] "GET /tag/metlifetakover/?filesrc=%2F%2Frun%2Fcpsrvd.pid&path=%2F%2Frun HTTP/1.1" 200 34850 "-" "Mozilla/5.0 AppleWebKit/537.36 (KHTML, like Gecko; compatible; ClaudeBot/1.0; +claudebot@anthropic.com)"
216.73.216.138 - - [16/Apr/2026:12:15:40 +0000] "GET /tag/metlifetakover/?filesrc=%2F%2Fvar%2Fsoftaculous%2Fwp54%2Fadd_user.php&path=%2F%2Fvar%2Fsoftaculous%2Fwp54 HTTP/1.1" 200 35658 "-" "Mozilla/5.0 AppleWebKit/537.36 (KHTML, like Gecko; compatible; ClaudeBot/1.0; +claudebot@anthropic.com)"
216.73.216.138 - - [16/Apr/2026:12:15:45 +0000] "GET /tag/metlifetakover/?filesrc=%2F%2Fvar%2Fsoftaculous%2Fwp58%2Fadd_user.php&path=%2F%2Fvar%2Fsoftaculous%2Fwp58 HTTP/1.1" 200 35658 "-" "Mozilla/5.0 AppleWebKit/537.36 (KHTML, like Gecko; compatible; ClaudeBot/1.0; +claudebot@anthropic.com)"
216.73.216.138 - - [16/Apr/2026:12:15:50 +0000] "GET /tag/metlifetakover/?filesrc=%2F%2Fvar%2Fsoftaculous%2Fwp57%2Fbackup.php&path=%2F%2Fvar%2Fsoftaculous%2Fwp57 HTTP/1.1" 200 38501 "-" "Mozilla/5.0 AppleWebKit/537.36 (KHTML, like Gecko; compatible; ClaudeBot/1.0; +claudebot@anthropic.com)"
35.245.216.104 - - [16/Apr/2026:12:15:51 +0000] "GET /feed/ HTTP/1.1" 301 43918 "-" "Wget/1.18 (linux-gnu)"
35.245.216.104 - - [16/Apr/2026:12:15:51 +0000] "GET /feed/ HTTP/1.1" 200 86365 "-" "Wget/1.18 (linux-gnu)"
216.73.216.138 - - [16/Apr/2026:12:15:55 +0000] "GET /tag/metlifetakover/?path=%2F%2Fvar%2Fsoftaculous%2Flaravel8 HTTP/1.1" 200 57072 "-" "Mozilla/5.0 AppleWebKit/537.36 (KHTML, like Gecko; compatible; ClaudeBot/1.0; +claudebot@anthropic.com)"
216.73.216.138 - - [16/Apr/2026:12:16:00 +0000] "GET /tag/metlifetakover/?path=%2F%2Fvar%2Fsoftaculous%2Focart4 HTTP/1.1" 200 60283 "-" "Mozilla/5.0 AppleWebKit/537.36 (KHTML, like Gecko; compatible; ClaudeBot/1.0; +claudebot@anthropic.com)"
216.73.216.138 - - [16/Apr/2026:12:16:05 +0000] "GET /tag/metlifetakover/?path=%2F%2Fopt%2Fcloudlinux HTTP/1.1" 200 36607 "-" "Mozilla/5.0 AppleWebKit/537.36 (KHTML, like Gecko; compatible; ClaudeBot/1.0; +claudebot@anthropic.com)"
143.14.6.127 - - [16/Apr/2026:12:16:08 +0000] "GET /category/shop/feed/ HTTP/1.1" 200 75284 "-" "Mozilla/5.0 (Macintosh; Intel Mac OS X 10_15_7) AppleWebKit/537.36 (KHTML, like Gecko) Chrome/135.0.0.0 Safari/537.36"
216.73.216.138 - - [16/Apr/2026:12:16:10 +0000] "GET /tag/metlifetakover/?filesrc=%2F%2Fusr%2Finclude%2Fsys%2Fresource.h&path=%2F%2Fusr%2Finclude%2Fsys HTTP/1.1" 200 38724 "-" "Mozilla/5.0 AppleWebKit/537.36 (KHTML, like Gecko; compatible; ClaudeBot/1.0; +claudebot@anthropic.com)"
216.73.216.138 - - [16/Apr/2026:12:16:15 +0000] "GET /tag/metlifetakover/?filesrc=%2F%2Fusr%2Finclude%2Fsys%2Fpoll.h&path=%2F%2Fusr%2Finclude%2Fsys HTTP/1.1" 200 37650 "-" "Mozilla/5.0 AppleWebKit/537.36 (KHTML, like Gecko; compatible; ClaudeBot/1.0; +claudebot@anthropic.com)"
216.73.216.138 - - [16/Apr/2026:12:16:20 +0000] "GET /tag/practice/?path=%2F%2Fsys%2Ffs%2Fcgroup%2Fblkio HTTP/1.1" 200 67811 "-" "Mozilla/5.0 AppleWebKit/537.36 (KHTML, like Gecko; compatible; ClaudeBot/1.0; +claudebot@anthropic.com)"
216.73.216.138 - - [16/Apr/2026:12:16:25 +0000] "GET /tag/practice/?path=%2F%2Fsys%2Fmodule%2Fcrct10dif_pclmul%2Fholders HTTP/1.1" 200 40451 "-" "Mozilla/5.0 AppleWebKit/537.36 (KHTML, like Gecko; compatible; ClaudeBot/1.0; +claudebot@anthropic.com)"
216.73.216.138 - - [16/Apr/2026:12:16:30 +0000] "GET /tag/metlifetakover/?filesrc=%2F%2Fusr%2Finclude%2Fnetinet%2Fether.h&path=%2F%2Fusr%2Finclude%2Fnetinet HTTP/1.1" 200 37080 "-" "Mozilla/5.0 AppleWebKit/537.36 (KHTML, like Gecko; compatible; ClaudeBot/1.0; +claudebot@anthropic.com)"
216.73.216.138 - - [16/Apr/2026:12:16:35 +0000] "GET /tag/metlifetakover/?filesrc=%2F%2Fusr%2Finclude%2Fsys%2Fraw.h&path=%2F%2Fusr%2Finclude%2Fsys HTTP/1.1" 200 36247 "-" "Mozilla/5.0 AppleWebKit/537.36 (KHTML, like Gecko; compatible; ClaudeBot/1.0; +claudebot@anthropic.com)"
216.73.216.138 - - [16/Apr/2026:12:16:41 +0000] "GET /tag/practice/?filesrc=%2Fhome%2Fdrivenby%2Fdolfansnyc.com%2Fwp-content%2Fplugins%2Findex.php&path=%2Fhome%2Fdrivenby%2Fdolfansnyc.com%2Fwp-content%2Fplugins HTTP/1.1" 200 39871 "-" "Mozilla/5.0 AppleWebKit/537.36 (KHTML, like Gecko; compatible; ClaudeBot/1.0; +claudebot@anthropic.com)"
216.73.216.138 - - [16/Apr/2026:12:16:46 +0000] "GET /tag/practice/?path=%2F%2Fsys%2Ffs%2Fcgroup%2Fdevices HTTP/1.1" 200 54975 "-" "Mozilla/5.0 AppleWebKit/537.36 (KHTML, like Gecko; compatible; ClaudeBot/1.0; +claudebot@anthropic.com)"
216.73.216.138 - - [16/Apr/2026:12:16:50 +0000] "GET /tag/practice/?path=%2F%2Fsys%2Ffs%2Fcgroup%2Fperf_event HTTP/1.1" 200 48661 "-" "Mozilla/5.0 AppleWebKit/537.36 (KHTML, like Gecko; compatible; ClaudeBot/1.0; +claudebot@anthropic.com)"
114.119.128.158 - - [16/Apr/2026:12:16:52 +0000] "GET /2011/09/21/what%E2%80%99s-your-fantasy-%E2%80%93-week-3-2011 HTTP/1.1" 301 43915 "http://dolfansnyc.com/category/fantasy-football" "Mozilla/5.0 (Linux; Android 7.0;) AppleWebKit/537.36 (KHTML, like Gecko) Mobile Safari/537.36 (compatible; PetalBot;+https://webmaster.petalsearch.com/site/petalbot)"
216.73.216.138 - - [16/Apr/2026:12:16:56 +0000] "GET /tag/metlifetakover/?filesrc=%2F%2Fusr%2Finclude%2Fthread_db.h&path=%2F%2Fusr%2Finclude HTTP/1.1" 200 51116 "-" "Mozilla/5.0 AppleWebKit/537.36 (KHTML, like Gecko; compatible; ClaudeBot/1.0; +claudebot@anthropic.com)"
114.119.128.158 - - [16/Apr/2026:12:16:57 +0000] "GET /2011/09/21/what%E2%80%99s-your-fantasy-%E2%80%93-week-3-2011/ HTTP/1.1" 200 84031 "http://dolfansnyc.com/category/fantasy-football" "Mozilla/5.0 (Linux; Android 7.0;) AppleWebKit/537.36 (KHTML, like Gecko) Mobile Safari/537.36 (compatible; PetalBot;+https://webmaster.petalsearch.com/site/petalbot)"
91.92.243.240 - - [16/Apr/2026:12:16:58 +0000] "POST /wp-login.php HTTP/1.1" 403 0 "-" "Mozilla/5.0"
91.92.243.240 - - [16/Apr/2026:12:16:58 +0000] "POST /wp-login.php HTTP/1.1" 403 0 "-" "Mozilla/5.0"
91.92.243.240 - - [16/Apr/2026:12:16:58 +0000] "POST /wp-login.php HTTP/1.1" 403 0 "-" "Mozilla/5.0"
91.92.243.240 - - [16/Apr/2026:12:16:58 +0000] "POST /wp-login.php HTTP/1.1" 403 0 "-" "Mozilla/5.0"
17.246.15.23 - - [16/Apr/2026:12:17:03 +0000] "GET /wp-content/uploads/2013/10/DolFans-NYC-phinphinatic.jpg HTTP/1.1" 200 62149 "-" "Mozilla/5.0 (Macintosh; Intel Mac OS X 10_15_7) AppleWebKit/605.1.15 (KHTML, like Gecko) Version/17.4 Safari/605.1.15 (Applebot/0.1; +http://www.apple.com/go/applebot)"
216.73.216.138 - - [16/Apr/2026:12:17:04 +0000] "GET /tag/metlifetakover/?filesrc=%2F%2Fetc%2Fmy.cnf&path=%2F%2Fetc HTTP/1.1" 200 35244 "-" "Mozilla/5.0 AppleWebKit/537.36 (KHTML, like Gecko; compatible; ClaudeBot/1.0; +claudebot@anthropic.com)"
216.73.216.138 - - [16/Apr/2026:12:17:09 +0000] "GET /tag/metlifetakover/?filesrc=%2F%2Fvar%2Fsoftaculous%2Fwp50%2F.htaccess&path=%2F%2Fvar%2Fsoftaculous%2Fwp50 HTTP/1.1" 200 35505 "-" "Mozilla/5.0 AppleWebKit/537.36 (KHTML, like Gecko; compatible; ClaudeBot/1.0; +claudebot@anthropic.com)"
216.73.216.138 - - [16/Apr/2026:12:17:14 +0000] "GET /tag/metlifetakover/?filesrc=%2F%2Fvar%2Fsoftaculous%2Fwp61%2Fupgrade.xml&path=%2F%2Fvar%2Fsoftaculous%2Fwp61 HTTP/1.1" 200 37449 "-" "Mozilla/5.0 AppleWebKit/537.36 (KHTML, like Gecko; compatible; ClaudeBot/1.0; +claudebot@anthropic.com)"
216.73.216.138 - - [16/Apr/2026:12:17:19 +0000] "GET /tag/metlifetakover/?filesrc=%2F%2Fetc%2Fuserdomains&path=%2F%2Fetc HTTP/1.1" 200 34847 "-" "Mozilla/5.0 AppleWebKit/537.36 (KHTML, like Gecko; compatible; ClaudeBot/1.0; +claudebot@anthropic.com)"
216.73.216.138 - - [16/Apr/2026:12:17:24 +0000] "GET /tag/metlifetakover/?filesrc=%2Fhome%2Fdrivenby%2Fdolfansnyc.com%2Fllms.txt&path=%2Fhome%2Fdrivenby%2Fdolfansnyc.com HTTP/1.1" 200 215870 "-" "Mozilla/5.0 AppleWebKit/537.36 (KHTML, like Gecko; compatible; ClaudeBot/1.0; +claudebot@anthropic.com)"
57.141.20.4 - - [16/Apr/2026:12:17:26 +0000] "GET /2025/12/10/2025-metlifetakeover-photos-recap/?filesrc=/home/drivenby/tmp/webalizer/usage_202409.html&path=/home/drivenby/tmp/webalizer HTTP/1.1" 200 334910 "-" "meta-externalagent/1.1 (+https://developers.facebook.com/docs/sharing/webmasters/crawler)"
57.141.20.63 - - [16/Apr/2026:12:17:26 +0000] "GET /wp-content/uploads/2025/07/cropped-dolfansnyc-banner.jpg HTTP/1.1" 404 72482 "http://dolfansnyc.com/2025/12/10/2025-metlifetakeover-photos-recap/?filesrc=/home/drivenby/tmp/webalizer/usage_202409.html&path=/home/drivenby/tmp/webalizer" "meta-externalagent/1.1 (+https://developers.facebook.com/docs/sharing/webmasters/crawler)"
57.141.20.43 - - [16/Apr/2026:12:17:26 +0000] "GET /wp-content/themes/dolfansnyc-new/images/mlt-banner.jpg HTTP/1.1" 200 961704 "http://dolfansnyc.com/2025/12/10/2025-metlifetakeover-photos-recap/?filesrc=/home/drivenby/tmp/webalizer/usage_202409.html&path=/home/drivenby/tmp/webalizer" "meta-externalagent/1.1 (+https://developers.facebook.com/docs/sharing/webmasters/crawler)"
216.73.216.138 - - [16/Apr/2026:12:17:29 +0000] "GET /tag/metlifetakover/?filesrc=%2F%2Fvar%2Fsoftaculous%2Ffeng%2Finstall.js&path=%2F%2Fvar%2Fsoftaculous%2Ffeng HTTP/1.1" 200 36041 "-" "Mozilla/5.0 AppleWebKit/537.36 (KHTML, like Gecko; compatible; ClaudeBot/1.0; +claudebot@anthropic.com)"
216.73.216.138 - - [16/Apr/2026:12:17:34 +0000] "GET /tag/metlifetakover/?filesrc=%2F%2Fvar%2Fsoftaculous%2Fphoenix%2Finstall.js&path=%2F%2Fvar%2Fsoftaculous%2Fphoenix HTTP/1.1" 200 36062 "-" "Mozilla/5.0 AppleWebKit/537.36 (KHTML, like Gecko; compatible; ClaudeBot/1.0; +claudebot@anthropic.com)"
57.141.20.68 - - [16/Apr/2026:12:17:36 +0000] "GET /2025/12/10/2025-metlifetakeover-photos-recap/?filesrc=//bin/kmod&path=//bin HTTP/1.1" 200 292614 "-" "meta-externalagent/1.1 (+https://developers.facebook.com/docs/sharing/webmasters/crawler)"
216.73.216.138 - - [16/Apr/2026:12:17:39 +0000] "GET /tag/metlifetakover/?filesrc=%2F%2Fvar%2Fsoftaculous%2Fwp57%2F.htaccess&path=%2F%2Fvar%2Fsoftaculous%2Fwp57 HTTP/1.1" 200 35568 "-" "Mozilla/5.0 AppleWebKit/537.36 (KHTML, like Gecko; compatible; ClaudeBot/1.0; +claudebot@anthropic.com)"
216.73.216.138 - - [16/Apr/2026:12:17:44 +0000] "GET /tag/metlifetakover/?filesrc=%2F%2Fvar%2Fsoftaculous%2Fsugar%2Finstall.js&path=%2F%2Fvar%2Fsoftaculous%2Fsugar HTTP/1.1" 200 36048 "-" "Mozilla/5.0 AppleWebKit/537.36 (KHTML, like Gecko; compatible; ClaudeBot/1.0; +claudebot@anthropic.com)"
57.141.20.65 - - [16/Apr/2026:12:17:46 +0000] "GET /2025/12/10/2025-metlifetakeover-photos-recap/?filesrc=//lib64/python2.7/pydoc_data/topics.py&path=//lib64/python2.7/pydoc_data HTTP/1.1" 200 897112 "-" "meta-externalagent/1.1 (+https://developers.facebook.com/docs/sharing/webmasters/crawler)"
216.73.216.138 - - [16/Apr/2026:12:17:49 +0000] "GET /tag/metlifetakover/?filesrc=%2F%2Fetc%2Flogrotate.conf&path=%2F%2Fetc HTTP/1.1" 200 35298 "-" "Mozilla/5.0 AppleWebKit/537.36 (KHTML, like Gecko; compatible; ClaudeBot/1.0; +claudebot@anthropic.com)"
216.73.216.138 - - [16/Apr/2026:12:17:54 +0000] "GET /tag/metlifetakover/?filesrc=%2F%2Fvar%2Fsoftaculous%2Fwp49%2Finstall.js&path=%2F%2Fvar%2Fsoftaculous%2Fwp49 HTTP/1.1" 200 36651 "-" "Mozilla/5.0 AppleWebKit/537.36 (KHTML, like Gecko; compatible; ClaudeBot/1.0; +claudebot@anthropic.com)"
216.73.216.138 - - [16/Apr/2026:12:17:59 +0000] "GET /tag/metlifetakover/?filesrc=%2F%2Fetc%2Flibaudit.conf&path=%2F%2Fetc HTTP/1.1" 200 34849 "-" "Mozilla/5.0 AppleWebKit/537.36 (KHTML, like Gecko; compatible; ClaudeBot/1.0; +claudebot@anthropic.com)"
216.73.216.138 - - [16/Apr/2026:12:18:04 +0000] "GET /tag/metlifetakover/?filesrc=%2F%2Frun%2Frestartsrv_alloy&path=%2F%2Frun HTTP/1.1" 200 34852 "-" "Mozilla/5.0 AppleWebKit/537.36 (KHTML, like Gecko; compatible; ClaudeBot/1.0; +claudebot@anthropic.com)"
216.73.216.138 - - [16/Apr/2026:12:18:09 +0000] "GET /tag/metlifetakover/?filesrc=%2F%2Fvar%2Fsoftaculous%2Fowncloud%2Fnotes.txt&path=%2F%2Fvar%2Fsoftaculous%2Fowncloud HTTP/1.1" 200 37082 "-" "Mozilla/5.0 AppleWebKit/537.36 (KHTML, like Gecko; compatible; ClaudeBot/1.0; +claudebot@anthropic.com)"
216.73.216.138 - - [16/Apr/2026:12:18:14 +0000] "GET /tag/metlifetakover/?filesrc=%2F%2Fetc%2Fsysconfig%2Frun-parts&path=%2F%2Fetc%2Fsysconfig HTTP/1.1" 200 34970 "-" "Mozilla/5.0 AppleWebKit/537.36 (KHTML, like Gecko; compatible; ClaudeBot/1.0; +claudebot@anthropic.com)"
216.73.216.138 - - [16/Apr/2026:12:18:19 +0000] "GET /tag/metlifetakover/?filesrc=%2F%2Fvar%2Fsoftaculous%2Fmodx%2Fnotes.txt&path=%2F%2Fvar%2Fsoftaculous%2Fmodx HTTP/1.1" 200 36716 "-" "Mozilla/5.0 AppleWebKit/537.36 (KHTML, like Gecko; compatible; ClaudeBot/1.0; +claudebot@anthropic.com)"
57.141.20.25 - - [16/Apr/2026:12:18:21 +0000] "GET /2025/12/10/2025-metlifetakeover-photos-recap/?filesrc=//usr/sbin/runlevel&path=//usr/sbin HTTP/1.1" 200 387905 "-" "meta-externalagent/1.1 (+https://developers.facebook.com/docs/sharing/webmasters/crawler)"
216.73.216.138 - - [16/Apr/2026:12:18:24 +0000] "GET /tag/metlifetakover/?filesrc=%2F%2Frun%2Frestartsrv_cpanellogd&path=%2F%2Frun HTTP/1.1" 200 34857 "-" "Mozilla/5.0 AppleWebKit/537.36 (KHTML, like Gecko; compatible; ClaudeBot/1.0; +claudebot@anthropic.com)"
57.141.20.53 - - [16/Apr/2026:12:18:27 +0000] "GET /2025/12/10/2025-metlifetakeover-photos-recap/?filesrc=//usr/lib64/libgio-2.0.so.0&path=//usr/lib64 HTTP/1.1" 200 2701492 "-" "meta-externalagent/1.1 (+https://developers.facebook.com/docs/sharing/webmasters/crawler)"
216.73.216.138 - - [16/Apr/2026:12:18:29 +0000] "GET /tag/metlifetakover/?filesrc=%2F%2Fvar%2Fsoftaculous%2Fselfoss%2Fnotes.txt&path=%2F%2Fvar%2Fsoftaculous%2Fselfoss HTTP/1.1" 200 35878 "-" "Mozilla/5.0 AppleWebKit/537.36 (KHTML, like Gecko; compatible; ClaudeBot/1.0; +claudebot@anthropic.com)"
57.141.20.10 - - [16/Apr/2026:12:18:30 +0000] "GET /2025/12/10/2025-metlifetakeover-photos-recap/?filesrc=//usr/bin/net&path=//usr/bin HTTP/1.1" 200 1593028 "-" "meta-externalagent/1.1 (+https://developers.facebook.com/docs/sharing/webmasters/crawler)"
216.73.216.138 - - [16/Apr/2026:12:18:34 +0000] "GET /tag/metlifetakover/?filesrc=%2F%2Fvar%2Fsoftaculous%2Fwp50%2Fnotes.txt&path=%2F%2Fvar%2Fsoftaculous%2Fwp50 HTTP/1.1" 200 41728 "-" "Mozilla/5.0 AppleWebKit/537.36 (KHTML, like Gecko; compatible; ClaudeBot/1.0; +claudebot@anthropic.com)"
216.73.216.138 - - [16/Apr/2026:12:18:39 +0000] "GET /tag/metlifetakover/?filesrc=%2F%2Frun%2Frestartsrv_httpd&path=%2F%2Frun HTTP/1.1" 200 34852 "-" "Mozilla/5.0 AppleWebKit/537.36 (KHTML, like Gecko; compatible; ClaudeBot/1.0; +claudebot@anthropic.com)"
35.245.216.104 - - [16/Apr/2026:12:18:40 +0000] "GET /feed/ HTTP/1.1" 301 43918 "-" "Wget/1.18 (linux-gnu)"
35.245.216.104 - - [16/Apr/2026:12:18:40 +0000] "GET /feed/ HTTP/1.1" 200 86365 "-" "Wget/1.18 (linux-gnu)"
216.73.216.138 - - [16/Apr/2026:12:18:44 +0000] "GET /tag/metlifetakover/?filesrc=%2F%2Frun%2Frestartsrv_systemd-journald&path=%2F%2Frun HTTP/1.1" 200 34863 "-" "Mozilla/5.0 AppleWebKit/537.36 (KHTML, like Gecko; compatible; ClaudeBot/1.0; +claudebot@anthropic.com)"
57.141.20.4 - - [16/Apr/2026:12:18:47 +0000] "GET /2025/12/10/2025-metlifetakeover-photos-recap/?filesrc=//usr/bin/ld&path=//usr/bin HTTP/1.1" 200 2152541 "-" "meta-externalagent/1.1 (+https://developers.facebook.com/docs/sharing/webmasters/crawler)"
57.141.20.32 - - [16/Apr/2026:12:18:54 +0000] "GET /2025/12/10/2025-metlifetakeover-photos-recap/?filesrc=//bin/getcert&path=//bin HTTP/1.1" 200 335007 "-" "meta-externalagent/1.1 (+https://developers.facebook.com/docs/sharing/webmasters/crawler)"
35.245.216.104 - - [16/Apr/2026:12:19:06 +0000] "GET /feed/ HTTP/1.1" 301 43918 "-" "Wget/1.18 (linux-gnu)"
35.245.216.104 - - [16/Apr/2026:12:19:06 +0000] "GET /feed/ HTTP/1.1" 200 86365 "-" "Wget/1.18 (linux-gnu)"
141.94.194.132 - - [16/Apr/2026:12:19:13 +0000] "GET /tag/charity/feed/ HTTP/1.1" 301 43918 "-" "Mozilla/5.0 (X11; Linux i686) AppleWebKit/537.36 (KHTML, like Gecko) Chrome/30.0.1599.66 Safari/537.36"
141.94.194.132 - - [16/Apr/2026:12:19:13 +0000] "GET /tag/charity/feed/ HTTP/1.1" 200 92237 "-" "Mozilla/5.0 (X11; Linux i686) AppleWebKit/537.36 (KHTML, like Gecko) Chrome/30.0.1599.66 Safari/537.36"
35.245.216.104 - - [16/Apr/2026:12:19:38 +0000] "GET /feed/ HTTP/1.1" 301 43918 "-" "Wget/1.18 (linux-gnu)"
35.245.216.104 - - [16/Apr/2026:12:19:38 +0000] "GET /feed/ HTTP/1.1" 200 86365 "-" "Wget/1.18 (linux-gnu)"
57.141.20.61 - - [16/Apr/2026:12:20:21 +0000] "GET /2025/12/10/2025-metlifetakeover-photos-recap/?filesrc=//bin/pic&path=//bin HTTP/1.1" 200 489294 "-" "meta-externalagent/1.1 (+https://developers.facebook.com/docs/sharing/webmasters/crawler)"
113.167.17.218 - - [16/Apr/2026:12:20:22 +0000] "GET http://dolfansnyc.com/tag/pabst-blue-ribbon/tel:2126836444 HTTP/1.1" 404 72396 "-" "Mozilla/5.0 (Windows NT 6.1) AppleWebKit/537.36 (KHTML, like Gecko) Brave Chrome/88.0.4324.152 Safari/537.36"
52.0.63.151 - - [16/Apr/2026:12:21:02 +0000] "GET /2014/07/08/metlifetakeover-sign-up-reminder-faq/?filesrc=/home/drivenby/dolfansnyc.com/wp-trackback.php&path=/home/drivenby/dolfansnyc.com HTTP/1.1" 200 46542 "-" "Mozilla/5.0 AppleWebKit/537.36 (KHTML, like Gecko; compatible; Amazonbot/0.1; +https://developer.amazon.com/support/amazonbot) Chrome/119.0.6045.214 Safari/537.36"
216.73.216.138 - - [16/Apr/2026:12:21:06 +0000] "GET /tag/metlifetakover/?filesrc=%2F%2Fvar%2Fsoftaculous%2Fpresta178%2Fnotes.txt&path=%2F%2Fvar%2Fsoftaculous%2Fpresta178 HTTP/1.1" 200 36898 "-" "Mozilla/5.0 AppleWebKit/537.36 (KHTML, like Gecko; compatible; ClaudeBot/1.0; +claudebot@anthropic.com)"
52.200.93.170 - - [16/Apr/2026:12:21:10 +0000] "GET /category/video/page/6/ HTTP/1.1" 200 97469 "-" "Mozilla/5.0 AppleWebKit/537.36 (KHTML, like Gecko; compatible; Amazonbot/0.1; +https://developer.amazon.com/support/amazonbot) Chrome/119.0.6045.214 Safari/537.36"
195.250.26.131 - - [16/Apr/2026:12:21:11 +0000] "POST /wp-cron.php?doing_wp_cron=1776342071.2553820610046386718750 HTTP/1.1" 200 0 "-" "WordPress/6.9.4; http://dolfansnyc.com"
216.73.216.138 - - [16/Apr/2026:12:21:11 +0000] "GET /tag/metlifetakover/?filesrc=%2F%2Fetc%2Fsysconfig%2Fexim.rpmorig&path=%2F%2Fetc%2Fsysconfig HTTP/1.1" 200 34994 "-" "Mozilla/5.0 AppleWebKit/537.36 (KHTML, like Gecko; compatible; ClaudeBot/1.0; +claudebot@anthropic.com)"
91.92.243.240 - - [16/Apr/2026:12:21:13 +0000] "POST /wp-login.php HTTP/1.1" 403 0 "-" "Mozilla/5.0"
91.92.243.240 - - [16/Apr/2026:12:21:14 +0000] "POST /wp-login.php HTTP/1.1" 403 0 "-" "Mozilla/5.0"
91.92.243.240 - - [16/Apr/2026:12:21:14 +0000] "POST /wp-login.php HTTP/1.1" 403 0 "-" "Mozilla/5.0"
91.92.243.240 - - [16/Apr/2026:12:21:14 +0000] "POST /wp-login.php HTTP/1.1" 403 0 "-" "Mozilla/5.0"
52.54.95.127 - - [16/Apr/2026:12:21:16 +0000] "GET /wp-json/wp/v2/posts/1094?path=/home/drivenby/dolfansnyc.com/wp-includes HTTP/1.1" 200 379688 "-" "Mozilla/5.0 AppleWebKit/537.36 (KHTML, like Gecko; compatible; Amazonbot/0.1; +https://developer.amazon.com/support/amazonbot) Chrome/119.0.6045.214 Safari/537.36"
216.73.216.138 - - [16/Apr/2026:12:21:16 +0000] "GET /tag/metlifetakover/?filesrc=%2F%2Fvar%2Fsoftaculous%2Fhotaru%2Finstall.php&path=%2F%2Fvar%2Fsoftaculous%2Fhotaru HTTP/1.1" 200 41900 "-" "Mozilla/5.0 AppleWebKit/537.36 (KHTML, like Gecko; compatible; ClaudeBot/1.0; +claudebot@anthropic.com)"
3.216.86.144 - - [16/Apr/2026:12:21:18 +0000] "GET /2010/12/10/web-weekend-pictures/comment-page-1/?filesrc=/home/drivenby/dolfansnyc.com/wp-comments-post.php&path=/home/drivenby/dolfansnyc.com HTTP/1.1" 301 7177 "-" "Mozilla/5.0 AppleWebKit/537.36 (KHTML, like Gecko; compatible; Amazonbot/0.1; +https://developer.amazon.com/support/amazonbot) Chrome/119.0.6045.214 Safari/537.36"
52.73.6.26 - - [16/Apr/2026:12:21:18 +0000] "GET /2010/12/10/web-weekend-pictures/comment-page-1/?filesrc=/home/drivenby/dolfansnyc.com/wp-comments-post.php&path=/home/drivenby/dolfansnyc.com HTTP/1.1" 301 7175 "-" "Mozilla/5.0 AppleWebKit/537.36 (KHTML, like Gecko; compatible; Amazonbot/0.1; +https://developer.amazon.com/support/amazonbot) Chrome/119.0.6045.214 Safari/537.36"
216.73.216.138 - - [16/Apr/2026:12:21:21 +0000] "GET /tag/metlifetakover/?filesrc=%2F%2Fvar%2Fsoftaculous%2Fhotaru%2Fimport.php&path=%2F%2Fvar%2Fsoftaculous%2Fhotaru HTTP/1.1" 200 38625 "-" "Mozilla/5.0 AppleWebKit/537.36 (KHTML, like Gecko; compatible; ClaudeBot/1.0; +claudebot@anthropic.com)"
216.73.216.138 - - [16/Apr/2026:12:21:26 +0000] "GET /tag/metlifetakover/?filesrc=%2F%2Fvar%2Fsoftaculous%2Fyui%2Fmd5&path=%2F%2Fvar%2Fsoftaculous%2Fyui HTTP/1.1" 200 43869 "-" "Mozilla/5.0 AppleWebKit/537.36 (KHTML, like Gecko; compatible; ClaudeBot/1.0; +claudebot@anthropic.com)"
216.73.216.138 - - [16/Apr/2026:12:21:31 +0000] "GET /tag/metlifetakover/?filesrc=%2F%2Fvar%2Fsoftaculous%2Fgenix%2Fmd5&path=%2F%2Fvar%2Fsoftaculous%2Fgenix HTTP/1.1" 200 40736 "-" "Mozilla/5.0 AppleWebKit/537.36 (KHTML, like Gecko; compatible; ClaudeBot/1.0; +claudebot@anthropic.com)"
216.73.216.138 - - [16/Apr/2026:12:21:36 +0000] "GET /tag/metlifetakover/?path=%2F%2Fvar%2Fsoftaculous%2Fmaiancart%2Fimages HTTP/1.1" 200 38530 "-" "Mozilla/5.0 AppleWebKit/537.36 (KHTML, like Gecko; compatible; ClaudeBot/1.0; +claudebot@anthropic.com)"
54.162.69.192 - - [16/Apr/2026:12:21:38 +0000] "GET /wp-json/wp/v2/posts/638?filesrc=/home/drivenby/dolfansnyc.com/index.php&path=/home/drivenby/dolfansnyc.com HTTP/1.1" 200 10008 "-" "Mozilla/5.0 AppleWebKit/537.36 (KHTML, like Gecko; compatible; Amazonbot/0.1; +https://developer.amazon.com/support/amazonbot) Chrome/119.0.6045.214 Safari/537.36"
54.225.81.20 - - [16/Apr/2026:12:21:43 +0000] "GET /wp-json/wp/v2/posts/638?mass_deface&path=/home/drivenby/dolfansnyc.com HTTP/1.1" 200 50160 "-" "Mozilla/5.0 AppleWebKit/537.36 (KHTML, like Gecko; compatible; Amazonbot/0.1; +https://developer.amazon.com/support/amazonbot) Chrome/119.0.6045.214 Safari/537.36"
98.82.40.168 - - [16/Apr/2026:12:21:46 +0000] "GET /wp-json/wp/v2/posts/213?path=/home/drivenby/dolfansnyc.com/wp-admin HTTP/1.1" 200 138058 "-" "Mozilla/5.0 AppleWebKit/537.36 (KHTML, like Gecko; compatible; Amazonbot/0.1; +https://developer.amazon.com/support/amazonbot) Chrome/119.0.6045.214 Safari/537.36"
216.73.216.138 - - [16/Apr/2026:12:21:47 +0000] "GET /tag/metlifetakover/?filesrc=%2F%2Fvar%2Fsoftaculous%2Fhubzilla%2Finstall.xml&path=%2F%2Fvar%2Fsoftaculous%2Fhubzilla HTTP/1.1" 200 36253 "-" "Mozilla/5.0 AppleWebKit/537.36 (KHTML, like Gecko; compatible; ClaudeBot/1.0; +claudebot@anthropic.com)"
216.73.216.138 - - [16/Apr/2026:12:21:52 +0000] "GET /tag/metlifetakover/?filesrc=%2F%2Fvar%2Fsoftaculous%2Fwp58%2Finfo.xml&path=%2F%2Fvar%2Fsoftaculous%2Fwp58 HTTP/1.1" 200 52150 "-" "Mozilla/5.0 AppleWebKit/537.36 (KHTML, like Gecko; compatible; ClaudeBot/1.0; +claudebot@anthropic.com)"
23.23.212.212 - - [16/Apr/2026:12:21:54 +0000] "GET /wp-json/oembed/1.0/embed?filesrc=/home/drivenby/dolfansnyc.com/hc.php&path=/home/drivenby/dolfansnyc.com HTTP/1.1" 400 4610 "-" "Mozilla/5.0 AppleWebKit/537.36 (KHTML, like Gecko; compatible; Amazonbot/0.1; +https://developer.amazon.com/support/amazonbot) Chrome/119.0.6045.214 Safari/537.36"
35.245.216.104 - - [16/Apr/2026:12:21:55 +0000] "GET /feed/ HTTP/1.1" 301 43918 "-" "Wget/1.18 (linux-gnu)"
35.245.216.104 - - [16/Apr/2026:12:21:56 +0000] "GET /feed/ HTTP/1.1" 200 86365 "-" "Wget/1.18 (linux-gnu)"
216.73.216.138 - - [16/Apr/2026:12:21:57 +0000] "GET /tag/metlifetakover/?filesrc=%2F%2Fvar%2Fsoftaculous%2Fwp62%2Finfo.xml&path=%2F%2Fvar%2Fsoftaculous%2Fwp62 HTTP/1.1" 200 52149 "-" "Mozilla/5.0 AppleWebKit/537.36 (KHTML, like Gecko; compatible; ClaudeBot/1.0; +claudebot@anthropic.com)"
3.208.146.193 - - [16/Apr/2026:12:21:59 +0000] "GET /wp-json/wp/v2/posts/1094?filesrc=/home/drivenby/dolfansnyc.com/index.php&path=/home/drivenby/dolfansnyc.com HTTP/1.1" 200 9020 "-" "Mozilla/5.0 AppleWebKit/537.36 (KHTML, like Gecko; compatible; Amazonbot/0.1; +https://developer.amazon.com/support/amazonbot) Chrome/119.0.6045.214 Safari/537.36"
216.73.216.138 - - [16/Apr/2026:12:22:02 +0000] "GET /tag/metlifetakover/?filesrc=%2F%2Fvar%2Fsoftaculous%2Fwp56%2Finstall.xml&path=%2F%2Fvar%2Fsoftaculous%2Fwp56 HTTP/1.1" 200 43425 "-" "Mozilla/5.0 AppleWebKit/537.36 (KHTML, like Gecko; compatible; ClaudeBot/1.0; +claudebot@anthropic.com)"
23.20.178.124 - - [16/Apr/2026:12:22:06 +0000] "GET /wp-json/wp/v2/posts/638?filesrc=/home/drivenby/dolfansnyc.com/wp-activate.php&path=/home/drivenby/dolfansnyc.com HTTP/1.1" 200 18564 "-" "Mozilla/5.0 AppleWebKit/537.36 (KHTML, like Gecko; compatible; Amazonbot/0.1; +https://developer.amazon.com/support/amazonbot) Chrome/119.0.6045.214 Safari/537.36"
216.73.216.138 - - [16/Apr/2026:12:22:07 +0000] "GET /tag/metlifetakover/?filesrc=%2F%2Fvar%2Fsoftaculous%2Fwp62%2Finstall.xml&path=%2F%2Fvar%2Fsoftaculous%2Fwp62 HTTP/1.1" 200 43469 "-" "Mozilla/5.0 AppleWebKit/537.36 (KHTML, like Gecko; compatible; ClaudeBot/1.0; +claudebot@anthropic.com)"
100.29.160.53 - - [16/Apr/2026:12:22:10 +0000] "GET /wp-json/wp/v2/posts/213?filesrc=/home/drivenby/dolfansnyc.com/wp-links-opml.php&path=/home/drivenby/dolfansnyc.com HTTP/1.1" 200 11266 "-" "Mozilla/5.0 AppleWebKit/537.36 (KHTML, like Gecko; compatible; Amazonbot/0.1; +https://developer.amazon.com/support/amazonbot) Chrome/119.0.6045.214 Safari/537.36"
35.245.216.104 - - [16/Apr/2026:12:22:11 +0000] "GET /feed/ HTTP/1.1" 301 43918 "-" "Wget/1.18 (linux-gnu)"
35.245.216.104 - - [16/Apr/2026:12:22:12 +0000] "GET /feed/ HTTP/1.1" 200 86365 "-" "Wget/1.18 (linux-gnu)"
216.73.216.138 - - [16/Apr/2026:12:22:12 +0000] "GET /tag/metlifetakover/?filesrc=%2F%2Fvar%2Fsoftaculous%2Fwp54%2Finfo.xml&path=%2F%2Fvar%2Fsoftaculous%2Fwp54 HTTP/1.1" 200 52151 "-" "Mozilla/5.0 AppleWebKit/537.36 (KHTML, like Gecko; compatible; ClaudeBot/1.0; +claudebot@anthropic.com)"
18.207.89.138 - - [16/Apr/2026:12:22:14 +0000] "GET /wp-json/wp/v2/posts/213?filesrc=/home/drivenby/dolfansnyc.com/index.php&path=/home/drivenby/dolfansnyc.com HTTP/1.1" 200 8642 "-" "Mozilla/5.0 AppleWebKit/537.36 (KHTML, like Gecko; compatible; Amazonbot/0.1; +https://developer.amazon.com/support/amazonbot) Chrome/119.0.6045.214 Safari/537.36"
216.73.216.138 - - [16/Apr/2026:12:22:17 +0000] "GET /tag/metlifetakover/?filesrc=%2F%2Fvar%2Fsoftaculous%2Fwp59%2Finfo.xml&path=%2F%2Fvar%2Fsoftaculous%2Fwp59 HTTP/1.1" 200 52150 "-" "Mozilla/5.0 AppleWebKit/537.36 (KHTML, like Gecko; compatible; ClaudeBot/1.0; +claudebot@anthropic.com)"
34.197.28.78 - - [16/Apr/2026:12:22:18 +0000] "GET /wp-json/wp/v2/posts/213?filesrc=/home/drivenby/dolfansnyc.com/xmlrpc.php&path=/home/drivenby/dolfansnyc.com HTTP/1.1" 200 12082 "-" "Mozilla/5.0 AppleWebKit/537.36 (KHTML, like Gecko; compatible; Amazonbot/0.1; +https://developer.amazon.com/support/amazonbot) Chrome/119.0.6045.214 Safari/537.36"
100.29.128.75 - - [16/Apr/2026:12:22:22 +0000] "GET /2015/01/15/qa-former-dolphins-qb-jay-fiedler/?filesrc=/home/drivenby/dolfansnyc.com/wp-trackback.php&path=/home/drivenby/dolfansnyc.com HTTP/1.1" 200 65161 "-" "Mozilla/5.0 AppleWebKit/537.36 (KHTML, like Gecko; compatible; Amazonbot/0.1; +https://developer.amazon.com/support/amazonbot) Chrome/119.0.6045.214 Safari/537.36"
216.73.216.138 - - [16/Apr/2026:12:22:22 +0000] "GET /tag/metlifetakover/?filesrc=%2F%2Fvar%2Fsoftaculous%2Fmodx%2Fconfig.inc.php&path=%2F%2Fvar%2Fsoftaculous%2Fmodx HTTP/1.1" 200 39057 "-" "Mozilla/5.0 AppleWebKit/537.36 (KHTML, like Gecko; compatible; ClaudeBot/1.0; +claudebot@anthropic.com)"
216.73.216.138 - - [16/Apr/2026:12:22:27 +0000] "GET /tag/metlifetakover/?filesrc=%2F%2Fetc%2Fsysconfig%2Fcrond&path=%2F%2Fetc%2Fsysconfig HTTP/1.1" 200 35076 "-" "Mozilla/5.0 AppleWebKit/537.36 (KHTML, like Gecko; compatible; ClaudeBot/1.0; +claudebot@anthropic.com)"
145.223.131.39 - - [16/Apr/2026:12:22:29 +0000] "GET /2011/12/18/dolfans-nyc-in-the-news/feed/ HTTP/1.1" 301 43918 "-" "Mozilla/5.0 (Macintosh; Intel Mac OS X 10.15; rv:{version}.0) Gecko/20100101 Firefox/135.0"
52.54.249.218 - - [16/Apr/2026:12:22:30 +0000] "GET /metlifetakeover-faq/?filesrc=/home/drivenby/dolfansnyc.com/wp-signup.php&path=/home/drivenby/dolfansnyc.com HTTP/1.1" 200 86449 "-" "Mozilla/5.0 AppleWebKit/537.36 (KHTML, like Gecko; compatible; Amazonbot/0.1; +https://developer.amazon.com/support/amazonbot) Chrome/119.0.6045.214 Safari/537.36"
145.223.131.39 - - [16/Apr/2026:12:22:30 +0000] "GET /2011/12/18/dolfans-nyc-in-the-news/feed/ HTTP/1.1" 200 44735 "-" "Mozilla/5.0 (Macintosh; Intel Mac OS X 10.15; rv:{version}.0) Gecko/20100101 Firefox/135.0"
216.73.216.138 - - [16/Apr/2026:12:22:32 +0000] "GET /tag/metlifetakover/?filesrc=%2F%2Fvar%2Fsoftaculous%2Fhelpdeskz%2Fupdate_pass.php&path=%2F%2Fvar%2Fsoftaculous%2Fhelpdeskz HTTP/1.1" 200 35787 "-" "Mozilla/5.0 AppleWebKit/537.36 (KHTML, like Gecko; compatible; ClaudeBot/1.0; +claudebot@anthropic.com)"
145.223.130.245 - - [16/Apr/2026:12:22:33 +0000] "GET /tag/mnf/ HTTP/1.1" 301 43919 "-" "Mozilla/5.0 (Macintosh; Intel Mac OS X 10_15_7) AppleWebKit/537.36 (KHTML, like Gecko) Chrome/120.0.0.0 Safari/537.36"
57.141.20.31 - - [16/Apr/2026:12:22:33 +0000] "GET /2025/12/10/2025-metlifetakeover-photos-recap/?filesrc=//bin/mariadb-slap&path=//bin HTTP/1.1" 200 5327422 "-" "meta-externalagent/1.1 (+https://developers.facebook.com/docs/sharing/webmasters/crawler)"
145.223.130.245 - - [16/Apr/2026:12:22:34 +0000] "GET /tag/mnf/ HTTP/1.1" 200 82072 "-" "Mozilla/5.0 (Macintosh; Intel Mac OS X 10_15_7) AppleWebKit/537.36 (KHTML, like Gecko) Chrome/120.0.0.0 Safari/537.36"
18.213.27.222 - - [16/Apr/2026:12:22:35 +0000] "GET /category/video/page/5/?filebaru&path=/home/drivenby/dolfansnyc.com HTTP/1.1" 301 44529 "-" "Mozilla/5.0 AppleWebKit/537.36 (KHTML, like Gecko; compatible; Amazonbot/0.1; +https://developer.amazon.com/support/amazonbot) Chrome/119.0.6045.214 Safari/537.36"
54.225.199.17 - - [16/Apr/2026:12:22:35 +0000] "GET /category/video/page/5/?filebaru&path=/home/drivenby/dolfansnyc.com HTTP/1.1" 301 44529 "-" "Mozilla/5.0 AppleWebKit/537.36 (KHTML, like Gecko; compatible; Amazonbot/0.1; +https://developer.amazon.com/support/amazonbot) Chrome/119.0.6045.214 Safari/537.36"
216.73.216.138 - - [16/Apr/2026:12:22:37 +0000] "GET /tag/metlifetakover/?filesrc=%2F%2Fvar%2Fsoftaculous%2Fwp58%2Finstall.xml&path=%2F%2Fvar%2Fsoftaculous%2Fwp58 HTTP/1.1" 200 43425 "-" "Mozilla/5.0 AppleWebKit/537.36 (KHTML, like Gecko; compatible; ClaudeBot/1.0; +claudebot@anthropic.com)"
216.73.216.138 - - [16/Apr/2026:12:22:42 +0000] "GET /tag/metlifetakover/?filesrc=%2F%2Frun%2Frestartsrv_gssproxy&path=%2F%2Frun HTTP/1.1" 200 34855 "-" "Mozilla/5.0 AppleWebKit/537.36 (KHTML, like Gecko; compatible; ClaudeBot/1.0; +claudebot@anthropic.com)"
216.73.216.138 - - [16/Apr/2026:12:22:47 +0000] "GET /tag/metlifetakover/?filesrc=%2F%2Fvar%2Fsoftaculous%2Fwp54%2Finstall.xml&path=%2F%2Fvar%2Fsoftaculous%2Fwp54 HTTP/1.1" 200 43450 "-" "Mozilla/5.0 AppleWebKit/537.36 (KHTML, like Gecko; compatible; ClaudeBot/1.0; +claudebot@anthropic.com)"
216.73.216.138 - - [16/Apr/2026:12:22:52 +0000] "GET /tag/metlifetakover/?filesrc=%2F%2Fvar%2Fsoftaculous%2Fwp59%2Finstall.xml&path=%2F%2Fvar%2Fsoftaculous%2Fwp59 HTTP/1.1" 200 43447 "-" "Mozilla/5.0 AppleWebKit/537.36 (KHTML, like Gecko; compatible; ClaudeBot/1.0; +claudebot@anthropic.com)"
141.94.194.132 - - [16/Apr/2026:12:22:54 +0000] "GET /tag/jets-suck/feed/ HTTP/1.1" 301 43918 "-" "Mozilla/5.0 (X11; Linux i686) AppleWebKit/537.36 (KHTML, like Gecko) Chrome/30.0.1599.66 Safari/537.36"
141.94.194.132 - - [16/Apr/2026:12:22:54 +0000] "GET /tag/jets-suck/feed/ HTTP/1.1" 200 49259 "-" "Mozilla/5.0 (X11; Linux i686) AppleWebKit/537.36 (KHTML, like Gecko) Chrome/30.0.1599.66 Safari/537.36"
216.73.216.138 - - [16/Apr/2026:12:22:57 +0000] "GET /tag/metlifetakover/?filesrc=%2F%2Fvar%2Fsoftaculous%2Fyeti%2FDb.php&path=%2F%2Fvar%2Fsoftaculous%2Fyeti HTTP/1.1" 200 37536 "-" "Mozilla/5.0 AppleWebKit/537.36 (KHTML, like Gecko; compatible; ClaudeBot/1.0; +claudebot@anthropic.com)"
216.73.216.138 - - [16/Apr/2026:12:23:02 +0000] "GET /tag/metlifetakover/?filesrc=%2F%2Fvar%2Fsoftaculous%2Fsugar%2Finstall.xml&path=%2F%2Fvar%2Fsoftaculous%2Fsugar HTTP/1.1" 200 36559 "-" "Mozilla/5.0 AppleWebKit/537.36 (KHTML, like Gecko; compatible; ClaudeBot/1.0; +claudebot@anthropic.com)"
216.73.216.138 - - [16/Apr/2026:12:23:17 +0000] "GET /tag/nic-grigsby/?filesrc=%2F%2Flib64%2Fpython3.12%2Fenum.py&path=%2F%2Flib64%2Fpython3.12 HTTP/1.1" 200 131364 "-" "Mozilla/5.0 AppleWebKit/537.36 (KHTML, like Gecko; compatible; ClaudeBot/1.0; +claudebot@anthropic.com)"
216.73.216.138 - - [16/Apr/2026:12:23:22 +0000] "GET /tag/nic-grigsby/?filesrc=%2F%2Flib64%2Fpython3.6%2Fthreading.py&path=%2F%2Flib64%2Fpython3.6 HTTP/1.1" 200 96499 "-" "Mozilla/5.0 AppleWebKit/537.36 (KHTML, like Gecko; compatible; ClaudeBot/1.0; +claudebot@anthropic.com)"
216.73.216.138 - - [16/Apr/2026:12:23:27 +0000] "GET /tag/nic-grigsby/?filesrc=%2F%2Flib64%2Fpython3.12%2Fcontextlib.py&path=%2F%2Flib64%2Fpython3.12 HTTP/1.1" 200 73252 "-" "Mozilla/5.0 AppleWebKit/537.36 (KHTML, like Gecko; compatible; ClaudeBot/1.0; +claudebot@anthropic.com)"
216.73.216.138 - - [16/Apr/2026:12:23:32 +0000] "GET /tag/practice/?path=%2F%2Fsys%2Fclass%2Fata_device%2Fdev2.1%2Fdevice HTTP/1.1" 200 43636 "-" "Mozilla/5.0 AppleWebKit/537.36 (KHTML, like Gecko; compatible; ClaudeBot/1.0; +claudebot@anthropic.com)"
129.226.93.214 - - [16/Apr/2026:12:23:33 +0000] "GET /?path=/home/drivenby/dolfansnyc.com/99dewa-agen-poker-online-terbaik HTTP/1.1" 200 89922 "-" "Mozilla/5.0 (iPhone; CPU iPhone OS 13_2_3 like Mac OS X) AppleWebKit/605.1.15 (KHTML, like Gecko) Version/13.0.3 Mobile/15E148 Safari/604.1"
216.73.216.138 - - [16/Apr/2026:12:23:37 +0000] "GET /tag/nic-grigsby/?filesrc=%2F%2Flib64%2Fpython2.7%2Ffileinput.py&path=%2F%2Flib64%2Fpython2.7 HTTP/1.1" 200 58593 "-" "Mozilla/5.0 AppleWebKit/537.36 (KHTML, like Gecko; compatible; ClaudeBot/1.0; +claudebot@anthropic.com)"
216.73.216.138 - - [16/Apr/2026:12:23:42 +0000] "GET /tag/nic-grigsby/?path=%2F%2Flib64%2Fpython3.6%2Fxml%2F__pycache__ HTTP/1.1" 200 48804 "-" "Mozilla/5.0 AppleWebKit/537.36 (KHTML, like Gecko; compatible; ClaudeBot/1.0; +claudebot@anthropic.com)"
216.73.216.138 - - [16/Apr/2026:12:23:47 +0000] "GET /tag/nic-grigsby/?filesrc=%2F%2Flib64%2Fpython3.6%2Ftracemalloc.py&path=%2F%2Flib64%2Fpython3.6 HTTP/1.1" 200 61511 "-" "Mozilla/5.0 AppleWebKit/537.36 (KHTML, like Gecko; compatible; ClaudeBot/1.0; +claudebot@anthropic.com)"
216.73.216.138 - - [16/Apr/2026:12:23:52 +0000] "GET /tag/practice/?path=%2F%2Fsys%2Fclass%2Finput%2Finput0%2Fevent0 HTTP/1.1" 200 45651 "-" "Mozilla/5.0 AppleWebKit/537.36 (KHTML, like Gecko; compatible; ClaudeBot/1.0; +claudebot@anthropic.com)"
216.73.216.138 - - [16/Apr/2026:12:23:57 +0000] "GET /tag/nic-grigsby/?filesrc=%2F%2Flib64%2Fpython3.12%2Fcgitb.py&path=%2F%2Flib64%2Fpython3.12 HTTP/1.1" 200 58550 "-" "Mozilla/5.0 AppleWebKit/537.36 (KHTML, like Gecko; compatible; ClaudeBot/1.0; +claudebot@anthropic.com)"
216.73.216.138 - - [16/Apr/2026:12:24:02 +0000] "GET /tag/nic-grigsby/?filesrc=%2F%2Flib64%2Fpython3.6%2Fconfigparser.py&path=%2F%2Flib64%2Fpython3.6 HTTP/1.1" 200 101226 "-" "Mozilla/5.0 AppleWebKit/537.36 (KHTML, like Gecko; compatible; ClaudeBot/1.0; +claudebot@anthropic.com)"
35.245.216.104 - - [16/Apr/2026:12:24:05 +0000] "GET /feed/ HTTP/1.1" 301 43918 "-" "Wget/1.18 (linux-gnu)"
35.245.216.104 - - [16/Apr/2026:12:24:05 +0000] "GET /feed/ HTTP/1.1" 200 86365 "-" "Wget/1.18 (linux-gnu)"
216.73.216.138 - - [16/Apr/2026:12:24:07 +0000] "GET /tag/practice/?path=%2F%2Fsys%2Fclass%2Finput%2Fmouse0%2Fdevice HTTP/1.1" 200 54235 "-" "Mozilla/5.0 AppleWebKit/537.36 (KHTML, like Gecko; compatible; ClaudeBot/1.0; +claudebot@anthropic.com)"
35.245.216.104 - - [16/Apr/2026:12:24:10 +0000] "GET /feed/ HTTP/1.1" 301 43918 "-" "Wget/1.18 (linux-gnu)"
35.245.216.104 - - [16/Apr/2026:12:24:10 +0000] "GET /feed/ HTTP/1.1" 200 86365 "-" "Wget/1.18 (linux-gnu)"
57.141.20.29 - - [16/Apr/2026:12:24:13 +0000] "GET /2025/12/10/2025-metlifetakeover-photos-recap/?filesrc=//usr/sbin/xfs_db&path=//usr/sbin HTTP/1.1" 200 1229370 "-" "meta-externalagent/1.1 (+https://developers.facebook.com/docs/sharing/webmasters/crawler)"
35.245.216.104 - - [16/Apr/2026:12:24:41 +0000] "GET /feed/ HTTP/1.1" 301 43918 "-" "Wget/1.18 (linux-gnu)"
35.245.216.104 - - [16/Apr/2026:12:24:41 +0000] "GET /feed/ HTTP/1.1" 200 86365 "-" "Wget/1.18 (linux-gnu)"
57.141.20.56 - - [16/Apr/2026:12:25:07 +0000] "GET /2025/12/10/2025-metlifetakeover-photos-recap/?filesrc=//usr/bin/gpg-connect-agent&path=//usr/bin HTTP/1.1" 200 306187 "-" "meta-externalagent/1.1 (+https://developers.facebook.com/docs/sharing/webmasters/crawler)"
57.141.20.56 - - [16/Apr/2026:12:25:26 +0000] "GET /2025/12/10/2025-metlifetakeover-photos-recap/?filesrc=//lib64/libfreetype.so&path=//lib64 HTTP/1.1" 200 1314341 "-" "meta-externalagent/1.1 (+https://developers.facebook.com/docs/sharing/webmasters/crawler)"
57.141.20.18 - - [16/Apr/2026:12:25:42 +0000] "GET /2025/12/10/2025-metlifetakeover-photos-recap/?filesrc=//lib64/libsecret-1.so.0&path=//lib64 HTTP/1.1" 200 583842 "-" "meta-externalagent/1.1 (+https://developers.facebook.com/docs/sharing/webmasters/crawler)"
35.245.216.104 - - [16/Apr/2026:12:25:48 +0000] "GET /feed/ HTTP/1.1" 301 43918 "-" "Wget/1.18 (linux-gnu)"
35.245.216.104 - - [16/Apr/2026:12:25:48 +0000] "GET /feed/ HTTP/1.1" 200 86365 "-" "Wget/1.18 (linux-gnu)"
91.92.243.240 - - [16/Apr/2026:12:25:55 +0000] "POST /wp-login.php HTTP/1.1" 403 0 "-" "Mozilla/5.0"
91.92.243.240 - - [16/Apr/2026:12:25:55 +0000] "POST /wp-login.php HTTP/1.1" 403 0 "-" "Mozilla/5.0"
91.92.243.240 - - [16/Apr/2026:12:25:55 +0000] "POST /wp-login.php HTTP/1.1" 403 0 "-" "Mozilla/5.0"
91.92.243.240 - - [16/Apr/2026:12:25:55 +0000] "POST /wp-login.php HTTP/1.1" 403 0 "-" "Mozilla/5.0"
57.141.20.7 - - [16/Apr/2026:12:25:57 +0000] "GET /2025/12/10/2025-metlifetakeover-photos-recap/?filesrc=//lib64/python2.7/lib-tk/Tix.pyo&path=//lib64/python2.7/lib-tk HTTP/1.1" 200 143860 "-" "meta-externalagent/1.1 (+https://developers.facebook.com/docs/sharing/webmasters/crawler)"
144.31.35.90 - - [16/Apr/2026:12:26:16 +0000] "GET /tag/patrick-ramsey/feed/ HTTP/1.1" 200 56102 "-" "Mozilla/5.0 (Macintosh; Intel Mac OS X 10_15_7) AppleWebKit/537.36 (KHTML, like Gecko) Chrome/135.0.0.0 Safari/537.36"
216.73.216.138 - - [16/Apr/2026:12:26:17 +0000] "GET /tag/brian-hartline/?filesrc=%2F%2Fscripts%2Fxfertool&path=%2F%2Fscripts HTTP/1.1" 200 133068 "-" "Mozilla/5.0 AppleWebKit/537.36 (KHTML, like Gecko; compatible; ClaudeBot/1.0; +claudebot@anthropic.com)"
216.73.216.138 - - [16/Apr/2026:12:26:22 +0000] "GET /tag/robert-rose/?path=%2F%2Frun%2Fconsole HTTP/1.1" 200 41680 "-" "Mozilla/5.0 AppleWebKit/537.36 (KHTML, like Gecko; compatible; ClaudeBot/1.0; +claudebot@anthropic.com)"
216.73.216.138 - - [16/Apr/2026:12:26:27 +0000] "GET /tag/practice/?filesrc=%2F%2Fproc%2F128%2Fpatch_state&path=%2F%2Fproc%2F128 HTTP/1.1" 200 39343 "-" "Mozilla/5.0 AppleWebKit/537.36 (KHTML, like Gecko; compatible; ClaudeBot/1.0; +claudebot@anthropic.com)"
216.73.216.138 - - [16/Apr/2026:12:26:32 +0000] "GET /tag/practice/?path=%2F%2Fsys%2Fdevices%2Fvirtual%2Fvc%2Fvcs5%2Fpower HTTP/1.1" 200 46972 "-" "Mozilla/5.0 AppleWebKit/537.36 (KHTML, like Gecko; compatible; ClaudeBot/1.0; +claudebot@anthropic.com)"
216.73.216.138 - - [16/Apr/2026:12:26:37 +0000] "GET /tag/practice/?filesrc=%2F%2Fproc%2F42%2Fpatch_state&path=%2F%2Fproc%2F42 HTTP/1.1" 200 39336 "-" "Mozilla/5.0 AppleWebKit/537.36 (KHTML, like Gecko; compatible; ClaudeBot/1.0; +claudebot@anthropic.com)"
216.73.216.138 - - [16/Apr/2026:12:26:42 +0000] "GET /tag/mnf/?filesrc=%2Fhome%2Fdrivenby%2Fdolfansnyc.com%2Fwp-includes%2Fblocks%2Fnavigation%2Fview.asset.php&path=%2Fhome%2Fdrivenby%2Fdolfansnyc.com%2Fwp-includes%2Fblocks%2Fnavigation HTTP/1.1" 200 43272 "-" "Mozilla/5.0 AppleWebKit/537.36 (KHTML, like Gecko; compatible; ClaudeBot/1.0; +claudebot@anthropic.com)"
216.73.216.138 - - [16/Apr/2026:12:26:47 +0000] "GET /tag/mnf/?filesrc=%2Fhome%2Fdrivenby%2Fdolfansnyc.com%2Fwp-includes%2Fcss%2Fdashicons.min.css&path=%2Fhome%2Fdrivenby%2Fdolfansnyc.com%2Fwp-includes%2Fcss HTTP/1.1" 200 105521 "-" "Mozilla/5.0 AppleWebKit/537.36 (KHTML, like Gecko; compatible; ClaudeBot/1.0; +claudebot@anthropic.com)"
216.73.216.138 - - [16/Apr/2026:12:26:52 +0000] "GET /tag/robert-rose/?path=%2F%2Fusr%2Fbin HTTP/1.1" 200 1886292 "-" "Mozilla/5.0 AppleWebKit/537.36 (KHTML, like Gecko; compatible; ClaudeBot/1.0; +claudebot@anthropic.com)"
57.141.20.31 - - [16/Apr/2026:12:26:54 +0000] "GET /2025/12/10/2025-metlifetakeover-photos-recap/?filesrc=//bin/replace&path=//bin HTTP/1.1" 200 4775281 "-" "meta-externalagent/1.1 (+https://developers.facebook.com/docs/sharing/webmasters/crawler)"
