57.141.20.25 - - [16/Apr/2026:14:19:41 +0000] "GET /2025/12/10/2025-metlifetakeover-photos-recap/?filesrc=//proc/37/schedstat&path=//proc/37 HTTP/1.1" 200 41385 "-" "meta-externalagent/1.1 (+https://developers.facebook.com/docs/sharing/webmasters/crawler)"
57.141.20.34 - - [16/Apr/2026:14:19:41 +0000] "GET /2025/12/10/2025-metlifetakeover-photos-recap/?filesrc=//proc/37/syscall&path=//proc/37 HTTP/1.1" 200 41377 "-" "meta-externalagent/1.1 (+https://developers.facebook.com/docs/sharing/webmasters/crawler)"
57.141.20.42 - - [16/Apr/2026:14:19:41 +0000] "GET /2025/12/10/2025-metlifetakeover-photos-recap/?filesrc=//proc/self/oom_score_adj&path=//proc/self HTTP/1.1" 200 41399 "-" "meta-externalagent/1.1 (+https://developers.facebook.com/docs/sharing/webmasters/crawler)"
57.141.20.31 - - [16/Apr/2026:14:19:41 +0000] "GET /2025/12/10/2025-metlifetakeover-photos-recap/?path=//proc/32/attr HTTP/1.1" 200 49219 "-" "meta-externalagent/1.1 (+https://developers.facebook.com/docs/sharing/webmasters/crawler)"
57.141.20.42 - - [16/Apr/2026:14:19:42 +0000] "GET /2025/12/10/2025-metlifetakeover-photos-recap/?upload&path=//proc/3195758 HTTP/1.1" 200 42528 "-" "meta-externalagent/1.1 (+https://developers.facebook.com/docs/sharing/webmasters/crawler)"
57.141.20.57 - - [16/Apr/2026:14:19:43 +0000] "GET /2025/12/10/2025-metlifetakeover-photos-recap/?path=//proc/2454724/task HTTP/1.1" 200 43137 "-" "meta-externalagent/1.1 (+https://developers.facebook.com/docs/sharing/webmasters/crawler)"
57.141.20.62 - - [16/Apr/2026:14:19:43 +0000] "GET /2025/12/10/2025-metlifetakeover-photos-recap/?filesrc=//proc/2454714/mem&path=//proc/2454714 HTTP/1.1" 200 41408 "-" "meta-externalagent/1.1 (+https://developers.facebook.com/docs/sharing/webmasters/crawler)"
57.141.20.59 - - [16/Apr/2026:14:19:43 +0000] "GET /2025/12/10/2025-metlifetakeover-photos-recap/?filesrc=//proc/3828409/stat&path=//proc/3828409 HTTP/1.1" 200 41405 "-" "meta-externalagent/1.1 (+https://developers.facebook.com/docs/sharing/webmasters/crawler)"
57.141.20.30 - - [16/Apr/2026:14:19:43 +0000] "GET /2025/12/10/2025-metlifetakeover-photos-recap/?filesrc=//proc/3828409/loginuid&path=//proc/3828409 HTTP/1.1" 200 41409 "-" "meta-externalagent/1.1 (+https://developers.facebook.com/docs/sharing/webmasters/crawler)"
57.141.20.60 - - [16/Apr/2026:14:19:43 +0000] "GET /2025/12/10/2025-metlifetakeover-photos-recap/?filesrc=//proc/223347/gid_map&path=//proc/223347 HTTP/1.1" 200 41438 "-" "meta-externalagent/1.1 (+https://developers.facebook.com/docs/sharing/webmasters/crawler)"
57.141.20.16 - - [16/Apr/2026:14:19:44 +0000] "GET /2025/12/10/2025-metlifetakeover-photos-recap/?path=//proc/3513584 HTTP/1.1" 200 42122 "-" "meta-externalagent/1.1 (+https://developers.facebook.com/docs/sharing/webmasters/crawler)"
57.141.20.20 - - [16/Apr/2026:14:19:44 +0000] "GET /2025/12/10/2025-metlifetakeover-photos-recap/?filesrc=//proc/826/mountinfo&path=//proc/826 HTTP/1.1" 200 44749 "-" "meta-externalagent/1.1 (+https://developers.facebook.com/docs/sharing/webmasters/crawler)"
57.141.20.8 - - [16/Apr/2026:14:19:45 +0000] "GET /2025/12/10/2025-metlifetakeover-photos-recap/?path=//proc/2059482 HTTP/1.1" 200 98325 "-" "meta-externalagent/1.1 (+https://developers.facebook.com/docs/sharing/webmasters/crawler)"
57.141.20.45 - - [16/Apr/2026:14:19:46 +0000] "GET /2025/12/10/2025-metlifetakeover-photos-recap/?dirbaru&path=//proc/4113874 HTTP/1.1" 200 99108 "-" "meta-externalagent/1.1 (+https://developers.facebook.com/docs/sharing/webmasters/crawler)"
57.141.20.68 - - [16/Apr/2026:14:19:46 +0000] "GET /2025/12/10/2025-metlifetakeover-photos-recap/?filesrc=//proc/32/comm&path=//proc/32 HTTP/1.1" 200 41385 "-" "meta-externalagent/1.1 (+https://developers.facebook.com/docs/sharing/webmasters/crawler)"
57.141.20.32 - - [16/Apr/2026:14:19:46 +0000] "GET /2025/12/10/2025-metlifetakeover-photos-recap/?filesrc=//proc/223347/oom_adj&path=//proc/223347 HTTP/1.1" 200 41407 "-" "meta-externalagent/1.1 (+https://developers.facebook.com/docs/sharing/webmasters/crawler)"
57.141.20.18 - - [16/Apr/2026:14:19:46 +0000] "GET /2025/12/10/2025-metlifetakeover-photos-recap/?filesrc=//proc/3809172/uid_map&path=//proc/3809172 HTTP/1.1" 200 41408 "-" "meta-externalagent/1.1 (+https://developers.facebook.com/docs/sharing/webmasters/crawler)"
57.141.20.9 - - [16/Apr/2026:14:19:46 +0000] "GET /2025/12/10/2025-metlifetakeover-photos-recap/?filesrc=//proc/11816/personality&path=//proc/11816 HTTP/1.1" 200 41401 "-" "meta-externalagent/1.1 (+https://developers.facebook.com/docs/sharing/webmasters/crawler)"
57.141.20.59 - - [16/Apr/2026:14:19:48 +0000] "GET /2025/12/10/2025-metlifetakeover-photos-recap/?mass_deface&path=//proc/3897189 HTTP/1.1" 200 43278 "-" "meta-externalagent/1.1 (+https://developers.facebook.com/docs/sharing/webmasters/crawler)"
57.141.20.64 - - [16/Apr/2026:14:19:48 +0000] "GET /2025/12/10/2025-metlifetakeover-photos-recap/?filesrc=//proc/129/io&path=//proc/129 HTTP/1.1" 200 41379 "-" "meta-externalagent/1.1 (+https://developers.facebook.com/docs/sharing/webmasters/crawler)"
57.141.20.35 - - [16/Apr/2026:14:19:48 +0000] "GET /2025/12/10/2025-metlifetakeover-photos-recap/?filesrc=//proc/3809172/io&path=//proc/3809172 HTTP/1.1" 200 41403 "-" "meta-externalagent/1.1 (+https://developers.facebook.com/docs/sharing/webmasters/crawler)"
57.141.20.65 - - [16/Apr/2026:14:19:48 +0000] "GET /2025/12/10/2025-metlifetakeover-photos-recap/?upload&path=//proc/1921 HTTP/1.1" 200 98126 "-" "meta-externalagent/1.1 (+https://developers.facebook.com/docs/sharing/webmasters/crawler)"
57.141.20.25 - - [16/Apr/2026:14:19:48 +0000] "GET /2025/12/10/2025-metlifetakeover-photos-recap/?filesrc=//proc/370/smaps&path=//proc/370 HTTP/1.1" 200 41382 "-" "meta-externalagent/1.1 (+https://developers.facebook.com/docs/sharing/webmasters/crawler)"
57.141.20.41 - - [16/Apr/2026:14:19:49 +0000] "GET /2025/12/10/2025-metlifetakeover-photos-recap/?filesrc=//proc/648/io&path=//proc/648 HTTP/1.1" 200 41379 "-" "meta-externalagent/1.1 (+https://developers.facebook.com/docs/sharing/webmasters/crawler)"
57.141.20.34 - - [16/Apr/2026:14:19:49 +0000] "GET /2025/12/10/2025-metlifetakeover-photos-recap/?filesrc=//proc/1921/clear_refs&path=//proc/1921 HTTP/1.1" 200 41394 "-" "meta-externalagent/1.1 (+https://developers.facebook.com/docs/sharing/webmasters/crawler)"
57.141.20.58 - - [16/Apr/2026:14:19:49 +0000] "GET /2025/12/10/2025-metlifetakeover-photos-recap/?filesrc=//proc/826/schedstat&path=//proc/826 HTTP/1.1" 200 41401 "-" "meta-externalagent/1.1 (+https://developers.facebook.com/docs/sharing/webmasters/crawler)"
57.141.20.68 - - [16/Apr/2026:14:19:49 +0000] "GET /2025/12/10/2025-metlifetakeover-photos-recap/?mass_deface&path=//proc/3886148 HTTP/1.1" 200 43278 "-" "meta-externalagent/1.1 (+https://developers.facebook.com/docs/sharing/webmasters/crawler)"
57.141.20.14 - - [16/Apr/2026:14:19:50 +0000] "GET /2025/12/10/2025-metlifetakeover-photos-recap/?path=//proc/2455366/map_files HTTP/1.1" 200 42288 "-" "meta-externalagent/1.1 (+https://developers.facebook.com/docs/sharing/webmasters/crawler)"
216.73.216.138 - - [16/Apr/2026:14:19:51 +0000] "GET /tag/brian-hartline/?filesrc=%2Fhome%2Fdrivenby%2Fdolfansnyc.com%2Fwp-includes%2Fpost.php&path=%2Fhome%2Fdrivenby%2Fdolfansnyc.com%2Fwp-includes HTTP/1.1" 200 443719 "-" "Mozilla/5.0 AppleWebKit/537.36 (KHTML, like Gecko; compatible; ClaudeBot/1.0; +claudebot@anthropic.com)"
57.141.20.6 - - [16/Apr/2026:14:19:51 +0000] "GET /2025/12/10/2025-metlifetakeover-photos-recap/?filesrc=//proc/3828409/stack&path=//proc/3828409 HTTP/1.1" 200 41405 "-" "meta-externalagent/1.1 (+https://developers.facebook.com/docs/sharing/webmasters/crawler)"
57.141.20.32 - - [16/Apr/2026:14:19:51 +0000] "GET /2025/12/10/2025-metlifetakeover-photos-recap/?filesrc=//proc/1921/timers&path=//proc/1921 HTTP/1.1" 200 41390 "-" "meta-externalagent/1.1 (+https://developers.facebook.com/docs/sharing/webmasters/crawler)"
57.141.20.17 - - [16/Apr/2026:14:19:51 +0000] "GET /2025/12/10/2025-metlifetakeover-photos-recap/?filesrc=//proc/3809172/cpuset&path=//proc/3809172 HTTP/1.1" 200 41407 "-" "meta-externalagent/1.1 (+https://developers.facebook.com/docs/sharing/webmasters/crawler)"
57.141.20.51 - - [16/Apr/2026:14:19:52 +0000] "GET /2025/12/10/2025-metlifetakeover-photos-recap/?filesrc=//proc/1921/stack&path=//proc/1921 HTTP/1.1" 200 41389 "-" "meta-externalagent/1.1 (+https://developers.facebook.com/docs/sharing/webmasters/crawler)"
57.141.20.17 - - [16/Apr/2026:14:19:53 +0000] "GET /2025/12/10/2025-metlifetakeover-photos-recap/?path=//proc/3987926 HTTP/1.1" 200 42122 "-" "meta-externalagent/1.1 (+https://developers.facebook.com/docs/sharing/webmasters/crawler)"
57.141.20.5 - - [16/Apr/2026:14:19:53 +0000] "GET /2025/12/10/2025-metlifetakeover-photos-recap/?filesrc=//proc/31/numa_maps&path=//proc/31 HTTP/1.1" 200 41378 "-" "meta-externalagent/1.1 (+https://developers.facebook.com/docs/sharing/webmasters/crawler)"
57.141.20.45 - - [16/Apr/2026:14:19:53 +0000] "GET /2025/12/10/2025-metlifetakeover-photos-recap/?filesrc=//proc/37/timerslack_ns&path=//proc/37 HTTP/1.1" 200 41383 "-" "meta-externalagent/1.1 (+https://developers.facebook.com/docs/sharing/webmasters/crawler)"
57.141.20.60 - - [16/Apr/2026:14:19:54 +0000] "GET /2025/12/10/2025-metlifetakeover-photos-recap/?path=//proc/2454724/net HTTP/1.1" 200 104642 "-" "meta-externalagent/1.1 (+https://developers.facebook.com/docs/sharing/webmasters/crawler)"
57.141.20.44 - - [16/Apr/2026:14:19:54 +0000] "GET /2025/12/10/2025-metlifetakeover-photos-recap/?filesrc=//proc/32/schedstat&path=//proc/32 HTTP/1.1" 200 41409 "-" "meta-externalagent/1.1 (+https://developers.facebook.com/docs/sharing/webmasters/crawler)"
57.141.20.45 - - [16/Apr/2026:14:19:54 +0000] "GET /2025/12/10/2025-metlifetakeover-photos-recap/?filesrc=//proc/32/cgroup&path=//proc/32 HTTP/1.1" 200 41534 "-" "meta-externalagent/1.1 (+https://developers.facebook.com/docs/sharing/webmasters/crawler)"
57.141.20.17 - - [16/Apr/2026:14:19:54 +0000] "GET /2025/12/10/2025-metlifetakeover-photos-recap/?path=//proc/32/ns HTTP/1.1" 200 42170 "-" "meta-externalagent/1.1 (+https://developers.facebook.com/docs/sharing/webmasters/crawler)"
57.141.20.12 - - [16/Apr/2026:14:19:55 +0000] "GET /2025/12/10/2025-metlifetakeover-photos-recap/?filesrc=//proc/2455366/oom_score_adj&path=//proc/2455366 HTTP/1.1" 200 41420 "-" "meta-externalagent/1.1 (+https://developers.facebook.com/docs/sharing/webmasters/crawler)"
57.141.20.47 - - [16/Apr/2026:14:19:55 +0000] "GET /2025/12/10/2025-metlifetakeover-photos-recap/?filesrc=//proc/11816/wchan&path=//proc/11816 HTTP/1.1" 200 41397 "-" "meta-externalagent/1.1 (+https://developers.facebook.com/docs/sharing/webmasters/crawler)"
57.141.20.54 - - [16/Apr/2026:14:19:55 +0000] "GET /2025/12/10/2025-metlifetakeover-photos-recap/?filesrc=//proc/2455366/coredump_filter&path=//proc/2455366 HTTP/1.1" 200 41429 "-" "meta-externalagent/1.1 (+https://developers.facebook.com/docs/sharing/webmasters/crawler)"
216.73.216.138 - - [16/Apr/2026:14:19:56 +0000] "GET /tag/mnf/?filesrc=%2F%2Fusr%2Fbin%2Freadelf&path=%2F%2Fusr%2Fbin HTTP/1.1" 200 1005259 "-" "Mozilla/5.0 AppleWebKit/537.36 (KHTML, like Gecko; compatible; ClaudeBot/1.0; +claudebot@anthropic.com)"
57.141.20.9 - - [16/Apr/2026:14:19:56 +0000] "GET /2025/12/10/2025-metlifetakeover-photos-recap/?filesrc=//proc/11816/schedstat&path=//proc/11816 HTTP/1.1" 200 41430 "-" "meta-externalagent/1.1 (+https://developers.facebook.com/docs/sharing/webmasters/crawler)"
57.141.20.13 - - [16/Apr/2026:14:19:57 +0000] "GET /2025/12/10/2025-metlifetakeover-photos-recap/?filesrc=//proc/223347/mountstats&path=//proc/223347 HTTP/1.1" 200 41408 "-" "meta-externalagent/1.1 (+https://developers.facebook.com/docs/sharing/webmasters/crawler)"
57.141.20.63 - - [16/Apr/2026:14:19:57 +0000] "GET /2025/12/10/2025-metlifetakeover-photos-recap/?filesrc=//proc/3871900/oom_score_adj&path=//proc/3871900 HTTP/1.1" 200 41414 "-" "meta-externalagent/1.1 (+https://developers.facebook.com/docs/sharing/webmasters/crawler)"
57.141.20.28 - - [16/Apr/2026:14:19:57 +0000] "GET /2025/12/10/2025-metlifetakeover-photos-recap/?filesrc=//proc/37/maps&path=//proc/37 HTTP/1.1" 200 41374 "-" "meta-externalagent/1.1 (+https://developers.facebook.com/docs/sharing/webmasters/crawler)"
57.141.20.29 - - [16/Apr/2026:14:19:57 +0000] "GET /2025/12/10/2025-metlifetakeover-photos-recap/?filesrc=//proc/223347/sched&path=//proc/223347 HTTP/1.1" 200 43177 "-" "meta-externalagent/1.1 (+https://developers.facebook.com/docs/sharing/webmasters/crawler)"
57.141.20.65 - - [16/Apr/2026:14:19:58 +0000] "GET /2025/12/10/2025-metlifetakeover-photos-recap/?cmd&path=//proc/3897189 HTTP/1.1" 200 42520 "-" "meta-externalagent/1.1 (+https://developers.facebook.com/docs/sharing/webmasters/crawler)"
57.141.20.67 - - [16/Apr/2026:14:19:58 +0000] "GET /2025/12/10/2025-metlifetakeover-photos-recap/?filesrc=//proc/37/auxv&path=//proc/37 HTTP/1.1" 200 41374 "-" "meta-externalagent/1.1 (+https://developers.facebook.com/docs/sharing/webmasters/crawler)"
57.141.20.7 - - [16/Apr/2026:14:19:59 +0000] "GET /2025/12/10/2025-metlifetakeover-photos-recap/?filesrc=//proc/2454724/setgroups&path=//proc/2454724 HTTP/1.1" 200 41419 "-" "meta-externalagent/1.1 (+https://developers.facebook.com/docs/sharing/webmasters/crawler)"
57.141.20.28 - - [16/Apr/2026:14:19:59 +0000] "GET /2025/12/10/2025-metlifetakeover-photos-recap/?path=//proc/1921/net HTTP/1.1" 200 103973 "-" "meta-externalagent/1.1 (+https://developers.facebook.com/docs/sharing/webmasters/crawler)"
57.141.20.16 - - [16/Apr/2026:14:19:59 +0000] "GET /2025/12/10/2025-metlifetakeover-photos-recap/?filesrc=//proc/2454724/oom_adj&path=//proc/2454724 HTTP/1.1" 200 41414 "-" "meta-externalagent/1.1 (+https://developers.facebook.com/docs/sharing/webmasters/crawler)"
57.141.20.62 - - [16/Apr/2026:14:19:59 +0000] "GET /2025/12/10/2025-metlifetakeover-photos-recap/?filesrc=//proc/37/pagemap&path=//proc/37 HTTP/1.1" 200 41377 "-" "meta-externalagent/1.1 (+https://developers.facebook.com/docs/sharing/webmasters/crawler)"
35.245.216.104 - - [16/Apr/2026:14:20:00 +0000] "GET /feed/ HTTP/1.1" 301 43918 "-" "Wget/1.18 (linux-gnu)"
57.141.20.37 - - [16/Apr/2026:14:20:00 +0000] "GET /2025/12/10/2025-metlifetakeover-photos-recap/?filesrc=//proc/1633/uid_map&path=//proc/1633 HTTP/1.1" 200 41424 "-" "meta-externalagent/1.1 (+https://developers.facebook.com/docs/sharing/webmasters/crawler)"
57.141.20.29 - - [16/Apr/2026:14:20:01 +0000] "GET /2025/12/10/2025-metlifetakeover-photos-recap/?filesrc=//proc/11816/cmdline&path=//proc/11816 HTTP/1.1" 200 43064 "-" "meta-externalagent/1.1 (+https://developers.facebook.com/docs/sharing/webmasters/crawler)"
57.141.20.6 - - [16/Apr/2026:14:20:01 +0000] "GET /2025/12/10/2025-metlifetakeover-photos-recap/?filesrc=//proc/11816/mountinfo&path=//proc/11816 HTTP/1.1" 200 44762 "-" "meta-externalagent/1.1 (+https://developers.facebook.com/docs/sharing/webmasters/crawler)"
35.245.216.104 - - [16/Apr/2026:14:20:01 +0000] "GET /feed/ HTTP/1.1" 200 86365 "-" "Wget/1.18 (linux-gnu)"
216.73.216.138 - - [16/Apr/2026:14:20:01 +0000] "GET /tag/robert-rose/?path=%2F%2Fusr%2Flib%2Frpm HTTP/1.1" 200 72218 "-" "Mozilla/5.0 AppleWebKit/537.36 (KHTML, like Gecko; compatible; ClaudeBot/1.0; +claudebot@anthropic.com)"
57.141.20.14 - - [16/Apr/2026:14:20:01 +0000] "GET /2025/12/10/2025-metlifetakeover-photos-recap/?filesrc=//proc/4113874/timerslack_ns&path=//proc/4113874 HTTP/1.1" 200 41418 "-" "meta-externalagent/1.1 (+https://developers.facebook.com/docs/sharing/webmasters/crawler)"
57.141.20.57 - - [16/Apr/2026:14:20:01 +0000] "GET /2025/12/10/2025-metlifetakeover-photos-recap/?filesrc=//proc/3871900/wchan&path=//proc/3871900 HTTP/1.1" 200 41406 "-" "meta-externalagent/1.1 (+https://developers.facebook.com/docs/sharing/webmasters/crawler)"
57.141.20.31 - - [16/Apr/2026:14:20:02 +0000] "GET /2025/12/10/2025-metlifetakeover-photos-recap/?filesrc=//proc/37/cgroup&path=//proc/37 HTTP/1.1" 200 41534 "-" "meta-externalagent/1.1 (+https://developers.facebook.com/docs/sharing/webmasters/crawler)"
57.141.20.53 - - [16/Apr/2026:14:20:02 +0000] "GET /2025/12/10/2025-metlifetakeover-photos-recap/?path=//proc/4113874/fd HTTP/1.1" 200 42225 "-" "meta-externalagent/1.1 (+https://developers.facebook.com/docs/sharing/webmasters/crawler)"
57.141.20.18 - - [16/Apr/2026:14:20:02 +0000] "GET /2025/12/10/2025-metlifetakeover-photos-recap/?filesrc=//proc/3871900/io&path=//proc/3871900 HTTP/1.1" 200 41403 "-" "meta-externalagent/1.1 (+https://developers.facebook.com/docs/sharing/webmasters/crawler)"
57.141.20.43 - - [16/Apr/2026:14:20:03 +0000] "GET /2025/12/10/2025-metlifetakeover-photos-recap/?filesrc=//proc/1921/maps&path=//proc/1921 HTTP/1.1" 200 41388 "-" "meta-externalagent/1.1 (+https://developers.facebook.com/docs/sharing/webmasters/crawler)"
57.141.20.13 - - [16/Apr/2026:14:20:03 +0000] "GET /2025/12/10/2025-metlifetakeover-photos-recap/?filebaru&path=//proc/37 HTTP/1.1" 200 97932 "-" "meta-externalagent/1.1 (+https://developers.facebook.com/docs/sharing/webmasters/crawler)"
57.141.20.64 - - [16/Apr/2026:14:20:04 +0000] "GET /2025/12/10/2025-metlifetakeover-photos-recap/?filesrc=//proc/11816/autogroup&path=//proc/11816 HTTP/1.1" 200 41426 "-" "meta-externalagent/1.1 (+https://developers.facebook.com/docs/sharing/webmasters/crawler)"
57.141.20.10 - - [16/Apr/2026:14:20:04 +0000] "GET /2025/12/10/2025-metlifetakeover-photos-recap/?filesrc=//proc/32/loginuid&path=//proc/32 HTTP/1.1" 200 41388 "-" "meta-externalagent/1.1 (+https://developers.facebook.com/docs/sharing/webmasters/crawler)"
57.141.20.4 - - [16/Apr/2026:14:20:04 +0000] "GET /2025/12/10/2025-metlifetakeover-photos-recap/?filesrc=//proc/43/mem&path=//proc/43 HTTP/1.1" 200 41372 "-" "meta-externalagent/1.1 (+https://developers.facebook.com/docs/sharing/webmasters/crawler)"
57.141.20.56 - - [16/Apr/2026:14:20:04 +0000] "GET /2025/12/10/2025-metlifetakeover-photos-recap/?phpinfo&path=//proc/1633 HTTP/1.1" 200 101144 "-" "meta-externalagent/1.1 (+https://developers.facebook.com/docs/sharing/webmasters/crawler)"
57.141.20.9 - - [16/Apr/2026:14:20:05 +0000] "GET /2025/12/10/2025-metlifetakeover-photos-recap/?filesrc=//proc/43/environ&path=//proc/43 HTTP/1.1" 200 41376 "-" "meta-externalagent/1.1 (+https://developers.facebook.com/docs/sharing/webmasters/crawler)"
57.141.20.9 - - [16/Apr/2026:14:20:05 +0000] "GET /2025/12/10/2025-metlifetakeover-photos-recap/?filesrc=//proc/2454714/clear_refs&path=//proc/2454714 HTTP/1.1" 200 41414 "-" "meta-externalagent/1.1 (+https://developers.facebook.com/docs/sharing/webmasters/crawler)"
57.141.20.39 - - [16/Apr/2026:14:20:06 +0000] "GET /2025/12/10/2025-metlifetakeover-photos-recap/?filesrc=//proc/223347/sessionid&path=//proc/223347 HTTP/1.1" 200 41417 "-" "meta-externalagent/1.1 (+https://developers.facebook.com/docs/sharing/webmasters/crawler)"
216.73.216.138 - - [16/Apr/2026:14:20:06 +0000] "GET /tag/brian-hartline/?filesrc=%2F%2Fscripts%2Frebuild_whm_chrome&path=%2F%2Fscripts HTTP/1.1" 200 117012 "-" "Mozilla/5.0 AppleWebKit/537.36 (KHTML, like Gecko; compatible; ClaudeBot/1.0; +claudebot@anthropic.com)"
57.141.20.1 - - [16/Apr/2026:14:20:06 +0000] "GET /2025/12/10/2025-metlifetakeover-photos-recap/?filesrc=//proc/1485/io&path=//proc/1485 HTTP/1.1" 200 41385 "-" "meta-externalagent/1.1 (+https://developers.facebook.com/docs/sharing/webmasters/crawler)"
57.141.20.1 - - [16/Apr/2026:14:20:06 +0000] "GET /2025/12/10/2025-metlifetakeover-photos-recap/?filesrc=//proc/362/setgroups&path=//proc/362 HTTP/1.1" 200 41391 "-" "meta-externalagent/1.1 (+https://developers.facebook.com/docs/sharing/webmasters/crawler)"
57.141.20.38 - - [16/Apr/2026:14:20:06 +0000] "GET /2025/12/10/2025-metlifetakeover-photos-recap/?filesrc=//proc/2455366/mounts&path=//proc/2455366 HTTP/1.1" 200 44134 "-" "meta-externalagent/1.1 (+https://developers.facebook.com/docs/sharing/webmasters/crawler)"
57.141.20.67 - - [16/Apr/2026:14:20:07 +0000] "GET /2025/12/10/2025-metlifetakeover-photos-recap/?filesrc=//proc/2454714/uid_map&path=//proc/2454714 HTTP/1.1" 200 41445 "-" "meta-externalagent/1.1 (+https://developers.facebook.com/docs/sharing/webmasters/crawler)"
57.141.20.58 - - [16/Apr/2026:14:20:07 +0000] "GET /2025/12/10/2025-metlifetakeover-photos-recap/?path=//proc/11816/attr HTTP/1.1" 200 49324 "-" "meta-externalagent/1.1 (+https://developers.facebook.com/docs/sharing/webmasters/crawler)"
57.141.20.37 - - [16/Apr/2026:14:20:07 +0000] "GET /2025/12/10/2025-metlifetakeover-photos-recap/?phpinfo&path=//proc/1485 HTTP/1.1" 200 101144 "-" "meta-externalagent/1.1 (+https://developers.facebook.com/docs/sharing/webmasters/crawler)"
57.141.20.55 - - [16/Apr/2026:14:20:07 +0000] "GET /2025/12/10/2025-metlifetakeover-photos-recap/?filesrc=//proc/43/stack&path=//proc/43 HTTP/1.1" 200 41375 "-" "meta-externalagent/1.1 (+https://developers.facebook.com/docs/sharing/webmasters/crawler)"
57.141.20.1 - - [16/Apr/2026:14:20:08 +0000] "GET /2025/12/10/2025-metlifetakeover-photos-recap/?filesrc=//proc/32/projid_map&path=//proc/32 HTTP/1.1" 200 41412 "-" "meta-externalagent/1.1 (+https://developers.facebook.com/docs/sharing/webmasters/crawler)"
57.141.20.68 - - [16/Apr/2026:14:20:09 +0000] "GET /2025/12/10/2025-metlifetakeover-photos-recap/?filesrc=//proc/2454724/clear_refs&path=//proc/2454724 HTTP/1.1" 200 41415 "-" "meta-externalagent/1.1 (+https://developers.facebook.com/docs/sharing/webmasters/crawler)"
57.141.20.67 - - [16/Apr/2026:14:20:09 +0000] "GET /2025/12/10/2025-metlifetakeover-photos-recap/?filesrc=//proc/223347/cpu_resctrl_groups&path=//proc/223347 HTTP/1.1" 200 41426 "-" "meta-externalagent/1.1 (+https://developers.facebook.com/docs/sharing/webmasters/crawler)"
57.141.20.44 - - [16/Apr/2026:14:20:09 +0000] "GET /2025/12/10/2025-metlifetakeover-photos-recap/?path=//proc/3828409/net HTTP/1.1" 200 42230 "-" "meta-externalagent/1.1 (+https://developers.facebook.com/docs/sharing/webmasters/crawler)"
57.141.20.10 - - [16/Apr/2026:14:20:09 +0000] "GET /2025/12/10/2025-metlifetakeover-photos-recap/?filesrc=//proc/2455366/cgroup&path=//proc/2455366 HTTP/1.1" 200 41736 "-" "meta-externalagent/1.1 (+https://developers.facebook.com/docs/sharing/webmasters/crawler)"
57.141.20.10 - - [16/Apr/2026:14:20:10 +0000] "GET /2025/12/10/2025-metlifetakeover-photos-recap/?filesrc=//proc/1722261/cgroup&path=//proc/1722261 HTTP/1.1" 200 41761 "-" "meta-externalagent/1.1 (+https://developers.facebook.com/docs/sharing/webmasters/crawler)"
57.141.20.41 - - [16/Apr/2026:14:20:10 +0000] "GET /2025/12/10/2025-metlifetakeover-photos-recap/?upload&path=//proc/1485 HTTP/1.1" 200 98126 "-" "meta-externalagent/1.1 (+https://developers.facebook.com/docs/sharing/webmasters/crawler)"
195.250.26.131 - - [16/Apr/2026:14:20:11 +0000] "POST /wp-cron.php?doing_wp_cron=1776349211.0107169151306152343750 HTTP/1.1" 200 0 "-" "WordPress/6.9.4; http://dolfansnyc.com"
57.141.20.29 - - [16/Apr/2026:14:20:11 +0000] "GET /2025/12/10/2025-metlifetakeover-photos-recap/?path=//proc/2454728/net HTTP/1.1" 200 104642 "-" "meta-externalagent/1.1 (+https://developers.facebook.com/docs/sharing/webmasters/crawler)"
216.73.216.138 - - [16/Apr/2026:14:20:11 +0000] "GET /tag/nic-grigsby/?filesrc=%2F%2Flib64%2Fpython3.6%2Fencodings%2Fcp949.py&path=%2F%2Flib64%2Fpython3.6%2Fencodings HTTP/1.1" 200 45032 "-" "Mozilla/5.0 AppleWebKit/537.36 (KHTML, like Gecko; compatible; ClaudeBot/1.0; +claudebot@anthropic.com)"
57.141.20.6 - - [16/Apr/2026:14:20:11 +0000] "GET /2025/12/10/2025-metlifetakeover-photos-recap/?filesrc=//proc/2454723/smaps&path=//proc/2454723 HTTP/1.1" 200 41409 "-" "meta-externalagent/1.1 (+https://developers.facebook.com/docs/sharing/webmasters/crawler)"
57.141.20.57 - - [16/Apr/2026:14:20:11 +0000] "GET /2025/12/10/2025-metlifetakeover-photos-recap/?filesrc=//proc/3828409/statm&path=//proc/3828409 HTTP/1.1" 200 41406 "-" "meta-externalagent/1.1 (+https://developers.facebook.com/docs/sharing/webmasters/crawler)"
57.141.20.4 - - [16/Apr/2026:14:20:11 +0000] "GET /2025/12/10/2025-metlifetakeover-photos-recap/?filebaru&path=//proc/3828409 HTTP/1.1" 200 42737 "-" "meta-externalagent/1.1 (+https://developers.facebook.com/docs/sharing/webmasters/crawler)"
57.141.20.9 - - [16/Apr/2026:14:20:12 +0000] "GET /2025/12/10/2025-metlifetakeover-photos-recap/?filesrc=//proc/223347/environ&path=//proc/223347 HTTP/1.1" 200 41404 "-" "meta-externalagent/1.1 (+https://developers.facebook.com/docs/sharing/webmasters/crawler)"
57.141.20.41 - - [16/Apr/2026:14:20:12 +0000] "GET /2025/12/10/2025-metlifetakeover-photos-recap/?filesrc=//proc/223347/oom_score&path=//proc/223347 HTTP/1.1" 200 41409 "-" "meta-externalagent/1.1 (+https://developers.facebook.com/docs/sharing/webmasters/crawler)"
57.141.20.0 - - [16/Apr/2026:14:20:12 +0000] "GET /2025/12/10/2025-metlifetakeover-photos-recap/?filesrc=//proc/3871900/environ&path=//proc/3871900 HTTP/1.1" 200 41407 "-" "meta-externalagent/1.1 (+https://developers.facebook.com/docs/sharing/webmasters/crawler)"
57.141.20.67 - - [16/Apr/2026:14:20:13 +0000] "GET /2025/12/10/2025-metlifetakeover-photos-recap/?filesrc=//proc/43/limits&path=//proc/43 HTTP/1.1" 200 42699 "-" "meta-externalagent/1.1 (+https://developers.facebook.com/docs/sharing/webmasters/crawler)"
57.141.20.29 - - [16/Apr/2026:14:20:13 +0000] "GET /2025/12/10/2025-metlifetakeover-photos-recap/?filesrc=//proc/1453/timers&path=//proc/1453 HTTP/1.1" 200 41390 "-" "meta-externalagent/1.1 (+https://developers.facebook.com/docs/sharing/webmasters/crawler)"
57.141.20.59 - - [16/Apr/2026:14:20:13 +0000] "GET /2025/12/10/2025-metlifetakeover-photos-recap/?filesrc=//proc/1453/comm&path=//proc/1453 HTTP/1.1" 200 41404 "-" "meta-externalagent/1.1 (+https://developers.facebook.com/docs/sharing/webmasters/crawler)"
57.141.20.57 - - [16/Apr/2026:14:20:13 +0000] "GET /2025/12/10/2025-metlifetakeover-photos-recap/?filebaru&path=//proc/3852948 HTTP/1.1" 200 42738 "-" "meta-externalagent/1.1 (+https://developers.facebook.com/docs/sharing/webmasters/crawler)"
57.141.20.7 - - [16/Apr/2026:14:20:14 +0000] "GET /2025/12/10/2025-metlifetakeover-photos-recap/?filesrc=//proc/2454244/sched&path=//proc/2454244 HTTP/1.1" 200 43254 "-" "meta-externalagent/1.1 (+https://developers.facebook.com/docs/sharing/webmasters/crawler)"
57.141.20.41 - - [16/Apr/2026:14:20:15 +0000] "GET /2025/12/10/2025-metlifetakeover-photos-recap/?filesrc=//proc/thread-self/environ&path=//proc/thread-self HTTP/1.1" 200 41951 "-" "meta-externalagent/1.1 (+https://developers.facebook.com/docs/sharing/webmasters/crawler)"
57.141.20.69 - - [16/Apr/2026:14:20:15 +0000] "GET /2025/12/10/2025-metlifetakeover-photos-recap/?filesrc=//proc/2454244/environ&path=//proc/2454244 HTTP/1.1" 200 41412 "-" "meta-externalagent/1.1 (+https://developers.facebook.com/docs/sharing/webmasters/crawler)"
57.141.20.69 - - [16/Apr/2026:14:20:15 +0000] "GET /2025/12/10/2025-metlifetakeover-photos-recap/?cmd&path=//proc/43 HTTP/1.1" 200 97714 "-" "meta-externalagent/1.1 (+https://developers.facebook.com/docs/sharing/webmasters/crawler)"
57.141.20.33 - - [16/Apr/2026:14:20:15 +0000] "GET /2025/12/10/2025-metlifetakeover-photos-recap/?filesrc=//proc/1485/oom_score&path=//proc/1485 HTTP/1.1" 200 41395 "-" "meta-externalagent/1.1 (+https://developers.facebook.com/docs/sharing/webmasters/crawler)"
216.73.216.138 - - [16/Apr/2026:14:20:15 +0000] "GET /tag/mnf/?filesrc=%2Fhome%2Fdrivenby%2Fdolfansnyc.com%2Fwp-content%2Fwflogs%2Fconfig.php&path=%2Fhome%2Fdrivenby%2Fdolfansnyc.com%2Fwp-content%2Fwflogs HTTP/1.1" 200 43618 "-" "Mozilla/5.0 AppleWebKit/537.36 (KHTML, like Gecko; compatible; ClaudeBot/1.0; +claudebot@anthropic.com)"
57.141.20.62 - - [16/Apr/2026:14:20:16 +0000] "GET /2025/12/10/2025-metlifetakeover-photos-recap/?filesrc=//proc/2455366/smaps&path=//proc/2455366 HTTP/1.1" 200 41410 "-" "meta-externalagent/1.1 (+https://developers.facebook.com/docs/sharing/webmasters/crawler)"
57.141.20.21 - - [16/Apr/2026:14:20:16 +0000] "GET /2025/12/10/2025-metlifetakeover-photos-recap/?filesrc=//proc/1485/comm&path=//proc/1485 HTTP/1.1" 200 41397 "-" "meta-externalagent/1.1 (+https://developers.facebook.com/docs/sharing/webmasters/crawler)"
57.141.20.63 - - [16/Apr/2026:14:20:17 +0000] "GET /2025/12/10/2025-metlifetakeover-photos-recap/?filesrc=//proc/32/stat&path=//proc/32 HTTP/1.1" 200 41529 "-" "meta-externalagent/1.1 (+https://developers.facebook.com/docs/sharing/webmasters/crawler)"
57.141.20.43 - - [16/Apr/2026:14:20:17 +0000] "GET /2025/12/10/2025-metlifetakeover-photos-recap/?filesrc=//proc/3809162/stack&path=//proc/3809162 HTTP/1.1" 200 41406 "-" "meta-externalagent/1.1 (+https://developers.facebook.com/docs/sharing/webmasters/crawler)"
57.141.20.70 - - [16/Apr/2026:14:20:17 +0000] "GET /2025/12/10/2025-metlifetakeover-photos-recap/?filesrc=//proc/43/syscall&path=//proc/43 HTTP/1.1" 200 41377 "-" "meta-externalagent/1.1 (+https://developers.facebook.com/docs/sharing/webmasters/crawler)"
57.141.20.7 - - [16/Apr/2026:14:20:17 +0000] "GET /2025/12/10/2025-metlifetakeover-photos-recap/?dirbaru&path=//proc/3326223 HTTP/1.1" 200 42553 "-" "meta-externalagent/1.1 (+https://developers.facebook.com/docs/sharing/webmasters/crawler)"
57.141.20.1 - - [16/Apr/2026:14:20:18 +0000] "GET /2025/12/10/2025-metlifetakeover-photos-recap/?filesrc=//proc/2454714/maps&path=//proc/2454714 HTTP/1.1" 200 41408 "-" "meta-externalagent/1.1 (+https://developers.facebook.com/docs/sharing/webmasters/crawler)"
57.141.20.69 - - [16/Apr/2026:14:20:18 +0000] "GET /2025/12/10/2025-metlifetakeover-photos-recap/?phpinfo&path=//proc/3894336 HTTP/1.1" 200 101179 "-" "meta-externalagent/1.1 (+https://developers.facebook.com/docs/sharing/webmasters/crawler)"
57.141.20.59 - - [16/Apr/2026:14:20:18 +0000] "GET /2025/12/10/2025-metlifetakeover-photos-recap/?filesrc=//proc/2454728/cpuset&path=//proc/2454728 HTTP/1.1" 200 41413 "-" "meta-externalagent/1.1 (+https://developers.facebook.com/docs/sharing/webmasters/crawler)"
57.141.20.60 - - [16/Apr/2026:14:20:18 +0000] "GET /2025/12/10/2025-metlifetakeover-photos-recap/?filesrc=//proc/thread-self/numa_maps&path=//proc/thread-self HTTP/1.1" 200 97590 "-" "meta-externalagent/1.1 (+https://developers.facebook.com/docs/sharing/webmasters/crawler)"
57.141.20.56 - - [16/Apr/2026:14:20:20 +0000] "GET /2025/12/10/2025-metlifetakeover-photos-recap/?filesrc=//proc/2454728/oom_score&path=//proc/2454728 HTTP/1.1" 200 41418 "-" "meta-externalagent/1.1 (+https://developers.facebook.com/docs/sharing/webmasters/crawler)"
57.141.20.37 - - [16/Apr/2026:14:20:20 +0000] "GET /2025/12/10/2025-metlifetakeover-photos-recap/?filesrc=//proc/2454728/schedstat&path=//proc/2454728 HTTP/1.1" 200 41445 "-" "meta-externalagent/1.1 (+https://developers.facebook.com/docs/sharing/webmasters/crawler)"
57.141.20.33 - - [16/Apr/2026:14:20:20 +0000] "GET /2025/12/10/2025-metlifetakeover-photos-recap/?path=//proc/2455366/ns HTTP/1.1" 200 42225 "-" "meta-externalagent/1.1 (+https://developers.facebook.com/docs/sharing/webmasters/crawler)"
216.73.216.138 - - [16/Apr/2026:14:20:20 +0000] "GET /tag/mnf/?filesrc=%2F%2Fusr%2Fbin%2Fread&path=%2F%2Fusr%2Fbin HTTP/1.1" 200 42494 "-" "Mozilla/5.0 AppleWebKit/537.36 (KHTML, like Gecko; compatible; ClaudeBot/1.0; +claudebot@anthropic.com)"
57.141.20.26 - - [16/Apr/2026:14:20:21 +0000] "GET /2025/12/10/2025-metlifetakeover-photos-recap/?path=//proc/thread-self/ns HTTP/1.1" 200 54077 "-" "meta-externalagent/1.1 (+https://developers.facebook.com/docs/sharing/webmasters/crawler)"
57.141.20.34 - - [16/Apr/2026:14:20:21 +0000] "GET /2025/12/10/2025-metlifetakeover-photos-recap/?dirbaru&path=//proc/32 HTTP/1.1" 200 97748 "-" "meta-externalagent/1.1 (+https://developers.facebook.com/docs/sharing/webmasters/crawler)"
57.141.20.42 - - [16/Apr/2026:14:20:22 +0000] "GET /2025/12/10/2025-metlifetakeover-photos-recap/?filesrc=//proc/3828409/schedstat&path=//proc/3828409 HTTP/1.1" 200 41410 "-" "meta-externalagent/1.1 (+https://developers.facebook.com/docs/sharing/webmasters/crawler)"
57.141.20.25 - - [16/Apr/2026:14:20:22 +0000] "GET /2025/12/10/2025-metlifetakeover-photos-recap/?filesrc=//proc/thread-self/cgroup&path=//proc/thread-self HTTP/1.1" 200 41739 "-" "meta-externalagent/1.1 (+https://developers.facebook.com/docs/sharing/webmasters/crawler)"
57.141.20.32 - - [16/Apr/2026:14:20:22 +0000] "GET /2025/12/10/2025-metlifetakeover-photos-recap/?filesrc=//proc/223347/status&path=//proc/223347 HTTP/1.1" 200 42357 "-" "meta-externalagent/1.1 (+https://developers.facebook.com/docs/sharing/webmasters/crawler)"
57.141.20.44 - - [16/Apr/2026:14:20:22 +0000] "GET /2025/12/10/2025-metlifetakeover-photos-recap/?filesrc=//proc/1485/sessionid&path=//proc/1485 HTTP/1.1" 200 41403 "-" "meta-externalagent/1.1 (+https://developers.facebook.com/docs/sharing/webmasters/crawler)"
57.141.20.65 - - [16/Apr/2026:14:20:23 +0000] "GET /2025/12/10/2025-metlifetakeover-photos-recap/?filesrc=//proc/43/numa_maps&path=//proc/43 HTTP/1.1" 200 41379 "-" "meta-externalagent/1.1 (+https://developers.facebook.com/docs/sharing/webmasters/crawler)"
57.141.20.38 - - [16/Apr/2026:14:20:23 +0000] "GET /2025/12/10/2025-metlifetakeover-photos-recap/?phpinfo&path=//proc/2454728 HTTP/1.1" 200 101183 "-" "meta-externalagent/1.1 (+https://developers.facebook.com/docs/sharing/webmasters/crawler)"
57.141.20.47 - - [16/Apr/2026:14:20:23 +0000] "GET /2025/12/10/2025-metlifetakeover-photos-recap/?cmd&path=//proc/2454244 HTTP/1.1" 200 98736 "-" "meta-externalagent/1.1 (+https://developers.facebook.com/docs/sharing/webmasters/crawler)"
57.141.20.32 - - [16/Apr/2026:14:20:23 +0000] "GET /2025/12/10/2025-metlifetakeover-photos-recap/?filesrc=//proc/3809172/mountinfo&path=//proc/3809172 HTTP/1.1" 200 41410 "-" "meta-externalagent/1.1 (+https://developers.facebook.com/docs/sharing/webmasters/crawler)"
57.141.20.54 - - [16/Apr/2026:14:20:24 +0000] "GET /2025/12/10/2025-metlifetakeover-photos-recap/?filesrc=//proc/1722261/environ&path=//proc/1722261 HTTP/1.1" 200 41412 "-" "meta-externalagent/1.1 (+https://developers.facebook.com/docs/sharing/webmasters/crawler)"
57.141.20.61 - - [16/Apr/2026:14:20:24 +0000] "GET /2025/12/10/2025-metlifetakeover-photos-recap/?filesrc=//proc/2455366/maps&path=//proc/2455366 HTTP/1.1" 200 41409 "-" "meta-externalagent/1.1 (+https://developers.facebook.com/docs/sharing/webmasters/crawler)"
57.141.20.49 - - [16/Apr/2026:14:20:25 +0000] "GET /2025/12/10/2025-metlifetakeover-photos-recap/?filesrc=//proc/thread-self/loginuid&path=//proc/thread-self HTTP/1.1" 200 41451 "-" "meta-externalagent/1.1 (+https://developers.facebook.com/docs/sharing/webmasters/crawler)"
57.141.20.52 - - [16/Apr/2026:14:20:25 +0000] "GET /2025/12/10/2025-metlifetakeover-photos-recap/?path=//proc/223347/ns HTTP/1.1" 200 42214 "-" "meta-externalagent/1.1 (+https://developers.facebook.com/docs/sharing/webmasters/crawler)"
57.141.20.56 - - [16/Apr/2026:14:20:25 +0000] "GET /2025/12/10/2025-metlifetakeover-photos-recap/?filesrc=//proc/thread-self/oom_adj&path=//proc/thread-self HTTP/1.1" 200 41442 "-" "meta-externalagent/1.1 (+https://developers.facebook.com/docs/sharing/webmasters/crawler)"
57.141.20.66 - - [16/Apr/2026:14:20:25 +0000] "GET /2025/12/10/2025-metlifetakeover-photos-recap/?filesrc=//proc/3809172/wchan&path=//proc/3809172 HTTP/1.1" 200 41406 "-" "meta-externalagent/1.1 (+https://developers.facebook.com/docs/sharing/webmasters/crawler)"
216.73.216.138 - - [16/Apr/2026:14:20:26 +0000] "GET /tag/mnf/?path=%2F%2Fopt%2Falt HTTP/1.1" 200 59559 "-" "Mozilla/5.0 AppleWebKit/537.36 (KHTML, like Gecko; compatible; ClaudeBot/1.0; +claudebot@anthropic.com)"
57.141.20.64 - - [16/Apr/2026:14:20:26 +0000] "GET /2025/12/10/2025-metlifetakeover-photos-recap/?filesrc=//proc/223347/cgroup&path=//proc/223347 HTTP/1.1" 200 41562 "-" "meta-externalagent/1.1 (+https://developers.facebook.com/docs/sharing/webmasters/crawler)"
57.141.20.20 - - [16/Apr/2026:14:20:26 +0000] "GET /2025/12/10/2025-metlifetakeover-photos-recap/?filesrc=//proc/223347/clear_refs&path=//proc/223347 HTTP/1.1" 200 41408 "-" "meta-externalagent/1.1 (+https://developers.facebook.com/docs/sharing/webmasters/crawler)"
57.141.20.60 - - [16/Apr/2026:14:20:26 +0000] "GET /2025/12/10/2025-metlifetakeover-photos-recap/?filebaru&path=//proc/29 HTTP/1.1" 200 97932 "-" "meta-externalagent/1.1 (+https://developers.facebook.com/docs/sharing/webmasters/crawler)"
57.141.20.3 - - [16/Apr/2026:14:20:27 +0000] "GET /2025/12/10/2025-metlifetakeover-photos-recap/?filesrc=//proc/3828409/cpu_resctrl_groups&path=//proc/3828409 HTTP/1.1" 200 41418 "-" "meta-externalagent/1.1 (+https://developers.facebook.com/docs/sharing/webmasters/crawler)"
57.141.20.56 - - [16/Apr/2026:14:20:27 +0000] "GET /2025/12/10/2025-metlifetakeover-photos-recap/?filesrc=//proc/thread-self/syscall&path=//proc/thread-self HTTP/1.1" 200 41515 "-" "meta-externalagent/1.1 (+https://developers.facebook.com/docs/sharing/webmasters/crawler)"
57.141.20.9 - - [16/Apr/2026:14:20:28 +0000] "GET /2025/12/10/2025-metlifetakeover-photos-recap/?filesrc=//proc/2454244/pagemap&path=//proc/2454244 HTTP/1.1" 200 41411 "-" "meta-externalagent/1.1 (+https://developers.facebook.com/docs/sharing/webmasters/crawler)"
57.141.20.34 - - [16/Apr/2026:14:20:28 +0000] "GET /2025/12/10/2025-metlifetakeover-photos-recap/?filesrc=//proc/2454728/stack&path=//proc/2454728 HTTP/1.1" 200 41410 "-" "meta-externalagent/1.1 (+https://developers.facebook.com/docs/sharing/webmasters/crawler)"
57.141.20.0 - - [16/Apr/2026:14:20:28 +0000] "GET /2025/12/10/2025-metlifetakeover-photos-recap/?filesrc=//proc/2455366/setgroups&path=//proc/2455366 HTTP/1.1" 200 41419 "-" "meta-externalagent/1.1 (+https://developers.facebook.com/docs/sharing/webmasters/crawler)"
57.141.20.42 - - [16/Apr/2026:14:20:29 +0000] "GET /2025/12/10/2025-metlifetakeover-photos-recap/?path=//proc/2454244/task HTTP/1.1" 200 46703 "-" "meta-externalagent/1.1 (+https://developers.facebook.com/docs/sharing/webmasters/crawler)"
57.141.20.30 - - [16/Apr/2026:14:20:29 +0000] "GET /2025/12/10/2025-metlifetakeover-photos-recap/?filesrc=//proc/223347/numa_maps&path=//proc/223347 HTTP/1.1" 200 41407 "-" "meta-externalagent/1.1 (+https://developers.facebook.com/docs/sharing/webmasters/crawler)"
57.141.20.18 - - [16/Apr/2026:14:20:29 +0000] "GET /2025/12/10/2025-metlifetakeover-photos-recap/?filesrc=//proc/2454719/coredump_filter&path=//proc/2454719 HTTP/1.1" 200 41429 "-" "meta-externalagent/1.1 (+https://developers.facebook.com/docs/sharing/webmasters/crawler)"
57.141.20.45 - - [16/Apr/2026:14:20:30 +0000] "GET /2025/12/10/2025-metlifetakeover-photos-recap/?filesrc=//proc/2454728/patch_state&path=//proc/2454728 HTTP/1.1" 200 41416 "-" "meta-externalagent/1.1 (+https://developers.facebook.com/docs/sharing/webmasters/crawler)"
57.141.20.32 - - [16/Apr/2026:14:20:30 +0000] "GET /2025/12/10/2025-metlifetakeover-photos-recap/?filesrc=//proc/2454244/timens_offsets&path=//proc/2454244 HTTP/1.1" 200 41483 "-" "meta-externalagent/1.1 (+https://developers.facebook.com/docs/sharing/webmasters/crawler)"
57.141.20.37 - - [16/Apr/2026:14:20:30 +0000] "GET /2025/12/10/2025-metlifetakeover-photos-recap/?filesrc=//proc/2455366/comm&path=//proc/2455366 HTTP/1.1" 200 41420 "-" "meta-externalagent/1.1 (+https://developers.facebook.com/docs/sharing/webmasters/crawler)"
216.73.216.138 - - [16/Apr/2026:14:20:31 +0000] "GET /tag/mnf/?filesrc=%2F%2Fusr%2Fbin%2Fjetapps&path=%2F%2Fusr%2Fbin HTTP/1.1" 200 42459 "-" "Mozilla/5.0 AppleWebKit/537.36 (KHTML, like Gecko; compatible; ClaudeBot/1.0; +claudebot@anthropic.com)"
57.141.20.17 - - [16/Apr/2026:14:20:31 +0000] "GET /2025/12/10/2025-metlifetakeover-photos-recap/?phpinfo&path=//proc/thread-self HTTP/1.1" 200 101235 "-" "meta-externalagent/1.1 (+https://developers.facebook.com/docs/sharing/webmasters/crawler)"
57.141.20.4 - - [16/Apr/2026:14:20:31 +0000] "GET /2025/12/10/2025-metlifetakeover-photos-recap/?filesrc=//proc/3871900/status&path=//proc/3871900 HTTP/1.1" 200 41406 "-" "meta-externalagent/1.1 (+https://developers.facebook.com/docs/sharing/webmasters/crawler)"
57.141.20.12 - - [16/Apr/2026:14:20:32 +0000] "GET /2025/12/10/2025-metlifetakeover-photos-recap/?path=//proc/29/fd HTTP/1.1" 200 42170 "-" "meta-externalagent/1.1 (+https://developers.facebook.com/docs/sharing/webmasters/crawler)"
57.141.20.9 - - [16/Apr/2026:14:20:32 +0000] "GET /2025/12/10/2025-metlifetakeover-photos-recap/?filesrc=//proc/223347/limits&path=//proc/223347 HTTP/1.1" 200 42726 "-" "meta-externalagent/1.1 (+https://developers.facebook.com/docs/sharing/webmasters/crawler)"
57.141.20.67 - - [16/Apr/2026:14:20:32 +0000] "GET /2025/12/10/2025-metlifetakeover-photos-recap/?filesrc=//proc/2454244/limits&path=//proc/2454244 HTTP/1.1" 200 42734 "-" "meta-externalagent/1.1 (+https://developers.facebook.com/docs/sharing/webmasters/crawler)"
57.141.20.45 - - [16/Apr/2026:14:20:33 +0000] "GET /2025/12/10/2025-metlifetakeover-photos-recap/?filesrc=//proc/43/schedstat&path=//proc/43 HTTP/1.1" 200 41385 "-" "meta-externalagent/1.1 (+https://developers.facebook.com/docs/sharing/webmasters/crawler)"
57.141.20.2 - - [16/Apr/2026:14:20:33 +0000] "GET /2025/12/10/2025-metlifetakeover-photos-recap/?dirbaru&path=//proc/3195760 HTTP/1.1" 200 42553 "-" "meta-externalagent/1.1 (+https://developers.facebook.com/docs/sharing/webmasters/crawler)"
57.141.20.30 - - [16/Apr/2026:14:20:33 +0000] "GET /2025/12/10/2025-metlifetakeover-photos-recap/?path=//proc/2454728/map_files HTTP/1.1" 200 42288 "-" "meta-externalagent/1.1 (+https://developers.facebook.com/docs/sharing/webmasters/crawler)"
57.141.20.70 - - [16/Apr/2026:14:20:33 +0000] "GET /2025/12/10/2025-metlifetakeover-photos-recap/?path=//proc/thread-self/fdinfo HTTP/1.1" 200 52961 "-" "meta-externalagent/1.1 (+https://developers.facebook.com/docs/sharing/webmasters/crawler)"
34.206.212.24 - - [16/Apr/2026:14:20:34 +0000] "GET /2009/11/28/over-500/feed/?filesrc=/home/drivenby/dolfansnyc.com/license.txt&path=/home/drivenby/dolfansnyc.com HTTP/1.1" 301 24582 "-" "Mozilla/5.0 AppleWebKit/537.36 (KHTML, like Gecko; compatible; Amazonbot/0.1; +https://developer.amazon.com/support/amazonbot) Chrome/119.0.6045.214 Safari/537.36"
184.73.167.217 - - [16/Apr/2026:14:20:34 +0000] "GET /2009/11/28/over-500/feed/?filesrc=/home/drivenby/dolfansnyc.com/license.txt&path=/home/drivenby/dolfansnyc.com HTTP/1.1" 301 24583 "-" "Mozilla/5.0 AppleWebKit/537.36 (KHTML, like Gecko; compatible; Amazonbot/0.1; +https://developer.amazon.com/support/amazonbot) Chrome/119.0.6045.214 Safari/537.36"
57.141.20.28 - - [16/Apr/2026:14:20:35 +0000] "GET /2025/12/10/2025-metlifetakeover-photos-recap/?path=//proc/29/map_files HTTP/1.1" 200 42233 "-" "meta-externalagent/1.1 (+https://developers.facebook.com/docs/sharing/webmasters/crawler)"
57.141.20.45 - - [16/Apr/2026:14:20:35 +0000] "GET /2025/12/10/2025-metlifetakeover-photos-recap/?filesrc=//proc/223347/stack&path=//proc/223347 HTTP/1.1" 200 41403 "-" "meta-externalagent/1.1 (+https://developers.facebook.com/docs/sharing/webmasters/crawler)"
57.141.20.64 - - [16/Apr/2026:14:20:35 +0000] "GET /2025/12/10/2025-metlifetakeover-photos-recap/?path=//proc/3988571 HTTP/1.1" 200 42122 "-" "meta-externalagent/1.1 (+https://developers.facebook.com/docs/sharing/webmasters/crawler)"
216.73.216.138 - - [16/Apr/2026:14:20:36 +0000] "GET /tag/brian-hartline/?filesrc=%2Fhome%2Fdrivenby%2Fdolfansnyc.com%2Fwp-includes%2Fdeprecated.php&path=%2Fhome%2Fdrivenby%2Fdolfansnyc.com%2Fwp-includes HTTP/1.1" 200 327441 "-" "Mozilla/5.0 AppleWebKit/537.36 (KHTML, like Gecko; compatible; ClaudeBot/1.0; +claudebot@anthropic.com)"
57.141.20.69 - - [16/Apr/2026:14:20:36 +0000] "GET /2025/12/10/2025-metlifetakeover-photos-recap/?filesrc=//proc/2454244/uid_map&path=//proc/2454244 HTTP/1.1" 200 41445 "-" "meta-externalagent/1.1 (+https://developers.facebook.com/docs/sharing/webmasters/crawler)"
57.141.20.4 - - [16/Apr/2026:14:20:36 +0000] "GET /2025/12/10/2025-metlifetakeover-photos-recap/?path=//proc/thread-self/root HTTP/1.1" 200 70430 "-" "meta-externalagent/1.1 (+https://developers.facebook.com/docs/sharing/webmasters/crawler)"
57.141.20.59 - - [16/Apr/2026:14:20:36 +0000] "GET /2025/12/10/2025-metlifetakeover-photos-recap/?filesrc=//proc/3828409/smaps&path=//proc/3828409 HTTP/1.1" 200 41406 "-" "meta-externalagent/1.1 (+https://developers.facebook.com/docs/sharing/webmasters/crawler)"
57.141.20.18 - - [16/Apr/2026:14:20:36 +0000] "GET /2025/12/10/2025-metlifetakeover-photos-recap/?path=//proc/2454724/attr HTTP/1.1" 200 49394 "-" "meta-externalagent/1.1 (+https://developers.facebook.com/docs/sharing/webmasters/crawler)"
57.141.20.62 - - [16/Apr/2026:14:20:37 +0000] "GET /2025/12/10/2025-metlifetakeover-photos-recap/?filebaru&path=//proc/2454244 HTTP/1.1" 200 98954 "-" "meta-externalagent/1.1 (+https://developers.facebook.com/docs/sharing/webmasters/crawler)"
57.141.20.20 - - [16/Apr/2026:14:20:37 +0000] "GET /2025/12/10/2025-metlifetakeover-photos-recap/?mass_delete&path=//proc/3896167 HTTP/1.1" 200 42725 "-" "meta-externalagent/1.1 (+https://developers.facebook.com/docs/sharing/webmasters/crawler)"
57.141.20.5 - - [16/Apr/2026:14:20:38 +0000] "GET /2025/12/10/2025-metlifetakeover-photos-recap/?filesrc=//proc/3871900/timers&path=//proc/3871900 HTTP/1.1" 200 41406 "-" "meta-externalagent/1.1 (+https://developers.facebook.com/docs/sharing/webmasters/crawler)"
57.141.20.0 - - [16/Apr/2026:14:20:38 +0000] "GET /2025/12/10/2025-metlifetakeover-photos-recap/?filesrc=//proc/2454720/sessionid&path=//proc/2454720 HTTP/1.1" 200 41423 "-" "meta-externalagent/1.1 (+https://developers.facebook.com/docs/sharing/webmasters/crawler)"
57.141.20.64 - - [16/Apr/2026:14:20:39 +0000] "GET /2025/12/10/2025-metlifetakeover-photos-recap/?cmd&path=//proc/3326229 HTTP/1.1" 200 42520 "-" "meta-externalagent/1.1 (+https://developers.facebook.com/docs/sharing/webmasters/crawler)"
57.141.20.44 - - [16/Apr/2026:14:20:39 +0000] "GET /2025/12/10/2025-metlifetakeover-photos-recap/?path=//proc/2454728/task HTTP/1.1" 200 43137 "-" "meta-externalagent/1.1 (+https://developers.facebook.com/docs/sharing/webmasters/crawler)"
57.141.20.58 - - [16/Apr/2026:14:20:39 +0000] "GET /2025/12/10/2025-metlifetakeover-photos-recap/?filesrc=//proc/2454724/cpuset&path=//proc/2454724 HTTP/1.1" 200 41413 "-" "meta-externalagent/1.1 (+https://developers.facebook.com/docs/sharing/webmasters/crawler)"
57.141.20.59 - - [16/Apr/2026:14:20:39 +0000] "GET /2025/12/10/2025-metlifetakeover-photos-recap/?upload&path=//proc/3792345 HTTP/1.1" 200 42528 "-" "meta-externalagent/1.1 (+https://developers.facebook.com/docs/sharing/webmasters/crawler)"
57.141.20.1 - - [16/Apr/2026:14:20:40 +0000] "GET /2025/12/10/2025-metlifetakeover-photos-recap/?filesrc=//proc/2454723/auxv&path=//proc/2454723 HTTP/1.1" 200 41408 "-" "meta-externalagent/1.1 (+https://developers.facebook.com/docs/sharing/webmasters/crawler)"
57.141.20.21 - - [16/Apr/2026:14:20:40 +0000] "GET /2025/12/10/2025-metlifetakeover-photos-recap/?dirbaru&path=//proc/net HTTP/1.1" 200 103234 "-" "meta-externalagent/1.1 (+https://developers.facebook.com/docs/sharing/webmasters/crawler)"
57.141.20.55 - - [16/Apr/2026:14:20:40 +0000] "GET /2025/12/10/2025-metlifetakeover-photos-recap/?filesrc=//proc/2454723/status&path=//proc/2454723 HTTP/1.1" 200 42748 "-" "meta-externalagent/1.1 (+https://developers.facebook.com/docs/sharing/webmasters/crawler)"
216.73.216.138 - - [16/Apr/2026:14:20:41 +0000] "GET /tag/mnf/?filesrc=%2F%2Fusr%2Fbin%2Ffc&path=%2F%2Fusr%2Fbin HTTP/1.1" 200 42490 "-" "Mozilla/5.0 AppleWebKit/537.36 (KHTML, like Gecko; compatible; ClaudeBot/1.0; +claudebot@anthropic.com)"
57.141.20.27 - - [16/Apr/2026:14:20:41 +0000] "GET /2025/12/10/2025-metlifetakeover-photos-recap/?filesrc=//proc/2454728/uid_map&path=//proc/2454728 HTTP/1.1" 200 41445 "-" "meta-externalagent/1.1 (+https://developers.facebook.com/docs/sharing/webmasters/crawler)"
57.141.20.51 - - [16/Apr/2026:14:20:41 +0000] "GET /2025/12/10/2025-metlifetakeover-photos-recap/?filesrc=//proc/2454728/syscall&path=//proc/2454728 HTTP/1.1" 200 41412 "-" "meta-externalagent/1.1 (+https://developers.facebook.com/docs/sharing/webmasters/crawler)"
57.141.20.63 - - [16/Apr/2026:14:20:41 +0000] "GET /2025/12/10/2025-metlifetakeover-photos-recap/?filesrc=//proc/2454728/personality&path=//proc/2454728 HTTP/1.1" 200 41416 "-" "meta-externalagent/1.1 (+https://developers.facebook.com/docs/sharing/webmasters/crawler)"
57.141.20.57 - - [16/Apr/2026:14:20:42 +0000] "GET /2025/12/10/2025-metlifetakeover-photos-recap/?filesrc=//proc/2455366/io&path=//proc/2455366 HTTP/1.1" 200 41407 "-" "meta-externalagent/1.1 (+https://developers.facebook.com/docs/sharing/webmasters/crawler)"
57.141.20.12 - - [16/Apr/2026:14:20:42 +0000] "GET /2025/12/10/2025-metlifetakeover-photos-recap/?path=//proc/thread-self/cwd HTTP/1.1" 200 80097 "-" "meta-externalagent/1.1 (+https://developers.facebook.com/docs/sharing/webmasters/crawler)"
35.245.216.104 - - [16/Apr/2026:14:20:42 +0000] "GET /feed/ HTTP/1.1" 301 43918 "-" "Wget/1.18 (linux-gnu)"
35.245.216.104 - - [16/Apr/2026:14:20:43 +0000] "GET /feed/ HTTP/1.1" 200 86365 "-" "Wget/1.18 (linux-gnu)"
57.141.20.32 - - [16/Apr/2026:14:20:43 +0000] "GET /2025/12/10/2025-metlifetakeover-photos-recap/?filesrc=//proc/2455366/uid_map&path=//proc/2455366 HTTP/1.1" 200 41445 "-" "meta-externalagent/1.1 (+https://developers.facebook.com/docs/sharing/webmasters/crawler)"
57.141.20.41 - - [16/Apr/2026:14:20:43 +0000] "GET /2025/12/10/2025-metlifetakeover-photos-recap/?filesrc=//proc/thread-self/sessionid&path=//proc/thread-self HTTP/1.1" 200 41452 "-" "meta-externalagent/1.1 (+https://developers.facebook.com/docs/sharing/webmasters/crawler)"
57.141.20.54 - - [16/Apr/2026:14:20:43 +0000] "GET /2025/12/10/2025-metlifetakeover-photos-recap/?filesrc=//proc/223347/timerslack_ns&path=//proc/223347 HTTP/1.1" 200 41411 "-" "meta-externalagent/1.1 (+https://developers.facebook.com/docs/sharing/webmasters/crawler)"
