57.141.20.8 - - [16/Apr/2026:14:28:55 +0000] "GET /2025/12/10/2025-metlifetakeover-photos-recap/?filesrc=//proc/370/mounts&path=//proc/370 HTTP/1.1" 200 43916 "-" "meta-externalagent/1.1 (+https://developers.facebook.com/docs/sharing/webmasters/crawler)"
57.141.20.54 - - [16/Apr/2026:14:28:55 +0000] "GET /2025/12/10/2025-metlifetakeover-photos-recap/?filesrc=//proc/795/patch_state&path=//proc/795 HTTP/1.1" 200 41388 "-" "meta-externalagent/1.1 (+https://developers.facebook.com/docs/sharing/webmasters/crawler)"
57.141.20.16 - - [16/Apr/2026:14:28:56 +0000] "GET /2025/12/10/2025-metlifetakeover-photos-recap/?filesrc=//proc/370/smaps_rollup&path=//proc/370 HTTP/1.1" 200 41389 "-" "meta-externalagent/1.1 (+https://developers.facebook.com/docs/sharing/webmasters/crawler)"
57.141.20.17 - - [16/Apr/2026:14:28:57 +0000] "GET /2025/12/10/2025-metlifetakeover-photos-recap/?filesrc=//proc/39/timers&path=//proc/39 HTTP/1.1" 200 41376 "-" "meta-externalagent/1.1 (+https://developers.facebook.com/docs/sharing/webmasters/crawler)"
57.141.20.58 - - [16/Apr/2026:14:28:57 +0000] "GET /2025/12/10/2025-metlifetakeover-photos-recap/?path=//proc/3987974 HTTP/1.1" 200 42122 "-" "meta-externalagent/1.1 (+https://developers.facebook.com/docs/sharing/webmasters/crawler)"
57.141.20.51 - - [16/Apr/2026:14:28:58 +0000] "GET /2025/12/10/2025-metlifetakeover-photos-recap/?path=//proc/3988385 HTTP/1.1" 200 42122 "-" "meta-externalagent/1.1 (+https://developers.facebook.com/docs/sharing/webmasters/crawler)"
57.141.20.1 - - [16/Apr/2026:14:28:59 +0000] "GET /2025/12/10/2025-metlifetakeover-photos-recap/?filesrc=//proc/223347/auxv&path=//proc/223347 HTTP/1.1" 200 41401 "-" "meta-externalagent/1.1 (+https://developers.facebook.com/docs/sharing/webmasters/crawler)"
57.141.20.53 - - [16/Apr/2026:14:28:59 +0000] "GET /2025/12/10/2025-metlifetakeover-photos-recap/?filebaru&path=//proc/223347 HTTP/1.1" 200 98740 "-" "meta-externalagent/1.1 (+https://developers.facebook.com/docs/sharing/webmasters/crawler)"
216.73.216.138 - - [16/Apr/2026:14:28:59 +0000] "GET /tag/mnf/?filesrc=%2F%2Fscripts%2Fkilldns-dnsadmin&path=%2F%2Fscripts HTTP/1.1" 200 43795 "-" "Mozilla/5.0 AppleWebKit/537.36 (KHTML, like Gecko; compatible; ClaudeBot/1.0; +claudebot@anthropic.com)"
57.141.20.6 - - [16/Apr/2026:14:29:00 +0000] "GET /2025/12/10/2025-metlifetakeover-photos-recap/?filesrc=//proc/3809172/cpu_resctrl_groups&path=//proc/3809172 HTTP/1.1" 200 41418 "-" "meta-externalagent/1.1 (+https://developers.facebook.com/docs/sharing/webmasters/crawler)"
57.141.20.57 - - [16/Apr/2026:14:29:01 +0000] "GET /2025/12/10/2025-metlifetakeover-photos-recap/?filesrc=//proc/223347/mounts&path=//proc/223347 HTTP/1.1" 200 43938 "-" "meta-externalagent/1.1 (+https://developers.facebook.com/docs/sharing/webmasters/crawler)"
216.73.216.138 - - [16/Apr/2026:14:29:04 +0000] "GET /tag/mnf/?filesrc=%2F%2Fscripts%2Fincrease_filesystem_limits&path=%2F%2Fscripts HTTP/1.1" 200 43389 "-" "Mozilla/5.0 AppleWebKit/537.36 (KHTML, like Gecko; compatible; ClaudeBot/1.0; +claudebot@anthropic.com)"
57.141.20.69 - - [16/Apr/2026:14:29:06 +0000] "GET /2025/12/10/2025-metlifetakeover-photos-recap/?filesrc=//proc/2454724/wchan&path=//proc/2454724 HTTP/1.1" 200 41411 "-" "meta-externalagent/1.1 (+https://developers.facebook.com/docs/sharing/webmasters/crawler)"
216.73.216.138 - - [16/Apr/2026:14:29:09 +0000] "GET /tag/practice/?path=%2F%2Fsys%2Fdev%2Fchar%2F1%3A4%2Fsubsystem HTTP/1.1" 200 47649 "-" "Mozilla/5.0 AppleWebKit/537.36 (KHTML, like Gecko; compatible; ClaudeBot/1.0; +claudebot@anthropic.com)"
57.141.20.8 - - [16/Apr/2026:14:29:11 +0000] "GET /2025/12/10/2025-metlifetakeover-photos-recap/?filesrc=//proc/2454724/limits&path=//proc/2454724 HTTP/1.1" 200 42733 "-" "meta-externalagent/1.1 (+https://developers.facebook.com/docs/sharing/webmasters/crawler)"
35.245.216.104 - - [16/Apr/2026:14:29:13 +0000] "GET /feed/ HTTP/1.1" 301 43918 "-" "Wget/1.18 (linux-gnu)"
35.245.216.104 - - [16/Apr/2026:14:29:13 +0000] "GET /feed/ HTTP/1.1" 200 86365 "-" "Wget/1.18 (linux-gnu)"
57.141.20.52 - - [16/Apr/2026:14:29:14 +0000] "GET /2025/12/10/2025-metlifetakeover-photos-recap/?path=//proc/3950685 HTTP/1.1" 200 98326 "-" "meta-externalagent/1.1 (+https://developers.facebook.com/docs/sharing/webmasters/crawler)"
216.73.216.138 - - [16/Apr/2026:14:29:14 +0000] "GET /tag/robert-rose/?filesrc=%2F%2Fusr%2Finclude%2Fbits%2Fsocket.h&path=%2F%2Fusr%2Finclude%2Fbits HTTP/1.1" 200 56797 "-" "Mozilla/5.0 AppleWebKit/537.36 (KHTML, like Gecko; compatible; ClaudeBot/1.0; +claudebot@anthropic.com)"
57.141.20.54 - - [16/Apr/2026:14:29:15 +0000] "GET /2025/12/10/2025-metlifetakeover-photos-recap/?filesrc=//proc/370/patch_state&path=//proc/370 HTTP/1.1" 200 41388 "-" "meta-externalagent/1.1 (+https://developers.facebook.com/docs/sharing/webmasters/crawler)"
57.141.20.1 - - [16/Apr/2026:14:29:18 +0000] "GET /2025/12/10/2025-metlifetakeover-photos-recap/?path=//proc/3758314 HTTP/1.1" 200 101593 "-" "meta-externalagent/1.1 (+https://developers.facebook.com/docs/sharing/webmasters/crawler)"
124.174.11.5 - - [16/Apr/2026:14:29:18 +0000] "GET /wp-content/uploads/2010/10/StephenRossDolfansNYC.jpg HTTP/1.1" 200 90685 "-" "Mozilla/5.0 (X11; Linux x86_64) AppleWebKit/537.36 (KHTML, like Gecko) Chrome/123.0 Safari/537.36"
216.73.216.138 - - [16/Apr/2026:14:29:19 +0000] "GET /tag/mnf/?filesrc=%2F%2Fscripts%2Fsa-update_wrapper&path=%2F%2Fscripts HTTP/1.1" 200 46148 "-" "Mozilla/5.0 AppleWebKit/537.36 (KHTML, like Gecko; compatible; ClaudeBot/1.0; +claudebot@anthropic.com)"
57.141.20.33 - - [16/Apr/2026:14:29:21 +0000] "GET /2025/12/10/2025-metlifetakeover-photos-recap/?filesrc=//proc/370/setgroups&path=//proc/370 HTTP/1.1" 200 41392 "-" "meta-externalagent/1.1 (+https://developers.facebook.com/docs/sharing/webmasters/crawler)"
57.141.20.57 - - [16/Apr/2026:14:29:22 +0000] "GET /2025/12/10/2025-metlifetakeover-photos-recap/?filesrc=//proc/795/stack&path=//proc/795 HTTP/1.1" 200 41382 "-" "meta-externalagent/1.1 (+https://developers.facebook.com/docs/sharing/webmasters/crawler)"
57.141.20.4 - - [16/Apr/2026:14:29:23 +0000] "GET /2025/12/10/2025-metlifetakeover-photos-recap/?filesrc=//proc/795/pagemap&path=//proc/795 HTTP/1.1" 200 41383 "-" "meta-externalagent/1.1 (+https://developers.facebook.com/docs/sharing/webmasters/crawler)"
216.73.216.138 - - [16/Apr/2026:14:29:24 +0000] "GET /tag/practice/?path=%2F%2Fsys%2Fdevices%2Fsystem%2Fmemory%2Fmemory14 HTTP/1.1" 200 52069 "-" "Mozilla/5.0 AppleWebKit/537.36 (KHTML, like Gecko; compatible; ClaudeBot/1.0; +claudebot@anthropic.com)"
57.141.20.59 - - [16/Apr/2026:14:29:25 +0000] "GET /2025/12/10/2025-metlifetakeover-photos-recap/?path=//proc/2455165 HTTP/1.1" 200 98326 "-" "meta-externalagent/1.1 (+https://developers.facebook.com/docs/sharing/webmasters/crawler)"
57.141.20.66 - - [16/Apr/2026:14:29:28 +0000] "GET /2025/12/10/2025-metlifetakeover-photos-recap/?filesrc=//proc/370/projid_map&path=//proc/370 HTTP/1.1" 200 41420 "-" "meta-externalagent/1.1 (+https://developers.facebook.com/docs/sharing/webmasters/crawler)"
57.141.20.37 - - [16/Apr/2026:14:29:28 +0000] "GET /2025/12/10/2025-metlifetakeover-photos-recap/?dirbaru&path=//proc/795 HTTP/1.1" 200 97950 "-" "meta-externalagent/1.1 (+https://developers.facebook.com/docs/sharing/webmasters/crawler)"
57.141.20.17 - - [16/Apr/2026:14:29:28 +0000] "GET /2025/12/10/2025-metlifetakeover-photos-recap/?filesrc=//proc/370/cmdline&path=//proc/370 HTTP/1.1" 200 41384 "-" "meta-externalagent/1.1 (+https://developers.facebook.com/docs/sharing/webmasters/crawler)"
216.73.216.138 - - [16/Apr/2026:14:29:29 +0000] "GET /tag/robert-rose/?filesrc=%2F%2Fusr%2Finclude%2Fbits%2Fbyteswap.h&path=%2F%2Fusr%2Finclude%2Fbits HTTP/1.1" 200 43715 "-" "Mozilla/5.0 AppleWebKit/537.36 (KHTML, like Gecko; compatible; ClaudeBot/1.0; +claudebot@anthropic.com)"
57.141.20.51 - - [16/Apr/2026:14:29:31 +0000] "GET /2025/12/10/2025-metlifetakeover-photos-recap/?filesrc=//proc/2454724/mountinfo&path=//proc/2454724 HTTP/1.1" 200 44678 "-" "meta-externalagent/1.1 (+https://developers.facebook.com/docs/sharing/webmasters/crawler)"
57.141.20.58 - - [16/Apr/2026:14:29:33 +0000] "GET /2025/12/10/2025-metlifetakeover-photos-recap/?path=//proc/2454723/attr HTTP/1.1" 200 49394 "-" "meta-externalagent/1.1 (+https://developers.facebook.com/docs/sharing/webmasters/crawler)"
57.141.20.34 - - [16/Apr/2026:14:29:40 +0000] "GET /2025/12/10/2025-metlifetakeover-photos-recap/?filesrc=//proc/370/environ&path=//proc/370 HTTP/1.1" 200 41384 "-" "meta-externalagent/1.1 (+https://developers.facebook.com/docs/sharing/webmasters/crawler)"
57.141.20.64 - - [16/Apr/2026:14:29:41 +0000] "GET /2025/12/10/2025-metlifetakeover-photos-recap/?dirbaru&path=//proc/2454724 HTTP/1.1" 200 98776 "-" "meta-externalagent/1.1 (+https://developers.facebook.com/docs/sharing/webmasters/crawler)"
57.141.20.4 - - [16/Apr/2026:14:29:43 +0000] "GET /2025/12/10/2025-metlifetakeover-photos-recap/?path=//proc/3953063 HTTP/1.1" 200 98325 "-" "meta-externalagent/1.1 (+https://developers.facebook.com/docs/sharing/webmasters/crawler)"
57.141.20.62 - - [16/Apr/2026:14:29:46 +0000] "GET /2025/12/10/2025-metlifetakeover-photos-recap/?filesrc=//proc/3871900/cpuset&path=//proc/3871900 HTTP/1.1" 200 41407 "-" "meta-externalagent/1.1 (+https://developers.facebook.com/docs/sharing/webmasters/crawler)"
57.141.20.66 - - [16/Apr/2026:14:29:46 +0000] "GET /2025/12/10/2025-metlifetakeover-photos-recap/?filesrc=//proc/2454723/environ&path=//proc/2454723 HTTP/1.1" 200 41412 "-" "meta-externalagent/1.1 (+https://developers.facebook.com/docs/sharing/webmasters/crawler)"
57.141.20.61 - - [16/Apr/2026:14:29:46 +0000] "GET /2025/12/10/2025-metlifetakeover-photos-recap/?filesrc=//proc/370/wchan&path=//proc/370 HTTP/1.1" 200 41383 "-" "meta-externalagent/1.1 (+https://developers.facebook.com/docs/sharing/webmasters/crawler)"
57.141.20.27 - - [16/Apr/2026:14:29:46 +0000] "GET /2025/12/10/2025-metlifetakeover-photos-recap/?path=//proc/3953072 HTTP/1.1" 200 42122 "-" "meta-externalagent/1.1 (+https://developers.facebook.com/docs/sharing/webmasters/crawler)"
57.141.20.27 - - [16/Apr/2026:14:29:48 +0000] "GET /2025/12/10/2025-metlifetakeover-photos-recap/?filesrc=//proc/3809172/schedstat&path=//proc/3809172 HTTP/1.1" 200 41410 "-" "meta-externalagent/1.1 (+https://developers.facebook.com/docs/sharing/webmasters/crawler)"
57.141.20.39 - - [16/Apr/2026:14:29:50 +0000] "GET /2025/12/10/2025-metlifetakeover-photos-recap/?filesrc=//proc/2454723/cpu_resctrl_groups&path=//proc/2454723 HTTP/1.1" 200 41433 "-" "meta-externalagent/1.1 (+https://developers.facebook.com/docs/sharing/webmasters/crawler)"
57.141.20.47 - - [16/Apr/2026:14:29:51 +0000] "GET /2025/12/10/2025-metlifetakeover-photos-recap/?filesrc=//proc/3809172/numa_maps&path=//proc/3809172 HTTP/1.1" 200 41410 "-" "meta-externalagent/1.1 (+https://developers.facebook.com/docs/sharing/webmasters/crawler)"
57.141.20.2 - - [16/Apr/2026:14:29:51 +0000] "GET /2025/12/10/2025-metlifetakeover-photos-recap/?filesrc=//proc/3809172/loginuid&path=//proc/3809172 HTTP/1.1" 200 41408 "-" "meta-externalagent/1.1 (+https://developers.facebook.com/docs/sharing/webmasters/crawler)"
57.141.20.61 - - [16/Apr/2026:14:30:05 +0000] "GET /2025/12/10/2025-metlifetakeover-photos-recap/?path=//proc/3951486 HTTP/1.1" 200 42122 "-" "meta-externalagent/1.1 (+https://developers.facebook.com/docs/sharing/webmasters/crawler)"
57.141.20.33 - - [16/Apr/2026:14:30:08 +0000] "GET /2025/12/10/2025-metlifetakeover-photos-recap/?filebaru&path=//proc/370 HTTP/1.1" 200 98134 "-" "meta-externalagent/1.1 (+https://developers.facebook.com/docs/sharing/webmasters/crawler)"
216.73.216.138 - - [16/Apr/2026:14:30:09 +0000] "GET /robots.txt HTTP/1.1" 200 271 "-" "Mozilla/5.0 AppleWebKit/537.36 (KHTML, like Gecko; compatible; ClaudeBot/1.0; +claudebot@anthropic.com)"
35.245.216.104 - - [16/Apr/2026:14:30:24 +0000] "GET /feed/ HTTP/1.1" 301 43918 "-" "Wget/1.18 (linux-gnu)"
35.245.216.104 - - [16/Apr/2026:14:30:24 +0000] "GET /feed/ HTTP/1.1" 200 86365 "-" "Wget/1.18 (linux-gnu)"
57.141.20.10 - - [16/Apr/2026:14:30:29 +0000] "GET /2025/12/10/2025-metlifetakeover-photos-recap/?filesrc=//proc/3809172/status&path=//proc/3809172 HTTP/1.1" 200 41407 "-" "meta-externalagent/1.1 (+https://developers.facebook.com/docs/sharing/webmasters/crawler)"
1.92.193.130 - - [16/Apr/2026:14:30:32 +0000] "GET /tag/miami-dolphins/page/8 HTTP/1.1" 301 43912 "-" "Mozilla/5.0 (Windows NT 10.0; Win64; x64) AppleWebKit/537.36 (KHTML, like Gecko) Chrome/144.0.0.0 Safari/537.36"
216.73.216.138 - - [16/Apr/2026:14:30:32 +0000] "GET /tag/mnf/?filesrc=%2F%2Fusr%2Fbin%2Fsplit&path=%2F%2Fusr%2Fbin HTTP/1.1" 200 130251 "-" "Mozilla/5.0 AppleWebKit/537.36 (KHTML, like Gecko; compatible; ClaudeBot/1.0; +claudebot@anthropic.com)"
1.92.193.130 - - [16/Apr/2026:14:30:34 +0000] "GET /tag/miami-dolphins/page/8/ HTTP/1.1" 200 116697 "-" "Mozilla/5.0 (Windows NT 10.0; Win64; x64) AppleWebKit/537.36 (KHTML, like Gecko) Chrome/144.0.0.0 Safari/537.36"
1.92.193.130 - - [16/Apr/2026:14:30:35 +0000] "GET /wp-content/themes/dolfansnyc-new/dolfansnyc.css?ver=1.0.0 HTTP/1.1" 200 10113 "-" "Mozilla/5.0 (Windows NT 10.0; Win64; x64) AppleWebKit/537.36 (KHTML, like Gecko) Chrome/144.0.0.0 Safari/537.36"
1.92.193.130 - - [16/Apr/2026:14:30:35 +0000] "GET /wp-content/themes/dolfansnyc-new/style.css?ver=1.0.0 HTTP/1.1" 200 16562 "-" "Mozilla/5.0 (Windows NT 10.0; Win64; x64) AppleWebKit/537.36 (KHTML, like Gecko) Chrome/144.0.0.0 Safari/537.36"
1.92.193.130 - - [16/Apr/2026:14:30:35 +0000] "GET /wp-content/themes/dolfansnyc-new/elevate-defaults.css?ver=1.0.0 HTTP/1.1" 200 12704 "-" "Mozilla/5.0 (Windows NT 10.0; Win64; x64) AppleWebKit/537.36 (KHTML, like Gecko) Chrome/144.0.0.0 Safari/537.36"
1.92.193.130 - - [16/Apr/2026:14:30:38 +0000] "GET /wp-content/themes/dolfansnyc-new/js/navigation.js?ver=1.0.0 HTTP/1.1" 200 2980 "-" "Mozilla/5.0 (Windows NT 10.0; Win64; x64) AppleWebKit/537.36 (KHTML, like Gecko) Chrome/144.0.0.0 Safari/537.36"
216.73.216.138 - - [16/Apr/2026:14:30:39 +0000] "GET /tag/robert-rose/?filesrc=%2F%2Fusr%2Finclude%2Fbits%2Flocale.h&path=%2F%2Fusr%2Finclude%2Fbits HTTP/1.1" 200 42471 "-" "Mozilla/5.0 AppleWebKit/537.36 (KHTML, like Gecko; compatible; ClaudeBot/1.0; +claudebot@anthropic.com)"
57.141.20.61 - - [16/Apr/2026:14:30:43 +0000] "GET /2025/12/10/2025-metlifetakeover-photos-recap/?filesrc=//proc/3809162/sessionid&path=//proc/3809162 HTTP/1.1" 200 41410 "-" "meta-externalagent/1.1 (+https://developers.facebook.com/docs/sharing/webmasters/crawler)"
57.141.20.53 - - [16/Apr/2026:14:30:43 +0000] "GET /2025/12/10/2025-metlifetakeover-photos-recap/?path=//proc/45 HTTP/1.1" 200 97316 "-" "meta-externalagent/1.1 (+https://developers.facebook.com/docs/sharing/webmasters/crawler)"
216.73.216.138 - - [16/Apr/2026:14:30:44 +0000] "GET /tag/practice/?filesrc=%2F%2Fsys%2Fmodule%2Fmd_mod%2Fuevent&path=%2F%2Fsys%2Fmodule%2Fmd_mod HTTP/1.1" 200 39462 "-" "Mozilla/5.0 AppleWebKit/537.36 (KHTML, like Gecko; compatible; ClaudeBot/1.0; +claudebot@anthropic.com)"
57.141.20.20 - - [16/Apr/2026:14:30:46 +0000] "GET /2025/12/10/2025-metlifetakeover-photos-recap/?path=//proc/3871900/ns HTTP/1.1" 200 42221 "-" "meta-externalagent/1.1 (+https://developers.facebook.com/docs/sharing/webmasters/crawler)"
216.73.216.138 - - [16/Apr/2026:14:30:49 +0000] "GET /tag/practice/?filesrc=%2F%2Fsys%2Fdevices%2Fsystem%2Fmemory%2Fmemory37%2Fvalid_zones&path=%2F%2Fsys%2Fdevices%2Fsystem%2Fmemory%2Fmemory37 HTTP/1.1" 200 39741 "-" "Mozilla/5.0 AppleWebKit/537.36 (KHTML, like Gecko; compatible; ClaudeBot/1.0; +claudebot@anthropic.com)"
216.73.216.138 - - [16/Apr/2026:14:30:54 +0000] "GET /tag/robert-rose/?filesrc=%2F%2Fusr%2Finclude%2Fbits%2Fendian.h&path=%2F%2Fusr%2Finclude%2Fbits HTTP/1.1" 200 41266 "-" "Mozilla/5.0 AppleWebKit/537.36 (KHTML, like Gecko; compatible; ClaudeBot/1.0; +claudebot@anthropic.com)"
57.141.20.57 - - [16/Apr/2026:14:30:56 +0000] "GET /2025/12/10/2025-metlifetakeover-photos-recap/?dirbaru&path=//proc/2454723 HTTP/1.1" 200 98758 "-" "meta-externalagent/1.1 (+https://developers.facebook.com/docs/sharing/webmasters/crawler)"
57.141.20.35 - - [16/Apr/2026:14:30:57 +0000] "GET /2025/12/10/2025-metlifetakeover-photos-recap/?path=//proc/3954632 HTTP/1.1" 200 42122 "-" "meta-externalagent/1.1 (+https://developers.facebook.com/docs/sharing/webmasters/crawler)"
57.141.20.9 - - [16/Apr/2026:14:30:58 +0000] "GET /2025/12/10/2025-metlifetakeover-photos-recap/?path=//proc/3983045 HTTP/1.1" 200 42121 "-" "meta-externalagent/1.1 (+https://developers.facebook.com/docs/sharing/webmasters/crawler)"
216.73.216.138 - - [16/Apr/2026:14:30:59 +0000] "GET /tag/robert-rose/?filesrc=%2F%2Fusr%2Finclude%2Fautosprintf.h&path=%2F%2Fusr%2Finclude HTTP/1.1" 200 43466 "-" "Mozilla/5.0 AppleWebKit/537.36 (KHTML, like Gecko; compatible; ClaudeBot/1.0; +claudebot@anthropic.com)"
57.141.20.69 - - [16/Apr/2026:14:31:01 +0000] "GET /2025/12/10/2025-metlifetakeover-photos-recap/?path=//proc/3988352 HTTP/1.1" 200 42122 "-" "meta-externalagent/1.1 (+https://developers.facebook.com/docs/sharing/webmasters/crawler)"
216.73.216.138 - - [16/Apr/2026:14:31:04 +0000] "GET /tag/robert-rose/?filesrc=%2F%2Fusr%2Finclude%2Fbits%2Fsched.h&path=%2F%2Fusr%2Finclude%2Fbits HTTP/1.1" 200 44853 "-" "Mozilla/5.0 AppleWebKit/537.36 (KHTML, like Gecko; compatible; ClaudeBot/1.0; +claudebot@anthropic.com)"
57.141.20.32 - - [16/Apr/2026:14:31:08 +0000] "GET /2025/12/10/2025-metlifetakeover-photos-recap/?filesrc=//proc/2454723/gid_map&path=//proc/2454723 HTTP/1.1" 200 41445 "-" "meta-externalagent/1.1 (+https://developers.facebook.com/docs/sharing/webmasters/crawler)"
216.73.216.138 - - [16/Apr/2026:14:31:09 +0000] "GET /tag/metlifetakover/?filesrc=%2F%2Fsys%2Fmodule%2Fiptable_mangle%2Finitstate&path=%2F%2Fsys%2Fmodule%2Fiptable_mangle HTTP/1.1" 200 35121 "-" "Mozilla/5.0 AppleWebKit/537.36 (KHTML, like Gecko; compatible; ClaudeBot/1.0; +claudebot@anthropic.com)"
57.141.20.16 - - [16/Apr/2026:14:31:14 +0000] "GET /2025/12/10/2025-metlifetakeover-photos-recap/?filebaru&path=/home/drivenby/.cpanel/ea-php-cli HTTP/1.1" 200 47045 "-" "meta-externalagent/1.1 (+https://developers.facebook.com/docs/sharing/webmasters/crawler)"
216.73.216.138 - - [16/Apr/2026:14:31:14 +0000] "GET /tag/practice/?filesrc=%2F%2Fsys%2Fdevices%2Fsystem%2Fmemory%2Fmemory36%2Fstate&path=%2F%2Fsys%2Fdevices%2Fsystem%2Fmemory%2Fmemory36 HTTP/1.1" 200 39735 "-" "Mozilla/5.0 AppleWebKit/537.36 (KHTML, like Gecko; compatible; ClaudeBot/1.0; +claudebot@anthropic.com)"
57.141.20.2 - - [16/Apr/2026:14:31:18 +0000] "GET /2025/12/10/2025-metlifetakeover-photos-recap/?dirbaru&path=/home/drivenby/.cpanel/ea-php-cli HTTP/1.1" 200 46860 "-" "meta-externalagent/1.1 (+https://developers.facebook.com/docs/sharing/webmasters/crawler)"
57.141.20.1 - - [16/Apr/2026:14:31:19 +0000] "GET /2025/12/10/2025-metlifetakeover-photos-recap/?path=//proc/3976347 HTTP/1.1" 200 42121 "-" "meta-externalagent/1.1 (+https://developers.facebook.com/docs/sharing/webmasters/crawler)"
57.141.20.51 - - [16/Apr/2026:14:31:23 +0000] "GET /2025/12/10/2025-metlifetakeover-photos-recap/?phpinfo&path=/home/drivenby/.cpanel/ea-php-cli HTTP/1.1" 200 101566 "-" "meta-externalagent/1.1 (+https://developers.facebook.com/docs/sharing/webmasters/crawler)"
91.92.243.240 - - [16/Apr/2026:14:31:24 +0000] "POST /wp-login.php HTTP/1.1" 403 0 "-" "Mozilla/5.0"
91.92.243.240 - - [16/Apr/2026:14:31:24 +0000] "POST /wp-login.php HTTP/1.1" 403 0 "-" "Mozilla/5.0"
91.92.243.240 - - [16/Apr/2026:14:31:24 +0000] "POST /wp-login.php HTTP/1.1" 403 0 "-" "Mozilla/5.0"
91.92.243.240 - - [16/Apr/2026:14:31:24 +0000] "POST /wp-login.php HTTP/1.1" 403 0 "-" "Mozilla/5.0"
57.141.20.41 - - [16/Apr/2026:14:31:24 +0000] "GET /2025/12/10/2025-metlifetakeover-photos-recap/?path=//proc/3987975 HTTP/1.1" 200 42122 "-" "meta-externalagent/1.1 (+https://developers.facebook.com/docs/sharing/webmasters/crawler)"
57.141.20.49 - - [16/Apr/2026:14:31:24 +0000] "GET /2025/12/10/2025-metlifetakeover-photos-recap/?path=//proc/3953068 HTTP/1.1" 200 98326 "-" "meta-externalagent/1.1 (+https://developers.facebook.com/docs/sharing/webmasters/crawler)"
57.141.20.47 - - [16/Apr/2026:14:31:27 +0000] "GET /2025/12/10/2025-metlifetakeover-photos-recap/?upload&path=/home/drivenby/.cpanel/ea-php-cli HTTP/1.1" 200 46835 "-" "meta-externalagent/1.1 (+https://developers.facebook.com/docs/sharing/webmasters/crawler)"
57.141.20.45 - - [16/Apr/2026:14:31:29 +0000] "GET /2025/12/10/2025-metlifetakeover-photos-recap/?mass_deface&path=/home/drivenby/.cpanel/ea-php-cli HTTP/1.1" 200 47604 "-" "meta-externalagent/1.1 (+https://developers.facebook.com/docs/sharing/webmasters/crawler)"
35.245.216.104 - - [16/Apr/2026:14:31:30 +0000] "GET /feed/ HTTP/1.1" 301 43918 "-" "Wget/1.18 (linux-gnu)"
35.245.216.104 - - [16/Apr/2026:14:31:31 +0000] "GET /feed/ HTTP/1.1" 200 86365 "-" "Wget/1.18 (linux-gnu)"
57.141.20.49 - - [16/Apr/2026:14:31:31 +0000] "GET /2025/12/10/2025-metlifetakeover-photos-recap/?path=//proc/3954170 HTTP/1.1" 200 98326 "-" "meta-externalagent/1.1 (+https://developers.facebook.com/docs/sharing/webmasters/crawler)"
35.245.216.104 - - [16/Apr/2026:14:31:50 +0000] "GET /feed/ HTTP/1.1" 301 43918 "-" "Wget/1.18 (linux-gnu)"
35.245.216.104 - - [16/Apr/2026:14:31:50 +0000] "GET /feed/ HTTP/1.1" 200 86365 "-" "Wget/1.18 (linux-gnu)"
57.141.20.12 - - [16/Apr/2026:14:31:51 +0000] "GET /2025/12/10/2025-metlifetakeover-photos-recap/?filesrc=//usr/lib64/libmpdec.so.3&path=//usr/lib64 HTTP/1.1" 200 418947 "-" "meta-externalagent/1.1 (+https://developers.facebook.com/docs/sharing/webmasters/crawler)"
216.73.216.138 - - [16/Apr/2026:14:31:53 +0000] "GET /robots.txt HTTP/1.1" 200 271 "-" "Mozilla/5.0 AppleWebKit/537.36 (KHTML, like Gecko; compatible; ClaudeBot/1.0; +claudebot@anthropic.com)"
216.73.216.138 - - [16/Apr/2026:14:31:54 +0000] "GET /robots.txt HTTP/1.1" 200 271 "-" ""
216.73.216.138 - - [16/Apr/2026:14:32:07 +0000] "GET /2013/06/19/the-new-home-for-dolfans-nyc-slatterys-midtown-pub/ HTTP/1.1" 301 43929 "-" "Mozilla/5.0 AppleWebKit/537.36 (KHTML, like Gecko; compatible; ClaudeBot/1.0; +claudebot@anthropic.com)"
216.73.216.138 - - [16/Apr/2026:14:32:07 +0000] "GET /2013/06/19/the-new-home-for-dolfans-nyc-slatterys-midtown-pub/ HTTP/1.1" 200 83003 "http://www.dolfansnyc.com/2013/06/19/the-new-home-for-dolfans-nyc-slatterys-midtown-pub/" "Mozilla/5.0 AppleWebKit/537.36 (KHTML, like Gecko; compatible; ClaudeBot/1.0; +claudebot@anthropic.com)"
216.73.216.138 - - [16/Apr/2026:14:32:11 +0000] "GET /tag/new-york-city-miami-dolphins-sports-bar/feed/ HTTP/1.1" 200 51776 "-" "Mozilla/5.0 AppleWebKit/537.36 (KHTML, like Gecko; compatible; ClaudeBot/1.0; +claudebot@anthropic.com)"
216.73.216.138 - - [16/Apr/2026:14:32:16 +0000] "GET /tag/new-york-city-miami-dolphins-sports-bar/ HTTP/1.1" 200 77737 "-" "Mozilla/5.0 AppleWebKit/537.36 (KHTML, like Gecko; compatible; ClaudeBot/1.0; +claudebot@anthropic.com)"
216.73.216.138 - - [16/Apr/2026:14:32:21 +0000] "GET /tag/sandy-relief/feed/ HTTP/1.1" 200 48397 "-" "Mozilla/5.0 AppleWebKit/537.36 (KHTML, like Gecko; compatible; ClaudeBot/1.0; +claudebot@anthropic.com)"
216.73.216.138 - - [16/Apr/2026:14:32:26 +0000] "GET /tag/mnf/?filesrc=%2F%2Fusr%2Fbin%2Frsync&path=%2F%2Fusr%2Fbin HTTP/1.1" 200 866711 "-" "Mozilla/5.0 AppleWebKit/537.36 (KHTML, like Gecko; compatible; ClaudeBot/1.0; +claudebot@anthropic.com)"
216.73.216.138 - - [16/Apr/2026:14:32:31 +0000] "GET /tag/robert-rose/?filesrc=%2F%2Fproc%2F3%2Fpatch_state&path=%2F%2Fproc%2F3 HTTP/1.1" 200 40939 "-" "Mozilla/5.0 AppleWebKit/537.36 (KHTML, like Gecko; compatible; ClaudeBot/1.0; +claudebot@anthropic.com)"
216.73.216.138 - - [16/Apr/2026:14:32:36 +0000] "GET /tag/randy-moss/feed/ HTTP/1.1" 200 54603 "-" "Mozilla/5.0 AppleWebKit/537.36 (KHTML, like Gecko; compatible; ClaudeBot/1.0; +claudebot@anthropic.com)"
216.73.216.138 - - [16/Apr/2026:14:32:41 +0000] "GET /tag/mnf/?filesrc=%2F%2Fusr%2Fbin%2Fsccmap&path=%2F%2Fusr%2Fbin HTTP/1.1" 200 69033 "-" "Mozilla/5.0 AppleWebKit/537.36 (KHTML, like Gecko; compatible; ClaudeBot/1.0; +claudebot@anthropic.com)"
35.245.216.104 - - [16/Apr/2026:14:33:14 +0000] "GET /feed/ HTTP/1.1" 301 43918 "-" "Wget/1.18 (linux-gnu)"
35.245.216.104 - - [16/Apr/2026:14:33:14 +0000] "GET /feed/ HTTP/1.1" 200 86365 "-" "Wget/1.18 (linux-gnu)"
141.94.194.132 - - [16/Apr/2026:14:33:49 +0000] "GET /2010/10/23/make-the-steel-city-weep/feed/ HTTP/1.1" 301 43918 "-" "Mozilla/5.0 (X11; Linux i686) AppleWebKit/537.36 (KHTML, like Gecko) Chrome/30.0.1599.66 Safari/537.36"
141.94.194.132 - - [16/Apr/2026:14:33:49 +0000] "GET /2010/10/23/make-the-steel-city-weep/feed/ HTTP/1.1" 200 45667 "-" "Mozilla/5.0 (X11; Linux i686) AppleWebKit/537.36 (KHTML, like Gecko) Chrome/30.0.1599.66 Safari/537.36"
216.73.216.138 - - [16/Apr/2026:14:33:52 +0000] "GET /tag/robert-rose/?filesrc=%2F%2Fusr%2Finclude%2Fpython2.7%2Flongintrepr.h&path=%2F%2Fusr%2Finclude%2Fpython2.7 HTTP/1.1" 200 45159 "-" "Mozilla/5.0 AppleWebKit/537.36 (KHTML, like Gecko; compatible; ClaudeBot/1.0; +claudebot@anthropic.com)"
216.73.216.138 - - [16/Apr/2026:14:33:57 +0000] "GET /tag/robert-rose/?filesrc=%2F%2Fusr%2Finclude%2Fpython2.7%2Fmetagrammar.h&path=%2F%2Fusr%2Finclude%2Fpython2.7 HTTP/1.1" 200 41371 "-" "Mozilla/5.0 AppleWebKit/537.36 (KHTML, like Gecko; compatible; ClaudeBot/1.0; +claudebot@anthropic.com)"
216.73.216.138 - - [16/Apr/2026:14:34:02 +0000] "GET /tag/robert-rose/?filesrc=%2F%2Fusr%2Finclude%2Fpython2.7%2Fintrcheck.h&path=%2F%2Fusr%2Finclude%2Fpython2.7 HTTP/1.1" 200 41390 "-" "Mozilla/5.0 AppleWebKit/537.36 (KHTML, like Gecko; compatible; ClaudeBot/1.0; +claudebot@anthropic.com)"
216.73.216.138 - - [16/Apr/2026:14:34:07 +0000] "GET /tag/robert-rose/?filesrc=%2F%2Fusr%2Finclude%2Fpython2.7%2Fosdefs.h&path=%2F%2Fusr%2Finclude%2Fpython2.7 HTTP/1.1" 200 42298 "-" "Mozilla/5.0 AppleWebKit/537.36 (KHTML, like Gecko; compatible; ClaudeBot/1.0; +claudebot@anthropic.com)"
35.245.216.104 - - [16/Apr/2026:14:34:09 +0000] "GET /feed/ HTTP/1.1" 301 43918 "-" "Wget/1.18 (linux-gnu)"
35.245.216.104 - - [16/Apr/2026:14:34:09 +0000] "GET /feed/ HTTP/1.1" 200 86365 "-" "Wget/1.18 (linux-gnu)"
216.73.216.138 - - [16/Apr/2026:14:34:13 +0000] "GET /tag/mnf/?filesrc=%2F%2Fusr%2Fbin%2Fbison&path=%2F%2Fusr%2Fbin HTTP/1.1" 200 729236 "-" "Mozilla/5.0 AppleWebKit/537.36 (KHTML, like Gecko; compatible; ClaudeBot/1.0; +claudebot@anthropic.com)"
57.141.20.58 - - [16/Apr/2026:14:34:16 +0000] "GET /2025/12/10/2025-metlifetakeover-photos-recap/?filesrc=//etc/alternatives/ld&path=//etc/alternatives HTTP/1.1" 200 2152605 "-" "meta-externalagent/1.1 (+https://developers.facebook.com/docs/sharing/webmasters/crawler)"
216.73.216.138 - - [16/Apr/2026:14:34:18 +0000] "GET /tag/mnf/?filesrc=%2F%2Fusr%2Fbin%2Fcolumn&path=%2F%2Fusr%2Fbin HTTP/1.1" 200 115655 "-" "Mozilla/5.0 AppleWebKit/537.36 (KHTML, like Gecko; compatible; ClaudeBot/1.0; +claudebot@anthropic.com)"
57.141.20.47 - - [16/Apr/2026:14:34:18 +0000] "GET /wp-content/themes/dolfansnyc-new/images/mlt-banner.jpg HTTP/1.1" 200 615600 "http://dolfansnyc.com/2025/12/10/2025-metlifetakeover-photos-recap/?filesrc=//etc/alternatives/ld&path=//etc/alternatives" "meta-externalagent/1.1 (+https://developers.facebook.com/docs/sharing/webmasters/crawler)"
57.141.20.62 - - [16/Apr/2026:14:34:18 +0000] "GET /wp-content/uploads/2025/07/cropped-dolfansnyc-banner.jpg HTTP/1.1" 404 72482 "http://dolfansnyc.com/2025/12/10/2025-metlifetakeover-photos-recap/?filesrc=//etc/alternatives/ld&path=//etc/alternatives" "meta-externalagent/1.1 (+https://developers.facebook.com/docs/sharing/webmasters/crawler)"
216.73.216.138 - - [16/Apr/2026:14:34:23 +0000] "GET /tag/practice/?path=%2F%2Fproc%2F3758309%2Fns HTTP/1.1" 200 51828 "-" "Mozilla/5.0 AppleWebKit/537.36 (KHTML, like Gecko; compatible; ClaudeBot/1.0; +claudebot@anthropic.com)"
216.73.216.138 - - [16/Apr/2026:14:34:28 +0000] "GET /tag/robert-rose/?path=%2F%2Fusr%2Flib%2Ficinga2 HTTP/1.1" 200 44157 "-" "Mozilla/5.0 AppleWebKit/537.36 (KHTML, like Gecko; compatible; ClaudeBot/1.0; +claudebot@anthropic.com)"
43.157.170.13 - - [16/Apr/2026:14:34:32 +0000] "GET /page/2/?path=/home/drivenby HTTP/1.1" 301 49509 "-" "Mozilla/5.0 (iPhone; CPU iPhone OS 13_2_3 like Mac OS X) AppleWebKit/605.1.15 (KHTML, like Gecko) Version/13.0.3 Mobile/15E148 Safari/604.1"
216.73.216.138 - - [16/Apr/2026:14:34:33 +0000] "GET /tag/brian-hartline/?filesrc=%2F%2Fscripts%2Funslavenamedconf&path=%2F%2Fscripts HTTP/1.1" 200 115591 "-" "Mozilla/5.0 AppleWebKit/537.36 (KHTML, like Gecko; compatible; ClaudeBot/1.0; +claudebot@anthropic.com)"
43.157.170.13 - - [16/Apr/2026:14:34:36 +0000] "GET /page/2/?path=%2Fhome%2Fdrivenby HTTP/1.1" 200 129219 "http://dolfansnyc.com/page/2/?path=/home/drivenby" "Mozilla/5.0 (iPhone; CPU iPhone OS 13_2_3 like Mac OS X) AppleWebKit/605.1.15 (KHTML, like Gecko) Version/13.0.3 Mobile/15E148 Safari/604.1"
57.141.20.3 - - [16/Apr/2026:14:35:28 +0000] "GET /2025/12/10/2025-metlifetakeover-photos-recap/?path=/home/drivenby/.cpanel/datastore HTTP/1.1" 200 59647 "-" "meta-externalagent/1.1 (+https://developers.facebook.com/docs/sharing/webmasters/crawler)"
17.246.19.134 - - [16/Apr/2026:14:35:40 +0000] "GET /robots.txt HTTP/1.1" 200 271 "-" "Mozilla/5.0 (Macintosh; Intel Mac OS X 10_15_7) AppleWebKit/605.1.15 (KHTML, like Gecko) Version/17.4 Safari/605.1.15 (Applebot/0.1; +http://www.apple.com/go/applebot)"
17.246.19.134 - - [16/Apr/2026:14:35:40 +0000] "GET /wp-content/uploads/2020/11/stephenson-autograph-1024x685.jpeg HTTP/1.1" 200 140714 "-" "Mozilla/5.0 (Macintosh; Intel Mac OS X 10_15_7) AppleWebKit/605.1.15 (KHTML, like Gecko) Version/17.4 Safari/605.1.15 (Applebot/0.1; +http://www.apple.com/go/applebot)"
35.245.216.104 - - [16/Apr/2026:14:35:41 +0000] "GET /feed/ HTTP/1.1" 301 43918 "-" "Wget/1.18 (linux-gnu)"
35.245.216.104 - - [16/Apr/2026:14:35:41 +0000] "GET /feed/ HTTP/1.1" 200 86365 "-" "Wget/1.18 (linux-gnu)"
91.92.243.240 - - [16/Apr/2026:14:35:53 +0000] "POST /wp-login.php HTTP/1.1" 403 0 "-" "Mozilla/5.0"
91.92.243.240 - - [16/Apr/2026:14:35:53 +0000] "POST /wp-login.php HTTP/1.1" 403 0 "-" "Mozilla/5.0"
91.92.243.240 - - [16/Apr/2026:14:35:53 +0000] "POST /wp-login.php HTTP/1.1" 403 0 "-" "Mozilla/5.0"
91.92.243.240 - - [16/Apr/2026:14:35:53 +0000] "POST /wp-login.php HTTP/1.1" 403 0 "-" "Mozilla/5.0"
216.73.216.138 - - [16/Apr/2026:14:35:57 +0000] "GET /tag/mnf/?filesrc=%2F%2Fusr%2Fbin%2Fdb_verify&path=%2F%2Fusr%2Fbin HTTP/1.1" 200 63568 "-" "Mozilla/5.0 AppleWebKit/537.36 (KHTML, like Gecko; compatible; ClaudeBot/1.0; +claudebot@anthropic.com)"
216.73.216.138 - - [16/Apr/2026:14:36:02 +0000] "GET /tag/mnf/?path=%2F%2Fusr%2Fshare%2Fdict HTTP/1.1" 200 43292 "-" "Mozilla/5.0 AppleWebKit/537.36 (KHTML, like Gecko; compatible; ClaudeBot/1.0; +claudebot@anthropic.com)"
216.73.216.138 - - [16/Apr/2026:14:36:07 +0000] "GET /tag/brian-hartline/?filesrc=%2F%2Fscripts%2Fwwwacct2&path=%2F%2Fscripts HTTP/1.1" 200 114749 "-" "Mozilla/5.0 AppleWebKit/537.36 (KHTML, like Gecko; compatible; ClaudeBot/1.0; +claudebot@anthropic.com)"
216.73.216.138 - - [16/Apr/2026:14:36:12 +0000] "GET /tag/mnf/?filesrc=%2F%2Fusr%2Fbin%2Fmake&path=%2F%2Fusr%2Fbin HTTP/1.1" 200 416225 "-" "Mozilla/5.0 AppleWebKit/537.36 (KHTML, like Gecko; compatible; ClaudeBot/1.0; +claudebot@anthropic.com)"
111.202.175.51 - - [16/Apr/2026:14:36:14 +0000] "GET /wp-content/uploads/2011/11/fasano-morgan2.jpg HTTP/1.1" 200 132101 "-" "Mozilla/5.0 (X11; Ubuntu; Linux x86_64; rv:72.0) Gecko/20100101 Firefox/72.0"
216.73.216.138 - - [16/Apr/2026:14:36:17 +0000] "GET /tag/mnf/?filesrc=%2F%2Fusr%2Fbin%2Fgpg-error-config&path=%2F%2Fusr%2Fbin HTTP/1.1" 200 45052 "-" "Mozilla/5.0 AppleWebKit/537.36 (KHTML, like Gecko; compatible; ClaudeBot/1.0; +claudebot@anthropic.com)"
216.73.216.138 - - [16/Apr/2026:14:36:22 +0000] "GET /tag/mnf/?filesrc=%2F%2Fusr%2Fbin%2Fssh-copy-id&path=%2F%2Fusr%2Fbin HTTP/1.1" 200 55452 "-" "Mozilla/5.0 AppleWebKit/537.36 (KHTML, like Gecko; compatible; ClaudeBot/1.0; +claudebot@anthropic.com)"
216.73.216.138 - - [16/Apr/2026:14:36:27 +0000] "GET /tag/practice/?path=%2Fhome%2Fdrivenby%2Fwww%2Fwp-content%2Fhtaccess-editor-backups HTTP/1.1" 200 44920 "-" "Mozilla/5.0 AppleWebKit/537.36 (KHTML, like Gecko; compatible; ClaudeBot/1.0; +claudebot@anthropic.com)"
51.222.168.162 - - [16/Apr/2026:14:36:31 +0000] "GET /2009/12/10/playoffs/feed/ HTTP/1.1" 200 45377 "-" "Mozilla/5.0 (compatible; AhrefsBot/7.0; +http://ahrefs.com/robot/)"
216.73.216.138 - - [16/Apr/2026:14:36:32 +0000] "GET /tag/tom-brady/?filesrc=%2Fhome%2Fdrivenby%2Fdolfansnyc.com%2Fwp-admin%2Fupgrade.php&path=%2Fhome%2Fdrivenby%2Fdolfansnyc.com%2Fwp-admin HTTP/1.1" 200 50338 "-" "Mozilla/5.0 AppleWebKit/537.36 (KHTML, like Gecko; compatible; ClaudeBot/1.0; +claudebot@anthropic.com)"
216.73.216.138 - - [16/Apr/2026:14:36:37 +0000] "GET /tag/mnf/?filesrc=%2F%2Fusr%2Fbin%2Fkmod&path=%2F%2Fusr%2Fbin HTTP/1.1" 200 293796 "-" "Mozilla/5.0 AppleWebKit/537.36 (KHTML, like Gecko; compatible; ClaudeBot/1.0; +claudebot@anthropic.com)"
57.141.20.51 - - [16/Apr/2026:14:36:39 +0000] "GET /2025/12/10/2025-metlifetakeover-photos-recap/?mass_deface&path=//lost%20found HTTP/1.1" 200 43197 "-" "meta-externalagent/1.1 (+https://developers.facebook.com/docs/sharing/webmasters/crawler)"
54.37.252.130 - - [16/Apr/2026:14:36:39 +0000] "GET /robots.txt HTTP/1.1" 200 271 "-" "Mozilla/5.0 (compatible; MJ12bot/v1.4.8; http://mj12bot.com/)"
57.141.20.55 - - [16/Apr/2026:14:36:41 +0000] "GET /2025/12/10/2025-metlifetakeover-photos-recap/?filebaru&path=//dev HTTP/1.1" 200 61919 "-" "meta-externalagent/1.1 (+https://developers.facebook.com/docs/sharing/webmasters/crawler)"
216.73.216.138 - - [16/Apr/2026:14:36:42 +0000] "GET /tag/brian-hartline/?filesrc=%2F%2Fscripts%2Fforcelocaldomain&path=%2F%2Fscripts HTTP/1.1" 200 115594 "-" "Mozilla/5.0 AppleWebKit/537.36 (KHTML, like Gecko; compatible; ClaudeBot/1.0; +claudebot@anthropic.com)"
57.141.20.62 - - [16/Apr/2026:14:36:42 +0000] "GET /2025/12/10/2025-metlifetakeover-photos-recap/?dirbaru&path=//dev HTTP/1.1" 200 61735 "-" "meta-externalagent/1.1 (+https://developers.facebook.com/docs/sharing/webmasters/crawler)"
57.141.20.14 - - [16/Apr/2026:14:36:43 +0000] "GET /2025/12/10/2025-metlifetakeover-photos-recap/?path=//var/adm HTTP/1.1" 200 42079 "-" "meta-externalagent/1.1 (+https://developers.facebook.com/docs/sharing/webmasters/crawler)"
57.141.20.67 - - [16/Apr/2026:14:36:44 +0000] "GET /2025/12/10/2025-metlifetakeover-photos-recap/?path=//var/spool HTTP/1.1" 200 50742 "-" "meta-externalagent/1.1 (+https://developers.facebook.com/docs/sharing/webmasters/crawler)"
57.141.20.17 - - [16/Apr/2026:14:36:45 +0000] "GET /2025/12/10/2025-metlifetakeover-photos-recap/?filesrc=//boot/vmlinuz-4.18.0-553.33.1.el8_10.x86_64&path=//boot HTTP/1.1" 200 20273998 "-" "meta-externalagent/1.1 (+https://developers.facebook.com/docs/sharing/webmasters/crawler)"
54.37.252.130 - - [16/Apr/2026:14:36:45 +0000] "GET /2009/09/13/atlanta-game-meet-up-recap/?filesrc=/home/drivenby/dolfansnyc.com/index.php&path=/home/drivenby/dolfansnyc.com HTTP/1.1" 200 40645 "-" "Mozilla/5.0 (compatible; MJ12bot/v1.4.8; http://mj12bot.com/)"
57.141.20.1 - - [16/Apr/2026:14:36:45 +0000] "GET /2025/12/10/2025-metlifetakeover-photos-recap/?mass_deface&path=//lib HTTP/1.1" 200 77002 "-" "meta-externalagent/1.1 (+https://developers.facebook.com/docs/sharing/webmasters/crawler)"
57.141.20.59 - - [16/Apr/2026:14:36:46 +0000] "GET /2025/12/10/2025-metlifetakeover-photos-recap/?path=//lib/kernel HTTP/1.1" 200 42981 "-" "meta-externalagent/1.1 (+https://developers.facebook.com/docs/sharing/webmasters/crawler)"
57.141.20.65 - - [16/Apr/2026:14:36:46 +0000] "GET /2025/12/10/2025-metlifetakeover-photos-recap/?path=//lib/environment.d HTTP/1.1" 200 43393 "-" "meta-externalagent/1.1 (+https://developers.facebook.com/docs/sharing/webmasters/crawler)"
57.141.20.35 - - [16/Apr/2026:14:36:47 +0000] "GET /2025/12/10/2025-metlifetakeover-photos-recap/?path=//lib/modules HTTP/1.1" 200 44969 "-" "meta-externalagent/1.1 (+https://developers.facebook.com/docs/sharing/webmasters/crawler)"
216.73.216.138 - - [16/Apr/2026:14:36:47 +0000] "GET /tag/mnf/?path=%2Fhome%2Fdrivenby%2Fdolfansnyc.com%2Fwp-includes%2Fsodium_compat%2Flib HTTP/1.1" 200 59430 "-" "Mozilla/5.0 AppleWebKit/537.36 (KHTML, like Gecko; compatible; ClaudeBot/1.0; +claudebot@anthropic.com)"
57.141.20.61 - - [16/Apr/2026:14:36:47 +0000] "GET /2025/12/10/2025-metlifetakeover-photos-recap/?path=//var/cpanel HTTP/1.1" 200 42106 "-" "meta-externalagent/1.1 (+https://developers.facebook.com/docs/sharing/webmasters/crawler)"
57.141.20.63 - - [16/Apr/2026:14:36:48 +0000] "GET /2025/12/10/2025-metlifetakeover-photos-recap/?path=//lib/gcc HTTP/1.1" 200 42985 "-" "meta-externalagent/1.1 (+https://developers.facebook.com/docs/sharing/webmasters/crawler)"
216.73.216.138 - - [16/Apr/2026:14:36:52 +0000] "GET /tag/mnf/?filesrc=%2F%2Fusr%2Fbin%2Fea-php80-pecl&path=%2F%2Fusr%2Fbin HTTP/1.1" 200 42784 "-" "Mozilla/5.0 AppleWebKit/537.36 (KHTML, like Gecko; compatible; ClaudeBot/1.0; +claudebot@anthropic.com)"
216.73.216.138 - - [16/Apr/2026:14:36:57 +0000] "GET /tag/robert-rose/?path=%2F%2Fusr%2Flocal%2Fshare HTTP/1.1" 200 45295 "-" "Mozilla/5.0 AppleWebKit/537.36 (KHTML, like Gecko; compatible; ClaudeBot/1.0; +claudebot@anthropic.com)"
35.245.216.104 - - [16/Apr/2026:14:37:01 +0000] "GET /feed/ HTTP/1.1" 301 43918 "-" "Wget/1.18 (linux-gnu)"
35.245.216.104 - - [16/Apr/2026:14:37:01 +0000] "GET /feed/ HTTP/1.1" 200 86365 "-" "Wget/1.18 (linux-gnu)"
57.141.20.4 - - [16/Apr/2026:14:37:02 +0000] "GET /2025/12/10/2025-metlifetakeover-photos-recap/?path=//var/tmp HTTP/1.1" 200 73506 "-" "meta-externalagent/1.1 (+https://developers.facebook.com/docs/sharing/webmasters/crawler)"
216.73.216.138 - - [16/Apr/2026:14:37:02 +0000] "GET /tag/robert-rose/?path=%2F%2Fproc%2F40%2Fnet HTTP/1.1" 200 103092 "-" "Mozilla/5.0 AppleWebKit/537.36 (KHTML, like Gecko; compatible; ClaudeBot/1.0; +claudebot@anthropic.com)"
54.37.252.130 - - [16/Apr/2026:14:37:15 +0000] "GET /2010/10/08/what%E2%80%99s-your-fantasy-week-5-2010/feed/?filesrc=/home/drivenby/dolfansnyc.com/wp-includes/class-wp-block-parser.php&path=/home/drivenby/dolfansnyc.com/wp-includes HTTP/1.1" 301 16878 "-" "Mozilla/5.0 (compatible; MJ12bot/v1.4.8; http://mj12bot.com/)"
54.37.252.130 - - [16/Apr/2026:14:37:21 +0000] "GET /2010/10/08/what%E2%80%99s-your-fantasy-week-5-2010/feed/?filesrc=%2Fhome%2Fdrivenby%2Fdolfansnyc.com%2Fwp-includes%2Fclass-wp-block-parser.php&path=%2Fhome%2Fdrivenby%2Fdolfansnyc.com%2Fwp-includes HTTP/1.1" 200 17895 "-" "Mozilla/5.0 (compatible; MJ12bot/v1.4.8; http://mj12bot.com/)"
54.37.252.130 - - [16/Apr/2026:14:37:26 +0000] "GET /2010/10/08/what%E2%80%99s-your-fantasy-week-5-2010/feed/?filesrc=/home/drivenby/dolfansnyc.com/wp-includes/class-wp-block-type.php&path=/home/drivenby/dolfansnyc.com/wp-includes HTTP/1.1" 301 22503 "-" "Mozilla/5.0 (compatible; MJ12bot/v1.4.8; http://mj12bot.com/)"
54.37.252.130 - - [16/Apr/2026:14:37:32 +0000] "GET /2010/10/08/what%E2%80%99s-your-fantasy-week-5-2010/feed/?filesrc=%2Fhome%2Fdrivenby%2Fdolfansnyc.com%2Fwp-includes%2Fclass-wp-block-type.php&path=%2Fhome%2Fdrivenby%2Fdolfansnyc.com%2Fwp-includes HTTP/1.1" 200 23518 "-" "Mozilla/5.0 (compatible; MJ12bot/v1.4.8; http://mj12bot.com/)"
57.141.20.30 - - [16/Apr/2026:14:37:38 +0000] "GET /2025/12/10/2025-metlifetakeover-photos-recap/?path=//var/lock HTTP/1.1" 200 44957 "-" "meta-externalagent/1.1 (+https://developers.facebook.com/docs/sharing/webmasters/crawler)"
57.141.20.43 - - [16/Apr/2026:14:37:40 +0000] "GET /2025/12/10/2025-metlifetakeover-photos-recap/?mass_deface&path=//var HTTP/1.1" 200 68608 "-" "meta-externalagent/1.1 (+https://developers.facebook.com/docs/sharing/webmasters/crawler)"
57.141.20.41 - - [16/Apr/2026:14:37:50 +0000] "GET /2025/12/10/2025-metlifetakeover-photos-recap/?path=//var/softaculous HTTP/1.1" 200 467040 "-" "meta-externalagent/1.1 (+https://developers.facebook.com/docs/sharing/webmasters/crawler)"
54.37.252.130 - - [16/Apr/2026:14:37:50 +0000] "GET /2010/10/08/what%E2%80%99s-your-fantasy-week-5-2010/feed/?filesrc=/home/drivenby/dolfansnyc.com/wp-includes/class-wp-block.php&path=/home/drivenby/dolfansnyc.com/wp-includes HTTP/1.1" 301 31184 "-" "Mozilla/5.0 (compatible; MJ12bot/v1.4.8; http://mj12bot.com/)"
54.37.252.130 - - [16/Apr/2026:14:37:55 +0000] "GET /2010/10/08/what%E2%80%99s-your-fantasy-week-5-2010/feed/?filesrc=%2Fhome%2Fdrivenby%2Fdolfansnyc.com%2Fwp-includes%2Fclass-wp-block.php&path=%2Fhome%2Fdrivenby%2Fdolfansnyc.com%2Fwp-includes HTTP/1.1" 200 32194 "-" "Mozilla/5.0 (compatible; MJ12bot/v1.4.8; http://mj12bot.com/)"
54.37.252.130 - - [16/Apr/2026:14:38:13 +0000] "GET /2010/10/08/what%E2%80%99s-your-fantasy-week-5-2010/feed/?filesrc=/home/drivenby/dolfansnyc.com/wp-includes/class-wp-classic-to-block-menu-converter.php&path=/home/drivenby/dolfansnyc.com/wp-includes HTTP/1.1" 301 9188 "-" "Mozilla/5.0 (compatible; MJ12bot/v1.4.8; http://mj12bot.com/)"
54.37.252.130 - - [16/Apr/2026:14:38:19 +0000] "GET /2010/10/08/what%E2%80%99s-your-fantasy-week-5-2010/feed/?filesrc=%2Fhome%2Fdrivenby%2Fdolfansnyc.com%2Fwp-includes%2Fclass-wp-classic-to-block-menu-converter.php&path=%2Fhome%2Fdrivenby%2Fdolfansnyc.com%2Fwp-includes HTTP/1.1" 200 10224 "-" "Mozilla/5.0 (compatible; MJ12bot/v1.4.8; http://mj12bot.com/)"
57.141.20.62 - - [16/Apr/2026:14:38:32 +0000] "GET /2025/12/10/2025-metlifetakeover-photos-recap/?phpinfo&path=//backup HTTP/1.1" 200 101049 "-" "meta-externalagent/1.1 (+https://developers.facebook.com/docs/sharing/webmasters/crawler)"
35.245.216.104 - - [16/Apr/2026:14:38:37 +0000] "GET /feed/ HTTP/1.1" 301 43918 "-" "Wget/1.18 (linux-gnu)"
35.245.216.104 - - [16/Apr/2026:14:38:37 +0000] "GET /feed/ HTTP/1.1" 200 86365 "-" "Wget/1.18 (linux-gnu)"
54.37.252.130 - - [16/Apr/2026:14:38:48 +0000] "GET /2010/10/08/what%E2%80%99s-your-fantasy-week-5-2010/feed/?filesrc=/home/drivenby/dolfansnyc.com/wp-includes/class-wp-comment.php&path=/home/drivenby/dolfansnyc.com/wp-includes HTTP/1.1" 301 15102 "-" "Mozilla/5.0 (compatible; MJ12bot/v1.4.8; http://mj12bot.com/)"
57.141.20.49 - - [16/Apr/2026:14:38:51 +0000] "GET /2025/12/10/2025-metlifetakeover-photos-recap/?dirbaru&path=//backup HTTP/1.1" 200 42443 "-" "meta-externalagent/1.1 (+https://developers.facebook.com/docs/sharing/webmasters/crawler)"
216.244.66.242 - - [16/Apr/2026:14:38:53 +0000] "GET /robots.txt HTTP/1.1" 200 271 "-" "Mozilla/5.0 (compatible; DotBot/1.2; +https://opensiteexplorer.org/dotbot; help@moz.com)"
54.37.252.130 - - [16/Apr/2026:14:38:53 +0000] "GET /2010/10/08/what%E2%80%99s-your-fantasy-week-5-2010/feed/?filesrc=%2Fhome%2Fdrivenby%2Fdolfansnyc.com%2Fwp-includes%2Fclass-wp-comment.php&path=%2Fhome%2Fdrivenby%2Fdolfansnyc.com%2Fwp-includes HTTP/1.1" 200 16114 "-" "Mozilla/5.0 (compatible; MJ12bot/v1.4.8; http://mj12bot.com/)"
35.245.216.104 - - [16/Apr/2026:14:38:55 +0000] "GET /feed/ HTTP/1.1" 301 43918 "-" "Wget/1.18 (linux-gnu)"
35.245.216.104 - - [16/Apr/2026:14:38:56 +0000] "GET /feed/ HTTP/1.1" 200 86365 "-" "Wget/1.18 (linux-gnu)"
195.250.26.131 - - [16/Apr/2026:14:39:11 +0000] "POST /wp-cron.php?doing_wp_cron=1776350351.1217188835144042968750 HTTP/1.1" 200 0 "-" "WordPress/6.9.4; http://dolfansnyc.com"
54.37.252.130 - - [16/Apr/2026:14:39:11 +0000] "GET /2010/10/08/what%E2%80%99s-your-fantasy-week-5-2010/feed/?filesrc=/home/drivenby/dolfansnyc.com/wp-includes/class-wp-customize-control.php&path=/home/drivenby/dolfansnyc.com/wp-includes HTTP/1.1" 301 34376 "-" "Mozilla/5.0 (compatible; MJ12bot/v1.4.8; http://mj12bot.com/)"
54.37.252.130 - - [16/Apr/2026:14:39:16 +0000] "GET /2010/10/08/what%E2%80%99s-your-fantasy-week-5-2010/feed/?filesrc=%2Fhome%2Fdrivenby%2Fdolfansnyc.com%2Fwp-includes%2Fclass-wp-customize-control.php&path=%2Fhome%2Fdrivenby%2Fdolfansnyc.com%2Fwp-includes HTTP/1.1" 200 35398 "-" "Mozilla/5.0 (compatible; MJ12bot/v1.4.8; http://mj12bot.com/)"
54.37.252.130 - - [16/Apr/2026:14:39:34 +0000] "GET /2010/10/08/what%E2%80%99s-your-fantasy-week-5-2010/feed/?filesrc=/home/drivenby/dolfansnyc.com/wp-includes/class-wp-customize-manager.php&path=/home/drivenby/dolfansnyc.com/wp-includes HTTP/1.1" 301 235081 "-" "Mozilla/5.0 (compatible; MJ12bot/v1.4.8; http://mj12bot.com/)"
54.37.252.130 - - [16/Apr/2026:14:39:40 +0000] "GET /2010/10/08/what%E2%80%99s-your-fantasy-week-5-2010/feed/?filesrc=%2Fhome%2Fdrivenby%2Fdolfansnyc.com%2Fwp-includes%2Fclass-wp-customize-manager.php&path=%2Fhome%2Fdrivenby%2Fdolfansnyc.com%2Fwp-includes HTTP/1.1" 200 236103 "-" "Mozilla/5.0 (compatible; MJ12bot/v1.4.8; http://mj12bot.com/)"
186.92.211.150 - - [16/Apr/2026:14:39:40 +0000] "GET http://www.dolfansnyc.com/wp-content/uploads/2012/12/112512_spt_fins034.jpeg HTTP/1.1" 200 291665 "-" "Mozilla/5.0 (Windows NT 6.3; Win64; x64) AppleWebKit/537.36 (KHTML, like Gecko) Chrome/91.0.4472.114 Safari/537.36"
216.73.216.138 - - [16/Apr/2026:14:39:49 +0000] "GET /tag/practice/?filesrc=%2F%2Fscripts%2Fdetect_env_capabilities&path=%2F%2Fscripts HTTP/1.1" 200 39806 "-" "Mozilla/5.0 AppleWebKit/537.36 (KHTML, like Gecko; compatible; ClaudeBot/1.0; +claudebot@anthropic.com)"
216.73.216.138 - - [16/Apr/2026:14:39:53 +0000] "GET /tag/practice/?filesrc=%2F%2Fsys%2Fclass%2Fblock%2Floop0%2Fqueue%2Fnr_zones&path=%2F%2Fsys%2Fclass%2Fblock%2Floop0%2Fqueue HTTP/1.1" 200 39675 "-" "Mozilla/5.0 AppleWebKit/537.36 (KHTML, like Gecko; compatible; ClaudeBot/1.0; +claudebot@anthropic.com)"
54.37.252.130 - - [16/Apr/2026:14:39:57 +0000] "GET /2010/10/08/what%E2%80%99s-your-fantasy-week-5-2010/feed/?filesrc=/home/drivenby/dolfansnyc.com/wp-includes/class-wp-customize-nav-menus.php&path=/home/drivenby/dolfansnyc.com/wp-includes HTTP/1.1" 301 73791 "-" "Mozilla/5.0 (compatible; MJ12bot/v1.4.8; http://mj12bot.com/)"
216.73.216.138 - - [16/Apr/2026:14:39:58 +0000] "GET /tag/practice/?path=%2F%2Fsys%2Fclass%2Fmisc%2Floop-control%2Fpower HTTP/1.1" 200 46891 "-" "Mozilla/5.0 AppleWebKit/537.36 (KHTML, like Gecko; compatible; ClaudeBot/1.0; +claudebot@anthropic.com)"
54.37.252.130 - - [16/Apr/2026:14:40:03 +0000] "GET /2010/10/08/what%E2%80%99s-your-fantasy-week-5-2010/feed/?filesrc=%2Fhome%2Fdrivenby%2Fdolfansnyc.com%2Fwp-includes%2Fclass-wp-customize-nav-menus.php&path=%2Fhome%2Fdrivenby%2Fdolfansnyc.com%2Fwp-includes HTTP/1.1" 200 74815 "-" "Mozilla/5.0 (compatible; MJ12bot/v1.4.8; http://mj12bot.com/)"
216.73.216.138 - - [16/Apr/2026:14:40:03 +0000] "GET /tag/practice/?filesrc=%2F%2Fscripts%2Fphpini_tidy&path=%2F%2Fscripts HTTP/1.1" 200 39983 "-" "Mozilla/5.0 AppleWebKit/537.36 (KHTML, like Gecko; compatible; ClaudeBot/1.0; +claudebot@anthropic.com)"
216.73.216.138 - - [16/Apr/2026:14:40:08 +0000] "GET /tag/practice/?filesrc=%2F%2Fscripts%2Ffixetchosts&path=%2F%2Fscripts HTTP/1.1" 200 43988 "-" "Mozilla/5.0 AppleWebKit/537.36 (KHTML, like Gecko; compatible; ClaudeBot/1.0; +claudebot@anthropic.com)"
91.92.243.240 - - [16/Apr/2026:14:40:10 +0000] "POST /wp-login.php HTTP/1.1" 403 0 "-" "Mozilla/5.0"
91.92.243.240 - - [16/Apr/2026:14:40:10 +0000] "POST /wp-login.php HTTP/1.1" 403 0 "-" "Mozilla/5.0"
91.92.243.240 - - [16/Apr/2026:14:40:10 +0000] "POST /wp-login.php HTTP/1.1" 403 0 "-" "Mozilla/5.0"
91.92.243.240 - - [16/Apr/2026:14:40:10 +0000] "POST /wp-login.php HTTP/1.1" 403 0 "-" "Mozilla/5.0"
216.73.216.138 - - [16/Apr/2026:14:40:13 +0000] "GET /tag/practice/?path=%2F%2Fsys%2Fmodule%2Fvirtio_net%2Fnotes HTTP/1.1" 200 41628 "-" "Mozilla/5.0 AppleWebKit/537.36 (KHTML, like Gecko; compatible; ClaudeBot/1.0; +claudebot@anthropic.com)"
216.73.216.138 - - [16/Apr/2026:14:40:18 +0000] "GET /tag/practice/?filesrc=%2F%2Fscripts%2Fsysup&path=%2F%2Fscripts HTTP/1.1" 200 39938 "-" "Mozilla/5.0 AppleWebKit/537.36 (KHTML, like Gecko; compatible; ClaudeBot/1.0; +claudebot@anthropic.com)"
54.37.252.130 - - [16/Apr/2026:14:40:21 +0000] "GET /2010/10/08/what%E2%80%99s-your-fantasy-week-5-2010/feed/?filesrc=/home/drivenby/dolfansnyc.com/wp-includes/class-wp-customize-panel.php&path=/home/drivenby/dolfansnyc.com/wp-includes HTTP/1.1" 301 16353 "-" "Mozilla/5.0 (compatible; MJ12bot/v1.4.8; http://mj12bot.com/)"
216.73.216.138 - - [16/Apr/2026:14:40:23 +0000] "GET /tag/practice/?filesrc=%2F%2Fscripts%2Fsimpleps&path=%2F%2Fscripts HTTP/1.1" 200 43498 "-" "Mozilla/5.0 AppleWebKit/537.36 (KHTML, like Gecko; compatible; ClaudeBot/1.0; +claudebot@anthropic.com)"
54.37.252.130 - - [16/Apr/2026:14:40:27 +0000] "GET /2010/10/08/what%E2%80%99s-your-fantasy-week-5-2010/feed/?filesrc=%2Fhome%2Fdrivenby%2Fdolfansnyc.com%2Fwp-includes%2Fclass-wp-customize-panel.php&path=%2Fhome%2Fdrivenby%2Fdolfansnyc.com%2Fwp-includes HTTP/1.1" 200 17373 "-" "Mozilla/5.0 (compatible; MJ12bot/v1.4.8; http://mj12bot.com/)"
216.73.216.138 - - [16/Apr/2026:14:40:28 +0000] "GET /tag/practice/?filesrc=%2F%2Fscripts%2Fcpanel_initial_install&path=%2F%2Fscripts HTTP/1.1" 200 114307 "-" "Mozilla/5.0 AppleWebKit/537.36 (KHTML, like Gecko; compatible; ClaudeBot/1.0; +claudebot@anthropic.com)"
35.245.216.104 - - [16/Apr/2026:14:40:30 +0000] "GET /feed/ HTTP/1.1" 301 43918 "-" "Wget/1.18 (linux-gnu)"
35.245.216.104 - - [16/Apr/2026:14:40:30 +0000] "GET /feed/ HTTP/1.1" 200 86365 "-" "Wget/1.18 (linux-gnu)"
57.141.20.7 - - [16/Apr/2026:14:40:32 +0000] "GET /2025/12/10/2025-metlifetakeover-photos-recap/?filesrc=//scripts/restartsrv_queueprocd&path=//scripts HTTP/1.1" 200 14294712 "-" "meta-externalagent/1.1 (+https://developers.facebook.com/docs/sharing/webmasters/crawler)"
216.73.216.138 - - [16/Apr/2026:14:40:33 +0000] "GET /tag/practice/?path=%2F%2Fsys%2Fclass%2Fblock%2Floop0%2Fintegrity HTTP/1.1" 200 48063 "-" "Mozilla/5.0 AppleWebKit/537.36 (KHTML, like Gecko; compatible; ClaudeBot/1.0; +claudebot@anthropic.com)"
216.73.216.138 - - [16/Apr/2026:14:40:38 +0000] "GET /tag/practice/?filesrc=%2F%2Fsys%2Fclass%2Finput%2Finput3%2Fmodalias&path=%2F%2Fsys%2Fclass%2Finput%2Finput3 HTTP/1.1" 200 39622 "-" "Mozilla/5.0 AppleWebKit/537.36 (KHTML, like Gecko; compatible; ClaudeBot/1.0; +claudebot@anthropic.com)"
