216.73.216.138 - - [16/Apr/2026:12:39:29 +0000] "GET /tag/metlifetakover/?filesrc=%2F%2Fusr%2Finclude%2Fpython2.7%2Fdatetime.h&path=%2F%2Fusr%2Finclude%2Fpython2.7 HTTP/1.1" 200 43655 "-" "Mozilla/5.0 AppleWebKit/537.36 (KHTML, like Gecko; compatible; ClaudeBot/1.0; +claudebot@anthropic.com)"
74.234.86.1 - - [16/Apr/2026:12:39:29 +0000] "GET /000.php HTTP/1.1" 404 72269 "-" "-"
74.234.86.1 - - [16/Apr/2026:12:39:29 +0000] "GET //config.php? HTTP/1.1" 301 43911 "-" "-"
74.234.86.1 - - [16/Apr/2026:12:39:30 +0000] "GET /config.php HTTP/1.1" 404 72281 "-" "-"
74.234.86.1 - - [16/Apr/2026:12:39:30 +0000] "GET /x3x.php HTTP/1.1" 404 72269 "-" "-"
74.234.86.1 - - [16/Apr/2026:12:39:30 +0000] "GET /xy.php HTTP/1.1" 404 72265 "-" "-"
74.234.86.1 - - [16/Apr/2026:12:39:30 +0000] "GET /global.php HTTP/1.1" 404 72281 "-" "-"
74.234.86.1 - - [16/Apr/2026:12:39:31 +0000] "GET /themes.php HTTP/1.1" 404 72281 "-" "-"
74.234.86.1 - - [16/Apr/2026:12:39:31 +0000] "GET /link.php HTTP/1.1" 404 72273 "-" "-"
74.234.86.1 - - [16/Apr/2026:12:39:31 +0000] "GET /ortasekerli1.php HTTP/1.1" 404 72305 "-" "-"
74.234.86.1 - - [16/Apr/2026:12:39:31 +0000] "GET /wp-block.php HTTP/1.1" 404 72289 "-" "-"
74.234.86.1 - - [16/Apr/2026:12:39:32 +0000] "GET /wp-includes/wincust.php HTTP/1.1" 404 72337 "-" "-"
74.234.86.1 - - [16/Apr/2026:12:39:32 +0000] "GET /acp.php HTTP/1.1" 404 72269 "-" "-"
74.234.86.1 - - [16/Apr/2026:12:39:33 +0000] "GET /fs.php HTTP/1.1" 404 72265 "-" "-"
74.234.86.1 - - [16/Apr/2026:12:39:33 +0000] "GET /xltt.php HTTP/1.1" 404 72273 "-" "-"
74.234.86.1 - - [16/Apr/2026:12:39:34 +0000] "GET /ws57.php HTTP/1.1" 404 72273 "-" "-"
216.73.216.138 - - [16/Apr/2026:12:39:34 +0000] "GET /tag/metlifetakover/?filesrc=%2F%2Fusr%2Finclude%2Fpython2.7%2Fpystrcmp.h&path=%2F%2Fusr%2Finclude%2Fpython2.7 HTTP/1.1" 200 35563 "-" "Mozilla/5.0 AppleWebKit/537.36 (KHTML, like Gecko; compatible; ClaudeBot/1.0; +claudebot@anthropic.com)"
74.234.86.1 - - [16/Apr/2026:12:39:34 +0000] "GET /ws61.php HTTP/1.1" 404 72273 "-" "-"
74.234.86.1 - - [16/Apr/2026:12:39:34 +0000] "GET /ws66.php HTTP/1.1" 404 72273 "-" "-"
35.245.216.104 - - [16/Apr/2026:12:39:34 +0000] "GET /feed/ HTTP/1.1" 301 43918 "-" "Wget/1.18 (linux-gnu)"
74.234.86.1 - - [16/Apr/2026:12:39:34 +0000] "GET /ws80.php HTTP/1.1" 404 72273 "-" "-"
35.245.216.104 - - [16/Apr/2026:12:39:34 +0000] "GET /feed/ HTTP/1.1" 200 86365 "-" "Wget/1.18 (linux-gnu)"
74.234.86.1 - - [16/Apr/2026:12:39:34 +0000] "GET /xynz.php HTTP/1.1" 404 72273 "-" "-"
195.250.26.131 - - [16/Apr/2026:12:39:35 +0000] "POST /wp-cron.php?doing_wp_cron=1776343175.1768260002136230468750 HTTP/1.1" 200 0 "-" "WordPress/6.9.4; http://dolfansnyc.com"
74.234.86.1 - - [16/Apr/2026:12:39:35 +0000] "GET /wp-01ul.php HTTP/1.1" 404 72285 "-" "-"
74.234.86.1 - - [16/Apr/2026:12:39:35 +0000] "GET /e7.php HTTP/1.1" 404 72265 "-" "-"
74.234.86.1 - - [16/Apr/2026:12:39:35 +0000] "GET /e3.php HTTP/1.1" 404 72265 "-" "-"
74.234.86.1 - - [16/Apr/2026:12:39:35 +0000] "GET /aevly.php HTTP/1.1" 404 72277 "-" "-"
74.234.86.1 - - [16/Apr/2026:12:39:36 +0000] "GET /bthil.php HTTP/1.1" 404 72277 "-" "-"
74.234.86.1 - - [16/Apr/2026:12:39:37 +0000] "GET /wp-class.php HTTP/1.1" 404 72289 "-" "-"
74.234.86.1 - - [16/Apr/2026:12:39:37 +0000] "GET /cilus.php HTTP/1.1" 404 72277 "-" "-"
74.234.86.1 - - [16/Apr/2026:12:39:37 +0000] "GET /d.php HTTP/1.1" 404 72261 "-" "-"
74.234.86.1 - - [16/Apr/2026:12:39:37 +0000] "GET /error_log.php HTTP/1.1" 404 72293 "-" "-"
74.234.86.1 - - [16/Apr/2026:12:39:38 +0000] "GET /Ov-Simple1.php HTTP/1.1" 404 72297 "-" "-"
74.234.86.1 - - [16/Apr/2026:12:39:38 +0000] "GET /curl.php HTTP/1.1" 404 72273 "-" "-"
74.234.86.1 - - [16/Apr/2026:12:39:39 +0000] "GET /sallu.php HTTP/1.1" 404 72277 "-" "-"
74.234.86.1 - - [16/Apr/2026:12:39:39 +0000] "GET //f6.php HTTP/1.1" 301 43911 "-" "-"
74.234.86.1 - - [16/Apr/2026:12:39:39 +0000] "GET /f6.php HTTP/1.1" 404 72265 "-" "-"
74.234.86.1 - - [16/Apr/2026:12:39:39 +0000] "GET //edit.php HTTP/1.1" 301 43911 "-" "-"
74.234.86.1 - - [16/Apr/2026:12:39:39 +0000] "GET /edit.php HTTP/1.1" 404 72273 "-" "-"
74.234.86.1 - - [16/Apr/2026:12:39:40 +0000] "GET //aa.php HTTP/1.1" 301 43911 "-" "-"
74.234.86.1 - - [16/Apr/2026:12:39:40 +0000] "GET /aa.php HTTP/1.1" 404 72265 "-" "-"
74.234.86.1 - - [16/Apr/2026:12:39:40 +0000] "GET /goods_260325043000.php HTTP/1.1" 404 72329 "-" "-"
216.73.216.138 - - [16/Apr/2026:12:39:40 +0000] "GET /tag/metlifetakover/?filesrc=%2F%2Fusr%2Finclude%2Fpython2.7%2Fintrcheck.h&path=%2F%2Fusr%2Finclude%2Fpython2.7 HTTP/1.1" 200 35375 "-" "Mozilla/5.0 AppleWebKit/537.36 (KHTML, like Gecko; compatible; ClaudeBot/1.0; +claudebot@anthropic.com)"
74.234.86.1 - - [16/Apr/2026:12:39:40 +0000] "GET /goods_260401065719.php HTTP/1.1" 404 72329 "-" "-"
216.73.216.138 - - [16/Apr/2026:12:39:45 +0000] "GET /tag/metlifetakover/?filesrc=%2F%2Fusr%2Finclude%2Fpython3.6m%2Fpylifecycle.h&path=%2F%2Fusr%2Finclude%2Fpython3.6m HTTP/1.1" 200 39195 "-" "Mozilla/5.0 AppleWebKit/537.36 (KHTML, like Gecko; compatible; ClaudeBot/1.0; +claudebot@anthropic.com)"
216.73.216.138 - - [16/Apr/2026:12:39:50 +0000] "GET /tag/metlifetakover/?filesrc=%2F%2Fusr%2Finclude%2Fpython2.7%2Fosdefs.h&path=%2F%2Fusr%2Finclude%2Fpython2.7 HTTP/1.1" 200 36283 "-" "Mozilla/5.0 AppleWebKit/537.36 (KHTML, like Gecko; compatible; ClaudeBot/1.0; +claudebot@anthropic.com)"
216.73.216.138 - - [16/Apr/2026:12:39:55 +0000] "GET /tag/metlifetakover/?filesrc=%2F%2Fusr%2Finclude%2Fpython2.7%2Fpyconfig-64.h&path=%2F%2Fusr%2Finclude%2Fpython2.7 HTTP/1.1" 200 74915 "-" "Mozilla/5.0 AppleWebKit/537.36 (KHTML, like Gecko; compatible; ClaudeBot/1.0; +claudebot@anthropic.com)"
216.73.216.138 - - [16/Apr/2026:12:40:00 +0000] "GET /tag/practice/?path=%2F%2Fsys%2Fmodule%2Fsyscopyarea%2Fnotes HTTP/1.1" 200 41643 "-" "Mozilla/5.0 AppleWebKit/537.36 (KHTML, like Gecko; compatible; ClaudeBot/1.0; +claudebot@anthropic.com)"
216.73.216.138 - - [16/Apr/2026:12:40:06 +0000] "GET /tag/metlifetakover/?filesrc=%2F%2Fusr%2Finclude%2Fpython2.7%2Fpyport.h&path=%2F%2Fusr%2Finclude%2Fpython2.7 HTTP/1.1" 200 68787 "-" "Mozilla/5.0 AppleWebKit/537.36 (KHTML, like Gecko; compatible; ClaudeBot/1.0; +claudebot@anthropic.com)"
216.73.216.138 - - [16/Apr/2026:12:40:10 +0000] "GET /tag/metlifetakover/?filesrc=%2F%2Fusr%2Finclude%2Fpython3.6m%2Fpgenheaders.h&path=%2F%2Fusr%2Finclude%2Fpython3.6m HTTP/1.1" 200 36300 "-" "Mozilla/5.0 AppleWebKit/537.36 (KHTML, like Gecko; compatible; ClaudeBot/1.0; +claudebot@anthropic.com)"
52.200.93.170 - - [16/Apr/2026:12:40:14 +0000] "GET /2013/06/21/introducing-the-new-dolfans-nyc-logo/comment-page-1/?filesrc=/home/drivenby/dolfansnyc.com/wp-comments-post.php&path=/home/drivenby/dolfansnyc.com HTTP/1.1" 301 7178 "-" "Mozilla/5.0 AppleWebKit/537.36 (KHTML, like Gecko; compatible; Amazonbot/0.1; +https://developer.amazon.com/support/amazonbot) Chrome/119.0.6045.214 Safari/537.36"
52.200.93.170 - - [16/Apr/2026:12:40:15 +0000] "GET /2013/06/21/introducing-the-new-dolfans-nyc-logo/comment-page-1/?filesrc=/home/drivenby/dolfansnyc.com/wp-comments-post.php&path=/home/drivenby/dolfansnyc.com HTTP/1.1" 301 7178 "-" "Mozilla/5.0 AppleWebKit/537.36 (KHTML, like Gecko; compatible; Amazonbot/0.1; +https://developer.amazon.com/support/amazonbot) Chrome/119.0.6045.214 Safari/537.36"
216.73.216.138 - - [16/Apr/2026:12:40:15 +0000] "GET /tag/practice/?path=%2F%2Fsys%2Fmodule%2Fext4%2Fnotes HTTP/1.1" 200 41538 "-" "Mozilla/5.0 AppleWebKit/537.36 (KHTML, like Gecko; compatible; ClaudeBot/1.0; +claudebot@anthropic.com)"
216.73.216.138 - - [16/Apr/2026:12:40:20 +0000] "GET /tag/metlifetakover/?filesrc=%2F%2Fusr%2Finclude%2Fpython2.7%2Fpydebug.h&path=%2F%2Fusr%2Finclude%2Fpython2.7 HTTP/1.1" 200 36436 "-" "Mozilla/5.0 AppleWebKit/537.36 (KHTML, like Gecko; compatible; ClaudeBot/1.0; +claudebot@anthropic.com)"
17.241.219.36 - - [16/Apr/2026:12:40:22 +0000] "GET /wp-content/uploads/2011/08/taylor-nypost.jpg HTTP/1.1" 200 68850 "-" "Mozilla/5.0 (Macintosh; Intel Mac OS X 10_15_7) AppleWebKit/605.1.15 (KHTML, like Gecko) Version/17.4 Safari/605.1.15 (Applebot/0.1; +http://www.apple.com/go/applebot)"
216.73.216.138 - - [16/Apr/2026:12:40:25 +0000] "GET /tag/metlifetakover/?filesrc=%2F%2Fusr%2Finclude%2Fpython2.7%2Fpgen.h&path=%2F%2Fusr%2Finclude%2Fpython2.7 HTTP/1.1" 200 35349 "-" "Mozilla/5.0 AppleWebKit/537.36 (KHTML, like Gecko; compatible; ClaudeBot/1.0; +claudebot@anthropic.com)"
216.73.216.138 - - [16/Apr/2026:12:40:30 +0000] "GET /tag/metlifetakover/?filesrc=%2F%2Fusr%2Finclude%2Fpython3.6m%2Fpy_curses.h&path=%2F%2Fusr%2Finclude%2Fpython3.6m HTTP/1.1" 200 39538 "-" "Mozilla/5.0 AppleWebKit/537.36 (KHTML, like Gecko; compatible; ClaudeBot/1.0; +claudebot@anthropic.com)"
98.84.184.80 - - [16/Apr/2026:12:40:30 +0000] "GET /2009/10/28/moving-forward/?filesrc=/home/drivenby/dolfansnyc.com/wp-cron-tasks.php&path=/home/drivenby/dolfansnyc.com HTTP/1.1" 200 43416 "-" "Mozilla/5.0 AppleWebKit/537.36 (KHTML, like Gecko; compatible; Amazonbot/0.1; +https://developer.amazon.com/support/amazonbot) Chrome/119.0.6045.214 Safari/537.36"
216.73.216.138 - - [16/Apr/2026:12:40:35 +0000] "GET /tag/practice/?path=%2F%2Fsys%2Fmodule%2Fkernel%2Fparameters HTTP/1.1" 200 51636 "-" "Mozilla/5.0 AppleWebKit/537.36 (KHTML, like Gecko; compatible; ClaudeBot/1.0; +claudebot@anthropic.com)"
35.245.216.104 - - [16/Apr/2026:12:40:52 +0000] "GET /feed/ HTTP/1.1" 301 43918 "-" "Wget/1.18 (linux-gnu)"
35.245.216.104 - - [16/Apr/2026:12:40:53 +0000] "GET /feed/ HTTP/1.1" 200 86365 "-" "Wget/1.18 (linux-gnu)"
54.90.8.255 - - [16/Apr/2026:12:40:58 +0000] "GET /category/on-the-road/?filesrc=/home/drivenby/dolfansnyc.com/wp-blog-header.php&path=/home/drivenby/dolfansnyc.com HTTP/1.1" 200 100948 "-" "Mozilla/5.0 AppleWebKit/537.36 (KHTML, like Gecko; compatible; Amazonbot/0.1; +https://developer.amazon.com/support/amazonbot) Chrome/119.0.6045.214 Safari/537.36"
44.205.74.196 - - [16/Apr/2026:12:41:10 +0000] "GET /2010/11/27/the-raiders/?filesrc=/home/drivenby/dolfansnyc.com/index.php&path=/home/drivenby/dolfansnyc.com HTTP/1.1" 200 39485 "-" "Mozilla/5.0 AppleWebKit/537.36 (KHTML, like Gecko; compatible; Amazonbot/0.1; +https://developer.amazon.com/support/amazonbot) Chrome/119.0.6045.214 Safari/537.36"
216.73.216.138 - - [16/Apr/2026:12:41:37 +0000] "GET /tag/practice/?filesrc=%2F%2Fsys%2Fmodule%2Fext4%2Fsections%2F.altinstructions&path=%2F%2Fsys%2Fmodule%2Fext4%2Fsections HTTP/1.1" 200 39588 "-" "Mozilla/5.0 AppleWebKit/537.36 (KHTML, like Gecko; compatible; ClaudeBot/1.0; +claudebot@anthropic.com)"
216.73.216.138 - - [16/Apr/2026:12:41:42 +0000] "GET /tag/nic-grigsby/?filesrc=%2F%2Flib64%2Fpython3.6%2Fpipes.py&path=%2F%2Flib64%2Fpython3.6 HTTP/1.1" 200 54043 "-" "Mozilla/5.0 AppleWebKit/537.36 (KHTML, like Gecko; compatible; ClaudeBot/1.0; +claudebot@anthropic.com)"
216.73.216.138 - - [16/Apr/2026:12:41:47 +0000] "GET /tag/nic-grigsby/?filesrc=%2F%2Flib64%2Fpython2.7%2Flib2to3%2Ffixes%2Ffix_buffer.py&path=%2F%2Flib64%2Fpython2.7%2Flib2to3%2Ffixes HTTP/1.1" 200 44804 "-" "Mozilla/5.0 AppleWebKit/537.36 (KHTML, like Gecko; compatible; ClaudeBot/1.0; +claudebot@anthropic.com)"
216.73.216.138 - - [16/Apr/2026:12:41:52 +0000] "GET /tag/practice/?path=%2F%2Fsys%2Fdevices%2Fkprobe%2Fformat HTTP/1.1" 200 41557 "-" "Mozilla/5.0 AppleWebKit/537.36 (KHTML, like Gecko; compatible; ClaudeBot/1.0; +claudebot@anthropic.com)"
216.73.216.138 - - [16/Apr/2026:12:41:57 +0000] "GET /tag/nic-grigsby/?filesrc=%2F%2Flib64%2Fpython3.12%2Femail%2Futils.py&path=%2F%2Flib64%2Fpython3.12%2Femail HTTP/1.1" 200 62009 "-" "Mozilla/5.0 AppleWebKit/537.36 (KHTML, like Gecko; compatible; ClaudeBot/1.0; +claudebot@anthropic.com)"
35.245.216.104 - - [16/Apr/2026:12:41:58 +0000] "GET /feed/ HTTP/1.1" 301 43918 "-" "Wget/1.18 (linux-gnu)"
35.245.216.104 - - [16/Apr/2026:12:41:58 +0000] "GET /feed/ HTTP/1.1" 200 86365 "-" "Wget/1.18 (linux-gnu)"
216.73.216.138 - - [16/Apr/2026:12:42:02 +0000] "GET /tag/nic-grigsby/?filesrc=%2F%2Flib64%2Fpython3.12%2Fcurses%2Fhas_key.py&path=%2F%2Flib64%2Fpython3.12%2Fcurses HTTP/1.1" 200 51121 "-" "Mozilla/5.0 AppleWebKit/537.36 (KHTML, like Gecko; compatible; ClaudeBot/1.0; +claudebot@anthropic.com)"
216.73.216.138 - - [16/Apr/2026:12:42:08 +0000] "GET /tag/nic-grigsby/?filesrc=%2F%2Flib64%2Fpython2.7%2Fshelve.pyc&path=%2F%2Flib64%2Fpython2.7 HTTP/1.1" 200 54447 "-" "Mozilla/5.0 AppleWebKit/537.36 (KHTML, like Gecko; compatible; ClaudeBot/1.0; +claudebot@anthropic.com)"
216.73.216.138 - - [16/Apr/2026:12:42:12 +0000] "GET /tag/mnf/?path=%2F%2Fusr%2Fshare%2Fcloudlinux-linksafe HTTP/1.1" 200 45283 "-" "Mozilla/5.0 AppleWebKit/537.36 (KHTML, like Gecko; compatible; ClaudeBot/1.0; +claudebot@anthropic.com)"
35.245.216.104 - - [16/Apr/2026:12:42:14 +0000] "GET /feed/ HTTP/1.1" 301 43918 "-" "Wget/1.18 (linux-gnu)"
35.245.216.104 - - [16/Apr/2026:12:42:14 +0000] "GET /feed/ HTTP/1.1" 200 86365 "-" "Wget/1.18 (linux-gnu)"
216.73.216.138 - - [16/Apr/2026:12:42:17 +0000] "GET /tag/practice/?path=%2F%2Fsys%2Fdevices%2Fvirtual%2Ftty%2Ftty HTTP/1.1" 200 44693 "-" "Mozilla/5.0 AppleWebKit/537.36 (KHTML, like Gecko; compatible; ClaudeBot/1.0; +claudebot@anthropic.com)"
216.73.216.138 - - [16/Apr/2026:12:42:22 +0000] "GET /tag/mnf/?filesrc=%2F%2Fscripts%2Fgetremotecpmove&path=%2F%2Fscripts HTTP/1.1" 200 57304 "-" "Mozilla/5.0 AppleWebKit/537.36 (KHTML, like Gecko; compatible; ClaudeBot/1.0; +claudebot@anthropic.com)"
216.73.216.138 - - [16/Apr/2026:12:42:33 +0000] "GET /tag/nic-grigsby/?filesrc=%2F%2Flib64%2Fpython2.7%2Flib2to3%2Ffixes%2Ffix_standarderror.py&path=%2F%2Flib64%2Fpython2.7%2Flib2to3%2Ffixes HTTP/1.1" 200 44631 "-" "Mozilla/5.0 AppleWebKit/537.36 (KHTML, like Gecko; compatible; ClaudeBot/1.0; +claudebot@anthropic.com)"
216.73.216.138 - - [16/Apr/2026:12:42:37 +0000] "GET /tag/nic-grigsby/?filesrc=%2F%2Flib64%2Fpython3.12%2Femail%2Fheaderregistry.py&path=%2F%2Flib64%2Fpython3.12%2Femail HTTP/1.1" 200 66490 "-" "Mozilla/5.0 AppleWebKit/537.36 (KHTML, like Gecko; compatible; ClaudeBot/1.0; +claudebot@anthropic.com)"
216.73.216.138 - - [16/Apr/2026:12:42:42 +0000] "GET /tag/nic-grigsby/?filesrc=%2F%2Flib64%2Fpython3.12%2Femail%2Ferrors.py&path=%2F%2Flib64%2Fpython3.12%2Femail HTTP/1.1" 200 48653 "-" "Mozilla/5.0 AppleWebKit/537.36 (KHTML, like Gecko; compatible; ClaudeBot/1.0; +claudebot@anthropic.com)"
216.73.216.138 - - [16/Apr/2026:12:42:47 +0000] "GET /tag/practice/?path=%2Fhome%2Fdrivenby%2Fdolfansnyc.com%2Fwp-includes%2Fstyle-engine HTTP/1.1" 200 49390 "-" "Mozilla/5.0 AppleWebKit/537.36 (KHTML, like Gecko; compatible; ClaudeBot/1.0; +claudebot@anthropic.com)"
216.73.216.138 - - [16/Apr/2026:12:42:52 +0000] "GET /tag/practice/?path=%2F%2Fsys%2Fdevices%2Fvirtual%2Ftty%2Ftty51 HTTP/1.1" 200 44739 "-" "Mozilla/5.0 AppleWebKit/537.36 (KHTML, like Gecko; compatible; ClaudeBot/1.0; +claudebot@anthropic.com)"
216.73.216.138 - - [16/Apr/2026:12:42:57 +0000] "GET /tag/nic-grigsby/?filesrc=%2F%2Flib64%2Fpython2.7%2Flib2to3%2F__init__.pyc&path=%2F%2Flib64%2Fpython2.7%2Flib2to3 HTTP/1.1" 200 44108 "-" "Mozilla/5.0 AppleWebKit/537.36 (KHTML, like Gecko; compatible; ClaudeBot/1.0; +claudebot@anthropic.com)"
216.73.216.138 - - [16/Apr/2026:12:43:02 +0000] "GET /tag/mnf/?filesrc=%2F%2Fusr%2Fbin%2Fjsonpointer-3&path=%2F%2Fusr%2Fbin HTTP/1.1" 200 44011 "-" "Mozilla/5.0 AppleWebKit/537.36 (KHTML, like Gecko; compatible; ClaudeBot/1.0; +claudebot@anthropic.com)"
216.73.216.138 - - [16/Apr/2026:12:43:07 +0000] "GET /tag/robert-rose/?path=%2F%2Fproc%2Fthread-self HTTP/1.1" 200 94155 "-" "Mozilla/5.0 AppleWebKit/537.36 (KHTML, like Gecko; compatible; ClaudeBot/1.0; +claudebot@anthropic.com)"
91.92.243.240 - - [16/Apr/2026:12:43:47 +0000] "POST /wp-login.php HTTP/1.1" 403 0 "-" "Mozilla/5.0"
91.92.243.240 - - [16/Apr/2026:12:43:47 +0000] "POST /wp-login.php HTTP/1.1" 403 0 "-" "Mozilla/5.0"
91.92.243.240 - - [16/Apr/2026:12:43:47 +0000] "POST /wp-login.php HTTP/1.1" 403 0 "-" "Mozilla/5.0"
91.92.243.240 - - [16/Apr/2026:12:43:47 +0000] "POST /wp-login.php HTTP/1.1" 403 0 "-" "Mozilla/5.0"
35.245.216.104 - - [16/Apr/2026:12:43:57 +0000] "GET /feed/ HTTP/1.1" 301 43918 "-" "Wget/1.18 (linux-gnu)"
35.245.216.104 - - [16/Apr/2026:12:43:58 +0000] "GET /feed/ HTTP/1.1" 200 86365 "-" "Wget/1.18 (linux-gnu)"
44.196.118.6 - - [16/Apr/2026:12:44:02 +0000] "GET /category/on-the-road/?filesrc=/home/drivenby/dolfansnyc.com/readme.html&path=/home/drivenby/dolfansnyc.com HTTP/1.1" 200 109896 "-" "Mozilla/5.0 AppleWebKit/537.36 (KHTML, like Gecko; compatible; Amazonbot/0.1; +https://developer.amazon.com/support/amazonbot) Chrome/119.0.6045.214 Safari/537.36"
216.73.216.138 - - [16/Apr/2026:12:44:06 +0000] "GET /tag/metlifetakover/?path=%2F%2Fsys%2Fmodule%2Fib_core HTTP/1.1" 200 48864 "-" "Mozilla/5.0 AppleWebKit/537.36 (KHTML, like Gecko; compatible; ClaudeBot/1.0; +claudebot@anthropic.com)"
52.22.87.224 - - [16/Apr/2026:12:44:10 +0000] "GET /2010/11/27/the-raiders/?filesrc=/home/drivenby/dolfansnyc.com/llms.txt&path=/home/drivenby/dolfansnyc.com HTTP/1.1" 200 219796 "-" "Mozilla/5.0 AppleWebKit/537.36 (KHTML, like Gecko; compatible; Amazonbot/0.1; +https://developer.amazon.com/support/amazonbot) Chrome/119.0.6045.214 Safari/537.36"
195.250.26.131 - - [16/Apr/2026:12:44:11 +0000] "POST /wp-cron.php?doing_wp_cron=1776343451.0455129146575927734375 HTTP/1.1" 200 0 "-" "WordPress/6.9.4; http://dolfansnyc.com"
216.73.216.138 - - [16/Apr/2026:12:44:11 +0000] "GET /tag/metlifetakover/?path=%2F%2Fsys%2Fmodule%2Fcrc32c_intel HTTP/1.1" 200 48211 "-" "Mozilla/5.0 AppleWebKit/537.36 (KHTML, like Gecko; compatible; ClaudeBot/1.0; +claudebot@anthropic.com)"
216.73.216.138 - - [16/Apr/2026:12:44:15 +0000] "GET /tag/metlifetakover/?path=%2F%2Fsys%2Fkernel%2Ftracing HTTP/1.1" 200 35797 "-" "Mozilla/5.0 AppleWebKit/537.36 (KHTML, like Gecko; compatible; ClaudeBot/1.0; +claudebot@anthropic.com)"
216.73.216.138 - - [16/Apr/2026:12:44:20 +0000] "GET /tag/metlifetakover/?path=%2F%2Fsys%2Fmodule%2Fsg%2Fparameters HTTP/1.1" 200 39614 "-" "Mozilla/5.0 AppleWebKit/537.36 (KHTML, like Gecko; compatible; ClaudeBot/1.0; +claudebot@anthropic.com)"
216.73.216.138 - - [16/Apr/2026:12:44:25 +0000] "GET /tag/practice/?filesrc=%2F%2Fproc%2Fnet%2Fnetstat&path=%2F%2Fproc%2Fnet HTTP/1.1" 200 42836 "-" "Mozilla/5.0 AppleWebKit/537.36 (KHTML, like Gecko; compatible; ClaudeBot/1.0; +claudebot@anthropic.com)"
216.73.216.138 - - [16/Apr/2026:12:44:31 +0000] "GET /tag/metlifetakover/?filesrc=%2F%2Fusr%2Finclude%2Fform.h&path=%2F%2Fusr%2Finclude HTTP/1.1" 200 53602 "-" "Mozilla/5.0 AppleWebKit/537.36 (KHTML, like Gecko; compatible; ClaudeBot/1.0; +claudebot@anthropic.com)"
216.73.216.138 - - [16/Apr/2026:12:44:36 +0000] "GET /tag/nic-grigsby/?filesrc=%2F%2Flib64%2Fpython2.7%2Flib2to3%2Ffixes%2Ffix_xrange.pyo&path=%2F%2Flib64%2Fpython2.7%2Flib2to3%2Ffixes HTTP/1.1" 200 47437 "-" "Mozilla/5.0 AppleWebKit/537.36 (KHTML, like Gecko; compatible; ClaudeBot/1.0; +claudebot@anthropic.com)"
216.73.216.138 - - [16/Apr/2026:12:44:41 +0000] "GET /tag/nic-grigsby/?filesrc=%2F%2Flib64%2Fpython3.6%2Fencodings%2Funicode_internal.py&path=%2F%2Flib64%2Fpython3.6%2Fencodings HTTP/1.1" 200 45240 "-" "Mozilla/5.0 AppleWebKit/537.36 (KHTML, like Gecko; compatible; ClaudeBot/1.0; +claudebot@anthropic.com)"
49.51.253.83 - - [16/Apr/2026:12:44:45 +0000] "GET /?path=/home/drivenby/dolfansnyc.com/99dewa-daftar-situs-poker-online-terpercaya HTTP/1.1" 200 90107 "-" "Mozilla/5.0 (iPhone; CPU iPhone OS 13_2_3 like Mac OS X) AppleWebKit/605.1.15 (KHTML, like Gecko) Version/13.0.3 Mobile/15E148 Safari/604.1"
216.73.216.138 - - [16/Apr/2026:12:44:46 +0000] "GET /tag/nic-grigsby/?filesrc=%2F%2Flib64%2Fpython2.7%2Flib2to3%2Ffixes%2Ffix_paren.pyc&path=%2F%2Flib64%2Fpython2.7%2Flib2to3%2Ffixes HTTP/1.1" 200 45832 "-" "Mozilla/5.0 AppleWebKit/537.36 (KHTML, like Gecko; compatible; ClaudeBot/1.0; +claudebot@anthropic.com)"
216.73.216.138 - - [16/Apr/2026:12:44:51 +0000] "GET /tag/nic-grigsby/?filesrc=%2F%2Flib64%2Fpython2.7%2Flib2to3%2Ffixes%2Ffix_paren.py&path=%2F%2Flib64%2Fpython2.7%2Flib2to3%2Ffixes HTTP/1.1" 200 45565 "-" "Mozilla/5.0 AppleWebKit/537.36 (KHTML, like Gecko; compatible; ClaudeBot/1.0; +claudebot@anthropic.com)"
216.73.216.138 - - [16/Apr/2026:12:44:56 +0000] "GET /tag/tom-brady/?filesrc=%2Fhome%2Fdrivenby%2Fdolfansnyc.com%2Fwp-admin%2Fnetwork%2Fsetup.php&path=%2Fhome%2Fdrivenby%2Fdolfansnyc.com%2Fwp-admin%2Fnetwork HTTP/1.1" 200 43025 "-" "Mozilla/5.0 AppleWebKit/537.36 (KHTML, like Gecko; compatible; ClaudeBot/1.0; +claudebot@anthropic.com)"
216.73.216.138 - - [16/Apr/2026:12:45:01 +0000] "GET /tag/tom-brady/?filesrc=%2Fhome%2Fdrivenby%2Fdolfansnyc.com%2Fwp-admin%2Fnetwork%2Fadmin.php&path=%2Fhome%2Fdrivenby%2Fdolfansnyc.com%2Fwp-admin%2Fnetwork HTTP/1.1" 200 43834 "-" "Mozilla/5.0 AppleWebKit/537.36 (KHTML, like Gecko; compatible; ClaudeBot/1.0; +claudebot@anthropic.com)"
216.73.216.138 - - [16/Apr/2026:12:45:06 +0000] "GET /tag/nic-grigsby/?filesrc=%2F%2Flib64%2Fpython2.7%2Flib2to3%2Ffixes%2Ffix_sys_exc.pyc&path=%2F%2Flib64%2Fpython2.7%2Flib2to3%2Ffixes HTTP/1.1" 200 45913 "-" "Mozilla/5.0 AppleWebKit/537.36 (KHTML, like Gecko; compatible; ClaudeBot/1.0; +claudebot@anthropic.com)"
216.73.216.138 - - [16/Apr/2026:12:45:11 +0000] "GET /tag/nic-grigsby/?filesrc=%2F%2Flib64%2Fpython2.7%2Flib2to3%2Ffixes%2Ffix_itertools.pyo&path=%2F%2Flib64%2Fpython2.7%2Flib2to3%2Ffixes HTTP/1.1" 200 46078 "-" "Mozilla/5.0 AppleWebKit/537.36 (KHTML, like Gecko; compatible; ClaudeBot/1.0; +claudebot@anthropic.com)"
216.73.216.138 - - [16/Apr/2026:12:45:16 +0000] "GET /tag/nic-grigsby/?filesrc=%2F%2Flib64%2Fpython2.7%2Flib2to3%2Ffixes%2Ffix_basestring.pyc&path=%2F%2Flib64%2Fpython2.7%2Flib2to3%2Ffixes HTTP/1.1" 200 44932 "-" "Mozilla/5.0 AppleWebKit/537.36 (KHTML, like Gecko; compatible; ClaudeBot/1.0; +claudebot@anthropic.com)"
216.73.216.138 - - [16/Apr/2026:12:45:21 +0000] "GET /tag/nic-grigsby/?filesrc=%2F%2Flib64%2Fpython2.7%2Flib2to3%2Ffixes%2Ffix_basestring.py&path=%2F%2Flib64%2Fpython2.7%2Flib2to3%2Ffixes HTTP/1.1" 200 44479 "-" "Mozilla/5.0 AppleWebKit/537.36 (KHTML, like Gecko; compatible; ClaudeBot/1.0; +claudebot@anthropic.com)"
216.73.216.138 - - [16/Apr/2026:12:45:26 +0000] "GET /tag/nic-grigsby/?filesrc=%2F%2Flib64%2Fpython2.7%2Flib2to3%2Ffixes%2Ffix_sys_exc.py&path=%2F%2Flib64%2Fpython2.7%2Flib2to3%2Ffixes HTTP/1.1" 200 45332 "-" "Mozilla/5.0 AppleWebKit/537.36 (KHTML, like Gecko; compatible; ClaudeBot/1.0; +claudebot@anthropic.com)"
35.245.216.104 - - [16/Apr/2026:12:45:26 +0000] "GET /feed/ HTTP/1.1" 301 43918 "-" "Wget/1.18 (linux-gnu)"
35.245.216.104 - - [16/Apr/2026:12:45:26 +0000] "GET /feed/ HTTP/1.1" 200 86365 "-" "Wget/1.18 (linux-gnu)"
216.73.216.138 - - [16/Apr/2026:12:45:31 +0000] "GET /tag/nic-grigsby/?filesrc=%2F%2Flib64%2Fpython2.7%2Flib2to3%2Ffixes%2Ffix_throw.pyo&path=%2F%2Flib64%2Fpython2.7%2Flib2to3%2Ffixes HTTP/1.1" 200 46322 "-" "Mozilla/5.0 AppleWebKit/537.36 (KHTML, like Gecko; compatible; ClaudeBot/1.0; +claudebot@anthropic.com)"
216.73.216.138 - - [16/Apr/2026:12:45:36 +0000] "GET /tag/mnf/?path=%2F%2Fopt%2Fcpanel%2Fea-php84%2Froot HTTP/1.1" 200 60505 "-" "Mozilla/5.0 AppleWebKit/537.36 (KHTML, like Gecko; compatible; ClaudeBot/1.0; +claudebot@anthropic.com)"
216.73.216.138 - - [16/Apr/2026:12:45:41 +0000] "GET /tag/mnf/?path=%2F%2Fusr%2Fshare%2Fsystemd HTTP/1.1" 200 45757 "-" "Mozilla/5.0 AppleWebKit/537.36 (KHTML, like Gecko; compatible; ClaudeBot/1.0; +claudebot@anthropic.com)"
216.73.216.138 - - [16/Apr/2026:12:45:46 +0000] "GET /tag/practice/?filesrc=%2F%2Fproc%2Fself%2Fsetgroups&path=%2F%2Fproc%2Fself HTTP/1.1" 200 39354 "-" "Mozilla/5.0 AppleWebKit/537.36 (KHTML, like Gecko; compatible; ClaudeBot/1.0; +claudebot@anthropic.com)"
216.73.216.138 - - [16/Apr/2026:12:45:51 +0000] "GET /tag/mnf/?path=%2F%2Fusr%2Fshare%2FGeoIP HTTP/1.1" 200 45746 "-" "Mozilla/5.0 AppleWebKit/537.36 (KHTML, like Gecko; compatible; ClaudeBot/1.0; +claudebot@anthropic.com)"
216.73.216.138 - - [16/Apr/2026:12:45:56 +0000] "GET /tag/nic-grigsby/?filesrc=%2F%2Flib64%2Fpython2.7%2Flib2to3%2Ffixes%2Ffix_reduce.pyc&path=%2F%2Flib64%2Fpython2.7%2Flib2to3%2Ffixes HTTP/1.1" 200 45555 "-" "Mozilla/5.0 AppleWebKit/537.36 (KHTML, like Gecko; compatible; ClaudeBot/1.0; +claudebot@anthropic.com)"
23.23.99.55 - - [16/Apr/2026:12:46:06 +0000] "GET /2009/11/28/over-500/feed/?filesrc=/home/drivenby/dolfansnyc.com/dolfansnyc.jpg&path=/home/drivenby/dolfansnyc.com HTTP/1.1" 301 221416 "-" "Mozilla/5.0 AppleWebKit/537.36 (KHTML, like Gecko; compatible; Amazonbot/0.1; +https://developer.amazon.com/support/amazonbot) Chrome/119.0.6045.214 Safari/537.36"
3.227.180.70 - - [16/Apr/2026:12:46:06 +0000] "GET /2009/11/28/over-500/feed/?filesrc=/home/drivenby/dolfansnyc.com/dolfansnyc.jpg&path=/home/drivenby/dolfansnyc.com HTTP/1.1" 301 221417 "-" "Mozilla/5.0 AppleWebKit/537.36 (KHTML, like Gecko; compatible; Amazonbot/0.1; +https://developer.amazon.com/support/amazonbot) Chrome/119.0.6045.214 Safari/537.36"
35.245.216.104 - - [16/Apr/2026:12:46:53 +0000] "GET /feed/ HTTP/1.1" 301 43918 "-" "Wget/1.18 (linux-gnu)"
35.245.216.104 - - [16/Apr/2026:12:46:53 +0000] "GET /feed/ HTTP/1.1" 200 86365 "-" "Wget/1.18 (linux-gnu)"
35.245.216.104 - - [16/Apr/2026:12:47:11 +0000] "GET /feed/ HTTP/1.1" 301 43918 "-" "Wget/1.18 (linux-gnu)"
35.245.216.104 - - [16/Apr/2026:12:47:11 +0000] "GET /feed/ HTTP/1.1" 200 86365 "-" "Wget/1.18 (linux-gnu)"
69.164.196.53 - - [16/Apr/2026:12:47:16 +0000] "GET /?sucurianticache=2122017080 HTTP/1.1" 200 126607 "-" "Sucuri Uptime Monitor"
69.164.219.45 - - [16/Apr/2026:12:47:17 +0000] "GET /?sucurianticache=618052245 HTTP/1.1" 200 126603 "-" "Sucuri Uptime Monitor"
52.200.142.199 - - [16/Apr/2026:12:47:22 +0000] "GET /2009/10/28/moving-forward/?path=/home/drivenby/dolfansnyc.com/.tmb HTTP/1.1" 200 46323 "-" "Mozilla/5.0 AppleWebKit/537.36 (KHTML, like Gecko; compatible; Amazonbot/0.1; +https://developer.amazon.com/support/amazonbot) Chrome/119.0.6045.214 Safari/537.36"
216.73.216.138 - - [16/Apr/2026:12:47:35 +0000] "GET /tag/metlifetakover/?filesrc=%2F%2Fusr%2Finclude%2Fpython2.7%2Fstringobject.h&path=%2F%2Fusr%2Finclude%2Fpython2.7 HTTP/1.1" 200 43154 "-" "Mozilla/5.0 AppleWebKit/537.36 (KHTML, like Gecko; compatible; ClaudeBot/1.0; +claudebot@anthropic.com)"
216.73.216.138 - - [16/Apr/2026:12:47:39 +0000] "GET /tag/metlifetakover/?filesrc=%2F%2Fusr%2Finclude%2Fpython2.7%2Fpythonrun.h&path=%2F%2Fusr%2Finclude%2Fpython2.7 HTTP/1.1" 200 42377 "-" "Mozilla/5.0 AppleWebKit/537.36 (KHTML, like Gecko; compatible; ClaudeBot/1.0; +claudebot@anthropic.com)"
35.245.216.104 - - [16/Apr/2026:12:48:10 +0000] "GET /feed/ HTTP/1.1" 301 43918 "-" "Wget/1.18 (linux-gnu)"
35.245.216.104 - - [16/Apr/2026:12:48:10 +0000] "GET /feed/ HTTP/1.1" 200 86365 "-" "Wget/1.18 (linux-gnu)"
57.141.20.51 - - [16/Apr/2026:12:48:12 +0000] "GET /2025/12/10/2025-metlifetakeover-photos-recap/?filesrc=//lib64/libisccfg.so.163&path=//lib64 HTTP/1.1" 200 312768 "-" "meta-externalagent/1.1 (+https://developers.facebook.com/docs/sharing/webmasters/crawler)"
57.141.20.6 - - [16/Apr/2026:12:48:12 +0000] "GET /wp-content/themes/dolfansnyc-new/images/mlt-banner.jpg HTTP/1.1" 200 136800 "http://dolfansnyc.com/2025/12/10/2025-metlifetakeover-photos-recap/?filesrc=//lib64/libisccfg.so.163&path=//lib64" "meta-externalagent/1.1 (+https://developers.facebook.com/docs/sharing/webmasters/crawler)"
57.141.20.7 - - [16/Apr/2026:12:48:12 +0000] "GET /wp-content/uploads/2025/07/cropped-dolfansnyc-banner.jpg HTTP/1.1" 404 72481 "http://dolfansnyc.com/2025/12/10/2025-metlifetakeover-photos-recap/?filesrc=//lib64/libisccfg.so.163&path=//lib64" "meta-externalagent/1.1 (+https://developers.facebook.com/docs/sharing/webmasters/crawler)"
91.92.243.240 - - [16/Apr/2026:12:48:15 +0000] "POST /wp-login.php HTTP/1.1" 403 0 "-" "Mozilla/5.0"
91.92.243.240 - - [16/Apr/2026:12:48:15 +0000] "POST /wp-login.php HTTP/1.1" 403 0 "-" "Mozilla/5.0"
91.92.243.240 - - [16/Apr/2026:12:48:15 +0000] "POST /wp-login.php HTTP/1.1" 403 0 "-" "Mozilla/5.0"
91.92.243.240 - - [16/Apr/2026:12:48:15 +0000] "POST /wp-login.php HTTP/1.1" 403 0 "-" "Mozilla/5.0"
57.141.20.13 - - [16/Apr/2026:12:48:23 +0000] "GET /2025/12/10/2025-metlifetakeover-photos-recap/?filesrc=//lib64/libpoco-plesk-1.12.4/libPocoNet.so.94&path=//lib64/libpoco-plesk-1.12.4 HTTP/1.1" 200 2619731 "-" "meta-externalagent/1.1 (+https://developers.facebook.com/docs/sharing/webmasters/crawler)"
147.224.49.145 - - [16/Apr/2026:12:48:23 +0000] "GET /wp-content/uploads/2013/11/incognito-hates-taxes-rookies.jpg HTTP/1.1" 200 456821 "-" "Mozilla/5.0 (X11; Linux x86_64) AppleWebKit/537.36 (KHTML, like Gecko) Chrome/120.0.0.0 Safari/537.36"
42.200.231.39 - - [16/Apr/2026:12:48:36 +0000] "GET /robots.txt HTTP/1.1" 200 271 "-" "Mozilla/5.0 (compatible; MJ12bot/v1.4.8; http://mj12bot.com/)"
35.245.216.104 - - [16/Apr/2026:12:48:41 +0000] "GET /feed/ HTTP/1.1" 301 43918 "-" "Wget/1.18 (linux-gnu)"
35.245.216.104 - - [16/Apr/2026:12:48:42 +0000] "GET /feed/ HTTP/1.1" 200 86365 "-" "Wget/1.18 (linux-gnu)"
42.200.231.39 - - [16/Apr/2026:12:48:42 +0000] "GET /2009/09/13/atlanta-game-meet-up-recap/?filebaru&path=/home/drivenby/dolfansnyc.com HTTP/1.1" 200 80244 "-" "Mozilla/5.0 (compatible; MJ12bot/v1.4.8; http://mj12bot.com/)"
35.245.216.104 - - [16/Apr/2026:12:48:45 +0000] "GET /feed/ HTTP/1.1" 301 43918 "-" "Wget/1.18 (linux-gnu)"
35.245.216.104 - - [16/Apr/2026:12:48:45 +0000] "GET /feed/ HTTP/1.1" 200 86365 "-" "Wget/1.18 (linux-gnu)"
42.200.231.39 - - [16/Apr/2026:12:48:49 +0000] "GET /2010/09/18/what%E2%80%99s-your-fantasy-week-2-2010/ HTTP/1.1" 200 78186 "-" "Mozilla/5.0 (compatible; MJ12bot/v1.4.8; http://mj12bot.com/)"
57.141.20.60 - - [16/Apr/2026:12:48:56 +0000] "GET /2025/12/10/2025-metlifetakeover-photos-recap/?filesrc=/home/drivenby/logs/drivenbyboredom.com-Dec-2024_NGINX.gz&path=/home/drivenby/logs HTTP/1.1" 200 13490798 "-" "meta-externalagent/1.1 (+https://developers.facebook.com/docs/sharing/webmasters/crawler)"
42.200.231.39 - - [16/Apr/2026:12:49:04 +0000] "GET /2010/09/18/what%E2%80%99s-your-fantasy-week-2-2010/feed/ HTTP/1.1" 200 44784 "-" "Mozilla/5.0 (compatible; MJ12bot/v1.4.8; http://mj12bot.com/)"
42.200.231.39 - - [16/Apr/2026:12:49:24 +0000] "GET /2010/09/22/what%E2%80%99s-your-fantasy-week-3-2010/ HTTP/1.1" 200 82395 "-" "Mozilla/5.0 (compatible; MJ12bot/v1.4.8; http://mj12bot.com/)"
42.200.231.39 - - [16/Apr/2026:12:49:38 +0000] "GET /2010/09/22/what%E2%80%99s-your-fantasy-week-3-2010/feed/ HTTP/1.1" 200 44784 "-" "Mozilla/5.0 (compatible; MJ12bot/v1.4.8; http://mj12bot.com/)"
42.200.231.39 - - [16/Apr/2026:12:49:51 +0000] "GET /2010/10/08/what%E2%80%99s-your-fantasy-week-5-2010/feed/?filesrc=/home/drivenby/dolfansnyc.com/wp-blog-header.php&path=/home/drivenby/dolfansnyc.com HTTP/1.1" 301 4881 "-" "Mozilla/5.0 (compatible; MJ12bot/v1.4.8; http://mj12bot.com/)"
42.200.231.39 - - [16/Apr/2026:12:49:58 +0000] "GET /2010/10/08/what%E2%80%99s-your-fantasy-week-5-2010/feed/?filesrc=%2Fhome%2Fdrivenby%2Fdolfansnyc.com%2Fwp-blog-header.php&path=%2Fhome%2Fdrivenby%2Fdolfansnyc.com HTTP/1.1" 200 5863 "-" "Mozilla/5.0 (compatible; MJ12bot/v1.4.8; http://mj12bot.com/)"
42.200.231.39 - - [16/Apr/2026:12:50:04 +0000] "GET /2010/10/08/what%E2%80%99s-your-fantasy-week-5-2010/ HTTP/1.1" 200 78414 "-" "Mozilla/5.0 (compatible; MJ12bot/v1.4.8; http://mj12bot.com/)"
42.200.231.39 - - [16/Apr/2026:12:50:23 +0000] "GET /2010/10/16/what%E2%80%99s-your-fantasy-week-6-2010/ HTTP/1.1" 200 77848 "-" "Mozilla/5.0 (compatible; MJ12bot/v1.4.8; http://mj12bot.com/)"
35.245.216.104 - - [16/Apr/2026:12:50:24 +0000] "GET /feed/ HTTP/1.1" 301 43918 "-" "Wget/1.18 (linux-gnu)"
35.245.216.104 - - [16/Apr/2026:12:50:25 +0000] "GET /feed/ HTTP/1.1" 200 86365 "-" "Wget/1.18 (linux-gnu)"
35.245.216.104 - - [16/Apr/2026:12:50:32 +0000] "GET /feed/ HTTP/1.1" 301 43918 "-" "Wget/1.18 (linux-gnu)"
35.245.216.104 - - [16/Apr/2026:12:50:33 +0000] "GET /feed/ HTTP/1.1" 200 86365 "-" "Wget/1.18 (linux-gnu)"
42.200.231.39 - - [16/Apr/2026:12:50:43 +0000] "GET /2010/10/28/what%E2%80%99s-your-fantasy-week-8-2010/ HTTP/1.1" 301 43913 "-" "Mozilla/5.0 (compatible; MJ12bot/v1.4.8; http://mj12bot.com/)"
141.94.194.132 - - [16/Apr/2026:12:50:46 +0000] "GET /tag/photos/feed/ HTTP/1.1" 301 43918 "-" "Mozilla/5.0 (X11; Linux i686) AppleWebKit/537.36 (KHTML, like Gecko) Chrome/30.0.1599.66 Safari/537.36"
141.94.194.132 - - [16/Apr/2026:12:50:46 +0000] "GET /tag/photos/feed/ HTTP/1.1" 200 104488 "-" "Mozilla/5.0 (X11; Linux i686) AppleWebKit/537.36 (KHTML, like Gecko) Chrome/30.0.1599.66 Safari/537.36"
42.200.231.39 - - [16/Apr/2026:12:50:50 +0000] "GET /2010/10/28/whats-your-fantasy-week-8-2010/ HTTP/1.1" 200 83619 "-" "Mozilla/5.0 (compatible; MJ12bot/v1.4.8; http://mj12bot.com/)"
17.246.19.216 - - [16/Apr/2026:12:51:02 +0000] "GET /wp-content/uploads/2010/11/dolfans-nyc-marino.jpg HTTP/1.1" 200 552615 "-" "Mozilla/5.0 (Macintosh; Intel Mac OS X 10_15_7) AppleWebKit/605.1.15 (KHTML, like Gecko) Version/17.4 Safari/605.1.15 (Applebot/0.1; +http://www.apple.com/go/applebot)"
42.200.231.39 - - [16/Apr/2026:12:51:10 +0000] "GET /2010/10/28/what%E2%80%99s-your-fantasy-week-8-2010/feed/ HTTP/1.1" 200 44670 "-" "Mozilla/5.0 (compatible; MJ12bot/v1.4.8; http://mj12bot.com/)"
42.200.231.39 - - [16/Apr/2026:12:51:23 +0000] "GET /2011/09/21/what%E2%80%99s-your-fantasy-%E2%80%93-week-3-2011/ HTTP/1.1" 200 84029 "-" "Mozilla/5.0 (compatible; MJ12bot/v1.4.8; http://mj12bot.com/)"
42.200.231.39 - - [16/Apr/2026:12:51:36 +0000] "GET /2011/09/21/what%E2%80%99s-your-fantasy-%E2%80%93-week-3-2011/feed/ HTTP/1.1" 200 44811 "-" "Mozilla/5.0 (compatible; MJ12bot/v1.4.8; http://mj12bot.com/)"
216.73.216.138 - - [16/Apr/2026:12:52:01 +0000] "GET /tag/brian-hartline/?filesrc=%2F%2Fscripts%2Fpost_snapshot&path=%2F%2Fscripts HTTP/1.1" 200 116892 "-" "Mozilla/5.0 AppleWebKit/537.36 (KHTML, like Gecko; compatible; ClaudeBot/1.0; +claudebot@anthropic.com)"
216.73.216.138 - - [16/Apr/2026:12:52:06 +0000] "GET /tag/tom-brady/?filesrc=%2Fhome%2Fdrivenby%2Fdolfansnyc.com%2Fwp-admin%2Fnetwork%2Fcontribute.php&path=%2Fhome%2Fdrivenby%2Fdolfansnyc.com%2Fwp-admin%2Fnetwork HTTP/1.1" 200 43038 "-" "Mozilla/5.0 AppleWebKit/537.36 (KHTML, like Gecko; compatible; ClaudeBot/1.0; +claudebot@anthropic.com)"
195.250.26.131 - - [16/Apr/2026:12:52:11 +0000] "POST /wp-cron.php?doing_wp_cron=1776343931.6908340454101562500000 HTTP/1.1" 200 0 "-" "WordPress/6.9.4; http://dolfansnyc.com"
216.73.216.138 - - [16/Apr/2026:12:52:12 +0000] "GET /tag/brian-hartline/?filesrc=%2F%2Fscripts%2Frestartsrv_dnsadmin&path=%2F%2Fscripts HTTP/1.1" 200 14368056 "-" "Mozilla/5.0 AppleWebKit/537.36 (KHTML, like Gecko; compatible; ClaudeBot/1.0; +claudebot@anthropic.com)"
216.73.216.138 - - [16/Apr/2026:12:52:16 +0000] "GET /tag/mnf/?path=%2F%2Fusr%2Fshare%2Fipa HTTP/1.1" 200 44155 "-" "Mozilla/5.0 AppleWebKit/537.36 (KHTML, like Gecko; compatible; ClaudeBot/1.0; +claudebot@anthropic.com)"
216.73.216.138 - - [16/Apr/2026:12:52:21 +0000] "GET /tag/tom-brady/?filesrc=%2Fhome%2Fdrivenby%2Fdolfansnyc.com%2Fwp-admin%2Fnetwork%2Fthemes.php&path=%2Fhome%2Fdrivenby%2Fdolfansnyc.com%2Fwp-admin%2Fnetwork HTTP/1.1" 200 62776 "-" "Mozilla/5.0 AppleWebKit/537.36 (KHTML, like Gecko; compatible; ClaudeBot/1.0; +claudebot@anthropic.com)"
216.73.216.138 - - [16/Apr/2026:12:52:26 +0000] "GET /tag/practice/?path=%2F%2Fproc%2F2454715 HTTP/1.1" 200 96281 "-" "Mozilla/5.0 AppleWebKit/537.36 (KHTML, like Gecko; compatible; ClaudeBot/1.0; +claudebot@anthropic.com)"
216.73.216.138 - - [16/Apr/2026:12:52:31 +0000] "GET /tag/practice/?path=%2F%2Fproc%2F3656206 HTTP/1.1" 200 96281 "-" "Mozilla/5.0 AppleWebKit/537.36 (KHTML, like Gecko; compatible; ClaudeBot/1.0; +claudebot@anthropic.com)"
216.73.216.138 - - [16/Apr/2026:12:52:36 +0000] "GET /tag/mnf/?path=%2F%2Fusr%2Fshare%2Fsssd HTTP/1.1" 200 48358 "-" "Mozilla/5.0 AppleWebKit/537.36 (KHTML, like Gecko; compatible; ClaudeBot/1.0; +claudebot@anthropic.com)"
216.73.216.138 - - [16/Apr/2026:12:52:41 +0000] "GET /tag/practice/?path=%2F%2Fproc%2F2742861 HTTP/1.1" 200 96281 "-" "Mozilla/5.0 AppleWebKit/537.36 (KHTML, like Gecko; compatible; ClaudeBot/1.0; +claudebot@anthropic.com)"
57.141.20.58 - - [16/Apr/2026:12:52:45 +0000] "GET /2025/12/10/2025-metlifetakeover-photos-recap/?path=//sys/class/powercap HTTP/1.1" 200 42245 "-" "meta-externalagent/1.1 (+https://developers.facebook.com/docs/sharing/webmasters/crawler)"
57.141.20.41 - - [16/Apr/2026:12:52:45 +0000] "GET /2025/12/10/2025-metlifetakeover-photos-recap/?path=//sys/class/thermal HTTP/1.1" 200 44076 "-" "meta-externalagent/1.1 (+https://developers.facebook.com/docs/sharing/webmasters/crawler)"
57.141.20.57 - - [16/Apr/2026:12:52:45 +0000] "GET /2025/12/10/2025-metlifetakeover-photos-recap/?path=//sys/class/devlink HTTP/1.1" 200 42236 "-" "meta-externalagent/1.1 (+https://developers.facebook.com/docs/sharing/webmasters/crawler)"
57.141.20.35 - - [16/Apr/2026:12:52:45 +0000] "GET /2025/12/10/2025-metlifetakeover-photos-recap/?path=//sys/class/pwm HTTP/1.1" 200 42200 "-" "meta-externalagent/1.1 (+https://developers.facebook.com/docs/sharing/webmasters/crawler)"
216.73.216.138 - - [16/Apr/2026:12:52:46 +0000] "GET /tag/robert-rose/?path=%2F%2Fproc%2F823%2Fmap_files HTTP/1.1" 200 41809 "-" "Mozilla/5.0 AppleWebKit/537.36 (KHTML, like Gecko; compatible; ClaudeBot/1.0; +claudebot@anthropic.com)"
91.92.243.240 - - [16/Apr/2026:12:52:46 +0000] "POST /wp-login.php HTTP/1.1" 403 0 "-" "Mozilla/5.0"
91.92.243.240 - - [16/Apr/2026:12:52:46 +0000] "POST /wp-login.php HTTP/1.1" 403 0 "-" "Mozilla/5.0"
91.92.243.240 - - [16/Apr/2026:12:52:46 +0000] "POST /wp-login.php HTTP/1.1" 403 0 "-" "Mozilla/5.0"
91.92.243.240 - - [16/Apr/2026:12:52:46 +0000] "POST /wp-login.php HTTP/1.1" 403 0 "-" "Mozilla/5.0"
57.141.20.28 - - [16/Apr/2026:12:52:46 +0000] "GET /2025/12/10/2025-metlifetakeover-photos-recap/?cmd&path=//sys/class HTTP/1.1" 200 92512 "-" "meta-externalagent/1.1 (+https://developers.facebook.com/docs/sharing/webmasters/crawler)"
57.141.20.63 - - [16/Apr/2026:12:52:46 +0000] "GET /2025/12/10/2025-metlifetakeover-photos-recap/?path=//sys/class/wakeup HTTP/1.1" 200 56411 "-" "meta-externalagent/1.1 (+https://developers.facebook.com/docs/sharing/webmasters/crawler)"
57.141.20.17 - - [16/Apr/2026:12:52:47 +0000] "GET /2025/12/10/2025-metlifetakeover-photos-recap/?path=//sys/class/usb_power_delivery HTTP/1.1" 200 42335 "-" "meta-externalagent/1.1 (+https://developers.facebook.com/docs/sharing/webmasters/crawler)"
57.141.20.60 - - [16/Apr/2026:12:52:47 +0000] "GET /2025/12/10/2025-metlifetakeover-photos-recap/?path=//sys/class/dmi HTTP/1.1" 200 43056 "-" "meta-externalagent/1.1 (+https://developers.facebook.com/docs/sharing/webmasters/crawler)"
57.141.20.21 - - [16/Apr/2026:12:52:47 +0000] "GET /2025/12/10/2025-metlifetakeover-photos-recap/?path=//sys/class/drm HTTP/1.1" 200 45137 "-" "meta-externalagent/1.1 (+https://developers.facebook.com/docs/sharing/webmasters/crawler)"
57.141.20.63 - - [16/Apr/2026:12:52:47 +0000] "GET /2025/12/10/2025-metlifetakeover-photos-recap/?path=//sys/class/i2c-adapter HTTP/1.1" 200 43164 "-" "meta-externalagent/1.1 (+https://developers.facebook.com/docs/sharing/webmasters/crawler)"
57.141.20.21 - - [16/Apr/2026:12:52:48 +0000] "GET /2025/12/10/2025-metlifetakeover-photos-recap/?path=//sys/class/watchdog HTTP/1.1" 200 42245 "-" "meta-externalagent/1.1 (+https://developers.facebook.com/docs/sharing/webmasters/crawler)"
57.141.20.33 - - [16/Apr/2026:12:52:49 +0000] "GET /2025/12/10/2025-metlifetakeover-photos-recap/?path=//sys/class/vtconsole HTTP/1.1" 200 44034 "-" "meta-externalagent/1.1 (+https://developers.facebook.com/docs/sharing/webmasters/crawler)"
57.141.20.57 - - [16/Apr/2026:12:52:50 +0000] "GET /2025/12/10/2025-metlifetakeover-photos-recap/?dirbaru&path=//sys/class HTTP/1.1" 200 92546 "-" "meta-externalagent/1.1 (+https://developers.facebook.com/docs/sharing/webmasters/crawler)"
57.141.20.42 - - [16/Apr/2026:12:52:50 +0000] "GET /2025/12/10/2025-metlifetakeover-photos-recap/?path=//sys/class/pcmcia_socket HTTP/1.1" 200 42290 "-" "meta-externalagent/1.1 (+https://developers.facebook.com/docs/sharing/webmasters/crawler)"
57.141.20.33 - - [16/Apr/2026:12:52:50 +0000] "GET /2025/12/10/2025-metlifetakeover-photos-recap/?path=//sys/class/retimer HTTP/1.1" 200 42236 "-" "meta-externalagent/1.1 (+https://developers.facebook.com/docs/sharing/webmasters/crawler)"
57.141.20.44 - - [16/Apr/2026:12:52:50 +0000] "GET /2025/12/10/2025-metlifetakeover-photos-recap/?path=//sys/class/raw HTTP/1.1" 200 43072 "-" "meta-externalagent/1.1 (+https://developers.facebook.com/docs/sharing/webmasters/crawler)"
216.73.216.138 - - [16/Apr/2026:12:52:51 +0000] "GET /tag/brian-hartline/?filesrc=%2F%2Fscripts%2Fsuspendacct&path=%2F%2Fscripts HTTP/1.1" 200 134977 "-" "Mozilla/5.0 AppleWebKit/537.36 (KHTML, like Gecko; compatible; ClaudeBot/1.0; +claudebot@anthropic.com)"
57.141.20.12 - - [16/Apr/2026:12:52:51 +0000] "GET /2025/12/10/2025-metlifetakeover-photos-recap/?path=//sys/class/bsg HTTP/1.1" 200 43952 "-" "meta-externalagent/1.1 (+https://developers.facebook.com/docs/sharing/webmasters/crawler)"
57.141.20.49 - - [16/Apr/2026:12:52:51 +0000] "GET /2025/12/10/2025-metlifetakeover-photos-recap/?path=//sys/class/usbmon HTTP/1.1" 200 43997 "-" "meta-externalagent/1.1 (+https://developers.facebook.com/docs/sharing/webmasters/crawler)"
57.141.20.44 - - [16/Apr/2026:12:52:52 +0000] "GET /2025/12/10/2025-metlifetakeover-photos-recap/?path=//sys/class/scsi_generic HTTP/1.1" 200 44055 "-" "meta-externalagent/1.1 (+https://developers.facebook.com/docs/sharing/webmasters/crawler)"
57.141.20.62 - - [16/Apr/2026:12:52:52 +0000] "GET /2025/12/10/2025-metlifetakeover-photos-recap/?path=//sys/class/scsi_host HTTP/1.1" 200 44912 "-" "meta-externalagent/1.1 (+https://developers.facebook.com/docs/sharing/webmasters/crawler)"
57.141.20.44 - - [16/Apr/2026:12:52:53 +0000] "GET /2025/12/10/2025-metlifetakeover-photos-recap/?path=//sys/class/leds HTTP/1.1" 200 44958 "-" "meta-externalagent/1.1 (+https://developers.facebook.com/docs/sharing/webmasters/crawler)"
57.141.20.14 - - [16/Apr/2026:12:52:53 +0000] "GET /2025/12/10/2025-metlifetakeover-photos-recap/?upload&path=//sys/class HTTP/1.1" 200 92520 "-" "meta-externalagent/1.1 (+https://developers.facebook.com/docs/sharing/webmasters/crawler)"
57.141.20.62 - - [16/Apr/2026:12:52:53 +0000] "GET /2025/12/10/2025-metlifetakeover-photos-recap/?path=//sys/class/power_supply HTTP/1.1" 200 42281 "-" "meta-externalagent/1.1 (+https://developers.facebook.com/docs/sharing/webmasters/crawler)"
57.141.20.5 - - [16/Apr/2026:12:52:53 +0000] "GET /2025/12/10/2025-metlifetakeover-photos-recap/?path=//sys/bus/usb HTTP/1.1" 200 47474 "-" "meta-externalagent/1.1 (+https://developers.facebook.com/docs/sharing/webmasters/crawler)"
57.141.20.34 - - [16/Apr/2026:12:52:53 +0000] "GET /2025/12/10/2025-metlifetakeover-photos-recap/?path=//sys/class/vc HTTP/1.1" 200 54265 "-" "meta-externalagent/1.1 (+https://developers.facebook.com/docs/sharing/webmasters/crawler)"
57.141.20.42 - - [16/Apr/2026:12:52:54 +0000] "GET /2025/12/10/2025-metlifetakeover-photos-recap/?upload&path=//sys/dev HTTP/1.1" 200 44181 "-" "meta-externalagent/1.1 (+https://developers.facebook.com/docs/sharing/webmasters/crawler)"
57.141.20.67 - - [16/Apr/2026:12:52:54 +0000] "GET /2025/12/10/2025-metlifetakeover-photos-recap/?path=//sys/class/block HTTP/1.1" 200 46564 "-" "meta-externalagent/1.1 (+https://developers.facebook.com/docs/sharing/webmasters/crawler)"
57.141.20.10 - - [16/Apr/2026:12:52:55 +0000] "GET /2025/12/10/2025-metlifetakeover-photos-recap/?path=//sys/bus/spi HTTP/1.1" 200 47475 "-" "meta-externalagent/1.1 (+https://developers.facebook.com/docs/sharing/webmasters/crawler)"
57.141.20.25 - - [16/Apr/2026:12:52:55 +0000] "GET /2025/12/10/2025-metlifetakeover-photos-recap/?path=//sys/class/typec_mux HTTP/1.1" 200 42254 "-" "meta-externalagent/1.1 (+https://developers.facebook.com/docs/sharing/webmasters/crawler)"
57.141.20.12 - - [16/Apr/2026:12:52:55 +0000] "GET /2025/12/10/2025-metlifetakeover-photos-recap/?path=//sys/class/mdio_bus HTTP/1.1" 200 43136 "-" "meta-externalagent/1.1 (+https://developers.facebook.com/docs/sharing/webmasters/crawler)"
57.141.20.0 - - [16/Apr/2026:12:52:56 +0000] "GET /2025/12/10/2025-metlifetakeover-photos-recap/?filebaru&path=//sys/dev HTTP/1.1" 200 44390 "-" "meta-externalagent/1.1 (+https://developers.facebook.com/docs/sharing/webmasters/crawler)"
216.73.216.138 - - [16/Apr/2026:12:52:56 +0000] "GET /tag/practice/?path=%2F%2Fproc%2F2742938 HTTP/1.1" 200 96281 "-" "Mozilla/5.0 AppleWebKit/537.36 (KHTML, like Gecko; compatible; ClaudeBot/1.0; +claudebot@anthropic.com)"
57.141.20.41 - - [16/Apr/2026:12:52:56 +0000] "GET /2025/12/10/2025-metlifetakeover-photos-recap/?cmd&path=//sys/firmware HTTP/1.1" 200 45998 "-" "meta-externalagent/1.1 (+https://developers.facebook.com/docs/sharing/webmasters/crawler)"
57.141.20.31 - - [16/Apr/2026:12:52:56 +0000] "GET /2025/12/10/2025-metlifetakeover-photos-recap/?path=//sys/bus/pci HTTP/1.1" 200 50702 "-" "meta-externalagent/1.1 (+https://developers.facebook.com/docs/sharing/webmasters/crawler)"
57.141.20.34 - - [16/Apr/2026:12:52:57 +0000] "GET /2025/12/10/2025-metlifetakeover-photos-recap/?path=//sys/class/misc HTTP/1.1" 200 51906 "-" "meta-externalagent/1.1 (+https://developers.facebook.com/docs/sharing/webmasters/crawler)"
35.245.216.104 - - [16/Apr/2026:12:52:57 +0000] "GET /feed/ HTTP/1.1" 301 43918 "-" "Wget/1.18 (linux-gnu)"
57.141.20.30 - - [16/Apr/2026:12:52:58 +0000] "GET /2025/12/10/2025-metlifetakeover-photos-recap/?path=//sys/class/net HTTP/1.1" 200 43920 "-" "meta-externalagent/1.1 (+https://developers.facebook.com/docs/sharing/webmasters/crawler)"
57.141.20.70 - - [16/Apr/2026:12:52:58 +0000] "GET /2025/12/10/2025-metlifetakeover-photos-recap/?path=//sys/class/infiniband HTTP/1.1" 200 42263 "-" "meta-externalagent/1.1 (+https://developers.facebook.com/docs/sharing/webmasters/crawler)"
57.141.20.4 - - [16/Apr/2026:12:52:58 +0000] "GET /2025/12/10/2025-metlifetakeover-photos-recap/?path=//sys/class/hwmon HTTP/1.1" 200 43095 "-" "meta-externalagent/1.1 (+https://developers.facebook.com/docs/sharing/webmasters/crawler)"
35.245.216.104 - - [16/Apr/2026:12:52:58 +0000] "GET /feed/ HTTP/1.1" 200 86365 "-" "Wget/1.18 (linux-gnu)"
57.141.20.3 - - [16/Apr/2026:12:52:58 +0000] "GET /2025/12/10/2025-metlifetakeover-photos-recap/?path=//sys/bus/cpu HTTP/1.1" 200 47474 "-" "meta-externalagent/1.1 (+https://developers.facebook.com/docs/sharing/webmasters/crawler)"
57.141.20.17 - - [16/Apr/2026:12:52:58 +0000] "GET /2025/12/10/2025-metlifetakeover-photos-recap/?mass_deface&path=//sys/class HTTP/1.1" 200 93267 "-" "meta-externalagent/1.1 (+https://developers.facebook.com/docs/sharing/webmasters/crawler)"
57.141.20.29 - - [16/Apr/2026:12:52:58 +0000] "GET /2025/12/10/2025-metlifetakeover-photos-recap/?path=//sys/bus/pci_express HTTP/1.1" 200 47691 "-" "meta-externalagent/1.1 (+https://developers.facebook.com/docs/sharing/webmasters/crawler)"
57.141.20.32 - - [16/Apr/2026:12:52:59 +0000] "GET /2025/12/10/2025-metlifetakeover-photos-recap/?path=//sys/bus/edac HTTP/1.1" 200 47502 "-" "meta-externalagent/1.1 (+https://developers.facebook.com/docs/sharing/webmasters/crawler)"
57.141.20.41 - - [16/Apr/2026:12:53:00 +0000] "GET /2025/12/10/2025-metlifetakeover-photos-recap/?upload&path=//sys/firmware HTTP/1.1" 200 46006 "-" "meta-externalagent/1.1 (+https://developers.facebook.com/docs/sharing/webmasters/crawler)"
57.141.20.27 - - [16/Apr/2026:12:53:00 +0000] "GET /2025/12/10/2025-metlifetakeover-photos-recap/?path=//sys/class/tpmrm HTTP/1.1" 200 42218 "-" "meta-externalagent/1.1 (+https://developers.facebook.com/docs/sharing/webmasters/crawler)"
57.141.20.29 - - [16/Apr/2026:12:53:00 +0000] "GET /2025/12/10/2025-metlifetakeover-photos-recap/?path=//sys/bus/node HTTP/1.1" 200 47502 "-" "meta-externalagent/1.1 (+https://developers.facebook.com/docs/sharing/webmasters/crawler)"
57.141.20.3 - - [16/Apr/2026:12:53:01 +0000] "GET /2025/12/10/2025-metlifetakeover-photos-recap/?path=//sys/class/iommu HTTP/1.1" 200 42217 "-" "meta-externalagent/1.1 (+https://developers.facebook.com/docs/sharing/webmasters/crawler)"
216.73.216.138 - - [16/Apr/2026:12:53:01 +0000] "GET /tag/practice/?path=%2F%2Fproc%2F3708439 HTTP/1.1" 200 40077 "-" "Mozilla/5.0 AppleWebKit/537.36 (KHTML, like Gecko; compatible; ClaudeBot/1.0; +claudebot@anthropic.com)"
57.141.20.2 - - [16/Apr/2026:12:53:01 +0000] "GET /2025/12/10/2025-metlifetakeover-photos-recap/?path=//sys/bus/thunderbolt HTTP/1.1" 200 47690 "-" "meta-externalagent/1.1 (+https://developers.facebook.com/docs/sharing/webmasters/crawler)"
57.141.20.44 - - [16/Apr/2026:12:53:01 +0000] "GET /2025/12/10/2025-metlifetakeover-photos-recap/?path=//sys/bus/hid HTTP/1.1" 200 47475 "-" "meta-externalagent/1.1 (+https://developers.facebook.com/docs/sharing/webmasters/crawler)"
57.141.20.13 - - [16/Apr/2026:12:53:01 +0000] "GET /2025/12/10/2025-metlifetakeover-photos-recap/?path=//sys/class/backlight HTTP/1.1" 200 42254 "-" "meta-externalagent/1.1 (+https://developers.facebook.com/docs/sharing/webmasters/crawler)"
57.141.20.65 - - [16/Apr/2026:12:53:02 +0000] "GET /2025/12/10/2025-metlifetakeover-photos-recap/?path=//sys/module/slab_common HTTP/1.1" 200 44410 "-" "meta-externalagent/1.1 (+https://developers.facebook.com/docs/sharing/webmasters/crawler)"
57.141.20.31 - - [16/Apr/2026:12:53:02 +0000] "GET /2025/12/10/2025-metlifetakeover-photos-recap/?path=//sys/bus/virtio HTTP/1.1" 200 47556 "-" "meta-externalagent/1.1 (+https://developers.facebook.com/docs/sharing/webmasters/crawler)"
57.141.20.41 - - [16/Apr/2026:12:53:03 +0000] "GET /2025/12/10/2025-metlifetakeover-photos-recap/?path=//sys/module/suspend HTTP/1.1" 200 44346 "-" "meta-externalagent/1.1 (+https://developers.facebook.com/docs/sharing/webmasters/crawler)"
